144.76.68.76 - - [29/Oct/2025:23:48:57 -0700] "GET /conferencias-edner/9-conferencias-motivacion-y-crecimiento-personal-tu-vida-de-subida/?fileloc=%2Fhome%2Fednermusika%2Felconferencista.com%2Felconferencista.com-110922%2Fwp-activate.php&path=%2Fhome%2Fednermusika%2Felconferencista.com%2Felconferencista.com-110922 HTTP/1.1" 200 5491 "-" "serpstatbot/2.1 (advanced backlink tracking bot; https://serpstatbot.com/; abuse@serpstatbot.com)" 
144.76.68.76 - - [29/Oct/2025:23:49:02 -0700] "GET /conferencias-edner/9-conferencias-motivacion-y-crecimiento-personal-tu-vida-de-subida/?fileloc=%2Fhome%2Fednermusika%2Felconferencista.com%2Felconferencista.com-110922%2Frobots.txt-&path=%2Fhome%2Fednermusika%2Felconferencista.com%2Felconferencista.com-110922 HTTP/1.1" 200 3152 "-" "serpstatbot/2.1 (advanced backlink tracking bot; https://serpstatbot.com/; abuse@serpstatbot.com)" 
144.76.68.76 - - [29/Oct/2025:23:49:08 -0700] "GET /conferencias-edner/9-conferencias-motivacion-y-crecimiento-personal-tu-vida-de-subida/?fileloc=%2Fhome%2Fednermusika%2Felconferencista.com%2Felconferencista.com-110922%2Freadme.html&path=%2Fhome%2Fednermusika%2Felconferencista.com%2Felconferencista.com-110922 HTTP/1.1" 200 6286 "-" "serpstatbot/2.1 (advanced backlink tracking bot; https://serpstatbot.com/; abuse@serpstatbot.com)" 
144.76.68.76 - - [29/Oct/2025:23:49:13 -0700] "GET /conferencias-edner/9-conferencias-motivacion-y-crecimiento-personal-tu-vida-de-subida/?fileloc=%2Fhome%2Fednermusika%2Felconferencista.com%2Felconferencista.com-110922%2Fquickstart.html&path=%2Fhome%2Fednermusika%2Felconferencista.com%2Felconferencista.com-110922 HTTP/1.1" 200 4045 "-" "serpstatbot/2.1 (advanced backlink tracking bot; https://serpstatbot.com/; abuse@serpstatbot.com)" 
144.76.68.76 - - [29/Oct/2025:23:49:19 -0700] "GET /conferencias-edner/9-conferencias-motivacion-y-crecimiento-personal-tu-vida-de-subida/?fileloc=%2Fhome%2Fednermusika%2Felconferencista.com%2Felconferencista.com-110922%2Fpostnews.php&path=%2Fhome%2Fednermusika%2Felconferencista.com%2Felconferencista.com-110922 HTTP/1.1" 200 5364 "-" "serpstatbot/2.1 (advanced backlink tracking bot; https://serpstatbot.com/; abuse@serpstatbot.com)" 
144.76.68.76 - - [29/Oct/2025:23:49:25 -0700] "GET /conferencias-edner/9-conferencias-motivacion-y-crecimiento-personal-tu-vida-de-subida/?fileloc=%2Fhome%2Fednermusika%2Felconferencista.com%2Felconferencista.com-110922%2Findex.php&path=%2Fhome%2Fednermusika%2Felconferencista.com%2Felconferencista.com-110922 HTTP/1.1" 200 3265 "-" "serpstatbot/2.1 (advanced backlink tracking bot; https://serpstatbot.com/; abuse@serpstatbot.com)" 
144.76.68.76 - - [29/Oct/2025:23:49:31 -0700] "GET /conferencias-edner/9-conferencias-motivacion-y-crecimiento-personal-tu-vida-de-subida/?fileloc=%2Fhome%2Fednermusika%2Felconferencista.com%2Felconferencista.com-110922%2Fgoogle4d604973db497144.html&path=%2Fhome%2Fednermusika%2Felconferencista.com%2Felconferencista.com-110922 HTTP/1.1" 200 3054 "-" "serpstatbot/2.1 (advanced backlink tracking bot; https://serpstatbot.com/; abuse@serpstatbot.com)" 
144.76.68.76 - - [29/Oct/2025:23:49:38 -0700] "GET /conferencias-edner/9-conferencias-motivacion-y-crecimiento-personal-tu-vida-de-subida/?fileloc=%2Fhome%2Fednermusika%2Felconferencista.com%2Felconferencista.com-110922%2Ferror_log&path=%2Fhome%2Fednermusika%2Felconferencista.com%2Felconferencista.com-110922 HTTP/1.1" 200 21883 "-" "serpstatbot/2.1 (advanced backlink tracking bot; https://serpstatbot.com/; abuse@serpstatbot.com)" 
144.76.68.76 - - [29/Oct/2025:23:49:44 -0700] "GET /conferencias-edner/9-conferencias-motivacion-y-crecimiento-personal-tu-vida-de-subida/?fileloc=%2Fhome%2Fednermusika%2Felconferencista.com%2Felconferencista.com-110922%2F.htaccess&path=%2Fhome%2Fednermusika%2Felconferencista.com%2Felconferencista.com-110922 HTTP/1.1" 200 3851 "-" "serpstatbot/2.1 (advanced backlink tracking bot; https://serpstatbot.com/; abuse@serpstatbot.com)" 
144.76.68.76 - - [29/Oct/2025:23:49:51 -0700] "GET /conferencias-edner/9-conferencias-motivacion-y-crecimiento-personal-tu-vida-de-subida/?fileloc=%2Fhome%2Fednermusika%2Felconferencista.com%2F.well-known%2F.htaccess&path=%2Fhome%2Fednermusika%2Felconferencista.com%2F.well-known HTTP/1.1" 200 6107 "-" "serpstatbot/2.1 (advanced backlink tracking bot; https://serpstatbot.com/; abuse@serpstatbot.com)" 
144.76.68.76 - - [29/Oct/2025:23:49:58 -0700] "GET /conferencias-edner/9-conferencias-motivacion-y-crecimiento-personal-tu-vida-de-subida/?fileloc=%2Fhome%2Fednermusika%2Felconferencista.com%2F.dh-diag%2Fdh-php-diags.php&path=%2Fhome%2Fednermusika%2Felconferencista.com%2F.dh-diag HTTP/1.1" 200 3990 "-" "serpstatbot/2.1 (advanced backlink tracking bot; https://serpstatbot.com/; abuse@serpstatbot.com)" 
144.76.68.76 - - [29/Oct/2025:23:50:06 -0700] "GET /conferencias-edner/9-conferencias-motivacion-y-crecimiento-personal-tu-vida-de-subida/?fileloc=%2Fhome%2Fednermusika%2F.cshrc&path=%2Fhome%2Fednermusika HTTP/1.1" 200 3267 "-" "serpstatbot/2.1 (advanced backlink tracking bot; https://serpstatbot.com/; abuse@serpstatbot.com)" 
144.76.68.76 - - [29/Oct/2025:23:50:13 -0700] "GET /conferencias-edner/9-conferencias-motivacion-y-crecimiento-personal-tu-vida-de-subida/?fileloc=%2Fhome%2Fednermusika%2F.bashrc&path=%2Fhome%2Fednermusika HTTP/1.1" 200 3029 "-" "serpstatbot/2.1 (advanced backlink tracking bot; https://serpstatbot.com/; abuse@serpstatbot.com)" 
144.76.68.76 - - [29/Oct/2025:23:50:21 -0700] "GET /conferencias-edner/9-conferencias-motivacion-y-crecimiento-personal-tu-vida-de-subida/?fileloc=%2Fhome%2Fednermusika%2F.bash_profile&path=%2Fhome%2Fednermusika HTTP/1.1" 200 3059 "-" "serpstatbot/2.1 (advanced backlink tracking bot; https://serpstatbot.com/; abuse@serpstatbot.com)" 
144.76.68.76 - - [29/Oct/2025:23:50:29 -0700] "GET /conferencias-edner/9-conferencias-motivacion-y-crecimiento-personal-tu-vida-de-subida/?fileloc=%2Fhome%2Fednermusika%2F.bash_history&path=%2Fhome%2Fednermusika HTTP/1.1" 200 3667 "-" "serpstatbot/2.1 (advanced backlink tracking bot; https://serpstatbot.com/; abuse@serpstatbot.com)" 
144.76.68.76 - - [29/Oct/2025:23:50:37 -0700] "GET /conferencias-edner/9-conferencias-motivacion-y-crecimiento-personal-tu-vida-de-subida/?fileloc=%2Fhome%2Fednermusika%2F.alias&path=%2Fhome%2Fednermusika HTTP/1.1" 200 3188 "-" "serpstatbot/2.1 (advanced backlink tracking bot; https://serpstatbot.com/; abuse@serpstatbot.com)" 
144.76.68.76 - - [29/Oct/2025:23:50:45 -0700] "GET /conferencias-edner/9-conferencias-motivacion-y-crecimiento-personal-tu-vida-de-subida/?fileloc=%2F%2Fhs_err_pid3045002.log&path=%2F HTTP/1.1" 200 10842 "-" "serpstatbot/2.1 (advanced backlink tracking bot; https://serpstatbot.com/; abuse@serpstatbot.com)" 
142.44.228.189 - - [29/Oct/2025:23:50:47 -0700] "GET /?path=//lib/locale/tt_RU@iqtelif HTTP/2.0" 200 3545 "-" "Mozilla/5.0 (compatible; AhrefsBot/7.0; +http://ahrefs.com/robot/)" 
144.76.68.76 - - [29/Oct/2025:23:50:54 -0700] "GET /conferencias-edner/9-conferencias-motivacion-y-crecimiento-personal-tu-vida-de-subida/?fileloc=%2F%2Fhs_err_pid297602.log&path=%2F HTTP/1.1" 200 11452 "-" "serpstatbot/2.1 (advanced backlink tracking bot; https://serpstatbot.com/; abuse@serpstatbot.com)" 
144.76.68.76 - - [29/Oct/2025:23:51:03 -0700] "GET /conferencias-edner/9-conferencias-motivacion-y-crecimiento-personal-tu-vida-de-subida/?fileloc=%2F%2Fhs_err_pid246538.log&path=%2F HTTP/1.1" 200 10670 "-" "serpstatbot/2.1 (advanced backlink tracking bot; https://serpstatbot.com/; abuse@serpstatbot.com)" 
144.76.68.76 - - [29/Oct/2025:23:51:13 -0700] "GET /conferencias-edner/9-conferencias-motivacion-y-crecimiento-personal-tu-vida-de-subida/?fileloc=%2F%2Fhs_err_pid1632882.log&path=%2F HTTP/1.1" 200 11409 "-" "serpstatbot/2.1 (advanced backlink tracking bot; https://serpstatbot.com/; abuse@serpstatbot.com)" 
144.76.68.76 - - [29/Oct/2025:23:51:25 -0700] "GET /conferencias-edner/9-conferencias-motivacion-y-crecimiento-personal-tu-vida-de-subida/?fileloc=%2F%2Fhs_err_pid135249.log&path=%2F HTTP/1.1" 200 11385 "-" "serpstatbot/2.1 (advanced backlink tracking bot; https://serpstatbot.com/; abuse@serpstatbot.com)" 
66.249.65.35 - - [29/Oct/2025:23:51:37 -0700] "GET /robots.txt HTTP/1.1" 301 3862 "-" "Mozilla/5.0 (compatible; Googlebot/2.1; +http://www.google.com/bot.html)" 
66.249.73.167 - - [29/Oct/2025:23:51:37 -0700] "GET /robots.txt HTTP/1.1" 200 3875 "-" "Mozilla/5.0 (compatible; Googlebot/2.1; +http://www.google.com/bot.html)" 
66.249.65.35 - - [29/Oct/2025:23:51:38 -0700] "GET /ads.txt HTTP/1.1" 301 528 "-" "Mozilla/5.0 (compatible; Googlebot/2.1; +http://www.google.com/bot.html)" 
144.76.68.76 - - [29/Oct/2025:23:51:39 -0700] "GET /conferencias-edner/9-conferencias-motivacion-y-crecimiento-personal-tu-vida-de-subida/?fileloc=%2F%2Fcore&path=%2F HTTP/1.1" 200 2979 "-" "serpstatbot/2.1 (advanced backlink tracking bot; https://serpstatbot.com/; abuse@serpstatbot.com)" 
66.249.73.165 - - [29/Oct/2025:23:51:39 -0700] "GET /ads.txt HTTP/1.1" 200 32080 "-" "Mozilla/5.0 (compatible; Googlebot/2.1; +http://www.google.com/bot.html)" 
144.76.68.76 - - [29/Oct/2025:23:51:56 -0700] "GET /conferencias-edner/9-conferencias-motivacion-y-crecimiento-personal-tu-vida-de-subida/?fileloc=%2F%2F.critical_anomaly_score%7D%2Csetvar%3Atx.sql_injection_score%3D+%25%7Btx.critical_anomaly_score%7D&path=%2F HTTP/1.1" 200 3021 "-" "serpstatbot/2.1 (advanced backlink tracking bot; https://serpstatbot.com/; abuse@serpstatbot.com)" 
144.76.68.76 - - [29/Oct/2025:23:52:11 -0700] "GET /conferencias-edner/8-conferencia-de-la-vision-a-la-accion/?path=%2Fhome%2Fednermusika%2Felconferencista.com%2Fwp-includes%2Fwidgets HTTP/1.1" 200 4234 "-" "serpstatbot/2.1 (advanced backlink tracking bot; https://serpstatbot.com/; abuse@serpstatbot.com)" 
144.76.68.76 - - [29/Oct/2025:23:52:28 -0700] "GET /conferencias-edner/8-conferencia-de-la-vision-a-la-accion/?path=%2Fhome%2Fednermusika%2Felconferencista.com%2Fwp-includes%2Ftheme-compat HTTP/1.1" 200 3758 "-" "serpstatbot/2.1 (advanced backlink tracking bot; https://serpstatbot.com/; abuse@serpstatbot.com)" 
144.76.68.76 - - [29/Oct/2025:23:52:46 -0700] "GET /conferencias-edner/8-conferencia-de-la-vision-a-la-accion/?path=%2Fhome%2Fednermusika%2Felconferencista.com%2Fwp-includes%2Fstyle-engine HTTP/1.1" 200 3640 "-" "serpstatbot/2.1 (advanced backlink tracking bot; https://serpstatbot.com/; abuse@serpstatbot.com)" 
142.44.228.112 - - [29/Oct/2025:23:52:49 -0700] "GET /?path=//lib/locale/tpi_PG HTTP/2.0" 200 3525 "-" "Mozilla/5.0 (compatible; AhrefsBot/7.0; +http://ahrefs.com/robot/)" 
144.76.68.76 - - [29/Oct/2025:23:53:04 -0700] "GET /conferencias-edner/8-conferencia-de-la-vision-a-la-accion/?path=%2Fhome%2Fednermusika%2Felconferencista.com%2Fwp-includes%2Fsodium_compat HTTP/1.1" 200 3763 "-" "serpstatbot/2.1 (advanced backlink tracking bot; https://serpstatbot.com/; abuse@serpstatbot.com)" 
144.76.68.76 - - [29/Oct/2025:23:53:20 -0700] "GET /conferencias-edner/8-conferencia-de-la-vision-a-la-accion/?path=%2Fhome%2Fednermusika%2Felconferencista.com%2Fwp-includes%2Fsitemaps HTTP/1.1" 200 3750 "-" "serpstatbot/2.1 (advanced backlink tracking bot; https://serpstatbot.com/; abuse@serpstatbot.com)" 
144.76.68.76 - - [29/Oct/2025:23:53:37 -0700] "GET /conferencias-edner/8-conferencia-de-la-vision-a-la-accion/?path=%2Fhome%2Fednermusika%2Felconferencista.com%2Fwp-includes%2Frest-api HTTP/1.1" 200 3732 "-" "serpstatbot/2.1 (advanced backlink tracking bot; https://serpstatbot.com/; abuse@serpstatbot.com)" 
144.76.68.76 - - [29/Oct/2025:23:53:50 -0700] "GET /conferencias-edner/8-conferencia-de-la-vision-a-la-accion/?path=%2Fhome%2Fednermusika%2Felconferencista.com%2Fwp-includes%2Fpomo HTTP/1.1" 200 3699 "-" "serpstatbot/2.1 (advanced backlink tracking bot; https://serpstatbot.com/; abuse@serpstatbot.com)" 
144.76.68.76 - - [29/Oct/2025:23:53:53 -0700] "GET /conferencias-edner/8-conferencia-de-la-vision-a-la-accion/?path=%2Fhome%2Fednermusika%2Felconferencista.com%2Fwp-includes%2Fphp-compat HTTP/1.1" 200 3433 "-" "serpstatbot/2.1 (advanced backlink tracking bot; https://serpstatbot.com/; abuse@serpstatbot.com)" 
144.76.68.76 - - [29/Oct/2025:23:53:58 -0700] "GET /robots.txt HTTP/1.1" 200 696 "-" "serpstatbot/2.1 (advanced backlink tracking bot; https://serpstatbot.com/; abuse@serpstatbot.com)" 
144.76.68.76 - - [29/Oct/2025:23:53:58 -0700] "GET /conferencias-edner/8-conferencia-de-la-vision-a-la-accion/?path=%2Fhome%2Fednermusika%2Felconferencista.com%2Fwp-includes%2Fl10n HTTP/1.1" 200 3484 "-" "serpstatbot/2.1 (advanced backlink tracking bot; https://serpstatbot.com/; abuse@serpstatbot.com)" 
144.76.68.76 - - [29/Oct/2025:23:54:19 -0700] "GET /conferencias/?fileloc=%2Fhome%2Fednermusika%2Felconferencista.com%2Fwp-includes%2Ffonts.php&path=%2Fhome%2Fednermusika%2Felconferencista.com%2Fwp-includes HTTP/1.1" 200 5744 "-" "serpstatbot/2.1 (advanced backlink tracking bot; https://serpstatbot.com/; abuse@serpstatbot.com)" 
144.76.68.76 - - [29/Oct/2025:23:54:27 -0700] "GET /conferencias/?fileloc=%2Fhome%2Fednermusika%2Felconferencista.com%2Fwp-includes%2Fformatting.php&path=%2Fhome%2Fednermusika%2Felconferencista.com%2Fwp-includes HTTP/1.1" 200 77275 "-" "serpstatbot/2.1 (advanced backlink tracking bot; https://serpstatbot.com/; abuse@serpstatbot.com)" 
144.76.68.76 - - [29/Oct/2025:23:54:35 -0700] "GET /conferencias/?fileloc=%2Fhome%2Fednermusika%2Felconferencista.com%2Fwp-includes%2Ffunctions.php&path=%2Fhome%2Fednermusika%2Felconferencista.com%2Fwp-includes HTTP/1.1" 200 81691 "-" "serpstatbot/2.1 (advanced backlink tracking bot; https://serpstatbot.com/; abuse@serpstatbot.com)" 
144.76.68.76 - - [29/Oct/2025:23:54:43 -0700] "GET /conferencias-edner/8-conferencia-de-la-vision-a-la-accion/?path=%2Fhome%2Fednermusika%2Fmusikaproducciones.com_202007271817 HTTP/1.1" 200 4056 "-" "serpstatbot/2.1 (advanced backlink tracking bot; https://serpstatbot.com/; abuse@serpstatbot.com)" 
144.76.68.76 - - [29/Oct/2025:23:54:51 -0700] "GET /conferencias/?fileloc=%2Fhome%2Fednermusika%2Felconferencista.com%2Fwp-includes%2Fclass-wp-image-editor.php&path=%2Fhome%2Fednermusika%2Felconferencista.com%2Fwp-includes HTTP/1.1" 200 10907 "-" "serpstatbot/2.1 (advanced backlink tracking bot; https://serpstatbot.com/; abuse@serpstatbot.com)" 
144.76.68.76 - - [29/Oct/2025:23:54:58 -0700] "GET /conferencias-edner/8-conferencia-de-la-vision-a-la-accion/?path=%2Fhome%2Fednermusika%2Fmusikaproducciones.com HTTP/1.1" 200 4079 "-" "serpstatbot/2.1 (advanced backlink tracking bot; https://serpstatbot.com/; abuse@serpstatbot.com)" 
144.76.68.76 - - [29/Oct/2025:23:55:05 -0700] "GET /conferencias/?fileloc=%2Fhome%2Fednermusika%2Felconferencista.com%2Fwp-includes%2Fclass-wp-textdomain-registry.php&path=%2Fhome%2Fednermusika%2Felconferencista.com%2Fwp-includes HTTP/1.1" 200 6026 "-" "serpstatbot/2.1 (advanced backlink tracking bot; https://serpstatbot.com/; abuse@serpstatbot.com)" 
144.76.68.76 - - [29/Oct/2025:23:55:12 -0700] "GET /conferencias-edner/8-conferencia-de-la-vision-a-la-accion/?path=%2Fhome%2Fednermusika%2Flogs HTTP/1.1" 200 3685 "-" "serpstatbot/2.1 (advanced backlink tracking bot; https://serpstatbot.com/; abuse@serpstatbot.com)" 
144.76.68.76 - - [29/Oct/2025:23:55:18 -0700] "GET /conferencias/?fileloc=%2Fhome%2Fednermusika%2Felconferencista.com%2Fwp-includes%2Fclass-wp-block-supports.php&path=%2Fhome%2Fednermusika%2Felconferencista.com%2Fwp-includes HTTP/1.1" 200 4656 "-" "serpstatbot/2.1 (advanced backlink tracking bot; https://serpstatbot.com/; abuse@serpstatbot.com)" 
144.76.68.76 - - [29/Oct/2025:23:55:24 -0700] "GET /conferencias/?fileloc=%2Fhome%2Fednermusika%2Felconferencista.com%2Fwp-includes%2Fclass-wp-block-template.php&path=%2Fhome%2Fednermusika%2Felconferencista.com%2Fwp-includes HTTP/1.1" 200 3643 "-" "serpstatbot/2.1 (advanced backlink tracking bot; https://serpstatbot.com/; abuse@serpstatbot.com)" 
144.76.68.76 - - [29/Oct/2025:23:55:32 -0700] "GET /conferencias/?fileloc=%2Fhome%2Fednermusika%2Felconferencista.com%2Fwp-includes%2Fcache.php&path=%2Fhome%2Fednermusika%2Felconferencista.com%2Fwp-includes HTTP/1.1" 200 5621 "-" "serpstatbot/2.1 (advanced backlink tracking bot; https://serpstatbot.com/; abuse@serpstatbot.com)" 
142.44.220.241 - - [29/Oct/2025:23:55:41 -0700] "GET /?path=//lib/locale/th_TH HTTP/2.0" 200 3523 "-" "Mozilla/5.0 (compatible; AhrefsBot/7.0; +http://ahrefs.com/robot/)" 
144.76.68.76 - - [29/Oct/2025:23:55:44 -0700] "GET /conferencias-edner/8-conferencia-de-la-vision-a-la-accion/?path=%2Fhome%2Fednermusika%2Felconferencista.com%2Fwp-includes%2Fjs HTTP/1.1" 200 8253 "-" "serpstatbot/2.1 (advanced backlink tracking bot; https://serpstatbot.com/; abuse@serpstatbot.com)" 
144.76.68.76 - - [29/Oct/2025:23:55:50 -0700] "GET /conferencias/?fileloc=%2Fhome%2Fednermusika%2Felconferencista.com%2Fwp-includes%2Fcanonical.php&path=%2Fhome%2Fednermusika%2Felconferencista.com%2Fwp-includes HTTP/1.1" 200 12300 "-" "serpstatbot/2.1 (advanced backlink tracking bot; https://serpstatbot.com/; abuse@serpstatbot.com)" 
144.76.68.76 - - [29/Oct/2025:23:55:56 -0700] "GET /conferencias-edner/8-conferencia-de-la-vision-a-la-accion/?path=%2Fhome%2Fednermusika%2Felconferencista.com%2Fwp-includes%2Finteractivity-api HTTP/1.1" 200 3542 "-" "serpstatbot/2.1 (advanced backlink tracking bot; https://serpstatbot.com/; abuse@serpstatbot.com)" 
144.76.68.76 - - [29/Oct/2025:23:56:03 -0700] "GET /conferencias/?fileloc=%2Fhome%2Fednermusika%2Felconferencista.com%2Fwp-includes%2Fcapabilities.php&path=%2Fhome%2Fednermusika%2Felconferencista.com%2Fwp-includes HTTP/1.1" 200 10626 "-" "serpstatbot/2.1 (advanced backlink tracking bot; https://serpstatbot.com/; abuse@serpstatbot.com)" 
144.76.68.76 - - [29/Oct/2025:23:56:09 -0700] "GET /conferencias-edner/8-conferencia-de-la-vision-a-la-accion/?path=%2Fhome%2Fednermusika%2Felconferencista.com%2Fwp-includes%2Fimages HTTP/1.1" 200 4670 "-" "serpstatbot/2.1 (advanced backlink tracking bot; https://serpstatbot.com/; abuse@serpstatbot.com)" 
144.76.68.76 - - [29/Oct/2025:23:56:16 -0700] "GET /conferencias/?fileloc=%2Fhome%2Fednermusika%2Felconferencista.com%2Fwp-includes%2Fcategory-template.php&path=%2Fhome%2Fednermusika%2Felconferencista.com%2Fwp-includes HTTP/1.1" 200 17089 "-" "serpstatbot/2.1 (advanced backlink tracking bot; https://serpstatbot.com/; abuse@serpstatbot.com)" 
144.76.68.76 - - [29/Oct/2025:23:56:23 -0700] "GET /conferencias-edner/8-conferencia-de-la-vision-a-la-accion/?path=%2Fhome%2Fednermusika%2Felconferencista.com%2Fwp-includes%2Fhtml-api HTTP/1.1" 200 4036 "-" "serpstatbot/2.1 (advanced backlink tracking bot; https://serpstatbot.com/; abuse@serpstatbot.com)" 
144.76.68.76 - - [29/Oct/2025:23:56:34 -0700] "GET /conferencias/?fileloc=%2Fhome%2Fednermusika%2Felconferencista.com%2Fwp-includes%2Fcategory.php&path=%2Fhome%2Fednermusika%2Felconferencista.com%2Fwp-includes HTTP/1.1" 200 6638 "-" "serpstatbot/2.1 (advanced backlink tracking bot; https://serpstatbot.com/; abuse@serpstatbot.com)" 
144.76.68.76 - - [29/Oct/2025:23:56:42 -0700] "GET /conferencias-edner/8-conferencia-de-la-vision-a-la-accion/?path=%2Fhome%2Fednermusika%2Felconferencista.com%2Fwp-includes%2Ffonts HTTP/1.1" 200 3879 "-" "serpstatbot/2.1 (advanced backlink tracking bot; https://serpstatbot.com/; abuse@serpstatbot.com)" 
144.76.68.76 - - [29/Oct/2025:23:56:51 -0700] "GET /conferencias/?fileloc=%2Fhome%2Fednermusika%2Felconferencista.com%2Fwp-includes%2Fclass-IXR.php&path=%2Fhome%2Fednermusika%2Felconferencista.com%2Fwp-includes HTTP/1.1" 200 4197 "-" "serpstatbot/2.1 (advanced backlink tracking bot; https://serpstatbot.com/; abuse@serpstatbot.com)" 
144.76.68.76 - - [29/Oct/2025:23:57:00 -0700] "GET /conferencias-edner/8-conferencia-de-la-vision-a-la-accion/?path=%2Fhome%2Fednermusika%2Felconferencista.com%2Fwp-includes%2Fcustomize HTTP/1.1" 200 4897 "-" "serpstatbot/2.1 (advanced backlink tracking bot; https://serpstatbot.com/; abuse@serpstatbot.com)" 
144.76.68.76 - - [29/Oct/2025:23:57:15 -0700] "GET /conferencias/?fileloc=%2Fhome%2Fednermusika%2Felconferencista.com%2Fwp-includes%2Fclass-avif-info.php&path=%2Fhome%2Fednermusika%2Felconferencista.com%2Fwp-includes HTTP/1.1" 200 9319 "-" "serpstatbot/2.1 (advanced backlink tracking bot; https://serpstatbot.com/; abuse@serpstatbot.com)" 
144.76.68.76 - - [29/Oct/2025:23:57:27 -0700] "GET /conferencias-edner/8-conferencia-de-la-vision-a-la-accion/?path=%2Fhome%2Fednermusika%2Felconferencista.com%2Fwp-includes%2Fcss HTTP/1.1" 200 5239 "-" "serpstatbot/2.1 (advanced backlink tracking bot; https://serpstatbot.com/; abuse@serpstatbot.com)" 
144.76.68.76 - - [29/Oct/2025:23:57:39 -0700] "GET /conferencias/?fileloc=%2Fhome%2Fednermusika%2Felconferencista.com%2Fwp-includes%2Fclass-feed.php&path=%2Fhome%2Fednermusika%2Felconferencista.com%2Fwp-includes HTTP/1.1" 200 3264 "-" "serpstatbot/2.1 (advanced backlink tracking bot; https://serpstatbot.com/; abuse@serpstatbot.com)" 
144.76.68.76 - - [29/Oct/2025:23:57:50 -0700] "GET /conferencias-edner/8-conferencia-de-la-vision-a-la-accion/?path=%2Fhome%2Fednermusika%2Felconferencista.com%2Fwp-includes%2Fcertificates HTTP/1.1" 200 3443 "-" "serpstatbot/2.1 (advanced backlink tracking bot; https://serpstatbot.com/; abuse@serpstatbot.com)" 
144.76.68.76 - - [29/Oct/2025:23:58:02 -0700] "GET /conferencias/?fileloc=%2Fhome%2Fednermusika%2Felconferencista.com%2Fwp-includes%2Fclass-http.php&path=%2Fhome%2Fednermusika%2Felconferencista.com%2Fwp-includes HTTP/1.1" 200 3235 "-" "serpstatbot/2.1 (advanced backlink tracking bot; https://serpstatbot.com/; abuse@serpstatbot.com)" 
54.39.136.101 - - [29/Oct/2025:23:58:05 -0700] "GET /?path=//lib/locale/ta_LK HTTP/2.0" 200 3526 "-" "Mozilla/5.0 (compatible; AhrefsBot/7.0; +http://ahrefs.com/robot/)" 
144.76.68.76 - - [29/Oct/2025:23:58:12 -0700] "GET /conferencias-edner/8-conferencia-de-la-vision-a-la-accion/?path=%2Fhome%2Fednermusika%2Felconferencista.com%2Fwp-includes%2Fblocks HTTP/1.1" 200 9861 "-" "serpstatbot/2.1 (advanced backlink tracking bot; https://serpstatbot.com/; abuse@serpstatbot.com)" 
144.76.68.76 - - [29/Oct/2025:23:58:23 -0700] "GET /conferencias/?fileloc=%2Fhome%2Fednermusika%2Felconferencista.com%2Fwp-includes%2Fclass-json.php&path=%2Fhome%2Fednermusika%2Felconferencista.com%2Fwp-includes HTTP/1.1" 200 12022 "-" "serpstatbot/2.1 (advanced backlink tracking bot; https://serpstatbot.com/; abuse@serpstatbot.com)" 
144.76.68.76 - - [29/Oct/2025:23:58:32 -0700] "GET /conferencias-edner/8-conferencia-de-la-vision-a-la-accion/?path=%2Fhome%2Fednermusika%2Felconferencista.com%2Fwp-includes%2Fblock-supports HTTP/1.1" 200 4170 "-" "serpstatbot/2.1 (advanced backlink tracking bot; https://serpstatbot.com/; abuse@serpstatbot.com)" 
66.249.73.165 - - [29/Oct/2025:23:58:38 -0700] "GET / HTTP/1.1" 200 32327 "-" "Mozilla/5.0 (Linux; Android 6.0.1; Nexus 5X Build/MMB29P) AppleWebKit/537.36 (KHTML, like Gecko) Chrome/141.0.7390.122 Mobile Safari/537.36 (compatible; Googlebot/2.1; +http://www.google.com/bot.html)" 
144.76.68.76 - - [29/Oct/2025:23:58:41 -0700] "GET /conferencias/?fileloc=%2Fhome%2Fednermusika%2Felconferencista.com%2Fwp-includes%2Fclass-oembed.php&path=%2Fhome%2Fednermusika%2Felconferencista.com%2Fwp-includes HTTP/1.1" 200 3254 "-" "serpstatbot/2.1 (advanced backlink tracking bot; https://serpstatbot.com/; abuse@serpstatbot.com)" 
144.76.68.76 - - [29/Oct/2025:23:58:49 -0700] "GET /conferencias-edner/8-conferencia-de-la-vision-a-la-accion/?path=%2Fhome%2Fednermusika%2Felconferencista.com%2Fwp-includes%2Fblock-patterns HTTP/1.1" 200 3733 "-" "serpstatbot/2.1 (advanced backlink tracking bot; https://serpstatbot.com/; abuse@serpstatbot.com)" 
144.76.68.76 - - [29/Oct/2025:23:58:54 -0700] "GET /conferencias/?fileloc=%2Fhome%2Fednermusika%2Felconferencista.com%2Fwp-includes%2Fclass-phpass.php&path=%2Fhome%2Fednermusika%2Felconferencista.com%2Fwp-includes HTTP/1.1" 200 5530 "-" "serpstatbot/2.1 (advanced backlink tracking bot; https://serpstatbot.com/; abuse@serpstatbot.com)" 
144.76.68.76 - - [29/Oct/2025:23:58:59 -0700] "GET /conferencias-edner/8-conferencia-de-la-vision-a-la-accion/?path=%2Fhome%2Fednermusika%2Felconferencista.com%2Fwp-includes%2Fblock-bindings HTTP/1.1" 200 3503 "-" "serpstatbot/2.1 (advanced backlink tracking bot; https://serpstatbot.com/; abuse@serpstatbot.com)" 
144.76.68.76 - - [29/Oct/2025:23:59:05 -0700] "GET /conferencias/?fileloc=%2Fhome%2Fednermusika%2Felconferencista.com%2Fwp-includes%2Fclass-phpmailer.php&path=%2Fhome%2Fednermusika%2Felconferencista.com%2Fwp-includes HTTP/1.1" 200 3292 "-" "serpstatbot/2.1 (advanced backlink tracking bot; https://serpstatbot.com/; abuse@serpstatbot.com)" 
144.76.68.76 - - [29/Oct/2025:23:59:10 -0700] "GET /conferencias-edner/8-conferencia-de-la-vision-a-la-accion/?path=%2Fhome%2Fednermusika%2Felconferencista.com%2Fwp-includes%2Fassets HTTP/1.1" 200 3758 "-" "serpstatbot/2.1 (advanced backlink tracking bot; https://serpstatbot.com/; abuse@serpstatbot.com)" 
144.76.68.76 - - [29/Oct/2025:23:59:16 -0700] "GET /conferencias/?fileloc=%2Fhome%2Fednermusika%2Felconferencista.com%2Fwp-includes%2Fclass-pop3.php&path=%2Fhome%2Fednermusika%2Felconferencista.com%2Fwp-includes HTTP/1.1" 200 8051 "-" "serpstatbot/2.1 (advanced backlink tracking bot; https://serpstatbot.com/; abuse@serpstatbot.com)" 
144.76.68.76 - - [29/Oct/2025:23:59:22 -0700] "GET /conferencias-edner/8-conferencia-de-la-vision-a-la-accion/?path=%2Fhome%2Fednermusika%2Felconferencista.com%2Fwp-includes%2FText HTTP/1.1" 200 3584 "-" "serpstatbot/2.1 (advanced backlink tracking bot; https://serpstatbot.com/; abuse@serpstatbot.com)" 
144.76.68.76 - - [29/Oct/2025:23:59:28 -0700] "GET /conferencias/?fileloc=%2Fhome%2Fednermusika%2Felconferencista.com%2Fwp-includes%2Fclass-requests.php&path=%2Fhome%2Fednermusika%2Felconferencista.com%2Fwp-includes HTTP/1.1" 200 3887 "-" "serpstatbot/2.1 (advanced backlink tracking bot; https://serpstatbot.com/; abuse@serpstatbot.com)" 
144.76.68.76 - - [29/Oct/2025:23:59:33 -0700] "GET /conferencias-edner/8-conferencia-de-la-vision-a-la-accion/?path=%2Fhome%2Fednermusika%2Felconferencista.com%2Fwp-includes%2FSimplePie HTTP/1.1" 200 3580 "-" "serpstatbot/2.1 (advanced backlink tracking bot; https://serpstatbot.com/; abuse@serpstatbot.com)" 
144.76.68.76 - - [29/Oct/2025:23:59:39 -0700] "GET /conferencias/?fileloc=%2Fhome%2Fednermusika%2Felconferencista.com%2Fwp-includes%2Fclass-simplepie.php&path=%2Fhome%2Fednermusika%2Felconferencista.com%2Fwp-includes HTTP/1.1" 200 3305 "-" "serpstatbot/2.1 (advanced backlink tracking bot; https://serpstatbot.com/; abuse@serpstatbot.com)" 
144.76.68.76 - - [29/Oct/2025:23:59:45 -0700] "GET /conferencias-edner/8-conferencia-de-la-vision-a-la-accion/?path=%2Fhome%2Fednermusika%2Felconferencista.com%2Fwp-includes%2FRequests HTTP/1.1" 200 3513 "-" "serpstatbot/2.1 (advanced backlink tracking bot; https://serpstatbot.com/; abuse@serpstatbot.com)" 
66.249.73.166 - - [29/Oct/2025:23:59:45 -0700] "GET / HTTP/1.1" 200 32327 "-" "Mozilla/5.0 (compatible; Googlebot/2.1; +http://www.google.com/bot.html)" 
66.249.73.165 - - [29/Oct/2025:23:59:46 -0700] "GET / HTTP/1.1" 200 32327 "-" "Mozilla/5.0 (Linux; Android 6.0.1; Nexus 5X Build/MMB29P) AppleWebKit/537.36 (KHTML, like Gecko) Chrome/99.0.4844.84 Mobile Safari/537.36 (compatible; Googlebot/2.1; +http://www.google.com/bot.html)" 
144.76.68.76 - - [29/Oct/2025:23:59:52 -0700] "GET /conferencias/?fileloc=%2Fhome%2Fednermusika%2Felconferencista.com%2Fwp-includes%2Fclass-smtp.php&path=%2Fhome%2Fednermusika%2Felconferencista.com%2Fwp-includes HTTP/1.1" 200 6219 "-" "serpstatbot/2.1 (advanced backlink tracking bot; https://serpstatbot.com/; abuse@serpstatbot.com)" 
144.76.68.76 - - [29/Oct/2025:23:59:57 -0700] "GET /conferencias-edner/8-conferencia-de-la-vision-a-la-accion/?path=%2Fhome%2Fednermusika%2Felconferencista.com%2Fwp-includes%2FPHPMailer HTTP/1.1" 200 3539 "-" "serpstatbot/2.1 (advanced backlink tracking bot; https://serpstatbot.com/; abuse@serpstatbot.com)" 
144.76.68.76 - - [30/Oct/2025:00:00:03 -0700] "GET /conferencias/?fileloc=%2Fhome%2Fednermusika%2Felconferencista.com%2Fwp-includes%2Fclass-snoopy.php&path=%2Fhome%2Fednermusika%2Felconferencista.com%2Fwp-includes HTTP/1.1" 200 11539 "-" "serpstatbot/2.1 (advanced backlink tracking bot; https://serpstatbot.com/; abuse@serpstatbot.com)" 
144.76.68.76 - - [30/Oct/2025:00:00:08 -0700] "GET /conferencias-edner/8-conferencia-de-la-vision-a-la-accion/?path=%2Fhome%2Fednermusika%2Felconferencista.com%2Fwp-includes%2FIXR HTTP/1.1" 200 3873 "-" "serpstatbot/2.1 (advanced backlink tracking bot; https://serpstatbot.com/; abuse@serpstatbot.com)" 
54.39.136.148 - - [30/Oct/2025:00:00:10 -0700] "GET /?path=//lib/locale/sv_SE.utf8 HTTP/2.0" 200 3527 "-" "Mozilla/5.0 (compatible; AhrefsBot/7.0; +http://ahrefs.com/robot/)" 
144.76.68.76 - - [30/Oct/2025:00:00:14 -0700] "GET /conferencias/?fileloc=%2Fhome%2Fednermusika%2Felconferencista.com%2Fwp-includes%2Fclass-walker-category-dropdown.php&path=%2Fhome%2Fednermusika%2Felconferencista.com%2Fwp-includes HTTP/1.1" 200 4135 "-" "serpstatbot/2.1 (advanced backlink tracking bot; https://serpstatbot.com/; abuse@serpstatbot.com)" 
144.76.68.76 - - [30/Oct/2025:00:00:20 -0700] "GET /conferencias-edner/8-conferencia-de-la-vision-a-la-accion/?path=%2Fhome%2Fednermusika%2Felconferencista.com%2Fwp-includes%2FID3 HTTP/1.1" 200 4253 "-" "serpstatbot/2.1 (advanced backlink tracking bot; https://serpstatbot.com/; abuse@serpstatbot.com)" 
144.76.68.76 - - [30/Oct/2025:00:00:26 -0700] "GET /conferencias/?fileloc=%2Fhome%2Fednermusika%2Felconferencista.com%2Fwp-includes%2Fclass-walker-category.php&path=%2Fhome%2Fednermusika%2Felconferencista.com%2Fwp-includes HTTP/1.1" 200 5484 "-" "serpstatbot/2.1 (advanced backlink tracking bot; https://serpstatbot.com/; abuse@serpstatbot.com)" 
144.76.68.76 - - [30/Oct/2025:00:00:31 -0700] "GET /conferencias-edner/8-conferencia-de-la-vision-a-la-accion/?path=%2Fhome%2Fednermusika%2Felconferencista.com%2Fwp-content%2Fuploads HTTP/1.1" 200 3808 "-" "serpstatbot/2.1 (advanced backlink tracking bot; https://serpstatbot.com/; abuse@serpstatbot.com)" 
144.76.68.76 - - [30/Oct/2025:00:00:37 -0700] "GET /conferencias/?fileloc=%2Fhome%2Fednermusika%2Felconferencista.com%2Fwp-includes%2Fclass-walker-comment.php&path=%2Fhome%2Fednermusika%2Felconferencista.com%2Fwp-includes HTTP/1.1" 200 6394 "-" "serpstatbot/2.1 (advanced backlink tracking bot; https://serpstatbot.com/; abuse@serpstatbot.com)" 
144.76.68.76 - - [30/Oct/2025:00:00:43 -0700] "GET /conferencias-edner/8-conferencia-de-la-vision-a-la-accion/?path=%2Fhome%2Fednermusika%2Felconferencista.com%2Fwp-content%2Fupgrade-temp-backup HTTP/1.1" 200 3474 "-" "serpstatbot/2.1 (advanced backlink tracking bot; https://serpstatbot.com/; abuse@serpstatbot.com)" 
144.76.68.76 - - [30/Oct/2025:00:00:50 -0700] "GET /conferencias/?fileloc=%2Fhome%2Fednermusika%2Felconferencista.com%2Fwp-includes%2Fclass-walker-nav-menu.php&path=%2Fhome%2Fednermusika%2Felconferencista.com%2Fwp-includes HTTP/1.1" 200 5754 "-" "serpstatbot/2.1 (advanced backlink tracking bot; https://serpstatbot.com/; abuse@serpstatbot.com)" 
144.76.68.76 - - [30/Oct/2025:00:00:56 -0700] "GET /conferencias-edner/8-conferencia-de-la-vision-a-la-accion/?path=%2Fhome%2Fednermusika%2Felconferencista.com%2Fwp-content%2Fupgrade HTTP/1.1" 200 3087 "-" "serpstatbot/2.1 (advanced backlink tracking bot; https://serpstatbot.com/; abuse@serpstatbot.com)" 
144.76.68.76 - - [30/Oct/2025:00:01:02 -0700] "GET /conferencias/?fileloc=%2Fhome%2Fednermusika%2Felconferencista.com%2Fwp-includes%2Fclass-walker-page-dropdown.php&path=%2Fhome%2Fednermusika%2Felconferencista.com%2Fwp-includes HTTP/1.1" 200 4171 "-" "serpstatbot/2.1 (advanced backlink tracking bot; https://serpstatbot.com/; abuse@serpstatbot.com)" 
144.76.68.76 - - [30/Oct/2025:00:01:09 -0700] "GET /conferencias-edner/8-conferencia-de-la-vision-a-la-accion/?path=%2Fhome%2Fednermusika%2Felconferencista.com%2Fwp-content%2Fthemes HTTP/1.1" 200 3570 "-" "serpstatbot/2.1 (advanced backlink tracking bot; https://serpstatbot.com/; abuse@serpstatbot.com)" 
144.76.68.76 - - [30/Oct/2025:00:01:16 -0700] "GET /conferencias/?fileloc=%2Fhome%2Fednermusika%2Felconferencista.com%2Fwp-includes%2Fclass-walker-page.php&path=%2Fhome%2Fednermusika%2Felconferencista.com%2Fwp-includes HTTP/1.1" 200 5119 "-" "serpstatbot/2.1 (advanced backlink tracking bot; https://serpstatbot.com/; abuse@serpstatbot.com)" 
144.76.68.76 - - [30/Oct/2025:00:01:22 -0700] "GET /conferencias-edner/8-conferencia-de-la-vision-a-la-accion/?path=%2Fhome%2Fednermusika%2Felconferencista.com%2Fwp-content%2Fplugins HTTP/1.1" 200 4175 "-" "serpstatbot/2.1 (advanced backlink tracking bot; https://serpstatbot.com/; abuse@serpstatbot.com)" 
144.76.68.76 - - [30/Oct/2025:00:01:30 -0700] "GET /conferencias/?fileloc=%2Fhome%2Fednermusika%2Felconferencista.com%2Fwp-includes%2Fclass-wp-admin-bar.php&path=%2Fhome%2Fednermusika%2Felconferencista.com%2Fwp-includes HTTP/1.1" 200 8110 "-" "serpstatbot/2.1 (advanced backlink tracking bot; https://serpstatbot.com/; abuse@serpstatbot.com)" 
144.76.68.76 - - [30/Oct/2025:00:01:37 -0700] "GET /conferencias-edner/8-conferencia-de-la-vision-a-la-accion/?path=%2Fhome%2Fednermusika%2Felconferencista.com%2Fwp-content%2Flitespeed HTTP/1.1" 200 3739 "-" "serpstatbot/2.1 (advanced backlink tracking bot; https://serpstatbot.com/; abuse@serpstatbot.com)" 
144.76.68.76 - - [30/Oct/2025:00:01:44 -0700] "GET /conferencias/?fileloc=%2Fhome%2Fednermusika%2Felconferencista.com%2Fwp-includes%2Fclass-wp-ajax-response.php&path=%2Fhome%2Fednermusika%2Felconferencista.com%2Fwp-includes HTTP/1.1" 200 4862 "-" "serpstatbot/2.1 (advanced backlink tracking bot; https://serpstatbot.com/; abuse@serpstatbot.com)" 
144.76.68.76 - - [30/Oct/2025:00:02:21 -0700] "GET /conferencias-edner/8-conferencia-de-la-vision-a-la-accion/?path=%2Fhome%2Fednermusika%2Felconferencista.com%2Fwp-content%2Fai1wm-backups HTTP/1.1" 200 6670 "-" "serpstatbot/2.1 (advanced backlink tracking bot; https://serpstatbot.com/; abuse@serpstatbot.com)" 
144.76.68.76 - - [30/Oct/2025:00:02:26 -0700] "GET /conferencias/?fileloc=%2Fhome%2Fednermusika%2Felconferencista.com%2Fwp-includes%2Fclass-wp-block-bindings-registry.php&path=%2Fhome%2Fednermusika%2Felconferencista.com%2Fwp-includes HTTP/1.1" 200 5222 "-" "serpstatbot/2.1 (advanced backlink tracking bot; https://serpstatbot.com/; abuse@serpstatbot.com)" 
15.235.27.134 - - [30/Oct/2025:00:02:28 -0700] "GET /?path=//lib/locale/sm_WS HTTP/2.0" 200 3522 "-" "Mozilla/5.0 (compatible; AhrefsBot/7.0; +http://ahrefs.com/robot/)" 
144.76.68.76 - - [30/Oct/2025:00:02:30 -0700] "GET /conferencias-edner/8-conferencia-de-la-vision-a-la-accion/?path=%2Fhome%2Fednermusika%2Felconferencista.com%2Fwp-admin%2Fuser HTTP/1.1" 200 3851 "-" "serpstatbot/2.1 (advanced backlink tracking bot; https://serpstatbot.com/; abuse@serpstatbot.com)" 
144.76.68.76 - - [30/Oct/2025:00:02:32 -0700] "GET /conferencias/?fileloc=%2Fhome%2Fednermusika%2Felconferencista.com%2Fwp-includes%2Fclass-wp-block-bindings-source.php&path=%2Fhome%2Fednermusika%2Felconferencista.com%2Fwp-includes HTTP/1.1" 200 4048 "-" "serpstatbot/2.1 (advanced backlink tracking bot; https://serpstatbot.com/; abuse@serpstatbot.com)" 
144.76.68.76 - - [30/Oct/2025:00:02:40 -0700] "GET /conferencias-edner/8-conferencia-de-la-vision-a-la-accion/?path=%2Fhome%2Fednermusika%2Felconferencista.com%2Fwp-admin%2Fnetwork HTTP/1.1" 200 4690 "-" "serpstatbot/2.1 (advanced backlink tracking bot; https://serpstatbot.com/; abuse@serpstatbot.com)" 
144.76.68.76 - - [30/Oct/2025:00:02:49 -0700] "GET /conferencias/?fileloc=%2Fhome%2Fednermusika%2Felconferencista.com%2Fwp-includes%2Fclass-wp-block-editor-context.php&path=%2Fhome%2Fednermusika%2Felconferencista.com%2Fwp-includes HTTP/1.1" 200 3603 "-" "serpstatbot/2.1 (advanced backlink tracking bot; https://serpstatbot.com/; abuse@serpstatbot.com)" 
144.76.68.76 - - [30/Oct/2025:00:02:56 -0700] "GET /conferencias-edner/8-conferencia-de-la-vision-a-la-accion/?path=%2Fhome%2Fednermusika%2Felconferencista.com%2Fwp-admin%2Fmaint HTTP/1.1" 200 3433 "-" "serpstatbot/2.1 (advanced backlink tracking bot; https://serpstatbot.com/; abuse@serpstatbot.com)" 
144.76.68.76 - - [30/Oct/2025:00:03:04 -0700] "GET /conferencias/?fileloc=%2Fhome%2Fednermusika%2Felconferencista.com%2Fwp-includes%2Fclass-wp-block-list.php&path=%2Fhome%2Fednermusika%2Felconferencista.com%2Fwp-includes HTTP/1.1" 200 4196 "-" "serpstatbot/2.1 (advanced backlink tracking bot; https://serpstatbot.com/; abuse@serpstatbot.com)" 
144.76.68.76 - - [30/Oct/2025:00:03:12 -0700] "GET /conferencias-edner/8-conferencia-de-la-vision-a-la-accion/?path=%2Fhome%2Fednermusika%2Felconferencista.com%2Fwp-admin%2Fjs HTTP/1.1" 200 7594 "-" "serpstatbot/2.1 (advanced backlink tracking bot; https://serpstatbot.com/; abuse@serpstatbot.com)" 
144.76.68.76 - - [30/Oct/2025:00:03:21 -0700] "GET /conferencias/?fileloc=%2Fhome%2Fednermusika%2Felconferencista.com%2Fwp-includes%2Fclass-wp-block-metadata-registry.php&path=%2Fhome%2Fednermusika%2Felconferencista.com%2Fwp-includes HTTP/1.1" 200 6387 "-" "serpstatbot/2.1 (advanced backlink tracking bot; https://serpstatbot.com/; abuse@serpstatbot.com)" 
142.44.220.155 - - [30/Oct/2025:00:03:27 -0700] "GET /?path=//lib/locale/shn_MM HTTP/2.0" 200 3525 "-" "Mozilla/5.0 (compatible; AhrefsBot/7.0; +http://ahrefs.com/robot/)" 
144.76.68.76 - - [30/Oct/2025:00:03:29 -0700] "GET /conferencias-edner/8-conferencia-de-la-vision-a-la-accion/?path=%2Fhome%2Fednermusika%2Felconferencista.com%2Fwp-admin%2Fincludes HTTP/1.1" 200 8298 "-" "serpstatbot/2.1 (advanced backlink tracking bot; https://serpstatbot.com/; abuse@serpstatbot.com)" 
144.76.68.76 - - [30/Oct/2025:00:03:37 -0700] "GET /conferencias/?fileloc=%2Fhome%2Fednermusika%2Felconferencista.com%2Fwp-includes%2Fclass-wp-block-parser-block.php&path=%2Fhome%2Fednermusika%2Felconferencista.com%2Fwp-includes HTTP/1.1" 200 3820 "-" "serpstatbot/2.1 (advanced backlink tracking bot; https://serpstatbot.com/; abuse@serpstatbot.com)" 
144.76.68.76 - - [30/Oct/2025:00:03:45 -0700] "GET /conferencias-edner/8-conferencia-de-la-vision-a-la-accion/?path=%2Fhome%2Fednermusika%2Felconferencista.com%2Fwp-admin%2Fimages HTTP/1.1" 200 6764 "-" "serpstatbot/2.1 (advanced backlink tracking bot; https://serpstatbot.com/; abuse@serpstatbot.com)" 
144.76.68.76 - - [30/Oct/2025:00:03:54 -0700] "GET /conferencias/?fileloc=%2Fhome%2Fednermusika%2Felconferencista.com%2Fwp-includes%2Fclass-wp-block-parser-frame.php&path=%2Fhome%2Fednermusika%2Felconferencista.com%2Fwp-includes HTTP/1.1" 200 3632 "-" "serpstatbot/2.1 (advanced backlink tracking bot; https://serpstatbot.com/; abuse@serpstatbot.com)" 
144.76.68.76 - - [30/Oct/2025:00:04:03 -0700] "GET /conferencias-edner/8-conferencia-de-la-vision-a-la-accion/?path=%2Fhome%2Fednermusika%2Felconferencista.com%2Fwp-admin%2Fcss HTTP/1.1" 200 7324 "-" "serpstatbot/2.1 (advanced backlink tracking bot; https://serpstatbot.com/; abuse@serpstatbot.com)" 
144.76.68.76 - - [30/Oct/2025:00:04:12 -0700] "GET /conferencias/?fileloc=%2Fhome%2Fednermusika%2Felconferencista.com%2Fwp-includes%2Fclass-wp-block-parser.php&path=%2Fhome%2Fednermusika%2Felconferencista.com%2Fwp-includes HTTP/1.1" 200 6469 "-" "serpstatbot/2.1 (advanced backlink tracking bot; https://serpstatbot.com/; abuse@serpstatbot.com)" 
144.76.68.76 - - [30/Oct/2025:00:04:21 -0700] "GET /conferencias-edner/8-conferencia-de-la-vision-a-la-accion/?path=%2Fhome%2Fednermusika%2Felconferencista.com%2Fimages%2Fimages HTTP/1.1" 200 3634 "-" "serpstatbot/2.1 (advanced backlink tracking bot; https://serpstatbot.com/; abuse@serpstatbot.com)" 
142.44.233.106 - - [30/Oct/2025:00:04:29 -0700] "GET /?path=//lib/locale/sd_PK HTTP/2.0" 200 3524 "-" "Mozilla/5.0 (compatible; AhrefsBot/7.0; +http://ahrefs.com/robot/)" 
144.76.68.76 - - [30/Oct/2025:00:04:30 -0700] "GET /conferencias/?fileloc=%2Fhome%2Fednermusika%2Felconferencista.com%2Fwp-includes%2Fclass-wp-block-pattern-categories-registry.php&path=%2Fhome%2Fednermusika%2Felconferencista.com%2Fwp-includes HTTP/1.1" 200 4362 "-" "serpstatbot/2.1 (advanced backlink tracking bot; https://serpstatbot.com/; abuse@serpstatbot.com)" 
144.76.68.76 - - [30/Oct/2025:00:04:38 -0700] "GET /conferencias-edner/8-conferencia-de-la-vision-a-la-accion/?path=%2Fhome%2Fednermusika%2Felconferencista.com%2Felconferencista.com-110922%2Fwp-includes HTTP/1.1" 200 11686 "-" "serpstatbot/2.1 (advanced backlink tracking bot; https://serpstatbot.com/; abuse@serpstatbot.com)" 
144.76.68.76 - - [30/Oct/2025:00:04:46 -0700] "GET /conferencias/?fileloc=%2Fhome%2Fednermusika%2Felconferencista.com%2Fwp-includes%2Fclass-wp-block-patterns-registry.php&path=%2Fhome%2Fednermusika%2Felconferencista.com%2Fwp-includes HTTP/1.1" 200 5671 "-" "serpstatbot/2.1 (advanced backlink tracking bot; https://serpstatbot.com/; abuse@serpstatbot.com)" 
144.76.68.76 - - [30/Oct/2025:00:04:53 -0700] "GET /conferencias-edner/8-conferencia-de-la-vision-a-la-accion/?path=%2Fhome%2Fednermusika%2Felconferencista.com%2Felconferencista.com-110922%2Fwp-content HTTP/1.1" 200 4097 "-" "serpstatbot/2.1 (advanced backlink tracking bot; https://serpstatbot.com/; abuse@serpstatbot.com)" 
144.76.68.76 - - [30/Oct/2025:00:04:59 -0700] "GET /conferencias/?fileloc=%2Fhome%2Fednermusika%2Felconferencista.com%2Fwp-includes%2Fbookmark-template.php&path=%2Fhome%2Fednermusika%2Felconferencista.com%2Fwp-includes HTTP/1.1" 200 6387 "-" "serpstatbot/2.1 (advanced backlink tracking bot; https://serpstatbot.com/; abuse@serpstatbot.com)" 
144.76.68.76 - - [30/Oct/2025:00:05:07 -0700] "GET /conferencias-edner/8-conferencia-de-la-vision-a-la-accion/?path=%2Fhome%2Fednermusika%2Felconferencista.com%2Felconferencista.com-110922%2Fwp-admin HTTP/1.1" 200 7275 "-" "serpstatbot/2.1 (advanced backlink tracking bot; https://serpstatbot.com/; abuse@serpstatbot.com)" 
144.76.68.76 - - [30/Oct/2025:00:05:15 -0700] "GET /conferencias/?fileloc=%2Fhome%2Fednermusika%2Felconferencista.com%2Fwp-includes%2Fbookmark.php&path=%2Fhome%2Fednermusika%2Felconferencista.com%2Fwp-includes HTTP/1.1" 200 7440 "-" "serpstatbot/2.1 (advanced backlink tracking bot; https://serpstatbot.com/; abuse@serpstatbot.com)" 
144.76.68.76 - - [30/Oct/2025:00:05:22 -0700] "GET /conferencias-edner/8-conferencia-de-la-vision-a-la-accion/?path=%2Fhome%2Fednermusika%2Felconferencista.com%2Felconferencista.com-110922%2Frespaldo_sitio HTTP/1.1" 200 6623 "-" "serpstatbot/2.1 (advanced backlink tracking bot; https://serpstatbot.com/; abuse@serpstatbot.com)" 
148.113.128.160 - - [30/Oct/2025:00:05:27 -0700] "GET /?path=//lib/locale/pt_PT HTTP/2.0" 200 3525 "-" "Mozilla/5.0 (compatible; AhrefsBot/7.0; +http://ahrefs.com/robot/)" 
144.76.68.76 - - [30/Oct/2025:00:05:30 -0700] "GET /conferencias/?fileloc=%2Fhome%2Fednermusika%2Felconferencista.com%2Fwp-includes%2Fcache-compat.php&path=%2Fhome%2Fednermusika%2Felconferencista.com%2Fwp-includes HTTP/1.1" 200 4399 "-" "serpstatbot/2.1 (advanced backlink tracking bot; https://serpstatbot.com/; abuse@serpstatbot.com)" 
144.76.68.76 - - [30/Oct/2025:00:05:37 -0700] "GET /conferencias-edner/8-conferencia-de-la-vision-a-la-accion/?path=%2Fhome%2Fednermusika%2Felconferencista.com%2Felconferencista.com-110922%2F.well-known HTTP/1.1" 200 3357 "-" "serpstatbot/2.1 (advanced backlink tracking bot; https://serpstatbot.com/; abuse@serpstatbot.com)" 
144.76.68.76 - - [30/Oct/2025:00:05:44 -0700] "GET /conferencias/?fileloc=%2Fhome%2Fednermusika%2Felconferencista.com%2Fwp-includes%2Fclass-wp-block-templates-registry.php&path=%2Fhome%2Fednermusika%2Felconferencista.com%2Fwp-includes HTTP/1.1" 200 4871 "-" "serpstatbot/2.1 (advanced backlink tracking bot; https://serpstatbot.com/; abuse@serpstatbot.com)" 
144.76.68.76 - - [30/Oct/2025:00:05:52 -0700] "GET /conferencias-edner/8-conferencia-de-la-vision-a-la-accion/?path=%2Fhome%2Fednermusika%2Felconferencista.com%2F.well-known%2Facme-challenge HTTP/1.1" 200 3373 "-" "serpstatbot/2.1 (advanced backlink tracking bot; https://serpstatbot.com/; abuse@serpstatbot.com)" 
82.223.39.26 - - [30/Oct/2025:00:05:59 -0700] "GET /wp-login.php HTTP/2.0" 429 352 "-" "Mozilla/5.0 (Windows NT 6.3; WOW64; Trident/7.0; MASBJS; rv:11.0) like Gecko" 
144.76.68.76 - - [30/Oct/2025:00:06:00 -0700] "GET /conferencias/?fileloc=%2Fhome%2Fednermusika%2Felconferencista.com%2Fwp-includes%2Fclass-wp-block-type-registry.php&path=%2Fhome%2Fednermusika%2Felconferencista.com%2Fwp-includes HTTP/1.1" 200 4392 "-" "serpstatbot/2.1 (advanced backlink tracking bot; https://serpstatbot.com/; abuse@serpstatbot.com)" 
82.223.39.26 - - [30/Oct/2025:00:06:04 -0700] "POST /wp-login.php HTTP/2.0" 429 278 "https://www.elconferencista.com/wp-login.php" "Mozilla/5.0 (Windows NT 6.3; WOW64; Trident/7.0; MASBJS; rv:11.0) like Gecko" 
144.76.68.76 - - [30/Oct/2025:00:06:08 -0700] "GET /conferencias-edner/8-conferencia-de-la-vision-a-la-accion/?path=%2Fhome%2Fednermusika%2Felconferencista.com%2F.dh-diag%2Fdiag HTTP/1.1" 200 3469 "-" "serpstatbot/2.1 (advanced backlink tracking bot; https://serpstatbot.com/; abuse@serpstatbot.com)" 
144.76.68.76 - - [30/Oct/2025:00:06:16 -0700] "GET /conferencias/?fileloc=%2Fhome%2Fednermusika%2Felconferencista.com%2Fwp-includes%2Fclass-wp-block-type.php&path=%2Fhome%2Fednermusika%2Felconferencista.com%2Fwp-includes HTTP/1.1" 200 7078 "-" "serpstatbot/2.1 (advanced backlink tracking bot; https://serpstatbot.com/; abuse@serpstatbot.com)" 
144.76.68.76 - - [30/Oct/2025:00:06:24 -0700] "GET /conferencias-edner/8-conferencia-de-la-vision-a-la-accion/?path=%2Fhome%2Fednermusika%2Fednergranados.com HTTP/1.1" 200 6031 "-" "serpstatbot/2.1 (advanced backlink tracking bot; https://serpstatbot.com/; abuse@serpstatbot.com)" 
51.161.65.77 - - [30/Oct/2025:00:06:29 -0700] "GET /?path=//lib/locale/pl_PL HTTP/2.0" 200 3524 "-" "Mozilla/5.0 (compatible; AhrefsBot/7.0; +http://ahrefs.com/robot/)" 
144.76.68.76 - - [30/Oct/2025:00:06:34 -0700] "GET /conferencias/?fileloc=%2Fhome%2Fednermusika%2Felconferencista.com%2Fwp-includes%2Fclass-wp-block.php&path=%2Fhome%2Fednermusika%2Felconferencista.com%2Fwp-includes HTTP/1.1" 200 9212 "-" "serpstatbot/2.1 (advanced backlink tracking bot; https://serpstatbot.com/; abuse@serpstatbot.com)" 
144.76.68.76 - - [30/Oct/2025:00:06:43 -0700] "GET /conferencias-edner/8-conferencia-de-la-vision-a-la-accion/?path=%2Fhome%2Fednermusika%2FWWW.CONFERENCISTASEMPRESAS.COM HTTP/1.1" 200 3688 "-" "serpstatbot/2.1 (advanced backlink tracking bot; https://serpstatbot.com/; abuse@serpstatbot.com)" 
144.76.68.76 - - [30/Oct/2025:00:06:53 -0700] "GET /conferencias/?fileloc=%2Fhome%2Fednermusika%2Felconferencista.com%2Fwp-includes%2Fclass-wp-classic-to-block-menu-converter.php&path=%2Fhome%2Fednermusika%2Felconferencista.com%2Fwp-includes HTTP/1.1" 200 4354 "-" "serpstatbot/2.1 (advanced backlink tracking bot; https://serpstatbot.com/; abuse@serpstatbot.com)" 
144.76.68.76 - - [30/Oct/2025:00:07:03 -0700] "GET /conferencias-edner/8-conferencia-de-la-vision-a-la-accion/?path=%2Fhome%2Fednermusika%2FMaildir HTTP/1.1" 200 3387 "-" "serpstatbot/2.1 (advanced backlink tracking bot; https://serpstatbot.com/; abuse@serpstatbot.com)" 
144.76.68.76 - - [30/Oct/2025:00:07:13 -0700] "GET /conferencias/?fileloc=%2Fhome%2Fednermusika%2Felconferencista.com%2Fwp-includes%2Fclass-wp-comment-query.php&path=%2Fhome%2Fednermusika%2Felconferencista.com%2Fwp-includes HTTP/1.1" 200 14132 "-" "serpstatbot/2.1 (advanced backlink tracking bot; https://serpstatbot.com/; abuse@serpstatbot.com)" 
144.76.68.76 - - [30/Oct/2025:00:07:23 -0700] "GET /conferencias-edner/8-conferencia-de-la-vision-a-la-accion/?path=%2Fhome%2Fednermusika%2F.wp-cli HTTP/1.1" 200 6288 "-" "serpstatbot/2.1 (advanced backlink tracking bot; https://serpstatbot.com/; abuse@serpstatbot.com)" 
142.44.228.40 - - [30/Oct/2025:00:07:27 -0700] "GET /?path=//lib/locale/os_RU HTTP/2.0" 200 3526 "-" "Mozilla/5.0 (compatible; AhrefsBot/7.0; +http://ahrefs.com/robot/)" 
144.76.68.76 - - [30/Oct/2025:00:07:33 -0700] "GET /conferencias/?fileloc=%2Fhome%2Fednermusika%2Felconferencista.com%2Fwp-includes%2Fclass-wp-comment.php&path=%2Fhome%2Fednermusika%2Felconferencista.com%2Fwp-includes HTTP/1.1" 200 5682 "-" "serpstatbot/2.1 (advanced backlink tracking bot; https://serpstatbot.com/; abuse@serpstatbot.com)" 
144.76.68.76 - - [30/Oct/2025:00:07:44 -0700] "GET /conferencias-edner/8-conferencia-de-la-vision-a-la-accion/?path=%2Fhome%2Fednermusika%2F.php HTTP/1.1" 200 3706 "-" "serpstatbot/2.1 (advanced backlink tracking bot; https://serpstatbot.com/; abuse@serpstatbot.com)" 
144.76.68.76 - - [30/Oct/2025:00:07:55 -0700] "GET /conferencias/?fileloc=%2Fhome%2Fednermusika%2Felconferencista.com%2Fwp-includes%2Fclass-wp-customize-control.php&path=%2Fhome%2Fednermusika%2Felconferencista.com%2Fwp-includes HTTP/1.1" 200 8992 "-" "serpstatbot/2.1 (advanced backlink tracking bot; https://serpstatbot.com/; abuse@serpstatbot.com)" 
144.76.68.76 - - [30/Oct/2025:00:08:05 -0700] "GET /conferencias-edner/8-conferencia-de-la-vision-a-la-accion/?path=%2Fhome%2Fednermusika%2F.local HTTP/1.1" 200 3305 "-" "serpstatbot/2.1 (advanced backlink tracking bot; https://serpstatbot.com/; abuse@serpstatbot.com)" 
144.76.68.76 - - [30/Oct/2025:00:08:15 -0700] "GET /conferencias/?fileloc=%2Fhome%2Fednermusika%2Felconferencista.com%2Fwp-includes%2Fclass-wp-customize-manager.php&path=%2Fhome%2Fednermusika%2Felconferencista.com%2Fwp-includes HTTP/1.1" 200 52316 "-" "serpstatbot/2.1 (advanced backlink tracking bot; https://serpstatbot.com/; abuse@serpstatbot.com)" 
144.76.68.76 - - [30/Oct/2025:00:08:26 -0700] "GET /conferencias-edner/8-conferencia-de-la-vision-a-la-accion/?path=%2Fhome%2Fednermusika%2F.cache HTTP/1.1" 200 3333 "-" "serpstatbot/2.1 (advanced backlink tracking bot; https://serpstatbot.com/; abuse@serpstatbot.com)" 
148.113.128.114 - - [30/Oct/2025:00:08:30 -0700] "GET /?path=//lib/locale/om_KE HTTP/2.0" 200 3523 "-" "Mozilla/5.0 (compatible; AhrefsBot/7.0; +http://ahrefs.com/robot/)" 
