185.227.134.4 - - [29/Oct/2025:18:34:16 -0700] "GET /wp-admin/index.php HTTP/1.1" 200 7662 "-" "Mozilla/5.0 (Windows NT 10.0; Win64; x64; rv:119.0) Gecko/20100101 Firefox/119.0" 
185.227.134.4 - - [29/Oct/2025:18:34:16 -0700] "GET /wp-admin/profile.php HTTP/1.1" 200 7662 "https://www.facebook.com/" "Mozilla/5.0 (Windows NT 10.0; Win64; x64; rv:120.0) Gecko/20100101 Firefox/120.0" 
185.227.134.4 - - [29/Oct/2025:18:34:16 -0700] "GET /wp-admin/edit.php HTTP/1.1" 200 7662 "-" "Mozilla/5.0 (Macintosh; Intel Mac OS X 10_15_7) AppleWebKit/537.36 (KHTML, like Gecko) Chrome/112.0.0.0 Safari/537.36" 
185.227.134.4 - - [29/Oct/2025:18:34:16 -0700] "GET /wp-admin/plugins.php HTTP/1.1" 200 7662 "https://t.co/" "Mozilla/5.0 (Macintosh; Intel Mac OS X 11_1_2) AppleWebKit/605.1.15 (KHTML, like Gecko) Version/17.0 Safari/605.1.15" 
144.76.68.76 - - [29/Oct/2025:18:34:16 -0700] "GET /conferencias-edner/9-conferencias-motivacion-y-crecimiento-personal-tu-vida-de-subida/?fileloc=%2Fhome%2Fednermusika%2Felconferencista.com%2Fwp-comments-post.php&path=%2Fhome%2Fednermusika%2Felconferencista.com HTTP/1.1" 200 4113 "-" "serpstatbot/2.1 (advanced backlink tracking bot; https://serpstatbot.com/; abuse@serpstatbot.com)" 
144.76.68.76 - - [29/Oct/2025:18:34:21 -0700] "GET /conferencias-edner/9-conferencias-motivacion-y-crecimiento-personal-tu-vida-de-subida/?fileloc=%2Fhome%2Fednermusika%2Felconferencista.com%2Fwp-blog-header.php&path=%2Fhome%2Fednermusika%2Felconferencista.com HTTP/1.1" 200 3367 "-" "serpstatbot/2.1 (advanced backlink tracking bot; https://serpstatbot.com/; abuse@serpstatbot.com)" 
144.76.68.76 - - [29/Oct/2025:18:34:26 -0700] "GET /conferencias-edner/9-conferencias-motivacion-y-crecimiento-personal-tu-vida-de-subida/?fileloc=%2Fhome%2Fednermusika%2Felconferencista.com%2Fwp-activate.php&path=%2Fhome%2Fednermusika%2Felconferencista.com HTTP/1.1" 200 5562 "-" "serpstatbot/2.1 (advanced backlink tracking bot; https://serpstatbot.com/; abuse@serpstatbot.com)" 
144.76.68.76 - - [29/Oct/2025:18:34:31 -0700] "GET /conferencias-edner/9-conferencias-motivacion-y-crecimiento-personal-tu-vida-de-subida/?fileloc=%2Fhome%2Fednermusika%2Felconferencista.com%2Fuxiuy.php&path=%2Fhome%2Fednermusika%2Felconferencista.com HTTP/1.1" 200 6540 "-" "serpstatbot/2.1 (advanced backlink tracking bot; https://serpstatbot.com/; abuse@serpstatbot.com)" 
144.76.68.76 - - [29/Oct/2025:18:34:36 -0700] "GET /conferencias-edner/9-conferencias-motivacion-y-crecimiento-personal-tu-vida-de-subida/?fileloc=%2Fhome%2Fednermusika%2Felconferencista.com%2Freadme.html&path=%2Fhome%2Fednermusika%2Felconferencista.com HTTP/1.1" 200 6098 "-" "serpstatbot/2.1 (advanced backlink tracking bot; https://serpstatbot.com/; abuse@serpstatbot.com)" 
144.76.68.76 - - [29/Oct/2025:18:34:40 -0700] "GET /conferencias-edner/9-conferencias-motivacion-y-crecimiento-personal-tu-vida-de-subida/?fileloc=%2Fhome%2Fednermusika%2Felconferencista.com%2Fpostnews.php&path=%2Fhome%2Fednermusika%2Felconferencista.com HTTP/1.1" 200 5353 "-" "serpstatbot/2.1 (advanced backlink tracking bot; https://serpstatbot.com/; abuse@serpstatbot.com)" 
144.76.68.76 - - [29/Oct/2025:18:34:44 -0700] "GET /conferencias-edner/9-conferencias-motivacion-y-crecimiento-personal-tu-vida-de-subida/?fileloc=%2Fhome%2Fednermusika%2Felconferencista.com%2Findex.php&path=%2Fhome%2Fednermusika%2Felconferencista.com HTTP/1.1" 200 11817 "-" "serpstatbot/2.1 (advanced backlink tracking bot; https://serpstatbot.com/; abuse@serpstatbot.com)" 
54.39.0.33 - - [29/Oct/2025:18:34:49 -0700] "GET /?fileloc=//bin/nnbatch&path=//bin HTTP/2.0" 200 154111 "-" "Mozilla/5.0 (compatible; AhrefsBot/7.0; +http://ahrefs.com/robot/)" 
144.76.68.76 - - [29/Oct/2025:18:34:50 -0700] "GET /conferencias-edner/9-conferencias-motivacion-y-crecimiento-personal-tu-vida-de-subida/?fileloc=%2Fhome%2Fednermusika%2Felconferencista.com%2F.htaccess&path=%2Fhome%2Fednermusika%2Felconferencista.com HTTP/1.1" 200 3836 "-" "serpstatbot/2.1 (advanced backlink tracking bot; https://serpstatbot.com/; abuse@serpstatbot.com)" 
144.76.68.76 - - [29/Oct/2025:18:34:56 -0700] "GET /conferencias-edner/8-conferencia-de-la-vision-a-la-accion/?path=%2Fhome%2Fednermusika%2Felconferencista.com%2Fwp-includes HTTP/1.1" 200 15332 "-" "serpstatbot/2.1 (advanced backlink tracking bot; https://serpstatbot.com/; abuse@serpstatbot.com)" 
144.76.68.76 - - [29/Oct/2025:18:35:02 -0700] "GET /conferencias-edner/8-conferencia-de-la-vision-a-la-accion/?path=%2Fhome%2Fednermusika%2Felconferencista.com%2Fwp-content HTTP/1.1" 200 3874 "-" "serpstatbot/2.1 (advanced backlink tracking bot; https://serpstatbot.com/; abuse@serpstatbot.com)" 
144.76.68.76 - - [29/Oct/2025:18:35:07 -0700] "GET /conferencias-edner/8-conferencia-de-la-vision-a-la-accion/?path=%2Fhome%2Fednermusika%2Felconferencista.com%2Fwp-admin HTTP/1.1" 200 7847 "-" "serpstatbot/2.1 (advanced backlink tracking bot; https://serpstatbot.com/; abuse@serpstatbot.com)" 
144.76.68.76 - - [29/Oct/2025:18:35:13 -0700] "GET /conferencias-edner/8-conferencia-de-la-vision-a-la-accion/?path=%2Fhome%2Fednermusika%2Felconferencista.com%2Fimages HTTP/1.1" 200 3514 "-" "serpstatbot/2.1 (advanced backlink tracking bot; https://serpstatbot.com/; abuse@serpstatbot.com)" 
144.76.68.76 - - [29/Oct/2025:18:35:22 -0700] "GET /conferencias-edner/8-conferencia-de-la-vision-a-la-accion/?path=%2Fhome%2Fednermusika%2Felconferencista.com%2Felconferencista.com-110922 HTTP/1.1" 200 4864 "-" "serpstatbot/2.1 (advanced backlink tracking bot; https://serpstatbot.com/; abuse@serpstatbot.com)" 
144.76.68.76 - - [29/Oct/2025:18:35:30 -0700] "GET /conferencias-edner/8-conferencia-de-la-vision-a-la-accion/?path=%2Fhome%2Fednermusika%2Felconferencista.com%2F.well-known HTTP/1.1" 200 3463 "-" "serpstatbot/2.1 (advanced backlink tracking bot; https://serpstatbot.com/; abuse@serpstatbot.com)" 
144.76.68.76 - - [29/Oct/2025:18:35:38 -0700] "GET /conferencias-edner/8-conferencia-de-la-vision-a-la-accion/?path=%2Fhome%2Fednermusika%2Felconferencista.com%2F.tmb HTTP/1.1" 200 3069 "-" "serpstatbot/2.1 (advanced backlink tracking bot; https://serpstatbot.com/; abuse@serpstatbot.com)" 
144.76.68.76 - - [29/Oct/2025:18:35:47 -0700] "GET /conferencias-edner/8-conferencia-de-la-vision-a-la-accion/?path=%2Fhome%2Fednermusika%2Felconferencista.com%2F.dh-diag HTTP/1.1" 200 3464 "-" "serpstatbot/2.1 (advanced backlink tracking bot; https://serpstatbot.com/; abuse@serpstatbot.com)" 
144.76.68.76 - - [29/Oct/2025:18:35:57 -0700] "GET /conferencias-edner/8-conferencia-de-la-vision-a-la-accion/?path=%2Fhome%2Fednermusika%2Felconferencista.com HTTP/1.1" 200 4698 "-" "serpstatbot/2.1 (advanced backlink tracking bot; https://serpstatbot.com/; abuse@serpstatbot.com)" 
142.44.233.116 - - [29/Oct/2025:18:36:04 -0700] "GET /?fileloc=//bin/newaliases&path=//bin HTTP/2.0" 200 11667 "-" "Mozilla/5.0 (compatible; AhrefsBot/7.0; +http://ahrefs.com/robot/)" 
144.76.68.76 - - [29/Oct/2025:18:36:07 -0700] "GET /conferencias-edner/8-conferencia-de-la-vision-a-la-accion/?path=%2Fhome%2Fednermusika HTTP/1.1" 200 4156 "-" "serpstatbot/2.1 (advanced backlink tracking bot; https://serpstatbot.com/; abuse@serpstatbot.com)" 
144.76.68.76 - - [29/Oct/2025:18:36:17 -0700] "GET /conferencias-edner/8-conferencia-de-la-vision-a-la-accion/?path=%2Fhome HTTP/1.1" 200 3045 "-" "serpstatbot/2.1 (advanced backlink tracking bot; https://serpstatbot.com/; abuse@serpstatbot.com)" 
144.76.68.76 - - [29/Oct/2025:18:36:29 -0700] "GET /conferencias-edner/8-conferencia-de-la-vision-a-la-accion/?path=%2F HTTP/1.1" 200 4521 "-" "serpstatbot/2.1 (advanced backlink tracking bot; https://serpstatbot.com/; abuse@serpstatbot.com)" 
144.76.68.76 - - [29/Oct/2025:18:36:39 -0700] "GET /conferencias-edner/8-conferencia-de-la-vision-a-la-accion/?fileloc=%2Fhome%2Fednermusika%2Felconferencista.com%2Fxmlrpc.php&path=%2Fhome%2Fednermusika%2Felconferencista.com HTTP/1.1" 200 4482 "-" "serpstatbot/2.1 (advanced backlink tracking bot; https://serpstatbot.com/; abuse@serpstatbot.com)" 
144.76.68.76 - - [29/Oct/2025:18:36:50 -0700] "GET /conferencias-edner/8-conferencia-de-la-vision-a-la-accion/?fileloc=%2Fhome%2Fednermusika%2Felconferencista.com%2Fwp-trackback.php&path=%2Fhome%2Fednermusika%2Felconferencista.com HTTP/1.1" 200 4928 "-" "serpstatbot/2.1 (advanced backlink tracking bot; https://serpstatbot.com/; abuse@serpstatbot.com)" 
148.113.128.182 - - [29/Oct/2025:18:36:53 -0700] "GET /?fileloc=//bin/ncftp&path=//bin HTTP/2.0" 200 133608 "-" "Mozilla/5.0 (compatible; AhrefsBot/7.0; +http://ahrefs.com/robot/)" 
144.76.68.76 - - [29/Oct/2025:18:37:01 -0700] "GET /conferencias-edner/8-conferencia-de-la-vision-a-la-accion/?fileloc=%2Fhome%2Fednermusika%2Felconferencista.com%2Fwp-signup.php&path=%2Fhome%2Fednermusika%2Felconferencista.com HTTP/1.1" 200 14565 "-" "serpstatbot/2.1 (advanced backlink tracking bot; https://serpstatbot.com/; abuse@serpstatbot.com)" 
144.76.68.76 - - [29/Oct/2025:18:37:12 -0700] "GET /conferencias-edner/8-conferencia-de-la-vision-a-la-accion/?fileloc=%2Fhome%2Fednermusika%2Felconferencista.com%2Fwp-settings.php&path=%2Fhome%2Fednermusika%2Felconferencista.com HTTP/1.1" 200 9394 "-" "serpstatbot/2.1 (advanced backlink tracking bot; https://serpstatbot.com/; abuse@serpstatbot.com)" 
144.76.68.76 - - [29/Oct/2025:18:37:24 -0700] "GET /conferencias-edner/8-conferencia-de-la-vision-a-la-accion/?fileloc=%2Fhome%2Fednermusika%2Felconferencista.com%2Fwp-mail.php&path=%2Fhome%2Fednermusika%2Felconferencista.com HTTP/1.1" 200 6139 "-" "serpstatbot/2.1 (advanced backlink tracking bot; https://serpstatbot.com/; abuse@serpstatbot.com)" 
144.76.68.76 - - [29/Oct/2025:18:37:32 -0700] "GET /conferencias-edner/8-conferencia-de-la-vision-a-la-accion/?fileloc=%2Fhome%2Fednermusika%2Felconferencista.com%2Fwp-login.php&path=%2Fhome%2Fednermusika%2Felconferencista.com HTTP/1.1" 200 16854 "-" "serpstatbot/2.1 (advanced backlink tracking bot; https://serpstatbot.com/; abuse@serpstatbot.com)" 
144.76.68.76 - - [29/Oct/2025:18:37:42 -0700] "GET /conferencias-edner/8-conferencia-de-la-vision-a-la-accion/?fileloc=%2Fhome%2Fednermusika%2Felconferencista.com%2Fwp-load.php&path=%2Fhome%2Fednermusika%2Felconferencista.com HTTP/1.1" 200 4803 "-" "serpstatbot/2.1 (advanced backlink tracking bot; https://serpstatbot.com/; abuse@serpstatbot.com)" 
51.161.65.10 - - [29/Oct/2025:18:37:42 -0700] "GET /?fileloc=//bin/multixterm&path=//bin HTTP/2.0" 200 12853 "-" "Mozilla/5.0 (compatible; AhrefsBot/7.0; +http://ahrefs.com/robot/)" 
144.76.68.76 - - [29/Oct/2025:18:37:51 -0700] "GET /conferencias-edner/8-conferencia-de-la-vision-a-la-accion/?fileloc=%2Fhome%2Fednermusika%2Felconferencista.com%2Fwp-links-opml.php&path=%2Fhome%2Fednermusika%2Felconferencista.com HTTP/1.1" 200 4187 "-" "serpstatbot/2.1 (advanced backlink tracking bot; https://serpstatbot.com/; abuse@serpstatbot.com)" 
144.76.68.76 - - [29/Oct/2025:18:38:02 -0700] "GET /conferencias-edner/8-conferencia-de-la-vision-a-la-accion/?fileloc=%2Fhome%2Fednermusika%2Felconferencista.com%2Fwp-cron.php&path=%2Fhome%2Fednermusika%2Felconferencista.com HTTP/1.1" 200 5135 "-" "serpstatbot/2.1 (advanced backlink tracking bot; https://serpstatbot.com/; abuse@serpstatbot.com)" 
144.76.68.76 - - [29/Oct/2025:18:38:11 -0700] "GET /conferencias-edner/8-conferencia-de-la-vision-a-la-accion/?fileloc=%2Fhome%2Fednermusika%2Felconferencista.com%2Fwp-config.php&path=%2Fhome%2Fednermusika%2Felconferencista.com HTTP/1.1" 418 925 "-" "serpstatbot/2.1 (advanced backlink tracking bot; https://serpstatbot.com/; abuse@serpstatbot.com)" 
144.76.68.76 - - [29/Oct/2025:18:38:20 -0700] "GET /conferencias-edner/8-conferencia-de-la-vision-a-la-accion/?fileloc=%2Fhome%2Fednermusika%2Felconferencista.com%2Fwp-config-sample.php&path=%2Fhome%2Fednermusika%2Felconferencista.com HTTP/1.1" 200 4359 "-" "serpstatbot/2.1 (advanced backlink tracking bot; https://serpstatbot.com/; abuse@serpstatbot.com)" 
144.76.68.76 - - [29/Oct/2025:18:38:30 -0700] "GET /conferencias-edner/8-conferencia-de-la-vision-a-la-accion/?fileloc=%2Fhome%2Fednermusika%2Felconferencista.com%2Fwp-comments-post.php&path=%2Fhome%2Fednermusika%2Felconferencista.com HTTP/1.1" 200 4113 "-" "serpstatbot/2.1 (advanced backlink tracking bot; https://serpstatbot.com/; abuse@serpstatbot.com)" 
51.222.168.187 - - [29/Oct/2025:18:38:37 -0700] "GET /?fileloc=//bin/msguniq&path=//bin HTTP/2.0" 200 8333 "-" "Mozilla/5.0 (compatible; AhrefsBot/7.0; +http://ahrefs.com/robot/)" 
144.76.68.76 - - [29/Oct/2025:18:38:40 -0700] "GET /conferencias-edner/8-conferencia-de-la-vision-a-la-accion/?fileloc=%2Fhome%2Fednermusika%2Felconferencista.com%2Fwp-blog-header.php&path=%2Fhome%2Fednermusika%2Felconferencista.com HTTP/1.1" 200 3367 "-" "serpstatbot/2.1 (advanced backlink tracking bot; https://serpstatbot.com/; abuse@serpstatbot.com)" 
144.76.68.76 - - [29/Oct/2025:18:38:49 -0700] "GET /conferencias-edner/8-conferencia-de-la-vision-a-la-accion/?fileloc=%2Fhome%2Fednermusika%2Felconferencista.com%2Fwp-activate.php&path=%2Fhome%2Fednermusika%2Felconferencista.com HTTP/1.1" 200 5562 "-" "serpstatbot/2.1 (advanced backlink tracking bot; https://serpstatbot.com/; abuse@serpstatbot.com)" 
144.76.68.76 - - [29/Oct/2025:18:38:53 -0700] "GET /conferencias-edner/8-conferencia-de-la-vision-a-la-accion/?fileloc=%2Fhome%2Fednermusika%2Felconferencista.com%2Fuxiuy.php&path=%2Fhome%2Fednermusika%2Felconferencista.com HTTP/1.1" 200 6540 "-" "serpstatbot/2.1 (advanced backlink tracking bot; https://serpstatbot.com/; abuse@serpstatbot.com)" 
144.76.68.76 - - [29/Oct/2025:18:38:57 -0700] "GET /conferencias-edner/8-conferencia-de-la-vision-a-la-accion/?fileloc=%2Fhome%2Fednermusika%2Felconferencista.com%2Freadme.html&path=%2Fhome%2Fednermusika%2Felconferencista.com HTTP/1.1" 200 6098 "-" "serpstatbot/2.1 (advanced backlink tracking bot; https://serpstatbot.com/; abuse@serpstatbot.com)" 
144.76.68.76 - - [29/Oct/2025:18:39:01 -0700] "GET /conferencias-edner/8-conferencia-de-la-vision-a-la-accion/?fileloc=%2Fhome%2Fednermusika%2Felconferencista.com%2Fpostnews.php&path=%2Fhome%2Fednermusika%2Felconferencista.com HTTP/1.1" 200 5353 "-" "serpstatbot/2.1 (advanced backlink tracking bot; https://serpstatbot.com/; abuse@serpstatbot.com)" 
144.76.68.76 - - [29/Oct/2025:18:39:05 -0700] "GET /conferencias-edner/8-conferencia-de-la-vision-a-la-accion/?fileloc=%2Fhome%2Fednermusika%2Felconferencista.com%2Findex.php&path=%2Fhome%2Fednermusika%2Felconferencista.com HTTP/1.1" 200 11817 "-" "serpstatbot/2.1 (advanced backlink tracking bot; https://serpstatbot.com/; abuse@serpstatbot.com)" 
144.76.68.76 - - [29/Oct/2025:18:39:09 -0700] "GET /conferencias-edner/8-conferencia-de-la-vision-a-la-accion/?fileloc=%2Fhome%2Fednermusika%2Felconferencista.com%2F.htaccess&path=%2Fhome%2Fednermusika%2Felconferencista.com HTTP/1.1" 200 3836 "-" "serpstatbot/2.1 (advanced backlink tracking bot; https://serpstatbot.com/; abuse@serpstatbot.com)" 
144.76.68.76 - - [29/Oct/2025:18:39:13 -0700] "GET /conferencias-edner/7-conferencias-manejo-de-estres-estres-o-es-cuatro/?path=%2Fhome%2Fednermusika%2Felconferencista.com%2Fwp-includes HTTP/1.1" 200 15332 "-" "serpstatbot/2.1 (advanced backlink tracking bot; https://serpstatbot.com/; abuse@serpstatbot.com)" 
144.76.68.76 - - [29/Oct/2025:18:39:17 -0700] "GET /conferencias-edner/7-conferencias-manejo-de-estres-estres-o-es-cuatro/?path=%2Fhome%2Fednermusika%2Felconferencista.com%2Fwp-content HTTP/1.1" 200 3874 "-" "serpstatbot/2.1 (advanced backlink tracking bot; https://serpstatbot.com/; abuse@serpstatbot.com)" 
144.76.68.76 - - [29/Oct/2025:18:39:21 -0700] "GET /conferencias-edner/7-conferencias-manejo-de-estres-estres-o-es-cuatro/?path=%2Fhome%2Fednermusika%2Felconferencista.com%2Fwp-admin HTTP/1.1" 200 7847 "-" "serpstatbot/2.1 (advanced backlink tracking bot; https://serpstatbot.com/; abuse@serpstatbot.com)" 
144.76.68.76 - - [29/Oct/2025:18:39:24 -0700] "GET /conferencias-edner/7-conferencias-manejo-de-estres-estres-o-es-cuatro/?path=%2Fhome%2Fednermusika%2Felconferencista.com%2Fimages HTTP/1.1" 200 3514 "-" "serpstatbot/2.1 (advanced backlink tracking bot; https://serpstatbot.com/; abuse@serpstatbot.com)" 
144.76.68.76 - - [29/Oct/2025:18:39:28 -0700] "GET /conferencias-edner/7-conferencias-manejo-de-estres-estres-o-es-cuatro/?path=%2Fhome%2Fednermusika%2Felconferencista.com%2Felconferencista.com-110922 HTTP/1.1" 200 4864 "-" "serpstatbot/2.1 (advanced backlink tracking bot; https://serpstatbot.com/; abuse@serpstatbot.com)" 
144.76.68.76 - - [29/Oct/2025:18:39:30 -0700] "GET /conferencias-edner/7-conferencias-manejo-de-estres-estres-o-es-cuatro/?path=%2Fhome%2Fednermusika%2Felconferencista.com%2F.well-known HTTP/1.1" 200 3463 "-" "serpstatbot/2.1 (advanced backlink tracking bot; https://serpstatbot.com/; abuse@serpstatbot.com)" 
142.44.220.153 - - [29/Oct/2025:18:39:33 -0700] "GET /?fileloc=//bin/mpg123-alsa&path=//bin HTTP/2.0" 200 2660 "-" "Mozilla/5.0 (compatible; AhrefsBot/7.0; +http://ahrefs.com/robot/)" 
144.76.68.76 - - [29/Oct/2025:18:39:34 -0700] "GET /conferencias-edner/7-conferencias-manejo-de-estres-estres-o-es-cuatro/?path=%2Fhome%2Fednermusika%2Felconferencista.com%2F.tmb HTTP/1.1" 200 3069 "-" "serpstatbot/2.1 (advanced backlink tracking bot; https://serpstatbot.com/; abuse@serpstatbot.com)" 
144.76.68.76 - - [29/Oct/2025:18:39:39 -0700] "GET /conferencias-edner/7-conferencias-manejo-de-estres-estres-o-es-cuatro/?path=%2Fhome%2Fednermusika%2Felconferencista.com%2F.dh-diag HTTP/1.1" 200 3464 "-" "serpstatbot/2.1 (advanced backlink tracking bot; https://serpstatbot.com/; abuse@serpstatbot.com)" 
144.76.68.76 - - [29/Oct/2025:18:39:44 -0700] "GET /conferencias-edner/7-conferencias-manejo-de-estres-estres-o-es-cuatro/?path=%2Fhome%2Fednermusika%2Felconferencista.com HTTP/1.1" 200 4698 "-" "serpstatbot/2.1 (advanced backlink tracking bot; https://serpstatbot.com/; abuse@serpstatbot.com)" 
144.76.68.76 - - [29/Oct/2025:18:39:51 -0700] "GET /conferencias-edner/7-conferencias-manejo-de-estres-estres-o-es-cuatro/?path=%2Fhome%2Fednermusika HTTP/1.1" 200 4156 "-" "serpstatbot/2.1 (advanced backlink tracking bot; https://serpstatbot.com/; abuse@serpstatbot.com)" 
144.76.68.76 - - [29/Oct/2025:18:39:58 -0700] "GET /conferencias-edner/7-conferencias-manejo-de-estres-estres-o-es-cuatro/?path=%2Fhome HTTP/1.1" 200 3045 "-" "serpstatbot/2.1 (advanced backlink tracking bot; https://serpstatbot.com/; abuse@serpstatbot.com)" 
144.76.68.76 - - [29/Oct/2025:18:40:06 -0700] "GET /conferencias-edner/7-conferencias-manejo-de-estres-estres-o-es-cuatro/?path=%2F HTTP/1.1" 200 4521 "-" "serpstatbot/2.1 (advanced backlink tracking bot; https://serpstatbot.com/; abuse@serpstatbot.com)" 
144.76.68.76 - - [29/Oct/2025:18:40:14 -0700] "GET /conferencias-edner/7-conferencias-manejo-de-estres-estres-o-es-cuatro/?fileloc=%2Fhome%2Fednermusika%2Felconferencista.com%2Fxmlrpc.php&path=%2Fhome%2Fednermusika%2Felconferencista.com HTTP/1.1" 200 4482 "-" "serpstatbot/2.1 (advanced backlink tracking bot; https://serpstatbot.com/; abuse@serpstatbot.com)" 
144.76.68.76 - - [29/Oct/2025:18:40:21 -0700] "GET /conferencias-edner/7-conferencias-manejo-de-estres-estres-o-es-cuatro/?fileloc=%2Fhome%2Fednermusika%2Felconferencista.com%2Fwp-trackback.php&path=%2Fhome%2Fednermusika%2Felconferencista.com HTTP/1.1" 200 4928 "-" "serpstatbot/2.1 (advanced backlink tracking bot; https://serpstatbot.com/; abuse@serpstatbot.com)" 
144.76.68.76 - - [29/Oct/2025:18:40:29 -0700] "GET /conferencias-edner/7-conferencias-manejo-de-estres-estres-o-es-cuatro/?fileloc=%2Fhome%2Fednermusika%2Felconferencista.com%2Fwp-signup.php&path=%2Fhome%2Fednermusika%2Felconferencista.com HTTP/1.1" 200 11584 "-" "serpstatbot/2.1 (advanced backlink tracking bot; https://serpstatbot.com/; abuse@serpstatbot.com)" 
142.44.220.225 - - [29/Oct/2025:18:40:34 -0700] "GET /?fileloc=//bin/manpath&path=//bin HTTP/2.0" 200 10179 "-" "Mozilla/5.0 (compatible; AhrefsBot/7.0; +http://ahrefs.com/robot/)" 
144.76.68.76 - - [29/Oct/2025:18:40:35 -0700] "GET /conferencias-edner/7-conferencias-manejo-de-estres-estres-o-es-cuatro/?fileloc=%2Fhome%2Fednermusika%2Felconferencista.com%2Fwp-settings.php&path=%2Fhome%2Fednermusika%2Felconferencista.com HTTP/1.1" 200 9394 "-" "serpstatbot/2.1 (advanced backlink tracking bot; https://serpstatbot.com/; abuse@serpstatbot.com)" 
144.76.68.76 - - [29/Oct/2025:18:40:41 -0700] "GET /conferencias-edner/7-conferencias-manejo-de-estres-estres-o-es-cuatro/?fileloc=%2Fhome%2Fednermusika%2Felconferencista.com%2Fwp-mail.php&path=%2Fhome%2Fednermusika%2Felconferencista.com HTTP/1.1" 200 6139 "-" "serpstatbot/2.1 (advanced backlink tracking bot; https://serpstatbot.com/; abuse@serpstatbot.com)" 
144.76.68.76 - - [29/Oct/2025:18:40:47 -0700] "GET /conferencias-edner/7-conferencias-manejo-de-estres-estres-o-es-cuatro/?fileloc=%2Fhome%2Fednermusika%2Felconferencista.com%2Fwp-login.php&path=%2Fhome%2Fednermusika%2Felconferencista.com HTTP/1.1" 200 16854 "-" "serpstatbot/2.1 (advanced backlink tracking bot; https://serpstatbot.com/; abuse@serpstatbot.com)" 
144.76.68.76 - - [29/Oct/2025:18:40:56 -0700] "GET /conferencias-edner/7-conferencias-manejo-de-estres-estres-o-es-cuatro/?fileloc=%2Fhome%2Fednermusika%2Felconferencista.com%2Fwp-load.php&path=%2Fhome%2Fednermusika%2Felconferencista.com HTTP/1.1" 200 4803 "-" "serpstatbot/2.1 (advanced backlink tracking bot; https://serpstatbot.com/; abuse@serpstatbot.com)" 
144.76.68.76 - - [29/Oct/2025:18:41:07 -0700] "GET /conferencias-edner/7-conferencias-manejo-de-estres-estres-o-es-cuatro/?fileloc=%2Fhome%2Fednermusika%2Felconferencista.com%2Fwp-links-opml.php&path=%2Fhome%2Fednermusika%2Felconferencista.com HTTP/1.1" 200 4187 "-" "serpstatbot/2.1 (advanced backlink tracking bot; https://serpstatbot.com/; abuse@serpstatbot.com)" 
144.76.68.76 - - [29/Oct/2025:18:41:19 -0700] "GET /conferencias-edner/7-conferencias-manejo-de-estres-estres-o-es-cuatro/?fileloc=%2Fhome%2Fednermusika%2Felconferencista.com%2Fwp-cron.php&path=%2Fhome%2Fednermusika%2Felconferencista.com HTTP/1.1" 200 5135 "-" "serpstatbot/2.1 (advanced backlink tracking bot; https://serpstatbot.com/; abuse@serpstatbot.com)" 
144.76.68.76 - - [29/Oct/2025:18:41:31 -0700] "GET /conferencias-edner/7-conferencias-manejo-de-estres-estres-o-es-cuatro/?fileloc=%2Fhome%2Fednermusika%2Felconferencista.com%2Fwp-config.php&path=%2Fhome%2Fednermusika%2Felconferencista.com HTTP/1.1" 418 925 "-" "serpstatbot/2.1 (advanced backlink tracking bot; https://serpstatbot.com/; abuse@serpstatbot.com)" 
54.39.89.197 - - [29/Oct/2025:18:41:36 -0700] "GET /?fileloc=//bin/lzfgrep&path=//bin HTTP/2.0" 200 5318 "-" "Mozilla/5.0 (compatible; AhrefsBot/7.0; +http://ahrefs.com/robot/)" 
144.76.68.76 - - [29/Oct/2025:18:41:38 -0700] "GET /conferencias-edner/7-conferencias-manejo-de-estres-estres-o-es-cuatro/?fileloc=%2Fhome%2Fednermusika%2Felconferencista.com%2Fwp-config-sample.php&path=%2Fhome%2Fednermusika%2Felconferencista.com HTTP/1.1" 200 4359 "-" "serpstatbot/2.1 (advanced backlink tracking bot; https://serpstatbot.com/; abuse@serpstatbot.com)" 
144.76.68.76 - - [29/Oct/2025:18:41:45 -0700] "GET /conferencias-edner/7-conferencias-manejo-de-estres-estres-o-es-cuatro/?fileloc=%2Fhome%2Fednermusika%2Felconferencista.com%2Fwp-comments-post.php&path=%2Fhome%2Fednermusika%2Felconferencista.com HTTP/1.1" 200 4113 "-" "serpstatbot/2.1 (advanced backlink tracking bot; https://serpstatbot.com/; abuse@serpstatbot.com)" 
144.76.68.76 - - [29/Oct/2025:18:41:56 -0700] "GET /conferencias-edner/7-conferencias-manejo-de-estres-estres-o-es-cuatro/?fileloc=%2Fhome%2Fednermusika%2Felconferencista.com%2Fwp-blog-header.php&path=%2Fhome%2Fednermusika%2Felconferencista.com HTTP/1.1" 200 3367 "-" "serpstatbot/2.1 (advanced backlink tracking bot; https://serpstatbot.com/; abuse@serpstatbot.com)" 
144.76.68.76 - - [29/Oct/2025:18:42:09 -0700] "GET /conferencias-edner/7-conferencias-manejo-de-estres-estres-o-es-cuatro/?fileloc=%2Fhome%2Fednermusika%2Felconferencista.com%2Fwp-activate.php&path=%2Fhome%2Fednermusika%2Felconferencista.com HTTP/1.1" 200 8543 "-" "serpstatbot/2.1 (advanced backlink tracking bot; https://serpstatbot.com/; abuse@serpstatbot.com)" 
144.76.68.76 - - [29/Oct/2025:18:42:22 -0700] "GET /conferencias-edner/7-conferencias-manejo-de-estres-estres-o-es-cuatro/?fileloc=%2Fhome%2Fednermusika%2Felconferencista.com%2Fuxiuy.php&path=%2Fhome%2Fednermusika%2Felconferencista.com HTTP/1.1" 200 6540 "-" "serpstatbot/2.1 (advanced backlink tracking bot; https://serpstatbot.com/; abuse@serpstatbot.com)" 
54.39.6.152 - - [29/Oct/2025:18:42:28 -0700] "GET /?fileloc=//bin/lookbib&path=//bin HTTP/2.0" 200 23111 "-" "Mozilla/5.0 (compatible; AhrefsBot/7.0; +http://ahrefs.com/robot/)" 
144.76.68.76 - - [29/Oct/2025:18:42:35 -0700] "GET /conferencias-edner/7-conferencias-manejo-de-estres-estres-o-es-cuatro/?fileloc=%2Fhome%2Fednermusika%2Felconferencista.com%2Freadme.html&path=%2Fhome%2Fednermusika%2Felconferencista.com HTTP/1.1" 200 6098 "-" "serpstatbot/2.1 (advanced backlink tracking bot; https://serpstatbot.com/; abuse@serpstatbot.com)" 
144.76.68.76 - - [29/Oct/2025:18:42:46 -0700] "GET /conferencias-edner/7-conferencias-manejo-de-estres-estres-o-es-cuatro/?fileloc=%2Fhome%2Fednermusika%2Felconferencista.com%2Fpostnews.php&path=%2Fhome%2Fednermusika%2Felconferencista.com HTTP/1.1" 200 5353 "-" "serpstatbot/2.1 (advanced backlink tracking bot; https://serpstatbot.com/; abuse@serpstatbot.com)" 
144.76.68.76 - - [29/Oct/2025:18:42:53 -0700] "GET /conferencias-edner/7-conferencias-manejo-de-estres-estres-o-es-cuatro/?fileloc=%2Fhome%2Fednermusika%2Felconferencista.com%2Findex.php&path=%2Fhome%2Fednermusika%2Felconferencista.com HTTP/1.1" 200 11817 "-" "serpstatbot/2.1 (advanced backlink tracking bot; https://serpstatbot.com/; abuse@serpstatbot.com)" 
144.76.68.76 - - [29/Oct/2025:18:43:02 -0700] "GET /conferencias-edner/7-conferencias-manejo-de-estres-estres-o-es-cuatro/?fileloc=%2Fhome%2Fednermusika%2Felconferencista.com%2F.htaccess&path=%2Fhome%2Fednermusika%2Felconferencista.com HTTP/1.1" 200 3836 "-" "serpstatbot/2.1 (advanced backlink tracking bot; https://serpstatbot.com/; abuse@serpstatbot.com)" 
144.76.68.76 - - [29/Oct/2025:18:43:14 -0700] "GET /conferencias-edner/6-conferencia-marca-personal-yo-branding-personal-en-tiempos-de-torbellino/?path=%2Fhome%2Fednermusika%2Felconferencista.com%2Fwp-includes HTTP/1.1" 200 15332 "-" "serpstatbot/2.1 (advanced backlink tracking bot; https://serpstatbot.com/; abuse@serpstatbot.com)" 
54.39.0.190 - - [29/Oct/2025:18:43:18 -0700] "GET /?fileloc=//bin/lockfile-create&path=//bin HTTP/2.0" 200 6649 "-" "Mozilla/5.0 (compatible; AhrefsBot/7.0; +http://ahrefs.com/robot/)" 
144.76.68.76 - - [29/Oct/2025:18:43:27 -0700] "GET /conferencias-edner/6-conferencia-marca-personal-yo-branding-personal-en-tiempos-de-torbellino/?path=%2Fhome%2Fednermusika%2Felconferencista.com%2Fwp-content HTTP/1.1" 200 3874 "-" "serpstatbot/2.1 (advanced backlink tracking bot; https://serpstatbot.com/; abuse@serpstatbot.com)" 
144.76.68.76 - - [29/Oct/2025:18:43:45 -0700] "GET /conferencias-edner/6-conferencia-marca-personal-yo-branding-personal-en-tiempos-de-torbellino/?path=%2Fhome%2Fednermusika%2Felconferencista.com%2Fwp-admin HTTP/1.1" 200 7847 "-" "serpstatbot/2.1 (advanced backlink tracking bot; https://serpstatbot.com/; abuse@serpstatbot.com)" 
144.76.68.76 - - [29/Oct/2025:18:43:50 -0700] "GET /conferencias-edner/6-conferencia-marca-personal-yo-branding-personal-en-tiempos-de-torbellino/?path=%2Fhome%2Fednermusika%2Felconferencista.com%2Fimages HTTP/1.1" 200 3514 "-" "serpstatbot/2.1 (advanced backlink tracking bot; https://serpstatbot.com/; abuse@serpstatbot.com)" 
144.76.68.76 - - [29/Oct/2025:18:43:52 -0700] "GET /conferencias-edner/6-conferencia-marca-personal-yo-branding-personal-en-tiempos-de-torbellino/?path=%2Fhome%2Fednermusika%2Felconferencista.com%2Felconferencista.com-110922 HTTP/1.1" 200 4864 "-" "serpstatbot/2.1 (advanced backlink tracking bot; https://serpstatbot.com/; abuse@serpstatbot.com)" 
144.76.68.76 - - [29/Oct/2025:18:43:56 -0700] "GET /conferencias-edner/6-conferencia-marca-personal-yo-branding-personal-en-tiempos-de-torbellino/?path=%2Fhome%2Fednermusika%2Felconferencista.com%2F.well-known HTTP/1.1" 200 3463 "-" "serpstatbot/2.1 (advanced backlink tracking bot; https://serpstatbot.com/; abuse@serpstatbot.com)" 
144.76.68.76 - - [29/Oct/2025:18:43:59 -0700] "GET /conferencias-edner/6-conferencia-marca-personal-yo-branding-personal-en-tiempos-de-torbellino/?path=%2Fhome%2Fednermusika%2Felconferencista.com%2F.tmb HTTP/1.1" 200 3069 "-" "serpstatbot/2.1 (advanced backlink tracking bot; https://serpstatbot.com/; abuse@serpstatbot.com)" 
144.76.68.76 - - [29/Oct/2025:18:44:03 -0700] "GET /conferencias-edner/6-conferencia-marca-personal-yo-branding-personal-en-tiempos-de-torbellino/?path=%2Fhome%2Fednermusika%2Felconferencista.com%2F.dh-diag HTTP/1.1" 200 3464 "-" "serpstatbot/2.1 (advanced backlink tracking bot; https://serpstatbot.com/; abuse@serpstatbot.com)" 
51.222.168.62 - - [29/Oct/2025:18:44:05 -0700] "GET /robots.txt HTTP/2.0" 200 278 "-" "Mozilla/5.0 (compatible; AhrefsBot/7.0; +http://ahrefs.com/robot/)" 
144.76.68.76 - - [29/Oct/2025:18:44:07 -0700] "GET /conferencias-edner/6-conferencia-marca-personal-yo-branding-personal-en-tiempos-de-torbellino/?path=%2Fhome%2Fednermusika%2Felconferencista.com HTTP/1.1" 200 4698 "-" "serpstatbot/2.1 (advanced backlink tracking bot; https://serpstatbot.com/; abuse@serpstatbot.com)" 
54.39.210.23 - - [29/Oct/2025:18:44:09 -0700] "GET /?fileloc=//bin/listres&path=//bin HTTP/2.0" 200 6550 "-" "Mozilla/5.0 (compatible; AhrefsBot/7.0; +http://ahrefs.com/robot/)" 
144.76.68.76 - - [29/Oct/2025:18:44:10 -0700] "GET /conferencias-edner/6-conferencia-marca-personal-yo-branding-personal-en-tiempos-de-torbellino/?path=%2Fhome%2Fednermusika HTTP/1.1" 200 4156 "-" "serpstatbot/2.1 (advanced backlink tracking bot; https://serpstatbot.com/; abuse@serpstatbot.com)" 
144.76.68.76 - - [29/Oct/2025:18:44:16 -0700] "GET /conferencias-edner/6-conferencia-marca-personal-yo-branding-personal-en-tiempos-de-torbellino/?path=%2Fhome HTTP/1.1" 200 3045 "-" "serpstatbot/2.1 (advanced backlink tracking bot; https://serpstatbot.com/; abuse@serpstatbot.com)" 
144.76.68.76 - - [29/Oct/2025:18:44:21 -0700] "GET /conferencias-edner/6-conferencia-marca-personal-yo-branding-personal-en-tiempos-de-torbellino/?path=%2F HTTP/1.1" 200 4521 "-" "serpstatbot/2.1 (advanced backlink tracking bot; https://serpstatbot.com/; abuse@serpstatbot.com)" 
144.76.68.76 - - [29/Oct/2025:18:44:26 -0700] "GET /conferencias-edner/6-conferencia-marca-personal-yo-branding-personal-en-tiempos-de-torbellino/?fileloc=%2Fhome%2Fednermusika%2Felconferencista.com%2Fxmlrpc.php&path=%2Fhome%2Fednermusika%2Felconferencista.com HTTP/1.1" 200 4482 "-" "serpstatbot/2.1 (advanced backlink tracking bot; https://serpstatbot.com/; abuse@serpstatbot.com)" 
144.76.68.76 - - [29/Oct/2025:18:44:30 -0700] "GET /conferencias-edner/6-conferencia-marca-personal-yo-branding-personal-en-tiempos-de-torbellino/?fileloc=%2Fhome%2Fednermusika%2Felconferencista.com%2Fwp-trackback.php&path=%2Fhome%2Fednermusika%2Felconferencista.com HTTP/1.1" 200 4928 "-" "serpstatbot/2.1 (advanced backlink tracking bot; https://serpstatbot.com/; abuse@serpstatbot.com)" 
144.76.68.76 - - [29/Oct/2025:18:44:34 -0700] "GET /conferencias-edner/6-conferencia-marca-personal-yo-branding-personal-en-tiempos-de-torbellino/?fileloc=%2Fhome%2Fednermusika%2Felconferencista.com%2Fwp-signup.php&path=%2Fhome%2Fednermusika%2Felconferencista.com HTTP/1.1" 200 11584 "-" "serpstatbot/2.1 (advanced backlink tracking bot; https://serpstatbot.com/; abuse@serpstatbot.com)" 
144.76.68.76 - - [29/Oct/2025:18:44:39 -0700] "GET /conferencias-edner/6-conferencia-marca-personal-yo-branding-personal-en-tiempos-de-torbellino/?fileloc=%2Fhome%2Fednermusika%2Felconferencista.com%2Fwp-settings.php&path=%2Fhome%2Fednermusika%2Felconferencista.com HTTP/1.1" 200 9394 "-" "serpstatbot/2.1 (advanced backlink tracking bot; https://serpstatbot.com/; abuse@serpstatbot.com)" 
144.76.68.76 - - [29/Oct/2025:18:44:43 -0700] "GET /conferencias-edner/6-conferencia-marca-personal-yo-branding-personal-en-tiempos-de-torbellino/?fileloc=%2Fhome%2Fednermusika%2Felconferencista.com%2Fwp-mail.php&path=%2Fhome%2Fednermusika%2Felconferencista.com HTTP/1.1" 200 6139 "-" "serpstatbot/2.1 (advanced backlink tracking bot; https://serpstatbot.com/; abuse@serpstatbot.com)" 
144.76.68.76 - - [29/Oct/2025:18:44:48 -0700] "GET /conferencias-edner/6-conferencia-marca-personal-yo-branding-personal-en-tiempos-de-torbellino/?fileloc=%2Fhome%2Fednermusika%2Felconferencista.com%2Fwp-login.php&path=%2Fhome%2Fednermusika%2Felconferencista.com HTTP/1.1" 200 16854 "-" "serpstatbot/2.1 (advanced backlink tracking bot; https://serpstatbot.com/; abuse@serpstatbot.com)" 
144.76.68.76 - - [29/Oct/2025:18:44:53 -0700] "GET /conferencias-edner/6-conferencia-marca-personal-yo-branding-personal-en-tiempos-de-torbellino/?fileloc=%2Fhome%2Fednermusika%2Felconferencista.com%2Fwp-load.php&path=%2Fhome%2Fednermusika%2Felconferencista.com HTTP/1.1" 200 4803 "-" "serpstatbot/2.1 (advanced backlink tracking bot; https://serpstatbot.com/; abuse@serpstatbot.com)" 
144.76.68.76 - - [29/Oct/2025:18:45:00 -0700] "GET /conferencias-edner/6-conferencia-marca-personal-yo-branding-personal-en-tiempos-de-torbellino/?fileloc=%2Fhome%2Fednermusika%2Felconferencista.com%2Fwp-links-opml.php&path=%2Fhome%2Fednermusika%2Felconferencista.com HTTP/1.1" 200 4187 "-" "serpstatbot/2.1 (advanced backlink tracking bot; https://serpstatbot.com/; abuse@serpstatbot.com)" 
148.113.128.54 - - [29/Oct/2025:18:45:03 -0700] "GET /?fileloc=//bin/l4p-tmpl&path=//bin HTTP/2.0" 200 3620 "-" "Mozilla/5.0 (compatible; AhrefsBot/7.0; +http://ahrefs.com/robot/)" 
144.76.68.76 - - [29/Oct/2025:18:45:07 -0700] "GET /conferencias-edner/6-conferencia-marca-personal-yo-branding-personal-en-tiempos-de-torbellino/?fileloc=%2Fhome%2Fednermusika%2Felconferencista.com%2Fwp-cron.php&path=%2Fhome%2Fednermusika%2Felconferencista.com HTTP/1.1" 200 5135 "-" "serpstatbot/2.1 (advanced backlink tracking bot; https://serpstatbot.com/; abuse@serpstatbot.com)" 
144.76.68.76 - - [29/Oct/2025:18:45:15 -0700] "GET /conferencias-edner/6-conferencia-marca-personal-yo-branding-personal-en-tiempos-de-torbellino/?fileloc=%2Fhome%2Fednermusika%2Felconferencista.com%2Fwp-config.php&path=%2Fhome%2Fednermusika%2Felconferencista.com HTTP/1.1" 418 925 "-" "serpstatbot/2.1 (advanced backlink tracking bot; https://serpstatbot.com/; abuse@serpstatbot.com)" 
144.76.68.76 - - [29/Oct/2025:18:45:25 -0700] "GET /conferencias-edner/6-conferencia-marca-personal-yo-branding-personal-en-tiempos-de-torbellino/?fileloc=%2Fhome%2Fednermusika%2Felconferencista.com%2Fwp-config-sample.php&path=%2Fhome%2Fednermusika%2Felconferencista.com HTTP/1.1" 200 4359 "-" "serpstatbot/2.1 (advanced backlink tracking bot; https://serpstatbot.com/; abuse@serpstatbot.com)" 
144.76.68.76 - - [29/Oct/2025:18:45:34 -0700] "GET /conferencias-edner/6-conferencia-marca-personal-yo-branding-personal-en-tiempos-de-torbellino/?fileloc=%2Fhome%2Fednermusika%2Felconferencista.com%2Fwp-comments-post.php&path=%2Fhome%2Fednermusika%2Felconferencista.com HTTP/1.1" 200 4113 "-" "serpstatbot/2.1 (advanced backlink tracking bot; https://serpstatbot.com/; abuse@serpstatbot.com)" 
144.76.68.76 - - [29/Oct/2025:18:45:44 -0700] "GET /conferencias-edner/6-conferencia-marca-personal-yo-branding-personal-en-tiempos-de-torbellino/?fileloc=%2Fhome%2Fednermusika%2Felconferencista.com%2Fwp-blog-header.php&path=%2Fhome%2Fednermusika%2Felconferencista.com HTTP/1.1" 200 3367 "-" "serpstatbot/2.1 (advanced backlink tracking bot; https://serpstatbot.com/; abuse@serpstatbot.com)" 
15.235.96.128 - - [29/Oct/2025:18:45:54 -0700] "GET /?fileloc=//bin/jfr&path=//bin HTTP/2.0" 200 4593 "-" "Mozilla/5.0 (compatible; AhrefsBot/7.0; +http://ahrefs.com/robot/)" 
144.76.68.76 - - [29/Oct/2025:18:45:55 -0700] "GET /conferencias-edner/6-conferencia-marca-personal-yo-branding-personal-en-tiempos-de-torbellino/?fileloc=%2Fhome%2Fednermusika%2Felconferencista.com%2Fwp-activate.php&path=%2Fhome%2Fednermusika%2Felconferencista.com HTTP/1.1" 200 5562 "-" "serpstatbot/2.1 (advanced backlink tracking bot; https://serpstatbot.com/; abuse@serpstatbot.com)" 
144.76.68.76 - - [29/Oct/2025:18:46:04 -0700] "GET /conferencias-edner/6-conferencia-marca-personal-yo-branding-personal-en-tiempos-de-torbellino/?fileloc=%2Fhome%2Fednermusika%2Felconferencista.com%2Fuxiuy.php&path=%2Fhome%2Fednermusika%2Felconferencista.com HTTP/1.1" 200 6540 "-" "serpstatbot/2.1 (advanced backlink tracking bot; https://serpstatbot.com/; abuse@serpstatbot.com)" 
144.76.68.76 - - [29/Oct/2025:18:46:15 -0700] "GET /conferencias-edner/6-conferencia-marca-personal-yo-branding-personal-en-tiempos-de-torbellino/?fileloc=%2Fhome%2Fednermusika%2Felconferencista.com%2Freadme.html&path=%2Fhome%2Fednermusika%2Felconferencista.com HTTP/1.1" 200 6098 "-" "serpstatbot/2.1 (advanced backlink tracking bot; https://serpstatbot.com/; abuse@serpstatbot.com)" 
144.76.68.76 - - [29/Oct/2025:18:46:26 -0700] "GET /conferencias-edner/6-conferencia-marca-personal-yo-branding-personal-en-tiempos-de-torbellino/?fileloc=%2Fhome%2Fednermusika%2Felconferencista.com%2Fpostnews.php&path=%2Fhome%2Fednermusika%2Felconferencista.com HTTP/1.1" 200 5353 "-" "serpstatbot/2.1 (advanced backlink tracking bot; https://serpstatbot.com/; abuse@serpstatbot.com)" 
144.76.68.76 - - [29/Oct/2025:18:46:38 -0700] "GET /conferencias-edner/6-conferencia-marca-personal-yo-branding-personal-en-tiempos-de-torbellino/?fileloc=%2Fhome%2Fednermusika%2Felconferencista.com%2Findex.php&path=%2Fhome%2Fednermusika%2Felconferencista.com HTTP/1.1" 200 11817 "-" "serpstatbot/2.1 (advanced backlink tracking bot; https://serpstatbot.com/; abuse@serpstatbot.com)" 
51.161.37.132 - - [29/Oct/2025:18:46:42 -0700] "GET /?fileloc=//bin/javah&path=//bin HTTP/2.0" 200 4595 "-" "Mozilla/5.0 (compatible; AhrefsBot/7.0; +http://ahrefs.com/robot/)" 
144.76.68.76 - - [29/Oct/2025:18:46:50 -0700] "GET /conferencias-edner/6-conferencia-marca-personal-yo-branding-personal-en-tiempos-de-torbellino/?fileloc=%2Fhome%2Fednermusika%2Felconferencista.com%2F.htaccess&path=%2Fhome%2Fednermusika%2Felconferencista.com HTTP/1.1" 200 3836 "-" "serpstatbot/2.1 (advanced backlink tracking bot; https://serpstatbot.com/; abuse@serpstatbot.com)" 
144.76.68.76 - - [29/Oct/2025:18:47:06 -0700] "GET /conferencias-edner/5-conferencia-innovas-y-si-vas/?path=%2Fhome%2Fednermusika%2Felconferencista.com%2Fwp-includes HTTP/1.1" 200 15332 "-" "serpstatbot/2.1 (advanced backlink tracking bot; https://serpstatbot.com/; abuse@serpstatbot.com)" 
144.76.68.76 - - [29/Oct/2025:18:47:21 -0700] "GET /conferencias-edner/5-conferencia-innovas-y-si-vas/?path=%2Fhome%2Fednermusika%2Felconferencista.com%2Fwp-content HTTP/1.1" 200 6855 "-" "serpstatbot/2.1 (advanced backlink tracking bot; https://serpstatbot.com/; abuse@serpstatbot.com)" 
142.44.225.135 - - [29/Oct/2025:18:47:38 -0700] "GET /?fileloc=//bin/irc&path=//bin HTTP/2.0" 200 217312 "-" "Mozilla/5.0 (compatible; AhrefsBot/7.0; +http://ahrefs.com/robot/)" 
144.76.68.76 - - [29/Oct/2025:18:47:40 -0700] "GET /conferencias-edner/5-conferencia-innovas-y-si-vas/?path=%2Fhome%2Fednermusika%2Felconferencista.com%2Fwp-admin HTTP/1.1" 200 7847 "-" "serpstatbot/2.1 (advanced backlink tracking bot; https://serpstatbot.com/; abuse@serpstatbot.com)" 
144.76.68.76 - - [29/Oct/2025:18:47:56 -0700] "GET /conferencias-edner/5-conferencia-innovas-y-si-vas/?path=%2Fhome%2Fednermusika%2Felconferencista.com%2Fimages HTTP/1.1" 200 3514 "-" "serpstatbot/2.1 (advanced backlink tracking bot; https://serpstatbot.com/; abuse@serpstatbot.com)" 
144.76.68.76 - - [29/Oct/2025:18:48:12 -0700] "GET /conferencias-edner/5-conferencia-innovas-y-si-vas/?path=%2Fhome%2Fednermusika%2Felconferencista.com%2Felconferencista.com-110922 HTTP/1.1" 200 4864 "-" "serpstatbot/2.1 (advanced backlink tracking bot; https://serpstatbot.com/; abuse@serpstatbot.com)" 
54.39.0.10 - - [29/Oct/2025:18:48:28 -0700] "GET /?fileloc=//bin/irb2.7&path=//bin HTTP/2.0" 200 2935 "-" "Mozilla/5.0 (compatible; AhrefsBot/7.0; +http://ahrefs.com/robot/)" 
144.76.68.76 - - [29/Oct/2025:18:48:29 -0700] "GET /conferencias-edner/5-conferencia-innovas-y-si-vas/?path=%2Fhome%2Fednermusika%2Felconferencista.com%2F.well-known HTTP/1.1" 200 3463 "-" "serpstatbot/2.1 (advanced backlink tracking bot; https://serpstatbot.com/; abuse@serpstatbot.com)" 
144.76.68.76 - - [29/Oct/2025:18:48:42 -0700] "GET /conferencias-edner/5-conferencia-innovas-y-si-vas/?path=%2Fhome%2Fednermusika%2Felconferencista.com%2F.tmb HTTP/1.1" 200 3069 "-" "serpstatbot/2.1 (advanced backlink tracking bot; https://serpstatbot.com/; abuse@serpstatbot.com)" 
144.76.68.76 - - [29/Oct/2025:18:48:49 -0700] "GET /conferencias-edner/5-conferencia-innovas-y-si-vas/?path=%2Fhome%2Fednermusika%2Felconferencista.com%2F.dh-diag HTTP/1.1" 200 3464 "-" "serpstatbot/2.1 (advanced backlink tracking bot; https://serpstatbot.com/; abuse@serpstatbot.com)" 
144.76.68.76 - - [29/Oct/2025:18:48:53 -0700] "GET /conferencias-edner/5-conferencia-innovas-y-si-vas/?path=%2Fhome%2Fednermusika%2Felconferencista.com HTTP/1.1" 200 4698 "-" "serpstatbot/2.1 (advanced backlink tracking bot; https://serpstatbot.com/; abuse@serpstatbot.com)" 
144.76.68.76 - - [29/Oct/2025:18:48:57 -0700] "GET /conferencias-edner/5-conferencia-innovas-y-si-vas/?path=%2Fhome%2Fednermusika HTTP/1.1" 200 4156 "-" "serpstatbot/2.1 (advanced backlink tracking bot; https://serpstatbot.com/; abuse@serpstatbot.com)" 
144.76.68.76 - - [29/Oct/2025:18:49:01 -0700] "GET /conferencias-edner/5-conferencia-innovas-y-si-vas/?path=%2Fhome HTTP/1.1" 200 3045 "-" "serpstatbot/2.1 (advanced backlink tracking bot; https://serpstatbot.com/; abuse@serpstatbot.com)" 
144.76.68.76 - - [29/Oct/2025:18:49:05 -0700] "GET /conferencias-edner/5-conferencia-innovas-y-si-vas/?path=%2F HTTP/1.1" 200 4521 "-" "serpstatbot/2.1 (advanced backlink tracking bot; https://serpstatbot.com/; abuse@serpstatbot.com)" 
144.76.68.76 - - [29/Oct/2025:18:49:08 -0700] "GET /conferencias-edner/5-conferencia-innovas-y-si-vas/?fileloc=%2Fhome%2Fednermusika%2Felconferencista.com%2Fxmlrpc.php&path=%2Fhome%2Fednermusika%2Felconferencista.com HTTP/1.1" 200 4482 "-" "serpstatbot/2.1 (advanced backlink tracking bot; https://serpstatbot.com/; abuse@serpstatbot.com)" 
144.76.68.76 - - [29/Oct/2025:18:49:12 -0700] "GET /conferencias-edner/5-conferencia-innovas-y-si-vas/?fileloc=%2Fhome%2Fednermusika%2Felconferencista.com%2Fwp-trackback.php&path=%2Fhome%2Fednermusika%2Felconferencista.com HTTP/1.1" 200 4928 "-" "serpstatbot/2.1 (advanced backlink tracking bot; https://serpstatbot.com/; abuse@serpstatbot.com)" 
144.76.68.76 - - [29/Oct/2025:18:49:16 -0700] "GET /conferencias-edner/5-conferencia-innovas-y-si-vas/?fileloc=%2Fhome%2Fednermusika%2Felconferencista.com%2Fwp-signup.php&path=%2Fhome%2Fednermusika%2Felconferencista.com HTTP/1.1" 200 11584 "-" "serpstatbot/2.1 (advanced backlink tracking bot; https://serpstatbot.com/; abuse@serpstatbot.com)" 
144.76.68.76 - - [29/Oct/2025:18:49:20 -0700] "GET /conferencias-edner/5-conferencia-innovas-y-si-vas/?fileloc=%2Fhome%2Fednermusika%2Felconferencista.com%2Fwp-settings.php&path=%2Fhome%2Fednermusika%2Felconferencista.com HTTP/1.1" 200 9394 "-" "serpstatbot/2.1 (advanced backlink tracking bot; https://serpstatbot.com/; abuse@serpstatbot.com)" 
144.76.68.76 - - [29/Oct/2025:18:49:24 -0700] "GET /conferencias-edner/5-conferencia-innovas-y-si-vas/?fileloc=%2Fhome%2Fednermusika%2Felconferencista.com%2Fwp-mail.php&path=%2Fhome%2Fednermusika%2Felconferencista.com HTTP/1.1" 200 6139 "-" "serpstatbot/2.1 (advanced backlink tracking bot; https://serpstatbot.com/; abuse@serpstatbot.com)" 
15.235.98.139 - - [29/Oct/2025:18:49:26 -0700] "GET /?fileloc=//bin/gsdj&path=//bin HTTP/2.0" 200 2857 "-" "Mozilla/5.0 (compatible; AhrefsBot/7.0; +http://ahrefs.com/robot/)" 
144.76.68.76 - - [29/Oct/2025:18:49:28 -0700] "GET /conferencias-edner/5-conferencia-innovas-y-si-vas/?fileloc=%2Fhome%2Fednermusika%2Felconferencista.com%2Fwp-login.php&path=%2Fhome%2Fednermusika%2Felconferencista.com HTTP/1.1" 200 16854 "-" "serpstatbot/2.1 (advanced backlink tracking bot; https://serpstatbot.com/; abuse@serpstatbot.com)" 
144.76.68.76 - - [29/Oct/2025:18:49:32 -0700] "GET /conferencias-edner/5-conferencia-innovas-y-si-vas/?fileloc=%2Fhome%2Fednermusika%2Felconferencista.com%2Fwp-load.php&path=%2Fhome%2Fednermusika%2Felconferencista.com HTTP/1.1" 200 4803 "-" "serpstatbot/2.1 (advanced backlink tracking bot; https://serpstatbot.com/; abuse@serpstatbot.com)" 
144.76.68.76 - - [29/Oct/2025:18:49:36 -0700] "GET /conferencias-edner/5-conferencia-innovas-y-si-vas/?fileloc=%2Fhome%2Fednermusika%2Felconferencista.com%2Fwp-links-opml.php&path=%2Fhome%2Fednermusika%2Felconferencista.com HTTP/1.1" 200 4187 "-" "serpstatbot/2.1 (advanced backlink tracking bot; https://serpstatbot.com/; abuse@serpstatbot.com)" 
144.76.68.76 - - [29/Oct/2025:18:49:40 -0700] "GET /conferencias-edner/5-conferencia-innovas-y-si-vas/?fileloc=%2Fhome%2Fednermusika%2Felconferencista.com%2Fwp-cron.php&path=%2Fhome%2Fednermusika%2Felconferencista.com HTTP/1.1" 200 5135 "-" "serpstatbot/2.1 (advanced backlink tracking bot; https://serpstatbot.com/; abuse@serpstatbot.com)" 
144.76.68.76 - - [29/Oct/2025:18:49:45 -0700] "GET /conferencias-edner/5-conferencia-innovas-y-si-vas/?fileloc=%2Fhome%2Fednermusika%2Felconferencista.com%2Fwp-config.php&path=%2Fhome%2Fednermusika%2Felconferencista.com HTTP/1.1" 418 925 "-" "serpstatbot/2.1 (advanced backlink tracking bot; https://serpstatbot.com/; abuse@serpstatbot.com)" 
144.76.68.76 - - [29/Oct/2025:18:49:47 -0700] "GET /conferencias-edner/5-conferencia-innovas-y-si-vas/?fileloc=%2Fhome%2Fednermusika%2Felconferencista.com%2Fwp-config-sample.php&path=%2Fhome%2Fednermusika%2Felconferencista.com HTTP/1.1" 200 4359 "-" "serpstatbot/2.1 (advanced backlink tracking bot; https://serpstatbot.com/; abuse@serpstatbot.com)" 
144.76.68.76 - - [29/Oct/2025:18:49:55 -0700] "GET /conferencias-edner/5-conferencia-innovas-y-si-vas/?fileloc=%2Fhome%2Fednermusika%2Felconferencista.com%2Fwp-comments-post.php&path=%2Fhome%2Fednermusika%2Felconferencista.com HTTP/1.1" 200 4113 "-" "serpstatbot/2.1 (advanced backlink tracking bot; https://serpstatbot.com/; abuse@serpstatbot.com)" 
144.76.68.76 - - [29/Oct/2025:18:50:03 -0700] "GET /conferencias-edner/5-conferencia-innovas-y-si-vas/?fileloc=%2Fhome%2Fednermusika%2Felconferencista.com%2Fwp-blog-header.php&path=%2Fhome%2Fednermusika%2Felconferencista.com HTTP/1.1" 200 3367 "-" "serpstatbot/2.1 (advanced backlink tracking bot; https://serpstatbot.com/; abuse@serpstatbot.com)" 
144.76.68.76 - - [29/Oct/2025:18:50:13 -0700] "GET /conferencias-edner/5-conferencia-innovas-y-si-vas/?fileloc=%2Fhome%2Fednermusika%2Felconferencista.com%2Fwp-activate.php&path=%2Fhome%2Fednermusika%2Felconferencista.com HTTP/1.1" 200 5562 "-" "serpstatbot/2.1 (advanced backlink tracking bot; https://serpstatbot.com/; abuse@serpstatbot.com)" 
142.44.233.4 - - [29/Oct/2025:18:50:19 -0700] "GET /?fileloc=//bin/grub-script-check&path=//bin HTTP/2.0" 200 89558 "-" "Mozilla/5.0 (compatible; AhrefsBot/7.0; +http://ahrefs.com/robot/)" 
144.76.68.76 - - [29/Oct/2025:18:50:24 -0700] "GET /conferencias-edner/5-conferencia-innovas-y-si-vas/?fileloc=%2Fhome%2Fednermusika%2Felconferencista.com%2Fuxiuy.php&path=%2Fhome%2Fednermusika%2Felconferencista.com HTTP/1.1" 200 6540 "-" "serpstatbot/2.1 (advanced backlink tracking bot; https://serpstatbot.com/; abuse@serpstatbot.com)" 
144.76.68.76 - - [29/Oct/2025:18:50:35 -0700] "GET /conferencias-edner/5-conferencia-innovas-y-si-vas/?fileloc=%2Fhome%2Fednermusika%2Felconferencista.com%2Freadme.html&path=%2Fhome%2Fednermusika%2Felconferencista.com HTTP/1.1" 200 6098 "-" "serpstatbot/2.1 (advanced backlink tracking bot; https://serpstatbot.com/; abuse@serpstatbot.com)" 
144.76.68.76 - - [29/Oct/2025:18:50:46 -0700] "GET /conferencias-edner/5-conferencia-innovas-y-si-vas/?fileloc=%2Fhome%2Fednermusika%2Felconferencista.com%2Fpostnews.php&path=%2Fhome%2Fednermusika%2Felconferencista.com HTTP/1.1" 200 5353 "-" "serpstatbot/2.1 (advanced backlink tracking bot; https://serpstatbot.com/; abuse@serpstatbot.com)" 
144.76.68.76 - - [29/Oct/2025:18:50:55 -0700] "GET /conferencias-edner/5-conferencia-innovas-y-si-vas/?fileloc=%2Fhome%2Fednermusika%2Felconferencista.com%2Findex.php&path=%2Fhome%2Fednermusika%2Felconferencista.com HTTP/1.1" 200 11817 "-" "serpstatbot/2.1 (advanced backlink tracking bot; https://serpstatbot.com/; abuse@serpstatbot.com)" 
144.76.68.76 - - [29/Oct/2025:18:51:07 -0700] "GET /conferencias-edner/5-conferencia-innovas-y-si-vas/?fileloc=%2Fhome%2Fednermusika%2Felconferencista.com%2F.htaccess&path=%2Fhome%2Fednermusika%2Felconferencista.com HTTP/1.1" 200 3836 "-" "serpstatbot/2.1 (advanced backlink tracking bot; https://serpstatbot.com/; abuse@serpstatbot.com)" 
144.76.68.76 - - [29/Oct/2025:18:51:19 -0700] "GET /conferencias-edner/4-conferencia-vendiendo-a-1000/?path=%2Fhome%2Fednermusika%2Felconferencista.com%2Fwp-includes HTTP/1.1" 200 15332 "-" "serpstatbot/2.1 (advanced backlink tracking bot; https://serpstatbot.com/; abuse@serpstatbot.com)" 
15.235.27.230 - - [29/Oct/2025:18:51:21 -0700] "GET /?fileloc=//bin/gpgconf&path=//bin HTTP/2.0" 200 43457 "-" "Mozilla/5.0 (compatible; AhrefsBot/7.0; +http://ahrefs.com/robot/)" 
144.76.68.76 - - [29/Oct/2025:18:51:30 -0700] "GET /conferencias-edner/4-conferencia-vendiendo-a-1000/?path=%2Fhome%2Fednermusika%2Felconferencista.com%2Fwp-content HTTP/1.1" 200 3874 "-" "serpstatbot/2.1 (advanced backlink tracking bot; https://serpstatbot.com/; abuse@serpstatbot.com)" 
