144.76.68.76 - - [29/Oct/2025:18:51:41 -0700] "GET /conferencias-edner/4-conferencia-vendiendo-a-1000/?path=%2Fhome%2Fednermusika%2Felconferencista.com%2Fwp-admin HTTP/1.1" 200 7847 "-" "serpstatbot/2.1 (advanced backlink tracking bot; https://serpstatbot.com/; abuse@serpstatbot.com)" 
144.76.68.76 - - [29/Oct/2025:18:51:53 -0700] "GET /conferencias-edner/4-conferencia-vendiendo-a-1000/?path=%2Fhome%2Fednermusika%2Felconferencista.com%2Fimages HTTP/1.1" 200 3514 "-" "serpstatbot/2.1 (advanced backlink tracking bot; https://serpstatbot.com/; abuse@serpstatbot.com)" 
51.161.65.162 - - [29/Oct/2025:18:52:08 -0700] "GET /?fileloc=//bin/gpg-zip&path=//bin HTTP/2.0" 200 3933 "-" "Mozilla/5.0 (compatible; AhrefsBot/7.0; +http://ahrefs.com/robot/)" 
144.76.68.76 - - [29/Oct/2025:18:52:22 -0700] "GET /conferencias-edner/4-conferencia-vendiendo-a-1000/?path=%2Fhome%2Fednermusika%2Felconferencista.com%2Felconferencista.com-110922 HTTP/1.1" 200 7845 "-" "serpstatbot/2.1 (advanced backlink tracking bot; https://serpstatbot.com/; abuse@serpstatbot.com)" 
144.76.68.76 - - [29/Oct/2025:18:52:43 -0700] "GET /conferencias-edner/4-conferencia-vendiendo-a-1000/?path=%2Fhome%2Fednermusika%2Felconferencista.com%2F.well-known HTTP/1.1" 200 3463 "-" "serpstatbot/2.1 (advanced backlink tracking bot; https://serpstatbot.com/; abuse@serpstatbot.com)" 
54.39.0.210 - - [29/Oct/2025:18:52:58 -0700] "GET /?fileloc=//bin/gnuplot-qt&path=//bin HTTP/2.0" 200 820114 "-" "Mozilla/5.0 (compatible; AhrefsBot/7.0; +http://ahrefs.com/robot/)" 
144.76.68.76 - - [29/Oct/2025:18:53:02 -0700] "GET /conferencias-edner/4-conferencia-vendiendo-a-1000/?path=%2Fhome%2Fednermusika%2Felconferencista.com%2F.tmb HTTP/1.1" 200 3069 "-" "serpstatbot/2.1 (advanced backlink tracking bot; https://serpstatbot.com/; abuse@serpstatbot.com)" 
144.76.68.76 - - [29/Oct/2025:18:53:17 -0700] "GET /conferencias-edner/4-conferencia-vendiendo-a-1000/?path=%2Fhome%2Fednermusika%2Felconferencista.com%2F.dh-diag HTTP/1.1" 200 3464 "-" "serpstatbot/2.1 (advanced backlink tracking bot; https://serpstatbot.com/; abuse@serpstatbot.com)" 
144.76.68.76 - - [29/Oct/2025:18:53:34 -0700] "GET /conferencias-edner/4-conferencia-vendiendo-a-1000/?path=%2Fhome%2Fednermusika%2Felconferencista.com HTTP/1.1" 200 4698 "-" "serpstatbot/2.1 (advanced backlink tracking bot; https://serpstatbot.com/; abuse@serpstatbot.com)" 
37.19.221.51 - - [29/Oct/2025:18:53:42 -0700] "GET / HTTP/1.1" 301 3555 "-" "Mozilla/5.0 (iPad; U; CPU OS 3_2 like Mac OS X; en-us) AppleWebKit/531.21.10 (KHTML, like Gecko) Version/4.0.4 Mobile/7B367 Safari/531.21.10" 
37.19.221.51 - - [29/Oct/2025:18:53:42 -0700] "POST /xmlrpc.php HTTP/1.1" 301 486 "-" "Mozilla/5.0 (iPad; U; CPU OS 3_2 like Mac OS X; en-us) AppleWebKit/531.21.10 (KHTML, like Gecko) Version/4.0.4 Mobile/7B367 Safari/531.21.10" 
144.76.68.76 - - [29/Oct/2025:18:53:48 -0700] "GET /conferencias-edner/4-conferencia-vendiendo-a-1000/?path=%2Fhome%2Fednermusika HTTP/1.1" 200 4156 "-" "serpstatbot/2.1 (advanced backlink tracking bot; https://serpstatbot.com/; abuse@serpstatbot.com)" 
144.76.68.76 - - [29/Oct/2025:18:53:50 -0700] "GET /conferencias-edner/4-conferencia-vendiendo-a-1000/?path=%2Fhome HTTP/1.1" 200 3045 "-" "serpstatbot/2.1 (advanced backlink tracking bot; https://serpstatbot.com/; abuse@serpstatbot.com)" 
148.113.128.110 - - [29/Oct/2025:18:53:52 -0700] "GET /?fileloc=//bin/gio-querymodules&path=//bin HTTP/2.0" 200 6159 "-" "Mozilla/5.0 (compatible; AhrefsBot/7.0; +http://ahrefs.com/robot/)" 
144.76.68.76 - - [29/Oct/2025:18:53:55 -0700] "GET /conferencias-edner/4-conferencia-vendiendo-a-1000/?path=%2F HTTP/1.1" 200 4521 "-" "serpstatbot/2.1 (advanced backlink tracking bot; https://serpstatbot.com/; abuse@serpstatbot.com)" 
144.76.68.76 - - [29/Oct/2025:18:53:58 -0700] "GET /conferencias-edner/4-conferencia-vendiendo-a-1000/?fileloc=%2Fhome%2Fednermusika%2Felconferencista.com%2Fxmlrpc.php&path=%2Fhome%2Fednermusika%2Felconferencista.com HTTP/1.1" 200 4482 "-" "serpstatbot/2.1 (advanced backlink tracking bot; https://serpstatbot.com/; abuse@serpstatbot.com)" 
144.76.68.76 - - [29/Oct/2025:18:54:02 -0700] "GET /conferencias-edner/4-conferencia-vendiendo-a-1000/?fileloc=%2Fhome%2Fednermusika%2Felconferencista.com%2Fwp-trackback.php&path=%2Fhome%2Fednermusika%2Felconferencista.com HTTP/1.1" 200 4928 "-" "serpstatbot/2.1 (advanced backlink tracking bot; https://serpstatbot.com/; abuse@serpstatbot.com)" 
144.76.68.76 - - [29/Oct/2025:18:54:06 -0700] "GET /conferencias-edner/4-conferencia-vendiendo-a-1000/?fileloc=%2Fhome%2Fednermusika%2Felconferencista.com%2Fwp-signup.php&path=%2Fhome%2Fednermusika%2Felconferencista.com HTTP/1.1" 200 11584 "-" "serpstatbot/2.1 (advanced backlink tracking bot; https://serpstatbot.com/; abuse@serpstatbot.com)" 
144.76.68.76 - - [29/Oct/2025:18:54:10 -0700] "GET /conferencias-edner/4-conferencia-vendiendo-a-1000/?fileloc=%2Fhome%2Fednermusika%2Felconferencista.com%2Fwp-settings.php&path=%2Fhome%2Fednermusika%2Felconferencista.com HTTP/1.1" 200 9394 "-" "serpstatbot/2.1 (advanced backlink tracking bot; https://serpstatbot.com/; abuse@serpstatbot.com)" 
144.76.68.76 - - [29/Oct/2025:18:54:14 -0700] "GET /conferencias-edner/4-conferencia-vendiendo-a-1000/?fileloc=%2Fhome%2Fednermusika%2Felconferencista.com%2Fwp-mail.php&path=%2Fhome%2Fednermusika%2Felconferencista.com HTTP/1.1" 200 6139 "-" "serpstatbot/2.1 (advanced backlink tracking bot; https://serpstatbot.com/; abuse@serpstatbot.com)" 
144.76.68.76 - - [29/Oct/2025:18:54:18 -0700] "GET /conferencias-edner/4-conferencia-vendiendo-a-1000/?fileloc=%2Fhome%2Fednermusika%2Felconferencista.com%2Fwp-login.php&path=%2Fhome%2Fednermusika%2Felconferencista.com HTTP/1.1" 200 16854 "-" "serpstatbot/2.1 (advanced backlink tracking bot; https://serpstatbot.com/; abuse@serpstatbot.com)" 
144.76.68.76 - - [29/Oct/2025:18:54:22 -0700] "GET /conferencias-edner/4-conferencia-vendiendo-a-1000/?fileloc=%2Fhome%2Fednermusika%2Felconferencista.com%2Fwp-load.php&path=%2Fhome%2Fednermusika%2Felconferencista.com HTTP/1.1" 200 4803 "-" "serpstatbot/2.1 (advanced backlink tracking bot; https://serpstatbot.com/; abuse@serpstatbot.com)" 
144.76.68.76 - - [29/Oct/2025:18:54:26 -0700] "GET /conferencias-edner/4-conferencia-vendiendo-a-1000/?fileloc=%2Fhome%2Fednermusika%2Felconferencista.com%2Fwp-links-opml.php&path=%2Fhome%2Fednermusika%2Felconferencista.com HTTP/1.1" 200 4187 "-" "serpstatbot/2.1 (advanced backlink tracking bot; https://serpstatbot.com/; abuse@serpstatbot.com)" 
144.76.68.76 - - [29/Oct/2025:18:54:27 -0700] "GET /conferencias-edner/4-conferencia-vendiendo-a-1000/?fileloc=%2Fhome%2Fednermusika%2Felconferencista.com%2Fwp-cron.php&path=%2Fhome%2Fednermusika%2Felconferencista.com HTTP/1.1" 200 5135 "-" "serpstatbot/2.1 (advanced backlink tracking bot; https://serpstatbot.com/; abuse@serpstatbot.com)" 
144.76.68.76 - - [29/Oct/2025:18:54:33 -0700] "GET /conferencias-edner/4-conferencia-vendiendo-a-1000/?fileloc=%2Fhome%2Fednermusika%2Felconferencista.com%2Fwp-config.php&path=%2Fhome%2Fednermusika%2Felconferencista.com HTTP/1.1" 418 925 "-" "serpstatbot/2.1 (advanced backlink tracking bot; https://serpstatbot.com/; abuse@serpstatbot.com)" 
144.76.68.76 - - [29/Oct/2025:18:54:39 -0700] "GET /conferencias-edner/4-conferencia-vendiendo-a-1000/?fileloc=%2Fhome%2Fednermusika%2Felconferencista.com%2Fwp-config-sample.php&path=%2Fhome%2Fednermusika%2Felconferencista.com HTTP/1.1" 200 4359 "-" "serpstatbot/2.1 (advanced backlink tracking bot; https://serpstatbot.com/; abuse@serpstatbot.com)" 
144.76.68.76 - - [29/Oct/2025:18:54:47 -0700] "GET /conferencias-edner/4-conferencia-vendiendo-a-1000/?fileloc=%2Fhome%2Fednermusika%2Felconferencista.com%2Fwp-comments-post.php&path=%2Fhome%2Fednermusika%2Felconferencista.com HTTP/1.1" 200 4113 "-" "serpstatbot/2.1 (advanced backlink tracking bot; https://serpstatbot.com/; abuse@serpstatbot.com)" 
144.76.68.76 - - [29/Oct/2025:18:54:54 -0700] "GET /conferencias-edner/4-conferencia-vendiendo-a-1000/?fileloc=%2Fhome%2Fednermusika%2Felconferencista.com%2Fwp-blog-header.php&path=%2Fhome%2Fednermusika%2Felconferencista.com HTTP/1.1" 200 3367 "-" "serpstatbot/2.1 (advanced backlink tracking bot; https://serpstatbot.com/; abuse@serpstatbot.com)" 
54.39.203.194 - - [29/Oct/2025:18:54:58 -0700] "GET /?fileloc=//bin/gcc-ranlib&path=//bin HTTP/2.0" 200 10449 "-" "Mozilla/5.0 (compatible; AhrefsBot/7.0; +http://ahrefs.com/robot/)" 
144.76.68.76 - - [29/Oct/2025:18:55:01 -0700] "GET /conferencias-edner/4-conferencia-vendiendo-a-1000/?fileloc=%2Fhome%2Fednermusika%2Felconferencista.com%2Fwp-activate.php&path=%2Fhome%2Fednermusika%2Felconferencista.com HTTP/1.1" 200 5562 "-" "serpstatbot/2.1 (advanced backlink tracking bot; https://serpstatbot.com/; abuse@serpstatbot.com)" 
144.76.68.76 - - [29/Oct/2025:18:55:07 -0700] "GET /conferencias-edner/4-conferencia-vendiendo-a-1000/?fileloc=%2Fhome%2Fednermusika%2Felconferencista.com%2Fuxiuy.php&path=%2Fhome%2Fednermusika%2Felconferencista.com HTTP/1.1" 200 6540 "-" "serpstatbot/2.1 (advanced backlink tracking bot; https://serpstatbot.com/; abuse@serpstatbot.com)" 
144.76.68.76 - - [29/Oct/2025:18:55:14 -0700] "GET /conferencias-edner/4-conferencia-vendiendo-a-1000/?fileloc=%2Fhome%2Fednermusika%2Felconferencista.com%2Freadme.html&path=%2Fhome%2Fednermusika%2Felconferencista.com HTTP/1.1" 200 6098 "-" "serpstatbot/2.1 (advanced backlink tracking bot; https://serpstatbot.com/; abuse@serpstatbot.com)" 
144.76.68.76 - - [29/Oct/2025:18:55:21 -0700] "GET /conferencias-edner/4-conferencia-vendiendo-a-1000/?fileloc=%2Fhome%2Fednermusika%2Felconferencista.com%2Fpostnews.php&path=%2Fhome%2Fednermusika%2Felconferencista.com HTTP/1.1" 200 5353 "-" "serpstatbot/2.1 (advanced backlink tracking bot; https://serpstatbot.com/; abuse@serpstatbot.com)" 
144.76.68.76 - - [29/Oct/2025:18:55:29 -0700] "GET /conferencias-edner/4-conferencia-vendiendo-a-1000/?fileloc=%2Fhome%2Fednermusika%2Felconferencista.com%2Findex.php&path=%2Fhome%2Fednermusika%2Felconferencista.com HTTP/1.1" 200 11817 "-" "serpstatbot/2.1 (advanced backlink tracking bot; https://serpstatbot.com/; abuse@serpstatbot.com)" 
144.76.68.76 - - [29/Oct/2025:18:55:42 -0700] "GET /conferencias-edner/4-conferencia-vendiendo-a-1000/?fileloc=%2Fhome%2Fednermusika%2Felconferencista.com%2F.htaccess&path=%2Fhome%2Fednermusika%2Felconferencista.com HTTP/1.1" 200 3836 "-" "serpstatbot/2.1 (advanced backlink tracking bot; https://serpstatbot.com/; abuse@serpstatbot.com)" 
142.44.228.162 - - [29/Oct/2025:18:55:52 -0700] "GET /?fileloc=//bin/fwupdtool&path=//bin HTTP/2.0" 200 143377 "-" "Mozilla/5.0 (compatible; AhrefsBot/7.0; +http://ahrefs.com/robot/)" 
144.76.68.76 - - [29/Oct/2025:18:55:57 -0700] "GET /conferencias-edner/3-conferencia-las-4-as-del-lider-del-futuro-presente/?path=%2Fhome%2Fednermusika%2Felconferencista.com%2Fwp-includes HTTP/1.1" 200 15332 "-" "serpstatbot/2.1 (advanced backlink tracking bot; https://serpstatbot.com/; abuse@serpstatbot.com)" 
144.76.68.76 - - [29/Oct/2025:18:56:14 -0700] "GET /conferencias-edner/3-conferencia-las-4-as-del-lider-del-futuro-presente/?path=%2Fhome%2Fednermusika%2Felconferencista.com%2Fwp-content HTTP/1.1" 200 3874 "-" "serpstatbot/2.1 (advanced backlink tracking bot; https://serpstatbot.com/; abuse@serpstatbot.com)" 
144.76.68.76 - - [29/Oct/2025:18:56:32 -0700] "GET /conferencias-edner/3-conferencia-las-4-as-del-lider-del-futuro-presente/?path=%2Fhome%2Fednermusika%2Felconferencista.com%2Fwp-admin HTTP/1.1" 200 7847 "-" "serpstatbot/2.1 (advanced backlink tracking bot; https://serpstatbot.com/; abuse@serpstatbot.com)" 
54.39.203.40 - - [29/Oct/2025:18:56:42 -0700] "GET /?fileloc=//bin/fakeroot-sysv&path=//bin HTTP/2.0" 200 4168 "-" "Mozilla/5.0 (compatible; AhrefsBot/7.0; +http://ahrefs.com/robot/)" 
144.76.68.76 - - [29/Oct/2025:18:56:58 -0700] "GET /conferencias-edner/3-conferencia-las-4-as-del-lider-del-futuro-presente/?path=%2Fhome%2Fednermusika%2Felconferencista.com%2Fimages HTTP/1.1" 200 3514 "-" "serpstatbot/2.1 (advanced backlink tracking bot; https://serpstatbot.com/; abuse@serpstatbot.com)" 
144.76.68.76 - - [29/Oct/2025:18:57:27 -0700] "GET /conferencias-edner/3-conferencia-las-4-as-del-lider-del-futuro-presente/?path=%2Fhome%2Fednermusika%2Felconferencista.com%2Felconferencista.com-110922 HTTP/1.1" 200 7845 "-" "serpstatbot/2.1 (advanced backlink tracking bot; https://serpstatbot.com/; abuse@serpstatbot.com)" 
51.161.37.110 - - [29/Oct/2025:18:57:36 -0700] "GET /?fileloc=//bin/expect_cryptdir&path=//bin HTTP/2.0" 200 3413 "-" "Mozilla/5.0 (compatible; AhrefsBot/7.0; +http://ahrefs.com/robot/)" 
144.76.68.76 - - [29/Oct/2025:18:57:56 -0700] "GET /conferencias-edner/3-conferencia-las-4-as-del-lider-del-futuro-presente/?path=%2Fhome%2Fednermusika%2Felconferencista.com%2F.well-known HTTP/1.1" 200 3463 "-" "serpstatbot/2.1 (advanced backlink tracking bot; https://serpstatbot.com/; abuse@serpstatbot.com)" 
144.76.68.76 - - [29/Oct/2025:18:58:13 -0700] "GET /conferencias-edner/3-conferencia-las-4-as-del-lider-del-futuro-presente/?path=%2Fhome%2Fednermusika%2Felconferencista.com%2F.tmb HTTP/1.1" 200 3069 "-" "serpstatbot/2.1 (advanced backlink tracking bot; https://serpstatbot.com/; abuse@serpstatbot.com)" 
144.76.68.76 - - [29/Oct/2025:18:58:28 -0700] "GET /conferencias-edner/3-conferencia-las-4-as-del-lider-del-futuro-presente/?path=%2Fhome%2Fednermusika%2Felconferencista.com%2F.dh-diag HTTP/1.1" 200 3464 "-" "serpstatbot/2.1 (advanced backlink tracking bot; https://serpstatbot.com/; abuse@serpstatbot.com)" 
167.114.139.193 - - [29/Oct/2025:18:58:30 -0700] "GET /?fileloc=//bin/espdiff&path=//bin HTTP/2.0" 200 3539 "-" "Mozilla/5.0 (compatible; AhrefsBot/7.0; +http://ahrefs.com/robot/)" 
144.76.68.76 - - [29/Oct/2025:18:58:42 -0700] "GET /conferencias-edner/3-conferencia-las-4-as-del-lider-del-futuro-presente/?path=%2Fhome%2Fednermusika%2Felconferencista.com HTTP/1.1" 200 4698 "-" "serpstatbot/2.1 (advanced backlink tracking bot; https://serpstatbot.com/; abuse@serpstatbot.com)" 
144.76.68.76 - - [29/Oct/2025:18:58:50 -0700] "GET /conferencias-edner/3-conferencia-las-4-as-del-lider-del-futuro-presente/?path=%2Fhome%2Fednermusika HTTP/1.1" 200 4156 "-" "serpstatbot/2.1 (advanced backlink tracking bot; https://serpstatbot.com/; abuse@serpstatbot.com)" 
144.76.68.76 - - [29/Oct/2025:18:58:54 -0700] "GET /conferencias-edner/3-conferencia-las-4-as-del-lider-del-futuro-presente/?path=%2Fhome HTTP/1.1" 200 3045 "-" "serpstatbot/2.1 (advanced backlink tracking bot; https://serpstatbot.com/; abuse@serpstatbot.com)" 
144.76.68.76 - - [29/Oct/2025:18:59:06 -0700] "GET /conferencias-edner/12-conferencias-comunicacion-comunicacion-de-alto-impacto-para-lideres-de-alto-impacto/?fileloc=%2Fhome%2Fednermusika%2Felconferencista.com%2Findex.php&path=%2Fhome%2Fednermusika%2Felconferencista.com HTTP/1.1" 200 11817 "-" "serpstatbot/2.1 (advanced backlink tracking bot; https://serpstatbot.com/; abuse@serpstatbot.com)" 
144.76.68.76 - - [29/Oct/2025:18:59:16 -0700] "GET /conferencias-edner/12-conferencias-comunicacion-comunicacion-de-alto-impacto-para-lideres-de-alto-impacto/?fileloc=%2Fhome%2Fednermusika%2Felconferencista.com%2F.htaccess&path=%2Fhome%2Fednermusika%2Felconferencista.com HTTP/1.1" 200 3836 "-" "serpstatbot/2.1 (advanced backlink tracking bot; https://serpstatbot.com/; abuse@serpstatbot.com)" 
144.76.68.76 - - [29/Oct/2025:18:59:23 -0700] "GET /conferencias-edner/11-conferencias-motivacion-y-crecimiento-personal-si-ves-para-arriba-se-ve-diferente/?path=%2Fhome%2Fednermusika%2Felconferencista.com%2Fwp-includes HTTP/1.1" 200 15332 "-" "serpstatbot/2.1 (advanced backlink tracking bot; https://serpstatbot.com/; abuse@serpstatbot.com)" 
51.161.65.25 - - [29/Oct/2025:18:59:25 -0700] "GET /?fileloc=//bin/eptex&path=//bin HTTP/2.0" 200 253262 "-" "Mozilla/5.0 (compatible; AhrefsBot/7.0; +http://ahrefs.com/robot/)" 
144.76.68.76 - - [29/Oct/2025:18:59:28 -0700] "GET /conferencias-edner/11-conferencias-motivacion-y-crecimiento-personal-si-ves-para-arriba-se-ve-diferente/?path=%2Fhome%2Fednermusika%2Felconferencista.com%2Fwp-content HTTP/1.1" 200 3874 "-" "serpstatbot/2.1 (advanced backlink tracking bot; https://serpstatbot.com/; abuse@serpstatbot.com)" 
144.76.68.76 - - [29/Oct/2025:18:59:34 -0700] "GET /conferencias-edner/11-conferencias-motivacion-y-crecimiento-personal-si-ves-para-arriba-se-ve-diferente/?path=%2Fhome%2Fednermusika%2Felconferencista.com%2Fwp-admin HTTP/1.1" 200 7847 "-" "serpstatbot/2.1 (advanced backlink tracking bot; https://serpstatbot.com/; abuse@serpstatbot.com)" 
144.76.68.76 - - [29/Oct/2025:18:59:38 -0700] "GET /conferencias-edner/11-conferencias-motivacion-y-crecimiento-personal-si-ves-para-arriba-se-ve-diferente/?path=%2Fhome%2Fednermusika%2Felconferencista.com%2Fimages HTTP/1.1" 200 3514 "-" "serpstatbot/2.1 (advanced backlink tracking bot; https://serpstatbot.com/; abuse@serpstatbot.com)" 
144.76.68.76 - - [29/Oct/2025:18:59:43 -0700] "GET /conferencias-edner/11-conferencias-motivacion-y-crecimiento-personal-si-ves-para-arriba-se-ve-diferente/?path=%2Fhome%2Fednermusika%2Felconferencista.com%2Felconferencista.com-110922 HTTP/1.1" 200 4864 "-" "serpstatbot/2.1 (advanced backlink tracking bot; https://serpstatbot.com/; abuse@serpstatbot.com)" 
144.76.68.76 - - [29/Oct/2025:18:59:47 -0700] "GET /conferencias-edner/11-conferencias-motivacion-y-crecimiento-personal-si-ves-para-arriba-se-ve-diferente/?path=%2Fhome%2Fednermusika%2Felconferencista.com%2F.well-known HTTP/1.1" 200 3463 "-" "serpstatbot/2.1 (advanced backlink tracking bot; https://serpstatbot.com/; abuse@serpstatbot.com)" 
144.76.68.76 - - [29/Oct/2025:18:59:52 -0700] "GET /conferencias-edner/11-conferencias-motivacion-y-crecimiento-personal-si-ves-para-arriba-se-ve-diferente/?path=%2Fhome%2Fednermusika%2Felconferencista.com%2F.tmb HTTP/1.1" 200 3069 "-" "serpstatbot/2.1 (advanced backlink tracking bot; https://serpstatbot.com/; abuse@serpstatbot.com)" 
144.76.68.76 - - [29/Oct/2025:18:59:56 -0700] "GET /conferencias-edner/11-conferencias-motivacion-y-crecimiento-personal-si-ves-para-arriba-se-ve-diferente/?path=%2Fhome%2Fednermusika%2Felconferencista.com%2F.dh-diag HTTP/1.1" 200 3464 "-" "serpstatbot/2.1 (advanced backlink tracking bot; https://serpstatbot.com/; abuse@serpstatbot.com)" 
144.76.68.76 - - [29/Oct/2025:19:00:01 -0700] "GET /conferencias-edner/11-conferencias-motivacion-y-crecimiento-personal-si-ves-para-arriba-se-ve-diferente/?path=%2Fhome%2Fednermusika%2Felconferencista.com HTTP/1.1" 200 4698 "-" "serpstatbot/2.1 (advanced backlink tracking bot; https://serpstatbot.com/; abuse@serpstatbot.com)" 
144.76.68.76 - - [29/Oct/2025:19:00:07 -0700] "GET /conferencias-edner/11-conferencias-motivacion-y-crecimiento-personal-si-ves-para-arriba-se-ve-diferente/?path=%2Fhome%2Fednermusika HTTP/1.1" 200 4156 "-" "serpstatbot/2.1 (advanced backlink tracking bot; https://serpstatbot.com/; abuse@serpstatbot.com)" 
144.76.68.76 - - [29/Oct/2025:19:00:13 -0700] "GET /conferencias-edner/11-conferencias-motivacion-y-crecimiento-personal-si-ves-para-arriba-se-ve-diferente/?path=%2Fhome HTTP/1.1" 200 3045 "-" "serpstatbot/2.1 (advanced backlink tracking bot; https://serpstatbot.com/; abuse@serpstatbot.com)" 
144.76.68.76 - - [29/Oct/2025:19:00:21 -0700] "GET /conferencias-edner/11-conferencias-motivacion-y-crecimiento-personal-si-ves-para-arriba-se-ve-diferente/?path=%2F HTTP/1.1" 200 4521 "-" "serpstatbot/2.1 (advanced backlink tracking bot; https://serpstatbot.com/; abuse@serpstatbot.com)" 
54.39.136.124 - - [29/Oct/2025:19:00:21 -0700] "GET /?fileloc=//bin/edit-patch&path=//bin HTTP/2.0" 200 5463 "-" "Mozilla/5.0 (compatible; AhrefsBot/7.0; +http://ahrefs.com/robot/)" 
144.76.68.76 - - [29/Oct/2025:19:00:28 -0700] "GET /conferencias-edner/11-conferencias-motivacion-y-crecimiento-personal-si-ves-para-arriba-se-ve-diferente/?fileloc=%2Fhome%2Fednermusika%2Felconferencista.com%2Fxmlrpc.php&path=%2Fhome%2Fednermusika%2Felconferencista.com HTTP/1.1" 200 4482 "-" "serpstatbot/2.1 (advanced backlink tracking bot; https://serpstatbot.com/; abuse@serpstatbot.com)" 
144.76.68.76 - - [29/Oct/2025:19:00:36 -0700] "GET /conferencias-edner/11-conferencias-motivacion-y-crecimiento-personal-si-ves-para-arriba-se-ve-diferente/?fileloc=%2Fhome%2Fednermusika%2Felconferencista.com%2Fwp-trackback.php&path=%2Fhome%2Fednermusika%2Felconferencista.com HTTP/1.1" 200 4928 "-" "serpstatbot/2.1 (advanced backlink tracking bot; https://serpstatbot.com/; abuse@serpstatbot.com)" 
144.76.68.76 - - [29/Oct/2025:19:00:47 -0700] "GET /conferencias-edner/11-conferencias-motivacion-y-crecimiento-personal-si-ves-para-arriba-se-ve-diferente/?fileloc=%2Fhome%2Fednermusika%2Felconferencista.com%2Fwp-signup.php&path=%2Fhome%2Fednermusika%2Felconferencista.com HTTP/1.1" 200 11584 "-" "serpstatbot/2.1 (advanced backlink tracking bot; https://serpstatbot.com/; abuse@serpstatbot.com)" 
144.76.68.76 - - [29/Oct/2025:19:00:59 -0700] "GET /conferencias-edner/11-conferencias-motivacion-y-crecimiento-personal-si-ves-para-arriba-se-ve-diferente/?fileloc=%2Fhome%2Fednermusika%2Felconferencista.com%2Fwp-settings.php&path=%2Fhome%2Fednermusika%2Felconferencista.com HTTP/1.1" 200 9394 "-" "serpstatbot/2.1 (advanced backlink tracking bot; https://serpstatbot.com/; abuse@serpstatbot.com)" 
144.76.68.76 - - [29/Oct/2025:19:01:14 -0700] "GET /conferencias-edner/11-conferencias-motivacion-y-crecimiento-personal-si-ves-para-arriba-se-ve-diferente/?fileloc=%2Fhome%2Fednermusika%2Felconferencista.com%2Fwp-mail.php&path=%2Fhome%2Fednermusika%2Felconferencista.com HTTP/1.1" 200 6139 "-" "serpstatbot/2.1 (advanced backlink tracking bot; https://serpstatbot.com/; abuse@serpstatbot.com)" 
54.39.89.4 - - [29/Oct/2025:19:01:24 -0700] "GET /?fileloc=//bin/dpkg-genbuildinfo&path=//bin HTTP/2.0" 200 8269 "-" "Mozilla/5.0 (compatible; AhrefsBot/7.0; +http://ahrefs.com/robot/)" 
144.76.68.76 - - [29/Oct/2025:19:01:28 -0700] "GET /conferencias-edner/11-conferencias-motivacion-y-crecimiento-personal-si-ves-para-arriba-se-ve-diferente/?fileloc=%2Fhome%2Fednermusika%2Felconferencista.com%2Fwp-login.php&path=%2Fhome%2Fednermusika%2Felconferencista.com HTTP/1.1" 200 16854 "-" "serpstatbot/2.1 (advanced backlink tracking bot; https://serpstatbot.com/; abuse@serpstatbot.com)" 
144.76.68.76 - - [29/Oct/2025:19:01:39 -0700] "GET /conferencias-edner/11-conferencias-motivacion-y-crecimiento-personal-si-ves-para-arriba-se-ve-diferente/?fileloc=%2Fhome%2Fednermusika%2Felconferencista.com%2Fwp-load.php&path=%2Fhome%2Fednermusika%2Felconferencista.com HTTP/1.1" 200 4803 "-" "serpstatbot/2.1 (advanced backlink tracking bot; https://serpstatbot.com/; abuse@serpstatbot.com)" 
144.76.68.76 - - [29/Oct/2025:19:01:57 -0700] "GET /conferencias-edner/11-conferencias-motivacion-y-crecimiento-personal-si-ves-para-arriba-se-ve-diferente/?fileloc=%2Fhome%2Fednermusika%2Felconferencista.com%2Fwp-links-opml.php&path=%2Fhome%2Fednermusika%2Felconferencista.com HTTP/1.1" 200 4187 "-" "serpstatbot/2.1 (advanced backlink tracking bot; https://serpstatbot.com/; abuse@serpstatbot.com)" 
144.76.68.76 - - [29/Oct/2025:19:02:20 -0700] "GET /conferencias-edner/11-conferencias-motivacion-y-crecimiento-personal-si-ves-para-arriba-se-ve-diferente/?fileloc=%2Fhome%2Fednermusika%2Felconferencista.com%2Fwp-cron.php&path=%2Fhome%2Fednermusika%2Felconferencista.com HTTP/1.1" 200 5135 "-" "serpstatbot/2.1 (advanced backlink tracking bot; https://serpstatbot.com/; abuse@serpstatbot.com)" 
142.44.225.76 - - [29/Oct/2025:19:02:26 -0700] "GET /?fileloc=//bin/dpkg-architecture&path=//bin HTTP/2.0" 200 6237 "-" "Mozilla/5.0 (compatible; AhrefsBot/7.0; +http://ahrefs.com/robot/)" 
144.76.68.76 - - [29/Oct/2025:19:02:50 -0700] "GET /conferencias-edner/11-conferencias-motivacion-y-crecimiento-personal-si-ves-para-arriba-se-ve-diferente/?fileloc=%2Fhome%2Fednermusika%2Felconferencista.com%2Fwp-config.php&path=%2Fhome%2Fednermusika%2Felconferencista.com HTTP/1.1" 418 3906 "-" "serpstatbot/2.1 (advanced backlink tracking bot; https://serpstatbot.com/; abuse@serpstatbot.com)" 
144.76.68.76 - - [29/Oct/2025:19:03:09 -0700] "GET /conferencias-edner/11-conferencias-motivacion-y-crecimiento-personal-si-ves-para-arriba-se-ve-diferente/?fileloc=%2Fhome%2Fednermusika%2Felconferencista.com%2Fwp-config-sample.php&path=%2Fhome%2Fednermusika%2Felconferencista.com HTTP/1.1" 200 4359 "-" "serpstatbot/2.1 (advanced backlink tracking bot; https://serpstatbot.com/; abuse@serpstatbot.com)" 
51.222.168.79 - - [29/Oct/2025:19:03:23 -0700] "GET /?fileloc=//bin/djpeg&path=//bin HTTP/2.0" 200 16722 "-" "Mozilla/5.0 (compatible; AhrefsBot/7.0; +http://ahrefs.com/robot/)" 
144.76.68.76 - - [29/Oct/2025:19:03:26 -0700] "GET /conferencias-edner/11-conferencias-motivacion-y-crecimiento-personal-si-ves-para-arriba-se-ve-diferente/?fileloc=%2Fhome%2Fednermusika%2Felconferencista.com%2Fwp-comments-post.php&path=%2Fhome%2Fednermusika%2Felconferencista.com HTTP/1.1" 200 4113 "-" "serpstatbot/2.1 (advanced backlink tracking bot; https://serpstatbot.com/; abuse@serpstatbot.com)" 
144.76.68.76 - - [29/Oct/2025:19:03:40 -0700] "GET /conferencias-edner/11-conferencias-motivacion-y-crecimiento-personal-si-ves-para-arriba-se-ve-diferente/?fileloc=%2Fhome%2Fednermusika%2Felconferencista.com%2Fwp-blog-header.php&path=%2Fhome%2Fednermusika%2Felconferencista.com HTTP/1.1" 200 3367 "-" "serpstatbot/2.1 (advanced backlink tracking bot; https://serpstatbot.com/; abuse@serpstatbot.com)" 
144.76.68.76 - - [29/Oct/2025:19:03:50 -0700] "GET /conferencias-edner/11-conferencias-motivacion-y-crecimiento-personal-si-ves-para-arriba-se-ve-diferente/?fileloc=%2Fhome%2Fednermusika%2Felconferencista.com%2Fwp-activate.php&path=%2Fhome%2Fednermusika%2Felconferencista.com HTTP/1.1" 200 5562 "-" "serpstatbot/2.1 (advanced backlink tracking bot; https://serpstatbot.com/; abuse@serpstatbot.com)" 
144.76.68.76 - - [29/Oct/2025:19:03:54 -0700] "GET /conferencias-edner/11-conferencias-motivacion-y-crecimiento-personal-si-ves-para-arriba-se-ve-diferente/?fileloc=%2Fhome%2Fednermusika%2Felconferencista.com%2Fuxiuy.php&path=%2Fhome%2Fednermusika%2Felconferencista.com HTTP/1.1" 200 6540 "-" "serpstatbot/2.1 (advanced backlink tracking bot; https://serpstatbot.com/; abuse@serpstatbot.com)" 
144.76.68.76 - - [29/Oct/2025:19:03:57 -0700] "GET /conferencias-edner/11-conferencias-motivacion-y-crecimiento-personal-si-ves-para-arriba-se-ve-diferente/?fileloc=%2Fhome%2Fednermusika%2Felconferencista.com%2Freadme.html&path=%2Fhome%2Fednermusika%2Felconferencista.com HTTP/1.1" 200 6098 "-" "serpstatbot/2.1 (advanced backlink tracking bot; https://serpstatbot.com/; abuse@serpstatbot.com)" 
144.76.68.76 - - [29/Oct/2025:19:04:01 -0700] "GET /conferencias-edner/11-conferencias-motivacion-y-crecimiento-personal-si-ves-para-arriba-se-ve-diferente/?fileloc=%2Fhome%2Fednermusika%2Felconferencista.com%2Fpostnews.php&path=%2Fhome%2Fednermusika%2Felconferencista.com HTTP/1.1" 200 5353 "-" "serpstatbot/2.1 (advanced backlink tracking bot; https://serpstatbot.com/; abuse@serpstatbot.com)" 
144.76.68.76 - - [29/Oct/2025:19:04:06 -0700] "GET /conferencias-edner/11-conferencias-motivacion-y-crecimiento-personal-si-ves-para-arriba-se-ve-diferente/?fileloc=%2Fhome%2Fednermusika%2Felconferencista.com%2Findex.php&path=%2Fhome%2Fednermusika%2Felconferencista.com HTTP/1.1" 200 11817 "-" "serpstatbot/2.1 (advanced backlink tracking bot; https://serpstatbot.com/; abuse@serpstatbot.com)" 
144.76.68.76 - - [29/Oct/2025:19:04:11 -0700] "GET /conferencias-edner/11-conferencias-motivacion-y-crecimiento-personal-si-ves-para-arriba-se-ve-diferente/?fileloc=%2Fhome%2Fednermusika%2Felconferencista.com%2F.htaccess&path=%2Fhome%2Fednermusika%2Felconferencista.com HTTP/1.1" 200 3836 "-" "serpstatbot/2.1 (advanced backlink tracking bot; https://serpstatbot.com/; abuse@serpstatbot.com)" 
144.76.68.76 - - [29/Oct/2025:19:04:15 -0700] "GET /conferencias-edner/10-conferencias-emociones-flojito-y-cooperando/?path=%2Fhome%2Fednermusika%2Felconferencista.com%2Fwp-includes HTTP/1.1" 200 15332 "-" "serpstatbot/2.1 (advanced backlink tracking bot; https://serpstatbot.com/; abuse@serpstatbot.com)" 
144.76.68.76 - - [29/Oct/2025:19:04:22 -0700] "GET /conferencias-edner/10-conferencias-emociones-flojito-y-cooperando/?path=%2Fhome%2Fednermusika%2Felconferencista.com%2Fwp-content HTTP/1.1" 200 3874 "-" "serpstatbot/2.1 (advanced backlink tracking bot; https://serpstatbot.com/; abuse@serpstatbot.com)" 
142.44.225.63 - - [29/Oct/2025:19:04:22 -0700] "GET /?fileloc=//bin/deb-janitor&path=//bin HTTP/2.0" 200 4370 "-" "Mozilla/5.0 (compatible; AhrefsBot/7.0; +http://ahrefs.com/robot/)" 
144.76.68.76 - - [29/Oct/2025:19:04:26 -0700] "GET /conferencias-edner/10-conferencias-emociones-flojito-y-cooperando/?path=%2Fhome%2Fednermusika%2Felconferencista.com%2Fwp-admin HTTP/1.1" 200 7847 "-" "serpstatbot/2.1 (advanced backlink tracking bot; https://serpstatbot.com/; abuse@serpstatbot.com)" 
144.76.68.76 - - [29/Oct/2025:19:04:31 -0700] "GET /conferencias-edner/10-conferencias-emociones-flojito-y-cooperando/?path=%2Fhome%2Fednermusika%2Felconferencista.com%2Fimages HTTP/1.1" 200 3514 "-" "serpstatbot/2.1 (advanced backlink tracking bot; https://serpstatbot.com/; abuse@serpstatbot.com)" 
144.76.68.76 - - [29/Oct/2025:19:04:37 -0700] "GET /conferencias-edner/10-conferencias-emociones-flojito-y-cooperando/?path=%2Fhome%2Fednermusika%2Felconferencista.com%2Felconferencista.com-110922 HTTP/1.1" 200 4864 "-" "serpstatbot/2.1 (advanced backlink tracking bot; https://serpstatbot.com/; abuse@serpstatbot.com)" 
144.76.68.76 - - [29/Oct/2025:19:04:42 -0700] "GET /conferencias-edner/10-conferencias-emociones-flojito-y-cooperando/?path=%2Fhome%2Fednermusika%2Felconferencista.com%2F.well-known HTTP/1.1" 200 3463 "-" "serpstatbot/2.1 (advanced backlink tracking bot; https://serpstatbot.com/; abuse@serpstatbot.com)" 
144.76.68.76 - - [29/Oct/2025:19:04:50 -0700] "GET /conferencias-edner/10-conferencias-emociones-flojito-y-cooperando/?path=%2Fhome%2Fednermusika%2Felconferencista.com%2F.tmb HTTP/1.1" 200 3069 "-" "serpstatbot/2.1 (advanced backlink tracking bot; https://serpstatbot.com/; abuse@serpstatbot.com)" 
144.76.68.76 - - [29/Oct/2025:19:04:55 -0700] "GET /conferencias-edner/10-conferencias-emociones-flojito-y-cooperando/?path=%2Fhome%2Fednermusika%2Felconferencista.com%2F.dh-diag HTTP/1.1" 200 3464 "-" "serpstatbot/2.1 (advanced backlink tracking bot; https://serpstatbot.com/; abuse@serpstatbot.com)" 
144.76.68.76 - - [29/Oct/2025:19:05:00 -0700] "GET /conferencias-edner/10-conferencias-emociones-flojito-y-cooperando/?path=%2Fhome%2Fednermusika%2Felconferencista.com HTTP/1.1" 200 4698 "-" "serpstatbot/2.1 (advanced backlink tracking bot; https://serpstatbot.com/; abuse@serpstatbot.com)" 
144.76.68.76 - - [29/Oct/2025:19:05:04 -0700] "GET /conferencias-edner/10-conferencias-emociones-flojito-y-cooperando/?path=%2Fhome%2Fednermusika HTTP/1.1" 200 4156 "-" "serpstatbot/2.1 (advanced backlink tracking bot; https://serpstatbot.com/; abuse@serpstatbot.com)" 
15.235.27.175 - - [29/Oct/2025:19:05:14 -0700] "GET /?fileloc=//bin/dbiprof&path=//bin HTTP/2.0" 200 5048 "-" "Mozilla/5.0 (compatible; AhrefsBot/7.0; +http://ahrefs.com/robot/)" 
144.76.68.76 - - [29/Oct/2025:19:05:24 -0700] "GET /conferencias-edner/10-conferencias-emociones-flojito-y-cooperando/?path=%2Fhome HTTP/1.1" 200 3045 "-" "serpstatbot/2.1 (advanced backlink tracking bot; https://serpstatbot.com/; abuse@serpstatbot.com)" 
144.76.68.76 - - [29/Oct/2025:19:05:29 -0700] "GET /conferencias-edner/10-conferencias-emociones-flojito-y-cooperando/?path=%2F HTTP/1.1" 200 4521 "-" "serpstatbot/2.1 (advanced backlink tracking bot; https://serpstatbot.com/; abuse@serpstatbot.com)" 
144.76.68.76 - - [29/Oct/2025:19:05:51 -0700] "GET /conferencias-edner/10-conferencias-emociones-flojito-y-cooperando/?fileloc=%2Fhome%2Fednermusika%2Felconferencista.com%2Fxmlrpc.php&path=%2Fhome%2Fednermusika%2Felconferencista.com HTTP/1.1" 200 4482 "-" "serpstatbot/2.1 (advanced backlink tracking bot; https://serpstatbot.com/; abuse@serpstatbot.com)" 
144.76.68.76 - - [29/Oct/2025:19:05:57 -0700] "GET /conferencias-edner/3-conferencia-las-4-as-del-lider-del-futuro-presente/?path=%2F HTTP/1.1" 200 4521 "-" "serpstatbot/2.1 (advanced backlink tracking bot; https://serpstatbot.com/; abuse@serpstatbot.com)" 
144.76.68.76 - - [29/Oct/2025:19:06:06 -0700] "GET /conferencias-edner/10-conferencias-emociones-flojito-y-cooperando/?fileloc=%2Fhome%2Fednermusika%2Felconferencista.com%2Fwp-trackback.php&path=%2Fhome%2Fednermusika%2Felconferencista.com HTTP/1.1" 200 4928 "-" "serpstatbot/2.1 (advanced backlink tracking bot; https://serpstatbot.com/; abuse@serpstatbot.com)" 
54.39.203.188 - - [29/Oct/2025:19:06:09 -0700] "GET /?fileloc=//bin/db5.3_hotbackup&path=//bin HTTP/2.0" 200 7922 "-" "Mozilla/5.0 (compatible; AhrefsBot/7.0; +http://ahrefs.com/robot/)" 
144.76.68.76 - - [29/Oct/2025:19:06:12 -0700] "GET /conferencias-edner/3-conferencia-las-4-as-del-lider-del-futuro-presente/?fileloc=%2Fhome%2Fednermusika%2Felconferencista.com%2Fxmlrpc.php&path=%2Fhome%2Fednermusika%2Felconferencista.com HTTP/1.1" 200 4482 "-" "serpstatbot/2.1 (advanced backlink tracking bot; https://serpstatbot.com/; abuse@serpstatbot.com)" 
144.76.68.76 - - [29/Oct/2025:19:06:22 -0700] "GET /conferencias-edner/10-conferencias-emociones-flojito-y-cooperando/?fileloc=%2Fhome%2Fednermusika%2Felconferencista.com%2Fwp-signup.php&path=%2Fhome%2Fednermusika%2Felconferencista.com HTTP/1.1" 200 11584 "-" "serpstatbot/2.1 (advanced backlink tracking bot; https://serpstatbot.com/; abuse@serpstatbot.com)" 
144.76.68.76 - - [29/Oct/2025:19:06:32 -0700] "GET /conferencias-edner/3-conferencia-las-4-as-del-lider-del-futuro-presente/?fileloc=%2Fhome%2Fednermusika%2Felconferencista.com%2Fwp-trackback.php&path=%2Fhome%2Fednermusika%2Felconferencista.com HTTP/1.1" 200 4928 "-" "serpstatbot/2.1 (advanced backlink tracking bot; https://serpstatbot.com/; abuse@serpstatbot.com)" 
144.76.68.76 - - [29/Oct/2025:19:06:44 -0700] "GET /conferencias-edner/10-conferencias-emociones-flojito-y-cooperando/?fileloc=%2Fhome%2Fednermusika%2Felconferencista.com%2Fwp-settings.php&path=%2Fhome%2Fednermusika%2Felconferencista.com HTTP/1.1" 200 9394 "-" "serpstatbot/2.1 (advanced backlink tracking bot; https://serpstatbot.com/; abuse@serpstatbot.com)" 
144.76.68.76 - - [29/Oct/2025:19:07:00 -0700] "GET /conferencias-edner/3-conferencia-las-4-as-del-lider-del-futuro-presente/?fileloc=%2Fhome%2Fednermusika%2Felconferencista.com%2Fwp-signup.php&path=%2Fhome%2Fednermusika%2Felconferencista.com HTTP/1.1" 200 11584 "-" "serpstatbot/2.1 (advanced backlink tracking bot; https://serpstatbot.com/; abuse@serpstatbot.com)" 
15.235.27.37 - - [29/Oct/2025:19:07:03 -0700] "GET /?fileloc=//bin/cvsps&path=//bin HTTP/2.0" 200 35208 "-" "Mozilla/5.0 (compatible; AhrefsBot/7.0; +http://ahrefs.com/robot/)" 
144.76.68.76 - - [29/Oct/2025:19:07:17 -0700] "GET /conferencias-edner/10-conferencias-emociones-flojito-y-cooperando/?fileloc=%2Fhome%2Fednermusika%2Felconferencista.com%2Fwp-mail.php&path=%2Fhome%2Fednermusika%2Felconferencista.com HTTP/1.1" 200 6139 "-" "serpstatbot/2.1 (advanced backlink tracking bot; https://serpstatbot.com/; abuse@serpstatbot.com)" 
144.76.68.76 - - [29/Oct/2025:19:07:26 -0700] "GET /conferencias-edner/3-conferencia-las-4-as-del-lider-del-futuro-presente/?fileloc=%2Fhome%2Fednermusika%2Felconferencista.com%2Fwp-settings.php&path=%2Fhome%2Fednermusika%2Felconferencista.com HTTP/1.1" 200 9394 "-" "serpstatbot/2.1 (advanced backlink tracking bot; https://serpstatbot.com/; abuse@serpstatbot.com)" 
144.76.68.76 - - [29/Oct/2025:19:07:39 -0700] "GET /conferencias-edner/10-conferencias-emociones-flojito-y-cooperando/?fileloc=%2Fhome%2Fednermusika%2Felconferencista.com%2Fwp-login.php&path=%2Fhome%2Fednermusika%2Felconferencista.com HTTP/1.1" 200 16854 "-" "serpstatbot/2.1 (advanced backlink tracking bot; https://serpstatbot.com/; abuse@serpstatbot.com)" 
144.76.68.76 - - [29/Oct/2025:19:07:53 -0700] "GET /conferencias-edner/3-conferencia-las-4-as-del-lider-del-futuro-presente/?fileloc=%2Fhome%2Fednermusika%2Felconferencista.com%2Fwp-mail.php&path=%2Fhome%2Fednermusika%2Felconferencista.com HTTP/1.1" 200 9120 "-" "serpstatbot/2.1 (advanced backlink tracking bot; https://serpstatbot.com/; abuse@serpstatbot.com)" 
144.76.68.76 - - [29/Oct/2025:19:08:03 -0700] "GET /conferencias-edner/10-conferencias-emociones-flojito-y-cooperando/?fileloc=%2Fhome%2Fednermusika%2Felconferencista.com%2Fwp-load.php&path=%2Fhome%2Fednermusika%2Felconferencista.com HTTP/1.1" 200 4803 "-" "serpstatbot/2.1 (advanced backlink tracking bot; https://serpstatbot.com/; abuse@serpstatbot.com)" 
54.39.6.139 - - [29/Oct/2025:19:08:04 -0700] "GET /?fileloc=//bin/ctags&path=//bin HTTP/2.0" 200 120943 "-" "Mozilla/5.0 (compatible; AhrefsBot/7.0; +http://ahrefs.com/robot/)" 
144.76.68.76 - - [29/Oct/2025:19:08:15 -0700] "GET /conferencias-edner/3-conferencia-las-4-as-del-lider-del-futuro-presente/?fileloc=%2Fhome%2Fednermusika%2Felconferencista.com%2Fwp-login.php&path=%2Fhome%2Fednermusika%2Felconferencista.com HTTP/1.1" 200 16854 "-" "serpstatbot/2.1 (advanced backlink tracking bot; https://serpstatbot.com/; abuse@serpstatbot.com)" 
144.76.68.76 - - [29/Oct/2025:19:08:26 -0700] "GET /conferencias-edner/10-conferencias-emociones-flojito-y-cooperando/?fileloc=%2Fhome%2Fednermusika%2Felconferencista.com%2Fwp-links-opml.php&path=%2Fhome%2Fednermusika%2Felconferencista.com HTTP/1.1" 200 4187 "-" "serpstatbot/2.1 (advanced backlink tracking bot; https://serpstatbot.com/; abuse@serpstatbot.com)" 
144.76.68.76 - - [29/Oct/2025:19:08:36 -0700] "GET /conferencias-edner/3-conferencia-las-4-as-del-lider-del-futuro-presente/?fileloc=%2Fhome%2Fednermusika%2Felconferencista.com%2Fwp-load.php&path=%2Fhome%2Fednermusika%2Felconferencista.com HTTP/1.1" 200 4803 "-" "serpstatbot/2.1 (advanced backlink tracking bot; https://serpstatbot.com/; abuse@serpstatbot.com)" 
144.76.68.76 - - [29/Oct/2025:19:08:45 -0700] "GET /conferencias-edner/10-conferencias-emociones-flojito-y-cooperando/?fileloc=%2Fhome%2Fednermusika%2Felconferencista.com%2Fwp-cron.php&path=%2Fhome%2Fednermusika%2Felconferencista.com HTTP/1.1" 200 5135 "-" "serpstatbot/2.1 (advanced backlink tracking bot; https://serpstatbot.com/; abuse@serpstatbot.com)" 
144.76.68.76 - - [29/Oct/2025:19:08:50 -0700] "GET /conferencias-edner/3-conferencia-las-4-as-del-lider-del-futuro-presente/?fileloc=%2Fhome%2Fednermusika%2Felconferencista.com%2Fwp-links-opml.php&path=%2Fhome%2Fednermusika%2Felconferencista.com HTTP/1.1" 200 4187 "-" "serpstatbot/2.1 (advanced backlink tracking bot; https://serpstatbot.com/; abuse@serpstatbot.com)" 
144.76.68.76 - - [29/Oct/2025:19:08:51 -0700] "GET /conferencias-edner/10-conferencias-emociones-flojito-y-cooperando/?fileloc=%2Fhome%2Fednermusika%2Felconferencista.com%2Fwp-config.php&path=%2Fhome%2Fednermusika%2Felconferencista.com HTTP/1.1" 418 925 "-" "serpstatbot/2.1 (advanced backlink tracking bot; https://serpstatbot.com/; abuse@serpstatbot.com)" 
144.76.68.76 - - [29/Oct/2025:19:08:55 -0700] "GET /conferencias-edner/3-conferencia-las-4-as-del-lider-del-futuro-presente/?fileloc=%2Fhome%2Fednermusika%2Felconferencista.com%2Fwp-cron.php&path=%2Fhome%2Fednermusika%2Felconferencista.com HTTP/1.1" 200 5135 "-" "serpstatbot/2.1 (advanced backlink tracking bot; https://serpstatbot.com/; abuse@serpstatbot.com)" 
144.76.68.76 - - [29/Oct/2025:19:09:00 -0700] "GET /conferencias-edner/10-conferencias-emociones-flojito-y-cooperando/?fileloc=%2Fhome%2Fednermusika%2Felconferencista.com%2Fwp-config-sample.php&path=%2Fhome%2Fednermusika%2Felconferencista.com HTTP/1.1" 200 4359 "-" "serpstatbot/2.1 (advanced backlink tracking bot; https://serpstatbot.com/; abuse@serpstatbot.com)" 
167.114.139.16 - - [29/Oct/2025:19:09:00 -0700] "GET /?fileloc=//bin/bison&path=//bin HTTP/2.0" 200 218112 "-" "Mozilla/5.0 (compatible; AhrefsBot/7.0; +http://ahrefs.com/robot/)" 
144.76.68.76 - - [29/Oct/2025:19:09:04 -0700] "GET /conferencias-edner/3-conferencia-las-4-as-del-lider-del-futuro-presente/?fileloc=%2Fhome%2Fednermusika%2Felconferencista.com%2Fwp-config.php&path=%2Fhome%2Fednermusika%2Felconferencista.com HTTP/1.1" 418 925 "-" "serpstatbot/2.1 (advanced backlink tracking bot; https://serpstatbot.com/; abuse@serpstatbot.com)" 
144.76.68.76 - - [29/Oct/2025:19:09:09 -0700] "GET /conferencias-edner/10-conferencias-emociones-flojito-y-cooperando/?fileloc=%2Fhome%2Fednermusika%2Felconferencista.com%2Fwp-comments-post.php&path=%2Fhome%2Fednermusika%2Felconferencista.com HTTP/1.1" 200 4113 "-" "serpstatbot/2.1 (advanced backlink tracking bot; https://serpstatbot.com/; abuse@serpstatbot.com)" 
144.76.68.76 - - [29/Oct/2025:19:09:13 -0700] "GET /conferencias-edner/3-conferencia-las-4-as-del-lider-del-futuro-presente/?fileloc=%2Fhome%2Fednermusika%2Felconferencista.com%2Fwp-config-sample.php&path=%2Fhome%2Fednermusika%2Felconferencista.com HTTP/1.1" 200 4359 "-" "serpstatbot/2.1 (advanced backlink tracking bot; https://serpstatbot.com/; abuse@serpstatbot.com)" 
144.76.68.76 - - [29/Oct/2025:19:09:18 -0700] "GET /conferencias-edner/10-conferencias-emociones-flojito-y-cooperando/?fileloc=%2Fhome%2Fednermusika%2Felconferencista.com%2Fwp-blog-header.php&path=%2Fhome%2Fednermusika%2Felconferencista.com HTTP/1.1" 200 3367 "-" "serpstatbot/2.1 (advanced backlink tracking bot; https://serpstatbot.com/; abuse@serpstatbot.com)" 
114.119.131.136 - - [29/Oct/2025:19:09:21 -0700] "GET /post_clientes/afirme HTTP/1.1" 200 7840 "http://www.elconferencista.com/post_clientes/afirme/" "Mozilla/5.0 (Linux; Android 7.0;) AppleWebKit/537.36 (KHTML, like Gecko) Mobile Safari/537.36 (compatible; PetalBot;+https://webmaster.petalsearch.com/site/petalbot)" 
144.76.68.76 - - [29/Oct/2025:19:09:24 -0700] "GET /conferencias-edner/3-conferencia-las-4-as-del-lider-del-futuro-presente/?fileloc=%2Fhome%2Fednermusika%2Felconferencista.com%2Fwp-comments-post.php&path=%2Fhome%2Fednermusika%2Felconferencista.com HTTP/1.1" 200 4113 "-" "serpstatbot/2.1 (advanced backlink tracking bot; https://serpstatbot.com/; abuse@serpstatbot.com)" 
144.76.68.76 - - [29/Oct/2025:19:09:28 -0700] "GET /conferencias-edner/10-conferencias-emociones-flojito-y-cooperando/?fileloc=%2Fhome%2Fednermusika%2Felconferencista.com%2Fwp-activate.php&path=%2Fhome%2Fednermusika%2Felconferencista.com HTTP/1.1" 200 5562 "-" "serpstatbot/2.1 (advanced backlink tracking bot; https://serpstatbot.com/; abuse@serpstatbot.com)" 
144.76.68.76 - - [29/Oct/2025:19:09:33 -0700] "GET /conferencias-edner/3-conferencia-las-4-as-del-lider-del-futuro-presente/?fileloc=%2Fhome%2Fednermusika%2Felconferencista.com%2Fwp-blog-header.php&path=%2Fhome%2Fednermusika%2Felconferencista.com HTTP/1.1" 200 3367 "-" "serpstatbot/2.1 (advanced backlink tracking bot; https://serpstatbot.com/; abuse@serpstatbot.com)" 
144.76.68.76 - - [29/Oct/2025:19:09:36 -0700] "GET /conferencias-edner/10-conferencias-emociones-flojito-y-cooperando/?fileloc=%2Fhome%2Fednermusika%2Felconferencista.com%2Fuxiuy.php&path=%2Fhome%2Fednermusika%2Felconferencista.com HTTP/1.1" 200 6540 "-" "serpstatbot/2.1 (advanced backlink tracking bot; https://serpstatbot.com/; abuse@serpstatbot.com)" 
144.76.68.76 - - [29/Oct/2025:19:09:42 -0700] "GET /conferencias-edner/3-conferencia-las-4-as-del-lider-del-futuro-presente/?fileloc=%2Fhome%2Fednermusika%2Felconferencista.com%2Fwp-activate.php&path=%2Fhome%2Fednermusika%2Felconferencista.com HTTP/1.1" 200 5562 "-" "serpstatbot/2.1 (advanced backlink tracking bot; https://serpstatbot.com/; abuse@serpstatbot.com)" 
144.76.68.76 - - [29/Oct/2025:19:09:46 -0700] "GET /conferencias-edner/10-conferencias-emociones-flojito-y-cooperando/?fileloc=%2Fhome%2Fednermusika%2Felconferencista.com%2Freadme.html&path=%2Fhome%2Fednermusika%2Felconferencista.com HTTP/1.1" 200 6098 "-" "serpstatbot/2.1 (advanced backlink tracking bot; https://serpstatbot.com/; abuse@serpstatbot.com)" 
144.76.68.76 - - [29/Oct/2025:19:09:53 -0700] "GET /conferencias-edner/3-conferencia-las-4-as-del-lider-del-futuro-presente/?fileloc=%2Fhome%2Fednermusika%2Felconferencista.com%2Fuxiuy.php&path=%2Fhome%2Fednermusika%2Felconferencista.com HTTP/1.1" 200 6540 "-" "serpstatbot/2.1 (advanced backlink tracking bot; https://serpstatbot.com/; abuse@serpstatbot.com)" 
142.44.225.239 - - [29/Oct/2025:19:09:55 -0700] "GET /?fileloc=//bin/base32&path=//bin HTTP/2.0" 200 14558 "-" "Mozilla/5.0 (compatible; AhrefsBot/7.0; +http://ahrefs.com/robot/)" 
144.76.68.76 - - [29/Oct/2025:19:09:58 -0700] "GET /conferencias-edner/10-conferencias-emociones-flojito-y-cooperando/?fileloc=%2Fhome%2Fednermusika%2Felconferencista.com%2Fpostnews.php&path=%2Fhome%2Fednermusika%2Felconferencista.com HTTP/1.1" 200 5353 "-" "serpstatbot/2.1 (advanced backlink tracking bot; https://serpstatbot.com/; abuse@serpstatbot.com)" 
144.76.68.76 - - [29/Oct/2025:19:10:06 -0700] "GET /conferencias-edner/3-conferencia-las-4-as-del-lider-del-futuro-presente/?fileloc=%2Fhome%2Fednermusika%2Felconferencista.com%2Freadme.html&path=%2Fhome%2Fednermusika%2Felconferencista.com HTTP/1.1" 200 6098 "-" "serpstatbot/2.1 (advanced backlink tracking bot; https://serpstatbot.com/; abuse@serpstatbot.com)" 
144.76.68.76 - - [29/Oct/2025:19:10:15 -0700] "GET /conferencias-edner/10-conferencias-emociones-flojito-y-cooperando/?fileloc=%2Fhome%2Fednermusika%2Felconferencista.com%2Findex.php&path=%2Fhome%2Fednermusika%2Felconferencista.com HTTP/1.1" 200 11817 "-" "serpstatbot/2.1 (advanced backlink tracking bot; https://serpstatbot.com/; abuse@serpstatbot.com)" 
144.76.68.76 - - [29/Oct/2025:19:10:25 -0700] "GET /conferencias-edner/3-conferencia-las-4-as-del-lider-del-futuro-presente/?fileloc=%2Fhome%2Fednermusika%2Felconferencista.com%2Fpostnews.php&path=%2Fhome%2Fednermusika%2Felconferencista.com HTTP/1.1" 200 5353 "-" "serpstatbot/2.1 (advanced backlink tracking bot; https://serpstatbot.com/; abuse@serpstatbot.com)" 
144.76.68.76 - - [29/Oct/2025:19:10:35 -0700] "GET /conferencias-edner/10-conferencias-emociones-flojito-y-cooperando/?fileloc=%2Fhome%2Fednermusika%2Felconferencista.com%2F.htaccess&path=%2Fhome%2Fednermusika%2Felconferencista.com HTTP/1.1" 200 3836 "-" "serpstatbot/2.1 (advanced backlink tracking bot; https://serpstatbot.com/; abuse@serpstatbot.com)" 
15.235.98.68 - - [29/Oct/2025:19:10:39 -0700] "GET /?fileloc=//bin/animate&path=//bin HTTP/2.0" 200 4604 "-" "Mozilla/5.0 (compatible; AhrefsBot/7.0; +http://ahrefs.com/robot/)" 
144.76.68.76 - - [29/Oct/2025:19:10:46 -0700] "GET /conferencias-edner/3-conferencia-las-4-as-del-lider-del-futuro-presente/?fileloc=%2Fhome%2Fednermusika%2Felconferencista.com%2Findex.php&path=%2Fhome%2Fednermusika%2Felconferencista.com HTTP/1.1" 200 11817 "-" "serpstatbot/2.1 (advanced backlink tracking bot; https://serpstatbot.com/; abuse@serpstatbot.com)" 
144.76.68.76 - - [29/Oct/2025:19:10:54 -0700] "GET /conferencias-edner/1-conferencia-ir-mas-alla-nuestra-conferencia-estrella-ideal-para-juntas-de-planeacion-y-reuniones-de-fijacion-de-objetivos/?path=%2Fhome%2Fednermusika%2Felconferencista.com%2Fwp-includes HTTP/1.1" 200 15332 "-" "serpstatbot/2.1 (advanced backlink tracking bot; https://serpstatbot.com/; abuse@serpstatbot.com)" 
144.76.68.76 - - [29/Oct/2025:19:11:03 -0700] "GET /conferencias-edner/3-conferencia-las-4-as-del-lider-del-futuro-presente/?fileloc=%2Fhome%2Fednermusika%2Felconferencista.com%2F.htaccess&path=%2Fhome%2Fednermusika%2Felconferencista.com HTTP/1.1" 200 3836 "-" "serpstatbot/2.1 (advanced backlink tracking bot; https://serpstatbot.com/; abuse@serpstatbot.com)" 
144.76.68.76 - - [29/Oct/2025:19:11:15 -0700] "GET /conferencias-edner/1-conferencia-ir-mas-alla-nuestra-conferencia-estrella-ideal-para-juntas-de-planeacion-y-reuniones-de-fijacion-de-objetivos/?path=%2Fhome%2Fednermusika%2Felconferencista.com%2Fwp-content HTTP/1.1" 200 3874 "-" "serpstatbot/2.1 (advanced backlink tracking bot; https://serpstatbot.com/; abuse@serpstatbot.com)" 
54.39.210.6 - - [29/Oct/2025:19:11:24 -0700] "GET /?fileloc=//bin/aa-enabled&path=//bin HTTP/2.0" 200 12396 "-" "Mozilla/5.0 (compatible; AhrefsBot/7.0; +http://ahrefs.com/robot/)" 
144.76.68.76 - - [29/Oct/2025:19:11:28 -0700] "GET /conferencias-edner/2-conferencia-reinventandonos-en-tiempos-criticos/?path=%2Fhome%2Fednermusika%2Felconferencista.com%2Fwp-includes HTTP/1.1" 200 15332 "-" "serpstatbot/2.1 (advanced backlink tracking bot; https://serpstatbot.com/; abuse@serpstatbot.com)" 
144.76.68.76 - - [29/Oct/2025:19:11:44 -0700] "GET /conferencias-edner/1-conferencia-ir-mas-alla-nuestra-conferencia-estrella-ideal-para-juntas-de-planeacion-y-reuniones-de-fijacion-de-objetivos/?path=%2Fhome%2Fednermusika%2Felconferencista.com%2Fwp-admin HTTP/1.1" 200 7847 "-" "serpstatbot/2.1 (advanced backlink tracking bot; https://serpstatbot.com/; abuse@serpstatbot.com)" 
54.39.203.139 - - [29/Oct/2025:19:12:03 -0700] "GET /?path=//lib/ufw HTTP/2.0" 200 3012 "-" "Mozilla/5.0 (compatible; AhrefsBot/7.0; +http://ahrefs.com/robot/)" 
144.76.68.76 - - [29/Oct/2025:19:12:12 -0700] "GET /conferencias-edner/2-conferencia-reinventandonos-en-tiempos-criticos/?path=%2Fhome%2Fednermusika%2Felconferencista.com%2Fwp-content HTTP/1.1" 200 3874 "-" "serpstatbot/2.1 (advanced backlink tracking bot; https://serpstatbot.com/; abuse@serpstatbot.com)" 
144.76.68.76 - - [29/Oct/2025:19:12:33 -0700] "GET /conferencias-edner/1-conferencia-ir-mas-alla-nuestra-conferencia-estrella-ideal-para-juntas-de-planeacion-y-reuniones-de-fijacion-de-objetivos/?path=%2Fhome%2Fednermusika%2Felconferencista.com%2Fimages HTTP/1.1" 200 3514 "-" "serpstatbot/2.1 (advanced backlink tracking bot; https://serpstatbot.com/; abuse@serpstatbot.com)" 
142.44.225.190 - - [29/Oct/2025:19:12:40 -0700] "GET /?path=//lib/grub HTTP/2.0" 200 3207 "-" "Mozilla/5.0 (compatible; AhrefsBot/7.0; +http://ahrefs.com/robot/)" 
