144.76.68.76 - - [30/Oct/2025:00:08:37 -0700] "GET /conferencias/?fileloc=%2Fhome%2Fednermusika%2Felconferencista.com%2Fwp-includes%2Fclass-wp-customize-nav-menus.php&path=%2Fhome%2Fednermusika%2Felconferencista.com%2Fwp-includes HTTP/1.1" 200 18237 "-" "serpstatbot/2.1 (advanced backlink tracking bot; https://serpstatbot.com/; abuse@serpstatbot.com)" 
144.76.68.76 - - [30/Oct/2025:00:08:48 -0700] "GET /conferencias-edner/8-conferencia-de-la-vision-a-la-accion/?path=%2F%2Fvar HTTP/1.1" 200 3818 "-" "serpstatbot/2.1 (advanced backlink tracking bot; https://serpstatbot.com/; abuse@serpstatbot.com)" 
144.76.68.76 - - [30/Oct/2025:00:08:55 -0700] "GET /conferencias/?fileloc=%2Fhome%2Fednermusika%2Felconferencista.com%2Fwp-includes%2Fclass-wp-customize-panel.php&path=%2Fhome%2Fednermusika%2Felconferencista.com%2Fwp-includes HTTP/1.1" 200 6174 "-" "serpstatbot/2.1 (advanced backlink tracking bot; https://serpstatbot.com/; abuse@serpstatbot.com)" 
43.135.172.89 - - [30/Oct/2025:00:08:57 -0700] "GET /?fileloc=/home/ednermusika/elconferencista.com/wp-settings.php&path=/home/ednermusika/elconferencista.com HTTP/1.1" 200 12522 "-" "Mozilla/5.0 (iPhone; CPU iPhone OS 13_2_3 like Mac OS X) AppleWebKit/605.1.15 (KHTML, like Gecko) Version/13.0.3 Mobile/15E148 Safari/604.1" 
144.76.68.76 - - [30/Oct/2025:00:09:02 -0700] "GET /conferencias-edner/8-conferencia-de-la-vision-a-la-accion/?path=%2F%2Fusr HTTP/1.1" 200 3699 "-" "serpstatbot/2.1 (advanced backlink tracking bot; https://serpstatbot.com/; abuse@serpstatbot.com)" 
144.76.68.76 - - [30/Oct/2025:00:09:11 -0700] "GET /conferencias/?fileloc=%2Fhome%2Fednermusika%2Felconferencista.com%2Fwp-includes%2Fclass-wp-customize-section.php&path=%2Fhome%2Fednermusika%2Felconferencista.com%2Fwp-includes HTTP/1.1" 200 6277 "-" "serpstatbot/2.1 (advanced backlink tracking bot; https://serpstatbot.com/; abuse@serpstatbot.com)" 
144.76.68.76 - - [30/Oct/2025:00:09:19 -0700] "GET /conferencias-edner/8-conferencia-de-la-vision-a-la-accion/?path=%2F%2Ftmp HTTP/1.1" 500 570891 "-" "serpstatbot/2.1 (advanced backlink tracking bot; https://serpstatbot.com/; abuse@serpstatbot.com)" 
144.76.68.76 - - [30/Oct/2025:00:09:28 -0700] "GET /conferencias/?fileloc=%2Fhome%2Fednermusika%2Felconferencista.com%2Fwp-includes%2Fclass-wp-customize-setting.php&path=%2Fhome%2Fednermusika%2Felconferencista.com%2Fwp-includes HTTP/1.1" 200 12947 "-" "serpstatbot/2.1 (advanced backlink tracking bot; https://serpstatbot.com/; abuse@serpstatbot.com)" 
15.235.98.6 - - [30/Oct/2025:00:09:29 -0700] "GET /?path=//lib/locale/om_ET HTTP/2.0" 200 3523 "-" "Mozilla/5.0 (compatible; AhrefsBot/7.0; +http://ahrefs.com/robot/)" 
144.76.68.76 - - [30/Oct/2025:00:09:37 -0700] "GET /conferencias-edner/8-conferencia-de-la-vision-a-la-accion/?path=%2F%2Fsys HTTP/1.1" 200 3596 "-" "serpstatbot/2.1 (advanced backlink tracking bot; https://serpstatbot.com/; abuse@serpstatbot.com)" 
144.76.68.76 - - [30/Oct/2025:00:09:45 -0700] "GET /conferencias/?fileloc=%2Fhome%2Fednermusika%2Felconferencista.com%2Fwp-includes%2Fclass-wp-customize-widgets.php&path=%2Fhome%2Fednermusika%2Felconferencista.com%2Fwp-includes HTTP/1.1" 200 20598 "-" "serpstatbot/2.1 (advanced backlink tracking bot; https://serpstatbot.com/; abuse@serpstatbot.com)" 
144.76.68.76 - - [30/Oct/2025:00:09:54 -0700] "GET /conferencias-edner/8-conferencia-de-la-vision-a-la-accion/?path=%2F%2Fsrv HTTP/1.1" 200 3294 "-" "serpstatbot/2.1 (advanced backlink tracking bot; https://serpstatbot.com/; abuse@serpstatbot.com)" 
114.119.146.142 - - [30/Oct/2025:00:09:54 -0700] "GET /post_clientes/primero-finanzas?fileloc=/home/ednermusika/elconferencista.com/wp-login.php&path=/home/ednermusika/elconferencista.com HTTP/1.1" 200 19959 "https://www.elconferencista.com/post_clientes/primero-finanzas" "Mozilla/5.0 (Linux; Android 7.0;) AppleWebKit/537.36 (KHTML, like Gecko) Mobile Safari/537.36 (compatible; PetalBot;+https://webmaster.petalsearch.com/site/petalbot)" 
144.76.68.76 - - [30/Oct/2025:00:10:03 -0700] "GET /conferencias/?fileloc=%2Fhome%2Fednermusika%2Felconferencista.com%2Fwp-includes%2Fclass-wp-date-query.php&path=%2Fhome%2Fednermusika%2Felconferencista.com%2Fwp-includes HTTP/1.1" 200 12119 "-" "serpstatbot/2.1 (advanced backlink tracking bot; https://serpstatbot.com/; abuse@serpstatbot.com)" 
144.76.68.76 - - [30/Oct/2025:00:10:13 -0700] "GET /conferencias-edner/8-conferencia-de-la-vision-a-la-accion/?path=%2F%2Fsbin HTTP/1.1" 200 25421 "-" "serpstatbot/2.1 (advanced backlink tracking bot; https://serpstatbot.com/; abuse@serpstatbot.com)" 
144.76.68.76 - - [30/Oct/2025:00:10:21 -0700] "GET /conferencias/?fileloc=%2Fhome%2Fednermusika%2Felconferencista.com%2Fwp-includes%2Fclass-wp-dependencies.php&path=%2Fhome%2Fednermusika%2Felconferencista.com%2Fwp-includes HTTP/1.1" 200 6812 "-" "serpstatbot/2.1 (advanced backlink tracking bot; https://serpstatbot.com/; abuse@serpstatbot.com)" 
148.113.130.81 - - [30/Oct/2025:00:10:30 -0700] "GET /?path=//lib/locale/nn_NO HTTP/2.0" 200 3523 "-" "Mozilla/5.0 (compatible; AhrefsBot/7.0; +http://ahrefs.com/robot/)" 
144.76.68.76 - - [30/Oct/2025:00:10:30 -0700] "GET /conferencias-edner/8-conferencia-de-la-vision-a-la-accion/?path=%2F%2Frun HTTP/1.1" 200 6358 "-" "serpstatbot/2.1 (advanced backlink tracking bot; https://serpstatbot.com/; abuse@serpstatbot.com)" 
144.76.68.76 - - [30/Oct/2025:00:10:38 -0700] "GET /conferencias/?fileloc=%2Fhome%2Fednermusika%2Felconferencista.com%2Fwp-includes%2Fclass-wp-dependency.php&path=%2Fhome%2Fednermusika%2Felconferencista.com%2Fwp-includes HTTP/1.1" 200 3954 "-" "serpstatbot/2.1 (advanced backlink tracking bot; https://serpstatbot.com/; abuse@serpstatbot.com)" 
144.76.68.76 - - [30/Oct/2025:00:10:47 -0700] "GET /conferencias-edner/8-conferencia-de-la-vision-a-la-accion/?path=%2F%2Froot HTTP/1.1" 200 3047 "-" "serpstatbot/2.1 (advanced backlink tracking bot; https://serpstatbot.com/; abuse@serpstatbot.com)" 
144.76.68.76 - - [30/Oct/2025:00:10:55 -0700] "GET /conferencias/?fileloc=%2Fhome%2Fednermusika%2Felconferencista.com%2Fwp-includes%2Fclass-wp-duotone.php&path=%2Fhome%2Fednermusika%2Felconferencista.com%2Fwp-includes HTTP/1.1" 200 12829 "-" "serpstatbot/2.1 (advanced backlink tracking bot; https://serpstatbot.com/; abuse@serpstatbot.com)" 
144.76.68.76 - - [30/Oct/2025:00:11:05 -0700] "GET /conferencias-edner/8-conferencia-de-la-vision-a-la-accion/?path=%2F%2Fproc HTTP/1.1" 200 5374 "-" "serpstatbot/2.1 (advanced backlink tracking bot; https://serpstatbot.com/; abuse@serpstatbot.com)" 
144.76.68.76 - - [30/Oct/2025:00:11:15 -0700] "GET /conferencias/?fileloc=%2Fhome%2Fednermusika%2Felconferencista.com%2Fwp-includes%2Fclass-wp-editor.php&path=%2Fhome%2Fednermusika%2Felconferencista.com%2Fwp-includes HTTP/1.1" 200 21567 "-" "serpstatbot/2.1 (advanced backlink tracking bot; https://serpstatbot.com/; abuse@serpstatbot.com)" 
15.235.98.6 - - [30/Oct/2025:00:11:16 -0700] "GET /?path=//lib/locale/nl_NL@euro HTTP/2.0" 200 3527 "-" "Mozilla/5.0 (compatible; AhrefsBot/7.0; +http://ahrefs.com/robot/)" 
114.119.146.142 - - [30/Oct/2025:00:11:17 -0700] "GET /conferencias-edner/14-conferencias-motivacion-y-crecimiento-personal-ser-quien-suenas-ser HTTP/1.1" 200 7840 "https://www.elconferencista.com/conferencias/" "Mozilla/5.0 (Linux; Android 7.0;) AppleWebKit/537.36 (KHTML, like Gecko) Mobile Safari/537.36 (compatible; PetalBot;+https://webmaster.petalsearch.com/site/petalbot)" 
144.76.68.76 - - [30/Oct/2025:00:11:24 -0700] "GET /conferencias-edner/8-conferencia-de-la-vision-a-la-accion/?path=%2F%2Fopt HTTP/1.1" 200 3543 "-" "serpstatbot/2.1 (advanced backlink tracking bot; https://serpstatbot.com/; abuse@serpstatbot.com)" 
144.76.68.76 - - [30/Oct/2025:00:11:38 -0700] "GET /conferencias/?fileloc=%2Fhome%2Fednermusika%2Felconferencista.com%2Fwp-includes%2Fclass-wp-embed.php&path=%2Fhome%2Fednermusika%2Felconferencista.com%2Fwp-includes HTTP/1.1" 200 7859 "-" "serpstatbot/2.1 (advanced backlink tracking bot; https://serpstatbot.com/; abuse@serpstatbot.com)" 
144.76.68.76 - - [30/Oct/2025:00:11:53 -0700] "GET /conferencias-edner/8-conferencia-de-la-vision-a-la-accion/?path=%2F%2Fmnt HTTP/1.1" 200 3047 "-" "serpstatbot/2.1 (advanced backlink tracking bot; https://serpstatbot.com/; abuse@serpstatbot.com)" 
144.76.68.76 - - [30/Oct/2025:00:12:06 -0700] "GET /conferencias/?fileloc=%2Fhome%2Fednermusika%2Felconferencista.com%2Fwp-includes%2Fclass-wp-error.php&path=%2Fhome%2Fednermusika%2Felconferencista.com%2Fwp-includes HTTP/1.1" 200 4897 "-" "serpstatbot/2.1 (advanced backlink tracking bot; https://serpstatbot.com/; abuse@serpstatbot.com)" 
144.76.68.76 - - [30/Oct/2025:00:12:20 -0700] "GET /conferencias-edner/8-conferencia-de-la-vision-a-la-accion/?path=%2F%2Fmedia HTTP/1.1" 200 3047 "-" "serpstatbot/2.1 (advanced backlink tracking bot; https://serpstatbot.com/; abuse@serpstatbot.com)" 
167.114.139.169 - - [30/Oct/2025:00:12:22 -0700] "GET /?path=//lib/locale/nl_BE.utf8 HTTP/2.0" 200 3524 "-" "Mozilla/5.0 (compatible; AhrefsBot/7.0; +http://ahrefs.com/robot/)" 
144.76.68.76 - - [30/Oct/2025:00:12:34 -0700] "GET /conferencias/?fileloc=%2Fhome%2Fednermusika%2Felconferencista.com%2Fwp-includes%2Fclass-wp-exception.php&path=%2Fhome%2Fednermusika%2Felconferencista.com%2Fwp-includes HTTP/1.1" 200 3156 "-" "serpstatbot/2.1 (advanced backlink tracking bot; https://serpstatbot.com/; abuse@serpstatbot.com)" 
114.119.133.253 - - [30/Oct/2025:00:12:41 -0700] "GET /7092596?products=0005910503 HTTP/1.1" 200 7840 "https://www.elconferencista.com/sitemap.xml" "Mozilla/5.0 (Linux; Android 7.0;) AppleWebKit/537.36 (KHTML, like Gecko) Mobile Safari/537.36 (compatible; PetalBot;+https://webmaster.petalsearch.com/site/petalbot)" 
144.76.68.76 - - [30/Oct/2025:00:12:47 -0700] "GET /conferencias-edner/8-conferencia-de-la-vision-a-la-accion/?path=%2F%2Flost+found HTTP/1.1" 200 3051 "-" "serpstatbot/2.1 (advanced backlink tracking bot; https://serpstatbot.com/; abuse@serpstatbot.com)" 
144.76.68.76 - - [30/Oct/2025:00:13:00 -0700] "GET /conferencias/?fileloc=%2Fhome%2Fednermusika%2Felconferencista.com%2Fwp-includes%2Fclass-wp-fatal-error-handler.php&path=%2Fhome%2Fednermusika%2Felconferencista.com%2Fwp-includes HTTP/1.1" 200 5813 "-" "serpstatbot/2.1 (advanced backlink tracking bot; https://serpstatbot.com/; abuse@serpstatbot.com)" 
144.76.68.76 - - [30/Oct/2025:00:13:13 -0700] "GET /conferencias-edner/8-conferencia-de-la-vision-a-la-accion/?path=%2F%2Flibx32 HTTP/1.1" 200 3049 "-" "serpstatbot/2.1 (advanced backlink tracking bot; https://serpstatbot.com/; abuse@serpstatbot.com)" 
144.76.68.76 - - [30/Oct/2025:00:13:27 -0700] "GET /conferencias/?fileloc=%2Fhome%2Fednermusika%2Felconferencista.com%2Fwp-includes%2Fclass-wp-feed-cache-transient.php&path=%2Fhome%2Fednermusika%2Felconferencista.com%2Fwp-includes HTTP/1.1" 200 4087 "-" "serpstatbot/2.1 (advanced backlink tracking bot; https://serpstatbot.com/; abuse@serpstatbot.com)" 
54.39.6.66 - - [30/Oct/2025:00:13:33 -0700] "GET /?path=//lib/locale/mk_MK HTTP/2.0" 200 3525 "-" "Mozilla/5.0 (compatible; AhrefsBot/7.0; +http://ahrefs.com/robot/)" 
144.76.68.76 - - [30/Oct/2025:00:13:40 -0700] "GET /conferencias-edner/8-conferencia-de-la-vision-a-la-accion/?path=%2F%2Flib64 HTTP/1.1" 200 3332 "-" "serpstatbot/2.1 (advanced backlink tracking bot; https://serpstatbot.com/; abuse@serpstatbot.com)" 
144.76.68.76 - - [30/Oct/2025:00:13:51 -0700] "GET /conferencias/?fileloc=%2Fhome%2Fednermusika%2Felconferencista.com%2Fwp-includes%2Fclass-wp-feed-cache.php&path=%2Fhome%2Fednermusika%2Felconferencista.com%2Fwp-includes HTTP/1.1" 200 3567 "-" "serpstatbot/2.1 (advanced backlink tracking bot; https://serpstatbot.com/; abuse@serpstatbot.com)" 
144.76.68.76 - - [30/Oct/2025:00:13:57 -0700] "GET /conferencias-edner/8-conferencia-de-la-vision-a-la-accion/?path=%2F%2Flib32 HTTP/1.1" 200 3048 "-" "serpstatbot/2.1 (advanced backlink tracking bot; https://serpstatbot.com/; abuse@serpstatbot.com)" 
144.76.68.76 - - [30/Oct/2025:00:14:05 -0700] "GET /conferencias/?fileloc=%2Fhome%2Fednermusika%2Felconferencista.com%2Fwp-includes%2Fclass-wp-hook.php&path=%2Fhome%2Fednermusika%2Felconferencista.com%2Fwp-includes HTTP/1.1" 200 6916 "-" "serpstatbot/2.1 (advanced backlink tracking bot; https://serpstatbot.com/; abuse@serpstatbot.com)" 
144.76.68.76 - - [30/Oct/2025:00:14:13 -0700] "GET /conferencias-edner/8-conferencia-de-la-vision-a-la-accion/?path=%2F%2Flib HTTP/1.1" 200 8810 "-" "serpstatbot/2.1 (advanced backlink tracking bot; https://serpstatbot.com/; abuse@serpstatbot.com)" 
144.76.68.76 - - [30/Oct/2025:00:14:23 -0700] "GET /conferencias/?fileloc=%2Fhome%2Fednermusika%2Felconferencista.com%2Fwp-includes%2Fclass-wp-http-cookie.php&path=%2Fhome%2Fednermusika%2Felconferencista.com%2Fwp-includes HTTP/1.1" 200 5573 "-" "serpstatbot/2.1 (advanced backlink tracking bot; https://serpstatbot.com/; abuse@serpstatbot.com)" 
144.76.68.76 - - [30/Oct/2025:00:14:31 -0700] "GET /conferencias-edner/8-conferencia-de-la-vision-a-la-accion/?path=%2F%2Fincoming HTTP/1.1" 200 6031 "-" "serpstatbot/2.1 (advanced backlink tracking bot; https://serpstatbot.com/; abuse@serpstatbot.com)" 
144.76.68.76 - - [30/Oct/2025:00:14:40 -0700] "GET /conferencias/?fileloc=%2Fhome%2Fednermusika%2Felconferencista.com%2Fwp-includes%2Fclass-wp-http-curl.php&path=%2Fhome%2Fednermusika%2Felconferencista.com%2Fwp-includes HTTP/1.1" 200 6760 "-" "serpstatbot/2.1 (advanced backlink tracking bot; https://serpstatbot.com/; abuse@serpstatbot.com)" 
144.76.68.76 - - [30/Oct/2025:00:14:48 -0700] "GET /conferencias-edner/8-conferencia-de-la-vision-a-la-accion/?path=%2F%2Fhome HTTP/1.1" 200 3046 "-" "serpstatbot/2.1 (advanced backlink tracking bot; https://serpstatbot.com/; abuse@serpstatbot.com)" 
15.235.96.102 - - [30/Oct/2025:00:14:49 -0700] "GET /?path=//lib/locale/mhr_RU HTTP/2.0" 200 3528 "-" "Mozilla/5.0 (compatible; AhrefsBot/7.0; +http://ahrefs.com/robot/)" 
109.228.37.48 - - [30/Oct/2025:00:14:49 -0700] "POST /xmlrpc.php HTTP/1.1" 200 7675 "-" "Mozilla/5.0 (Windows NT 10.0; Win64; x64; rv:44.0) Gecko/20100101 Firefox/44.0" 
144.76.68.76 - - [30/Oct/2025:00:14:56 -0700] "GET /conferencias/?fileloc=%2Fhome%2Fednermusika%2Felconferencista.com%2Fwp-includes%2Fclass-wp-http-encoding.php&path=%2Fhome%2Fednermusika%2Felconferencista.com%2Fwp-includes HTTP/1.1" 200 5193 "-" "serpstatbot/2.1 (advanced backlink tracking bot; https://serpstatbot.com/; abuse@serpstatbot.com)" 
144.76.68.76 - - [30/Oct/2025:00:15:04 -0700] "GET /conferencias-edner/8-conferencia-de-la-vision-a-la-accion/?path=%2F%2Fetc HTTP/1.1" 200 16623 "-" "serpstatbot/2.1 (advanced backlink tracking bot; https://serpstatbot.com/; abuse@serpstatbot.com)" 
144.76.68.76 - - [30/Oct/2025:00:15:11 -0700] "GET /conferencias/?fileloc=%2Fhome%2Fednermusika%2Felconferencista.com%2Fwp-includes%2Fclass-wp-http-ixr-client.php&path=%2Fhome%2Fednermusika%2Felconferencista.com%2Fwp-includes HTTP/1.1" 200 4453 "-" "serpstatbot/2.1 (advanced backlink tracking bot; https://serpstatbot.com/; abuse@serpstatbot.com)" 
144.76.68.76 - - [30/Oct/2025:00:15:19 -0700] "GET /conferencias-edner/8-conferencia-de-la-vision-a-la-accion/?path=%2F%2Fdh HTTP/1.1" 200 3636 "-" "serpstatbot/2.1 (advanced backlink tracking bot; https://serpstatbot.com/; abuse@serpstatbot.com)" 
144.76.68.76 - - [30/Oct/2025:00:15:28 -0700] "GET /conferencias/?fileloc=%2Fhome%2Fednermusika%2Felconferencista.com%2Fwp-includes%2Fclass-wp-http-proxy.php&path=%2Fhome%2Fednermusika%2Felconferencista.com%2Fwp-includes HTTP/1.1" 200 5004 "-" "serpstatbot/2.1 (advanced backlink tracking bot; https://serpstatbot.com/; abuse@serpstatbot.com)" 
144.76.68.76 - - [30/Oct/2025:00:15:36 -0700] "GET /conferencias-edner/8-conferencia-de-la-vision-a-la-accion/?path=%2F%2Fdev HTTP/1.1" 200 3926 "-" "serpstatbot/2.1 (advanced backlink tracking bot; https://serpstatbot.com/; abuse@serpstatbot.com)" 
144.76.68.76 - - [30/Oct/2025:00:15:47 -0700] "GET /conferencias/?fileloc=%2Fhome%2Fednermusika%2Felconferencista.com%2Fwp-includes%2Fclass-wp-http-requests-hooks.php&path=%2Fhome%2Fednermusika%2Felconferencista.com%2Fwp-includes HTTP/1.1" 200 3863 "-" "serpstatbot/2.1 (advanced backlink tracking bot; https://serpstatbot.com/; abuse@serpstatbot.com)" 
144.76.68.76 - - [30/Oct/2025:00:15:59 -0700] "GET /conferencias-edner/8-conferencia-de-la-vision-a-la-accion/?path=%2F%2Fboot HTTP/1.1" 200 3047 "-" "serpstatbot/2.1 (advanced backlink tracking bot; https://serpstatbot.com/; abuse@serpstatbot.com)" 
54.39.0.103 - - [30/Oct/2025:00:16:03 -0700] "GET /?path=//lib/locale/mai_NP HTTP/2.0" 200 3525 "-" "Mozilla/5.0 (compatible; AhrefsBot/7.0; +http://ahrefs.com/robot/)" 
144.76.68.76 - - [30/Oct/2025:00:16:12 -0700] "GET /conferencias/?fileloc=%2Fhome%2Fednermusika%2Felconferencista.com%2Fwp-includes%2Fclass-wp-http-requests-response.php&path=%2Fhome%2Fednermusika%2Felconferencista.com%2Fwp-includes HTTP/1.1" 200 4324 "-" "serpstatbot/2.1 (advanced backlink tracking bot; https://serpstatbot.com/; abuse@serpstatbot.com)" 
144.76.68.76 - - [30/Oct/2025:00:16:28 -0700] "GET /conferencias-edner/8-conferencia-de-la-vision-a-la-accion/?path=%2F%2Fbin HTTP/1.1" 200 98758 "-" "serpstatbot/2.1 (advanced backlink tracking bot; https://serpstatbot.com/; abuse@serpstatbot.com)" 
144.76.68.76 - - [30/Oct/2025:00:16:44 -0700] "GET /conferencias/?fileloc=%2Fhome%2Fednermusika%2Felconferencista.com%2Fwp-includes%2Fclass-wp-http-response.php&path=%2Fhome%2Fednermusika%2Felconferencista.com%2Fwp-includes HTTP/1.1" 200 3983 "-" "serpstatbot/2.1 (advanced backlink tracking bot; https://serpstatbot.com/; abuse@serpstatbot.com)" 
144.76.68.76 - - [30/Oct/2025:00:16:59 -0700] "GET /conferencias-edner/8-conferencia-de-la-vision-a-la-accion/?fileloc=%2Fhome%2Fednermusika%2Felconferencista_com_09-04-2025.sql&path=%2Fhome%2Fednermusika HTTP/1.1" 200 1973796 "-" "serpstatbot/2.1 (advanced backlink tracking bot; https://serpstatbot.com/; abuse@serpstatbot.com)" 
144.76.68.76 - - [30/Oct/2025:00:17:14 -0700] "GET /conferencias/?fileloc=%2Fhome%2Fednermusika%2Felconferencista.com%2Fwp-includes%2Fclass-wp-http-streams.php&path=%2Fhome%2Fednermusika%2Felconferencista.com%2Fwp-includes HTTP/1.1" 200 7901 "-" "serpstatbot/2.1 (advanced backlink tracking bot; https://serpstatbot.com/; abuse@serpstatbot.com)" 
15.235.27.32 - - [30/Oct/2025:00:17:15 -0700] "GET /?path=//lib/locale/lij_IT HTTP/2.0" 200 3527 "-" "Mozilla/5.0 (compatible; AhrefsBot/7.0; +http://ahrefs.com/robot/)" 
144.76.68.76 - - [30/Oct/2025:00:17:28 -0700] "GET /conferencias-edner/8-conferencia-de-la-vision-a-la-accion/?fileloc=%2Fhome%2Fednermusika%2Felconferencista.com%2Fwp-includes%2Ffeed-rdf.php&path=%2Fhome%2Fednermusika%2Felconferencista.com%2Fwp-includes HTTP/1.1" 200 4088 "-" "serpstatbot/2.1 (advanced backlink tracking bot; https://serpstatbot.com/; abuse@serpstatbot.com)" 
144.76.68.76 - - [30/Oct/2025:00:17:40 -0700] "GET /conferencias/?fileloc=%2Fhome%2Fednermusika%2Felconferencista.com%2Fwp-includes%2Fclass-wp-http.php&path=%2Fhome%2Fednermusika%2Felconferencista.com%2Fwp-includes HTTP/1.1" 200 14760 "-" "serpstatbot/2.1 (advanced backlink tracking bot; https://serpstatbot.com/; abuse@serpstatbot.com)" 
144.76.68.76 - - [30/Oct/2025:00:17:54 -0700] "GET /conferencias-edner/8-conferencia-de-la-vision-a-la-accion/?fileloc=%2Fhome%2Fednermusika%2Felconferencista.com%2Fwp-includes%2Ffeed-atom.php&path=%2Fhome%2Fednermusika%2Felconferencista.com%2Fwp-includes HTTP/1.1" 200 4252 "-" "serpstatbot/2.1 (advanced backlink tracking bot; https://serpstatbot.com/; abuse@serpstatbot.com)" 
144.76.68.76 - - [30/Oct/2025:00:18:07 -0700] "GET /conferencias/?fileloc=%2Fhome%2Fednermusika%2Felconferencista.com%2Fwp-includes%2Fclass-wp-image-editor-gd.php&path=%2Fhome%2Fednermusika%2Felconferencista.com%2Fwp-includes HTTP/1.1" 200 8166 "-" "serpstatbot/2.1 (advanced backlink tracking bot; https://serpstatbot.com/; abuse@serpstatbot.com)" 
144.76.68.76 - - [30/Oct/2025:00:18:20 -0700] "GET /conferencias-edner/8-conferencia-de-la-vision-a-la-accion/?fileloc=%2Fhome%2Fednermusika%2Felconferencista.com%2Fwp-includes%2Ffeed-atom-comments.php&path=%2Fhome%2Fednermusika%2Felconferencista.com%2Fwp-includes HTTP/1.1" 200 4865 "-" "serpstatbot/2.1 (advanced backlink tracking bot; https://serpstatbot.com/; abuse@serpstatbot.com)" 
148.113.128.159 - - [30/Oct/2025:00:18:26 -0700] "GET /?path=//lib/locale/iu_CA HTTP/2.0" 200 3524 "-" "Mozilla/5.0 (compatible; AhrefsBot/7.0; +http://ahrefs.com/robot/)" 
144.76.68.76 - - [30/Oct/2025:00:18:36 -0700] "GET /conferencias/?fileloc=%2Fhome%2Fednermusika%2Felconferencista.com%2Fwp-includes%2Fclass-wp-image-editor-imagick.php&path=%2Fhome%2Fednermusika%2Felconferencista.com%2Fwp-includes HTTP/1.1" 200 12978 "-" "serpstatbot/2.1 (advanced backlink tracking bot; https://serpstatbot.com/; abuse@serpstatbot.com)" 
43.130.105.21 - - [30/Oct/2025:00:18:47 -0700] "GET /?fileloc=/home/ednermusika/elconferencista.com/elconferencista.com-110922/robots.txt&path=/home/ednermusika/elconferencista.com/elconferencista.com-110922 HTTP/1.1" 429 3797 "-" "Mozilla/5.0 (iPhone; CPU iPhone OS 13_2_3 like Mac OS X) AppleWebKit/605.1.15 (KHTML, like Gecko) Version/13.0.3 Mobile/15E148 Safari/604.1" 
144.76.68.76 - - [30/Oct/2025:00:18:48 -0700] "GET /conferencias-edner/8-conferencia-de-la-vision-a-la-accion/?fileloc=%2Fhome%2Fednermusika%2Felconferencista.com%2Fwp-includes%2Ferror-protection.php&path=%2Fhome%2Fednermusika%2Felconferencista.com%2Fwp-includes HTTP/1.1" 200 4473 "-" "serpstatbot/2.1 (advanced backlink tracking bot; https://serpstatbot.com/; abuse@serpstatbot.com)" 
144.76.68.76 - - [30/Oct/2025:00:18:56 -0700] "GET /conferencias/?fileloc=%2Fhome%2Fednermusika%2Felconferencista.com%2Fwp-includes%2Fclass-wp-block-styles-registry.php&path=%2Fhome%2Fednermusika%2Felconferencista.com%2Fwp-includes HTTP/1.1" 200 4760 "-" "serpstatbot/2.1 (advanced backlink tracking bot; https://serpstatbot.com/; abuse@serpstatbot.com)" 
144.76.68.76 - - [30/Oct/2025:00:19:05 -0700] "GET /conferencias-edner/8-conferencia-de-la-vision-a-la-accion/?fileloc=%2Fhome%2Fednermusika%2Felconferencista.com%2Fwp-includes%2Fembed.php&path=%2Fhome%2Fednermusika%2Felconferencista.com%2Fwp-includes HTTP/1.1" 200 13665 "-" "serpstatbot/2.1 (advanced backlink tracking bot; https://serpstatbot.com/; abuse@serpstatbot.com)" 
144.76.68.76 - - [30/Oct/2025:00:19:14 -0700] "GET /conferencias/?fileloc=%2Fhome%2Fednermusika%2Felconferencista.com%2Fwp-includes%2Fclass-wp-list-util.php&path=%2Fhome%2Fednermusika%2Felconferencista.com%2Fwp-includes HTTP/1.1" 200 5244 "-" "serpstatbot/2.1 (advanced backlink tracking bot; https://serpstatbot.com/; abuse@serpstatbot.com)" 
144.76.68.76 - - [30/Oct/2025:00:19:23 -0700] "GET /conferencias-edner/8-conferencia-de-la-vision-a-la-accion/?fileloc=%2Fhome%2Fednermusika%2Felconferencista.com%2Fwp-includes%2Fembed-template.php&path=%2Fhome%2Fednermusika%2Felconferencista.com%2Fwp-includes HTTP/1.1" 200 3210 "-" "serpstatbot/2.1 (advanced backlink tracking bot; https://serpstatbot.com/; abuse@serpstatbot.com)" 
144.76.68.76 - - [30/Oct/2025:00:19:32 -0700] "GET /conferencias/?fileloc=%2Fhome%2Fednermusika%2Felconferencista.com%2Fwp-includes%2Fclass-wp-locale-switcher.php&path=%2Fhome%2Fednermusika%2Felconferencista.com%2Fwp-includes HTTP/1.1" 200 7879 "-" "serpstatbot/2.1 (advanced backlink tracking bot; https://serpstatbot.com/; abuse@serpstatbot.com)" 
142.44.220.148 - - [30/Oct/2025:00:19:37 -0700] "GET /?path=//lib/locale/it_IT.utf8 HTTP/2.0" 200 3525 "-" "Mozilla/5.0 (compatible; AhrefsBot/7.0; +http://ahrefs.com/robot/)" 
144.76.68.76 - - [30/Oct/2025:00:19:43 -0700] "GET /conferencias-edner/8-conferencia-de-la-vision-a-la-accion/?fileloc=%2Fhome%2Fednermusika%2Felconferencista.com%2Fwp-includes%2Fdeprecated.php&path=%2Fhome%2Fednermusika%2Felconferencista.com%2Fwp-includes HTTP/1.1" 200 48474 "-" "serpstatbot/2.1 (advanced backlink tracking bot; https://serpstatbot.com/; abuse@serpstatbot.com)" 
144.76.68.76 - - [30/Oct/2025:00:19:51 -0700] "GET /conferencias/?fileloc=%2Fhome%2Fednermusika%2Felconferencista.com%2Fwp-includes%2Fclass-wp-locale.php&path=%2Fhome%2Fednermusika%2Felconferencista.com%2Fwp-includes HTTP/1.1" 200 6547 "-" "serpstatbot/2.1 (advanced backlink tracking bot; https://serpstatbot.com/; abuse@serpstatbot.com)" 
144.76.68.76 - - [30/Oct/2025:00:20:01 -0700] "GET /conferencias-edner/8-conferencia-de-la-vision-a-la-accion/?fileloc=%2Fhome%2Fednermusika%2Felconferencista.com%2Fwp-includes%2Fdefault-widgets.php&path=%2Fhome%2Fednermusika%2Felconferencista.com%2Fwp-includes HTTP/1.1" 200 3494 "-" "serpstatbot/2.1 (advanced backlink tracking bot; https://serpstatbot.com/; abuse@serpstatbot.com)" 
144.76.68.76 - - [30/Oct/2025:00:20:10 -0700] "GET /conferencias/?fileloc=%2Fhome%2Fednermusika%2Felconferencista.com%2Fwp-includes%2Fclass-wp-matchesmapregex.php&path=%2Fhome%2Fednermusika%2Felconferencista.com%2Fwp-includes HTTP/1.1" 200 3747 "-" "serpstatbot/2.1 (advanced backlink tracking bot; https://serpstatbot.com/; abuse@serpstatbot.com)" 
144.76.68.76 - - [30/Oct/2025:00:20:19 -0700] "GET /conferencias-edner/8-conferencia-de-la-vision-a-la-accion/?fileloc=%2Fhome%2Fednermusika%2Felconferencista.com%2Fwp-includes%2Fdefault-filters.php&path=%2Fhome%2Fednermusika%2Felconferencista.com%2Fwp-includes HTTP/1.1" 200 11918 "-" "serpstatbot/2.1 (advanced backlink tracking bot; https://serpstatbot.com/; abuse@serpstatbot.com)" 
144.76.68.76 - - [30/Oct/2025:00:20:28 -0700] "GET /conferencias/?fileloc=%2Fhome%2Fednermusika%2Felconferencista.com%2Fwp-includes%2Fclass-wp-meta-query.php&path=%2Fhome%2Fednermusika%2Felconferencista.com%2Fwp-includes HTTP/1.1" 200 10728 "-" "serpstatbot/2.1 (advanced backlink tracking bot; https://serpstatbot.com/; abuse@serpstatbot.com)" 
82.223.39.26 - - [30/Oct/2025:00:20:31 -0700] "GET /wp-login.php HTTP/2.0" 429 352 "-" "Mozilla/5.0 (Windows NT 6.1; WOW64; Trident/7.0; MAAU; rv:11.0) like Gecko" 
144.76.68.76 - - [30/Oct/2025:00:20:37 -0700] "GET /conferencias-edner/8-conferencia-de-la-vision-a-la-accion/?fileloc=%2Fhome%2Fednermusika%2Felconferencista.com%2Fwp-includes%2Fdefault-constants.php&path=%2Fhome%2Fednermusika%2Felconferencista.com%2Fwp-includes HTTP/1.1" 200 6079 "-" "serpstatbot/2.1 (advanced backlink tracking bot; https://serpstatbot.com/; abuse@serpstatbot.com)" 
51.222.95.72 - - [30/Oct/2025:00:20:43 -0700] "GET /?path=//lib/locale/ha_NG HTTP/2.0" 200 3526 "-" "Mozilla/5.0 (compatible; AhrefsBot/7.0; +http://ahrefs.com/robot/)" 
144.76.68.76 - - [30/Oct/2025:00:20:46 -0700] "GET /conferencias/?fileloc=%2Fhome%2Fednermusika%2Felconferencista.com%2Fwp-includes%2Fclass-wp-metadata-lazyloader.php&path=%2Fhome%2Fednermusika%2Felconferencista.com%2Fwp-includes HTTP/1.1" 200 5021 "-" "serpstatbot/2.1 (advanced backlink tracking bot; https://serpstatbot.com/; abuse@serpstatbot.com)" 
144.76.68.76 - - [30/Oct/2025:00:20:56 -0700] "GET /conferencias-edner/8-conferencia-de-la-vision-a-la-accion/?fileloc=%2Fhome%2Fednermusika%2Felconferencista.com%2Fwp-includes%2Fdate.php&path=%2Fhome%2Fednermusika%2Felconferencista.com%2Fwp-includes HTTP/1.1" 200 3250 "-" "serpstatbot/2.1 (advanced backlink tracking bot; https://serpstatbot.com/; abuse@serpstatbot.com)" 
144.76.68.76 - - [30/Oct/2025:00:21:08 -0700] "GET /conferencias/?fileloc=%2Fhome%2Fednermusika%2Felconferencista.com%2Fwp-includes%2Fclass-wp-navigation-fallback.php&path=%2Fhome%2Fednermusika%2Felconferencista.com%2Fwp-includes HTTP/1.1" 200 5340 "-" "serpstatbot/2.1 (advanced backlink tracking bot; https://serpstatbot.com/; abuse@serpstatbot.com)" 
144.76.68.76 - - [30/Oct/2025:00:21:21 -0700] "GET /conferencias-edner/8-conferencia-de-la-vision-a-la-accion/?fileloc=%2Fhome%2Fednermusika%2Felconferencista.com%2Fwp-includes%2Fcron.php&path=%2Fhome%2Fednermusika%2Felconferencista.com%2Fwp-includes HTTP/1.1" 200 11489 "-" "serpstatbot/2.1 (advanced backlink tracking bot; https://serpstatbot.com/; abuse@serpstatbot.com)" 
144.76.68.76 - - [30/Oct/2025:00:21:34 -0700] "GET /conferencias/?fileloc=%2Fhome%2Fednermusika%2Felconferencista.com%2Fwp-includes%2Fclass-wp-network-query.php&path=%2Fhome%2Fednermusika%2Felconferencista.com%2Fwp-includes HTTP/1.1" 200 8076 "-" "serpstatbot/2.1 (advanced backlink tracking bot; https://serpstatbot.com/; abuse@serpstatbot.com)" 
144.76.68.76 - - [30/Oct/2025:00:21:50 -0700] "GET /conferencias-edner/8-conferencia-de-la-vision-a-la-accion/?fileloc=%2Fhome%2Fednermusika%2Felconferencista.com%2Fwp-includes%2Fcompat.php&path=%2Fhome%2Fednermusika%2Felconferencista.com%2Fwp-includes HTTP/1.1" 200 6933 "-" "serpstatbot/2.1 (advanced backlink tracking bot; https://serpstatbot.com/; abuse@serpstatbot.com)" 
148.113.128.83 - - [30/Oct/2025:00:21:55 -0700] "GET /?path=//lib/locale/gl_ES@euro HTTP/2.0" 200 3525 "-" "Mozilla/5.0 (compatible; AhrefsBot/7.0; +http://ahrefs.com/robot/)" 
144.76.68.76 - - [30/Oct/2025:00:22:06 -0700] "GET /conferencias/?fileloc=%2Fhome%2Fednermusika%2Felconferencista.com%2Fwp-includes%2Fclass-wp-network.php&path=%2Fhome%2Fednermusika%2Felconferencista.com%2Fwp-includes HTTP/1.1" 200 6893 "-" "serpstatbot/2.1 (advanced backlink tracking bot; https://serpstatbot.com/; abuse@serpstatbot.com)" 
144.76.68.76 - - [30/Oct/2025:00:22:20 -0700] "GET /conferencias-edner/8-conferencia-de-la-vision-a-la-accion/?fileloc=%2Fhome%2Fednermusika%2Felconferencista.com%2Fwp-includes%2Fcomment.php&path=%2Fhome%2Fednermusika%2Felconferencista.com%2Fwp-includes HTTP/1.1" 200 34630 "-" "serpstatbot/2.1 (advanced backlink tracking bot; https://serpstatbot.com/; abuse@serpstatbot.com)" 
110.249.202.96 - - [30/Oct/2025:00:22:30 -0700] "GET /robots.txt HTTP/1.1" 200 3636 "-" "Mozilla/5.0 (Linux; Android 5.0) AppleWebKit/537.36 (KHTML, like Gecko) Mobile Safari/537.36 (compatible; Bytespider; https://zhanzhang.toutiao.com/)" 
144.76.68.76 - - [30/Oct/2025:00:22:35 -0700] "GET /conferencias/?fileloc=%2Fhome%2Fednermusika%2Felconferencista.com%2Fwp-includes%2Fclass-wp-object-cache.php&path=%2Fhome%2Fednermusika%2Felconferencista.com%2Fwp-includes HTTP/1.1" 200 6833 "-" "serpstatbot/2.1 (advanced backlink tracking bot; https://serpstatbot.com/; abuse@serpstatbot.com)" 
144.76.68.76 - - [30/Oct/2025:00:22:50 -0700] "GET /conferencias-edner/8-conferencia-de-la-vision-a-la-accion/?fileloc=%2Fhome%2Fednermusika%2Felconferencista.com%2Fwp-includes%2Fcomment-template.php&path=%2Fhome%2Fednermusika%2Felconferencista.com%2Fwp-includes HTTP/1.1" 200 25040 "-" "serpstatbot/2.1 (advanced backlink tracking bot; https://serpstatbot.com/; abuse@serpstatbot.com)" 
144.76.68.76 - - [30/Oct/2025:00:23:01 -0700] "GET /conferencias/?fileloc=%2Fhome%2Fednermusika%2Felconferencista.com%2Fwp-includes%2Fclass-wp-oembed-controller.php&path=%2Fhome%2Fednermusika%2Felconferencista.com%2Fwp-includes HTTP/1.1" 200 5198 "-" "serpstatbot/2.1 (advanced backlink tracking bot; https://serpstatbot.com/; abuse@serpstatbot.com)" 
144.76.68.76 - - [30/Oct/2025:00:23:14 -0700] "GET /conferencias-edner/8-conferencia-de-la-vision-a-la-accion/?fileloc=%2Fhome%2Fednermusika%2Felconferencista.com%2Fwp-includes%2Fclass.wp-styles.php&path=%2Fhome%2Fednermusika%2Felconferencista.com%2Fwp-includes HTTP/1.1" 200 3210 "-" "serpstatbot/2.1 (advanced backlink tracking bot; https://serpstatbot.com/; abuse@serpstatbot.com)" 
167.114.139.88 - - [30/Oct/2025:00:23:17 -0700] "GET /?path=//lib/locale/fr_LU HTTP/2.0" 200 3523 "-" "Mozilla/5.0 (compatible; AhrefsBot/7.0; +http://ahrefs.com/robot/)" 
144.76.68.76 - - [30/Oct/2025:00:23:25 -0700] "GET /conferencias/?fileloc=%2Fhome%2Fednermusika%2Felconferencista.com%2Fwp-includes%2Fclass-wp-oembed.php&path=%2Fhome%2Fednermusika%2Felconferencista.com%2Fwp-includes HTTP/1.1" 200 10877 "-" "serpstatbot/2.1 (advanced backlink tracking bot; https://serpstatbot.com/; abuse@serpstatbot.com)" 
144.76.68.76 - - [30/Oct/2025:00:23:37 -0700] "GET /conferencias-edner/8-conferencia-de-la-vision-a-la-accion/?fileloc=%2Fhome%2Fednermusika%2Felconferencista.com%2Fwp-includes%2Fclass.wp-scripts.php&path=%2Fhome%2Fednermusika%2Felconferencista.com%2Fwp-includes HTTP/1.1" 200 3212 "-" "serpstatbot/2.1 (advanced backlink tracking bot; https://serpstatbot.com/; abuse@serpstatbot.com)" 
144.76.68.76 - - [30/Oct/2025:00:23:51 -0700] "GET /conferencias/?fileloc=%2Fhome%2Fednermusika%2Felconferencista.com%2Fwp-includes%2Fclass-wp-paused-extensions-storage.php&path=%2Fhome%2Fednermusika%2Felconferencista.com%2Fwp-includes HTTP/1.1" 200 4284 "-" "serpstatbot/2.1 (advanced backlink tracking bot; https://serpstatbot.com/; abuse@serpstatbot.com)" 
144.76.68.76 - - [30/Oct/2025:00:23:56 -0700] "GET /conferencias-edner/8-conferencia-de-la-vision-a-la-accion/?fileloc=%2Fhome%2Fednermusika%2Felconferencista.com%2Fwp-includes%2Fclass.wp-dependencies.php&path=%2Fhome%2Fednermusika%2Felconferencista.com%2Fwp-includes HTTP/1.1" 200 3213 "-" "serpstatbot/2.1 (advanced backlink tracking bot; https://serpstatbot.com/; abuse@serpstatbot.com)" 
144.76.68.76 - - [30/Oct/2025:00:24:03 -0700] "GET /conferencias/?fileloc=%2Fhome%2Fednermusika%2Felconferencista.com%2Fwp-includes%2Fclass-wp-phpmailer.php&path=%2Fhome%2Fednermusika%2Felconferencista.com%2Fwp-includes HTTP/1.1" 200 4207 "-" "serpstatbot/2.1 (advanced backlink tracking bot; https://serpstatbot.com/; abuse@serpstatbot.com)" 
144.76.68.76 - - [30/Oct/2025:00:24:11 -0700] "GET /conferencias-edner/8-conferencia-de-la-vision-a-la-accion/?fileloc=%2Fhome%2Fednermusika%2Felconferencista.com%2Fwp-includes%2Fclass-wpdb.php&path=%2Fhome%2Fednermusika%2Felconferencista.com%2Fwp-includes HTTP/1.1" 200 33613 "-" "serpstatbot/2.1 (advanced backlink tracking bot; https://serpstatbot.com/; abuse@serpstatbot.com)" 
144.76.68.76 - - [30/Oct/2025:00:24:20 -0700] "GET /conferencias/?fileloc=%2Fhome%2Fednermusika%2Felconferencista.com%2Fwp-includes%2Fclass-wp-plugin-dependencies.php&path=%2Fhome%2Fednermusika%2Felconferencista.com%2Fwp-includes HTTP/1.1" 200 8348 "-" "serpstatbot/2.1 (advanced backlink tracking bot; https://serpstatbot.com/; abuse@serpstatbot.com)" 
51.222.168.46 - - [30/Oct/2025:00:24:20 -0700] "GET /?path=//lib/locale/fr_FR.utf8 HTTP/2.0" 200 3528 "-" "Mozilla/5.0 (compatible; AhrefsBot/7.0; +http://ahrefs.com/robot/)" 
144.76.68.76 - - [30/Oct/2025:00:24:29 -0700] "GET /conferencias-edner/8-conferencia-de-la-vision-a-la-accion/?fileloc=%2Fhome%2Fednermusika%2Felconferencista.com%2Fwp-includes%2Fclass-wp.php&path=%2Fhome%2Fednermusika%2Felconferencista.com%2Fwp-includes HTTP/1.1" 200 10681 "-" "serpstatbot/2.1 (advanced backlink tracking bot; https://serpstatbot.com/; abuse@serpstatbot.com)" 
144.76.68.76 - - [30/Oct/2025:00:24:39 -0700] "GET /conferencias/?fileloc=%2Fhome%2Fednermusika%2Felconferencista.com%2Fwp-includes%2Fclass-wp-post-type.php&path=%2Fhome%2Fednermusika%2Felconferencista.com%2Fwp-includes HTTP/1.1" 200 12977 "-" "serpstatbot/2.1 (advanced backlink tracking bot; https://serpstatbot.com/; abuse@serpstatbot.com)" 
144.76.68.76 - - [30/Oct/2025:00:24:48 -0700] "GET /conferencias-edner/8-conferencia-de-la-vision-a-la-accion/?fileloc=%2Fhome%2Fednermusika%2Felconferencista.com%2Fwp-includes%2Fclass-wp-xmlrpc-server.php&path=%2Fhome%2Fednermusika%2Felconferencista.com%2Fwp-includes HTTP/1.1" 200 42174 "-" "serpstatbot/2.1 (advanced backlink tracking bot; https://serpstatbot.com/; abuse@serpstatbot.com)" 
144.76.68.76 - - [30/Oct/2025:00:24:58 -0700] "GET /conferencias/?fileloc=%2Fhome%2Fednermusika%2Felconferencista.com%2Fwp-includes%2Fclass-wp-post.php&path=%2Fhome%2Fednermusika%2Felconferencista.com%2Fwp-includes HTTP/1.1" 200 4772 "-" "serpstatbot/2.1 (advanced backlink tracking bot; https://serpstatbot.com/; abuse@serpstatbot.com)" 
144.76.68.76 - - [30/Oct/2025:00:25:09 -0700] "GET /conferencias-edner/8-conferencia-de-la-vision-a-la-accion/?fileloc=%2Fhome%2Fednermusika%2Felconferencista.com%2Fwp-includes%2Fclass-wp-widget.php&path=%2Fhome%2Fednermusika%2Felconferencista.com%2Fwp-includes HTTP/1.1" 200 7556 "-" "serpstatbot/2.1 (advanced backlink tracking bot; https://serpstatbot.com/; abuse@serpstatbot.com)" 
144.76.68.76 - - [30/Oct/2025:00:25:20 -0700] "GET /conferencias/?fileloc=%2Fhome%2Fednermusika%2Felconferencista.com%2Fwp-includes%2Fclass-wp-query.php&path=%2Fhome%2Fednermusika%2Felconferencista.com%2Fwp-includes HTTP/1.1" 200 37590 "-" "serpstatbot/2.1 (advanced backlink tracking bot; https://serpstatbot.com/; abuse@serpstatbot.com)" 
51.222.95.26 - - [30/Oct/2025:00:25:25 -0700] "GET /?path=//lib/locale/fo_FO HTTP/2.0" 200 3524 "-" "Mozilla/5.0 (compatible; AhrefsBot/7.0; +http://ahrefs.com/robot/)" 
144.76.68.76 - - [30/Oct/2025:00:25:29 -0700] "GET /conferencias-edner/8-conferencia-de-la-vision-a-la-accion/?fileloc=%2Fhome%2Fednermusika%2Felconferencista.com%2Fwp-includes%2Fclass-wp-widget-factory.php&path=%2Fhome%2Fednermusika%2Felconferencista.com%2Fwp-includes HTTP/1.1" 200 4053 "-" "serpstatbot/2.1 (advanced backlink tracking bot; https://serpstatbot.com/; abuse@serpstatbot.com)" 
144.76.68.76 - - [30/Oct/2025:00:25:40 -0700] "GET /conferencias/?fileloc=%2Fhome%2Fednermusika%2Felconferencista.com%2Fwp-includes%2Fclass-wp-recovery-mode-cookie-service.php&path=%2Fhome%2Fednermusika%2Felconferencista.com%2Fwp-includes HTTP/1.1" 200 5175 "-" "serpstatbot/2.1 (advanced backlink tracking bot; https://serpstatbot.com/; abuse@serpstatbot.com)" 
144.76.68.76 - - [30/Oct/2025:00:25:50 -0700] "GET /conferencias-edner/8-conferencia-de-la-vision-a-la-accion/?fileloc=%2Fhome%2Fednermusika%2Felconferencista.com%2Fwp-includes%2Fclass-wp-walker.php&path=%2Fhome%2Fednermusika%2Felconferencista.com%2Fwp-includes HTTP/1.1" 200 6172 "-" "serpstatbot/2.1 (advanced backlink tracking bot; https://serpstatbot.com/; abuse@serpstatbot.com)" 
144.76.68.76 - - [30/Oct/2025:00:26:03 -0700] "GET /conferencias/?fileloc=%2Fhome%2Fednermusika%2Felconferencista.com%2Fwp-includes%2Fclass-wp-recovery-mode-email-service.php&path=%2Fhome%2Fednermusika%2Felconferencista.com%2Fwp-includes HTTP/1.1" 200 6586 "-" "serpstatbot/2.1 (advanced backlink tracking bot; https://serpstatbot.com/; abuse@serpstatbot.com)" 
144.76.68.76 - - [30/Oct/2025:00:26:16 -0700] "GET /conferencias-edner/8-conferencia-de-la-vision-a-la-accion/?fileloc=%2Fhome%2Fednermusika%2Felconferencista.com%2Fwp-includes%2Fclass-wp-user.php&path=%2Fhome%2Fednermusika%2Felconferencista.com%2Fwp-includes HTTP/1.1" 200 9000 "-" "serpstatbot/2.1 (advanced backlink tracking bot; https://serpstatbot.com/; abuse@serpstatbot.com)" 
142.44.233.190 - - [30/Oct/2025:00:26:26 -0700] "GET /?path=//lib/locale/fa_IR HTTP/2.0" 200 3527 "-" "Mozilla/5.0 (compatible; AhrefsBot/7.0; +http://ahrefs.com/robot/)" 
144.76.68.76 - - [30/Oct/2025:00:26:31 -0700] "GET /conferencias/?fileloc=%2Fhome%2Fednermusika%2Felconferencista.com%2Fwp-includes%2Fclass-wp-recovery-mode-key-service.php&path=%2Fhome%2Fednermusika%2Felconferencista.com%2Fwp-includes HTTP/1.1" 200 4439 "-" "serpstatbot/2.1 (advanced backlink tracking bot; https://serpstatbot.com/; abuse@serpstatbot.com)" 
144.76.68.76 - - [30/Oct/2025:00:26:47 -0700] "GET /conferencias-edner/8-conferencia-de-la-vision-a-la-accion/?fileloc=%2Fhome%2Fednermusika%2Felconferencista.com%2Fwp-includes%2Fclass-wp-user-request.php&path=%2Fhome%2Fednermusika%2Felconferencista.com%2Fwp-includes HTTP/1.1" 200 3693 "-" "serpstatbot/2.1 (advanced backlink tracking bot; https://serpstatbot.com/; abuse@serpstatbot.com)" 
144.76.68.76 - - [30/Oct/2025:00:27:04 -0700] "GET /conferencias/?fileloc=%2Fhome%2Fednermusika%2Felconferencista.com%2Fwp-includes%2Fclass-wp-recovery-mode-link-service.php&path=%2Fhome%2Fednermusika%2Felconferencista.com%2Fwp-includes HTTP/1.1" 200 4197 "-" "serpstatbot/2.1 (advanced backlink tracking bot; https://serpstatbot.com/; abuse@serpstatbot.com)" 
144.76.68.76 - - [30/Oct/2025:00:27:17 -0700] "GET /conferencias-edner/8-conferencia-de-la-vision-a-la-accion/?fileloc=%2Fhome%2Fednermusika%2Felconferencista.com%2Fwp-includes%2Fclass-wp-user-query.php&path=%2Fhome%2Fednermusika%2Felconferencista.com%2Fwp-includes HTTP/1.1" 200 13032 "-" "serpstatbot/2.1 (advanced backlink tracking bot; https://serpstatbot.com/; abuse@serpstatbot.com)" 
51.161.65.120 - - [30/Oct/2025:00:27:25 -0700] "GET /?path=//lib/locale/eu_FR.utf8 HTTP/2.0" 200 3528 "-" "Mozilla/5.0 (compatible; AhrefsBot/7.0; +http://ahrefs.com/robot/)" 
144.76.68.76 - - [30/Oct/2025:00:28:13 -0700] "GET /conferencias-edner/6-conferencia-marca-personal-yo-branding-personal-en-tiempos-de-torbellino/?fileloc=%2Fhome%2Fednermusika%2Felconferencista.com%2Fwp-includes%2Fbookmark-template.php&path=%2Fhome%2Fednermusika%2Felconferencista.com%2Fwp-includes HTTP/1.1" 200 6387 "-" "serpstatbot/2.1 (advanced backlink tracking bot; https://serpstatbot.com/; abuse@serpstatbot.com)" 
51.161.65.194 - - [30/Oct/2025:00:28:22 -0700] "GET /?path=//lib/locale/es_VE HTTP/2.0" 200 3525 "-" "Mozilla/5.0 (compatible; AhrefsBot/7.0; +http://ahrefs.com/robot/)" 
144.76.68.76 - - [30/Oct/2025:00:28:23 -0700] "GET /conferencias-edner/8-conferencia-de-la-vision-a-la-accion/?fileloc=%2Fhome%2Fednermusika%2Felconferencista.com%2Fwp-includes%2Fclass-wp-recovery-mode-email-service.php&path=%2Fhome%2Fednermusika%2Felconferencista.com%2Fwp-includes HTTP/1.1" 200 6586 "-" "serpstatbot/2.1 (advanced backlink tracking bot; https://serpstatbot.com/; abuse@serpstatbot.com)" 
43.173.1.57 - - [30/Oct/2025:00:28:27 -0700] "GET /?fileloc=/home/ednermusika/elconferencista.com/elconferencista.com-110922/wp-config.php&path=/home/ednermusika/elconferencista.com/elconferencista.com-110922 HTTP/1.1" 418 4067 "-" "Mozilla/5.0 (iPhone; CPU iPhone OS 13_2_3 like Mac OS X) AppleWebKit/605.1.15 (KHTML, like Gecko) Version/13.0.3 Mobile/15E148 Safari/604.1" 
144.76.68.76 - - [30/Oct/2025:00:28:33 -0700] "GET /conferencias-edner/6-conferencia-marca-personal-yo-branding-personal-en-tiempos-de-torbellino/?fileloc=%2Fhome%2Fednermusika%2Felconferencista.com%2Fwp-includes%2Fclass-wp-customize-widgets.php&path=%2Fhome%2Fednermusika%2Felconferencista.com%2Fwp-includes HTTP/1.1" 200 20567 "-" "serpstatbot/2.1 (advanced backlink tracking bot; https://serpstatbot.com/; abuse@serpstatbot.com)" 
144.76.68.76 - - [30/Oct/2025:00:28:41 -0700] "GET /conferencias-edner/8-conferencia-de-la-vision-a-la-accion/?fileloc=%2Fhome%2Fednermusika%2Felconferencista.com%2Fwp-includes%2Fclass-wp-recovery-mode-cookie-service.php&path=%2Fhome%2Fednermusika%2Felconferencista.com%2Fwp-includes HTTP/1.1" 200 5175 "-" "serpstatbot/2.1 (advanced backlink tracking bot; https://serpstatbot.com/; abuse@serpstatbot.com)" 
144.76.68.76 - - [30/Oct/2025:00:28:50 -0700] "GET /conferencias-edner/6-conferencia-marca-personal-yo-branding-personal-en-tiempos-de-torbellino/?fileloc=%2Fhome%2Fednermusika%2Felconferencista.com%2Fwp-includes%2Fcache-compat.php&path=%2Fhome%2Fednermusika%2Felconferencista.com%2Fwp-includes HTTP/1.1" 200 4399 "-" "serpstatbot/2.1 (advanced backlink tracking bot; https://serpstatbot.com/; abuse@serpstatbot.com)" 
36.112.209.154 - - [30/Oct/2025:00:28:51 -0700] "GET / HTTP/1.1" 200 60098 "-" "Mozilla/5.0 Firefox/35.0" 
144.76.68.76 - - [30/Oct/2025:00:28:57 -0700] "GET /conferencias-edner/8-conferencia-de-la-vision-a-la-accion/?fileloc=%2Fhome%2Fednermusika%2Felconferencista.com%2Fwp-includes%2Fclass-wp-query.php&path=%2Fhome%2Fednermusika%2Felconferencista.com%2Fwp-includes HTTP/1.1" 200 37590 "-" "serpstatbot/2.1 (advanced backlink tracking bot; https://serpstatbot.com/; abuse@serpstatbot.com)" 
144.76.68.76 - - [30/Oct/2025:00:29:07 -0700] "GET /conferencias-edner/6-conferencia-marca-personal-yo-branding-personal-en-tiempos-de-torbellino/?fileloc=%2Fhome%2Fednermusika%2Felconferencista.com%2Fwp-includes%2Fcache.php&path=%2Fhome%2Fednermusika%2Felconferencista.com%2Fwp-includes HTTP/1.1" 200 5621 "-" "serpstatbot/2.1 (advanced backlink tracking bot; https://serpstatbot.com/; abuse@serpstatbot.com)" 
144.76.68.76 - - [30/Oct/2025:00:29:16 -0700] "GET /conferencias-edner/8-conferencia-de-la-vision-a-la-accion/?fileloc=%2Fhome%2Fednermusika%2Felconferencista.com%2Fwp-includes%2Fclass-wp-post.php&path=%2Fhome%2Fednermusika%2Felconferencista.com%2Fwp-includes HTTP/1.1" 200 4772 "-" "serpstatbot/2.1 (advanced backlink tracking bot; https://serpstatbot.com/; abuse@serpstatbot.com)" 
144.76.68.76 - - [30/Oct/2025:00:29:25 -0700] "GET /conferencias-edner/6-conferencia-marca-personal-yo-branding-personal-en-tiempos-de-torbellino/?fileloc=%2Fhome%2Fednermusika%2Felconferencista.com%2Fwp-includes%2Fcanonical.php&path=%2Fhome%2Fednermusika%2Felconferencista.com%2Fwp-includes HTTP/1.1" 200 12300 "-" "serpstatbot/2.1 (advanced backlink tracking bot; https://serpstatbot.com/; abuse@serpstatbot.com)" 
148.113.130.6 - - [30/Oct/2025:00:29:26 -0700] "GET /?path=//lib/locale/es_MX.utf8 HTTP/2.0" 200 3530 "-" "Mozilla/5.0 (compatible; AhrefsBot/7.0; +http://ahrefs.com/robot/)" 
144.76.68.76 - - [30/Oct/2025:00:29:34 -0700] "GET /conferencias-edner/8-conferencia-de-la-vision-a-la-accion/?fileloc=%2Fhome%2Fednermusika%2Felconferencista.com%2Fwp-includes%2Fclass-wp-post-type.php&path=%2Fhome%2Fednermusika%2Felconferencista.com%2Fwp-includes HTTP/1.1" 200 9996 "-" "serpstatbot/2.1 (advanced backlink tracking bot; https://serpstatbot.com/; abuse@serpstatbot.com)" 
144.76.68.76 - - [30/Oct/2025:00:29:43 -0700] "GET /conferencias-edner/6-conferencia-marca-personal-yo-branding-personal-en-tiempos-de-torbellino/?fileloc=%2Fhome%2Fednermusika%2Felconferencista.com%2Fwp-includes%2Fcapabilities.php&path=%2Fhome%2Fednermusika%2Felconferencista.com%2Fwp-includes HTTP/1.1" 200 13607 "-" "serpstatbot/2.1 (advanced backlink tracking bot; https://serpstatbot.com/; abuse@serpstatbot.com)" 
144.76.68.76 - - [30/Oct/2025:00:29:51 -0700] "GET /conferencias-edner/8-conferencia-de-la-vision-a-la-accion/?fileloc=%2Fhome%2Fednermusika%2Felconferencista.com%2Fwp-includes%2Fclass-wp-plugin-dependencies.php&path=%2Fhome%2Fednermusika%2Felconferencista.com%2Fwp-includes HTTP/1.1" 200 8348 "-" "serpstatbot/2.1 (advanced backlink tracking bot; https://serpstatbot.com/; abuse@serpstatbot.com)" 
144.76.68.76 - - [30/Oct/2025:00:29:59 -0700] "GET /conferencias-edner/6-conferencia-marca-personal-yo-branding-personal-en-tiempos-de-torbellino/?fileloc=%2Fhome%2Fednermusika%2Felconferencista.com%2Fwp-includes%2Fcategory-template.php&path=%2Fhome%2Fednermusika%2Felconferencista.com%2Fwp-includes HTTP/1.1" 200 17101 "-" "serpstatbot/2.1 (advanced backlink tracking bot; https://serpstatbot.com/; abuse@serpstatbot.com)" 
144.76.68.76 - - [30/Oct/2025:00:30:07 -0700] "GET /conferencias-edner/8-conferencia-de-la-vision-a-la-accion/?fileloc=%2Fhome%2Fednermusika%2Felconferencista.com%2Fwp-includes%2Fclass-wp-phpmailer.php&path=%2Fhome%2Fednermusika%2Felconferencista.com%2Fwp-includes HTTP/1.1" 200 4207 "-" "serpstatbot/2.1 (advanced backlink tracking bot; https://serpstatbot.com/; abuse@serpstatbot.com)" 
144.76.68.76 - - [30/Oct/2025:00:30:16 -0700] "GET /conferencias-edner/6-conferencia-marca-personal-yo-branding-personal-en-tiempos-de-torbellino/?fileloc=%2Fhome%2Fednermusika%2Felconferencista.com%2Fwp-includes%2Fcategory.php&path=%2Fhome%2Fednermusika%2Felconferencista.com%2Fwp-includes HTTP/1.1" 200 6638 "-" "serpstatbot/2.1 (advanced backlink tracking bot; https://serpstatbot.com/; abuse@serpstatbot.com)" 
144.76.68.76 - - [30/Oct/2025:00:30:24 -0700] "GET /conferencias-edner/8-conferencia-de-la-vision-a-la-accion/?fileloc=%2Fhome%2Fednermusika%2Felconferencista.com%2Fwp-includes%2Fclass-wp-paused-extensions-storage.php&path=%2Fhome%2Fednermusika%2Felconferencista.com%2Fwp-includes HTTP/1.1" 200 4284 "-" "serpstatbot/2.1 (advanced backlink tracking bot; https://serpstatbot.com/; abuse@serpstatbot.com)" 
148.113.128.100 - - [30/Oct/2025:00:30:27 -0700] "GET /?path=//lib/locale/en_ZW HTTP/2.0" 200 3527 "-" "Mozilla/5.0 (compatible; AhrefsBot/7.0; +http://ahrefs.com/robot/)" 
144.76.68.76 - - [30/Oct/2025:00:30:31 -0700] "GET /conferencias-edner/6-conferencia-marca-personal-yo-branding-personal-en-tiempos-de-torbellino/?fileloc=%2Fhome%2Fednermusika%2Felconferencista.com%2Fwp-includes%2Fclass-IXR.php&path=%2Fhome%2Fednermusika%2Felconferencista.com%2Fwp-includes HTTP/1.1" 200 4197 "-" "serpstatbot/2.1 (advanced backlink tracking bot; https://serpstatbot.com/; abuse@serpstatbot.com)" 
144.76.68.76 - - [30/Oct/2025:00:30:38 -0700] "GET /conferencias-edner/8-conferencia-de-la-vision-a-la-accion/?fileloc=%2Fhome%2Fednermusika%2Felconferencista.com%2Fwp-includes%2Fclass-wp-oembed.php&path=%2Fhome%2Fednermusika%2Felconferencista.com%2Fwp-includes HTTP/1.1" 200 10877 "-" "serpstatbot/2.1 (advanced backlink tracking bot; https://serpstatbot.com/; abuse@serpstatbot.com)" 
144.76.68.76 - - [30/Oct/2025:00:30:45 -0700] "GET /conferencias-edner/6-conferencia-marca-personal-yo-branding-personal-en-tiempos-de-torbellino/?fileloc=%2Fhome%2Fednermusika%2Felconferencista.com%2Fwp-includes%2Fclass-avif-info.php&path=%2Fhome%2Fednermusika%2Felconferencista.com%2Fwp-includes HTTP/1.1" 200 9319 "-" "serpstatbot/2.1 (advanced backlink tracking bot; https://serpstatbot.com/; abuse@serpstatbot.com)" 
144.76.68.76 - - [30/Oct/2025:00:30:51 -0700] "GET /conferencias-edner/8-conferencia-de-la-vision-a-la-accion/?fileloc=%2Fhome%2Fednermusika%2Felconferencista.com%2Fwp-includes%2Fclass-wp-oembed-controller.php&path=%2Fhome%2Fednermusika%2Felconferencista.com%2Fwp-includes HTTP/1.1" 200 5198 "-" "serpstatbot/2.1 (advanced backlink tracking bot; https://serpstatbot.com/; abuse@serpstatbot.com)" 
144.76.68.76 - - [30/Oct/2025:00:30:59 -0700] "GET /conferencias-edner/6-conferencia-marca-personal-yo-branding-personal-en-tiempos-de-torbellino/?fileloc=%2Fhome%2Fednermusika%2Felconferencista.com%2Fwp-includes%2Fclass-feed.php&path=%2Fhome%2Fednermusika%2Felconferencista.com%2Fwp-includes HTTP/1.1" 200 3264 "-" "serpstatbot/2.1 (advanced backlink tracking bot; https://serpstatbot.com/; abuse@serpstatbot.com)" 
