165.232.167.116 - - [28/Oct/2025:09:53:05 -0700] "GET /wp-content/plugins/about.php HTTP/1.1" 301 3913 "-" "Mozilla/5.0 (Linux; Android 13; Pixel 7 Pro) AppleWebKit/537.36 (KHTML, like Gecko) Chrome/125.0.0.0 Mobile Safari/537.36" 
165.232.167.116 - - [28/Oct/2025:09:53:06 -0700] "GET /wp-content/plugins/about.php HTTP/1.1" 404 114092 "-" "Mozilla/5.0 (Linux; Android 13; Pixel 7 Pro) AppleWebKit/537.36 (KHTML, like Gecko) Chrome/125.0.0.0 Mobile Safari/537.36" 
165.232.167.116 - - [28/Oct/2025:09:53:09 -0700] "GET /ioxi-o.php HTTP/1.1" 404 113999 "-" "Mozilla/5.0 (Linux; Android 13; Pixel 7 Pro) AppleWebKit/537.36 (KHTML, like Gecko) Chrome/125.0.0.0 Mobile Safari/537.36" 
165.232.167.116 - - [28/Oct/2025:09:53:12 -0700] "GET /ioxi-o.php HTTP/1.1" 301 3877 "-" "Mozilla/5.0 (iPad; CPU OS 17_5 like Mac OS X) AppleWebKit/605.1.15 (KHTML, like Gecko) Version/17.5 Mobile/15E148 Safari/604.1" 
165.232.167.116 - - [28/Oct/2025:09:53:13 -0700] "GET /ioxi-o.php HTTP/1.1" 404 113999 "-" "Mozilla/5.0 (iPad; CPU OS 17_5 like Mac OS X) AppleWebKit/605.1.15 (KHTML, like Gecko) Version/17.5 Mobile/15E148 Safari/604.1" 
165.232.167.116 - - [28/Oct/2025:09:53:17 -0700] "GET /file17.php HTTP/1.1" 404 113988 "-" "Mozilla/5.0 (X11; Ubuntu; Linux x86_64; rv:125.0) Gecko/20100101 Firefox/125.0" 
165.232.167.116 - - [28/Oct/2025:09:53:20 -0700] "GET /file17.php HTTP/1.1" 301 3877 "-" "Mozilla/5.0 (Macintosh; Intel Mac OS X 10_15_7) AppleWebKit/605.1.15 (KHTML, like Gecko) Version/17.4 Safari/605.1.15" 
165.232.167.116 - - [28/Oct/2025:09:53:21 -0700] "GET /file17.php HTTP/1.1" 404 113988 "-" "Mozilla/5.0 (Macintosh; Intel Mac OS X 10_15_7) AppleWebKit/605.1.15 (KHTML, like Gecko) Version/17.4 Safari/605.1.15" 
165.232.167.116 - - [28/Oct/2025:09:53:24 -0700] "GET /wp-content/akp.php HTTP/1.1" 404 113988 "-" "Mozilla/5.0 (Windows NT 10.0; Win64; x64) AppleWebKit/537.36 (KHTML, like Gecko) Chrome/125.0.0.0 Safari/537.36" 
165.232.167.116 - - [28/Oct/2025:09:53:27 -0700] "GET /wp-content/akp.php HTTP/1.1" 301 3893 "-" "Mozilla/5.0 (Linux; Android 11; SM-A205U) AppleWebKit/537.36 (KHTML, like Gecko) Chrome/124.0.0.0 Mobile Safari/537.36" 
165.232.167.116 - - [28/Oct/2025:09:53:28 -0700] "GET /wp-content/akp.php HTTP/1.1" 404 113999 "-" "Mozilla/5.0 (Linux; Android 11; SM-A205U) AppleWebKit/537.36 (KHTML, like Gecko) Chrome/124.0.0.0 Mobile Safari/537.36" 
165.232.167.116 - - [28/Oct/2025:09:53:31 -0700] "GET /wp-content/plugins/hanau/akc.php HTTP/1.1" 404 114081 "-" "Mozilla/5.0 (Windows NT 10.0; Win64; x64) AppleWebKit/537.36 (KHTML, like Gecko) Chrome/125.0.0.0 Safari/537.36" 
165.232.167.116 - - [28/Oct/2025:09:53:34 -0700] "GET /wp-content/plugins/hanau/akc.php HTTP/1.1" 301 3921 "-" "Mozilla/5.0 (iPad; CPU OS 17_5 like Mac OS X) AppleWebKit/605.1.15 (KHTML, like Gecko) Version/17.5 Mobile/15E148 Safari/604.1" 
165.232.167.116 - - [28/Oct/2025:09:53:35 -0700] "GET /wp-content/plugins/hanau/akc.php HTTP/1.1" 404 114092 "-" "Mozilla/5.0 (iPad; CPU OS 17_5 like Mac OS X) AppleWebKit/605.1.15 (KHTML, like Gecko) Version/17.5 Mobile/15E148 Safari/604.1" 
165.232.167.116 - - [28/Oct/2025:09:53:38 -0700] "GET /aw.php HTTP/1.1" 404 113999 "-" "Mozilla/5.0 (iPad; CPU OS 17_5 like Mac OS X) AppleWebKit/605.1.15 (KHTML, like Gecko) Version/17.5 Mobile/15E148 Safari/604.1" 
165.232.167.116 - - [28/Oct/2025:09:53:40 -0700] "GET /aw.php HTTP/1.1" 301 3869 "-" "Mozilla/5.0 (iPad; CPU OS 17_5 like Mac OS X) AppleWebKit/605.1.15 (KHTML, like Gecko) Version/17.5 Mobile/15E148 Safari/604.1" 
165.232.167.116 - - [28/Oct/2025:09:53:41 -0700] "GET /aw.php HTTP/1.1" 404 113999 "-" "Mozilla/5.0 (iPad; CPU OS 17_5 like Mac OS X) AppleWebKit/605.1.15 (KHTML, like Gecko) Version/17.5 Mobile/15E148 Safari/604.1" 
165.232.167.116 - - [28/Oct/2025:09:53:43 -0700] "GET /wp-content/plugins/geu/geu.php HTTP/1.1" 404 114092 "-" "Mozilla/5.0 (Linux; Android 11; SM-A205U) AppleWebKit/537.36 (KHTML, like Gecko) Chrome/124.0.0.0 Mobile Safari/537.36" 
165.232.167.116 - - [28/Oct/2025:09:53:45 -0700] "GET /wp-content/plugins/geu/geu.php HTTP/1.1" 301 3917 "-" "Mozilla/5.0 (X11; Ubuntu; Linux x86_64; rv:125.0) Gecko/20100101 Firefox/125.0" 
165.232.167.116 - - [28/Oct/2025:09:53:46 -0700] "GET /wp-content/plugins/geu/geu.php HTTP/1.1" 404 114081 "-" "Mozilla/5.0 (X11; Ubuntu; Linux x86_64; rv:125.0) Gecko/20100101 Firefox/125.0" 
165.232.167.116 - - [28/Oct/2025:09:53:48 -0700] "GET /wp-content/plugins/deu/ms.php HTTP/1.1" 404 114081 "-" "Mozilla/5.0 (Macintosh; Intel Mac OS X 10_15_7) AppleWebKit/605.1.15 (KHTML, like Gecko) Version/17.4 Safari/605.1.15" 
165.232.167.116 - - [28/Oct/2025:09:53:51 -0700] "GET /wp-content/plugins/deu/ms.php HTTP/1.1" 301 3915 "-" "Mozilla/5.0 (Windows NT 6.1; Win64; x64) AppleWebKit/537.36 (KHTML, like Gecko) Chrome/120.0.0.0 Safari/537.36" 
165.232.167.116 - - [28/Oct/2025:09:53:51 -0700] "GET /wp-content/plugins/deu/ms.php HTTP/1.1" 404 114081 "-" "Mozilla/5.0 (Windows NT 6.1; Win64; x64) AppleWebKit/537.36 (KHTML, like Gecko) Chrome/120.0.0.0 Safari/537.36" 
15.235.98.202 - - [28/Oct/2025:09:53:53 -0700] "GET /?products=4826828 HTTP/2.0" 200 31028 "-" "Mozilla/5.0 (compatible; AhrefsBot/7.0; +http://ahrefs.com/robot/)" 
165.232.167.116 - - [28/Oct/2025:09:53:54 -0700] "GET /wp-content/plugins/view-ad/ms.php HTTP/1.1" 404 114092 "-" "Mozilla/5.0 (iPad; CPU OS 17_5 like Mac OS X) AppleWebKit/605.1.15 (KHTML, like Gecko) Version/17.5 Mobile/15E148 Safari/604.1" 
165.232.167.116 - - [28/Oct/2025:09:53:56 -0700] "GET /wp-content/plugins/view-ad/ms.php HTTP/1.1" 301 3923 "-" "Mozilla/5.0 (Windows NT 6.1; Win64; x64) AppleWebKit/537.36 (KHTML, like Gecko) Chrome/120.0.0.0 Safari/537.36" 
165.232.167.116 - - [28/Oct/2025:09:53:57 -0700] "GET /wp-content/plugins/view-ad/ms.php HTTP/1.1" 404 114081 "-" "Mozilla/5.0 (Windows NT 6.1; Win64; x64) AppleWebKit/537.36 (KHTML, like Gecko) Chrome/120.0.0.0 Safari/537.36" 
165.232.167.116 - - [28/Oct/2025:09:53:59 -0700] "GET /wp-content/plugins/aafr/uploader.php HTTP/1.1" 404 114081 "-" "Mozilla/5.0 (Windows NT 10.0; rv:124.0) Gecko/20100101 Firefox/124.0" 
165.232.167.116 - - [28/Oct/2025:09:54:01 -0700] "GET /wp-content/plugins/aafr/uploader.php HTTP/1.1" 301 3929 "-" "Mozilla/5.0 (Linux; Android 13; Pixel 7 Pro) AppleWebKit/537.36 (KHTML, like Gecko) Chrome/125.0.0.0 Mobile Safari/537.36" 
69.163.179.91 - - [28/Oct/2025:09:54:03 -0700] "POST /wp-cron.php?doing_wp_cron=1761670443.0305290222167968750000 HTTP/1.1" 200 3647 "-" "WordPress/6.8.3; https://www.elconferencista.com" 
165.232.167.116 - - [28/Oct/2025:09:54:02 -0700] "GET /wp-content/plugins/aafr/uploader.php HTTP/1.1" 404 114092 "-" "Mozilla/5.0 (Linux; Android 13; Pixel 7 Pro) AppleWebKit/537.36 (KHTML, like Gecko) Chrome/125.0.0.0 Mobile Safari/537.36" 
165.232.167.116 - - [28/Oct/2025:09:54:05 -0700] "GET /wp-content/plugins/elex/elex.php HTTP/1.1" 404 114081 "-" "Mozilla/5.0 (Windows NT 6.1; Win64; x64) AppleWebKit/537.36 (KHTML, like Gecko) Chrome/120.0.0.0 Safari/537.36" 
165.232.167.116 - - [28/Oct/2025:09:54:07 -0700] "GET /wp-content/plugins/elex/elex.php HTTP/1.1" 301 3921 "-" "Mozilla/5.0 (Windows NT 10.0; Win64; x64) AppleWebKit/537.36 (KHTML, like Gecko) Chrome/125.0.0.0 Safari/537.36" 
165.232.167.116 - - [28/Oct/2025:09:54:08 -0700] "GET /wp-content/plugins/elex/elex.php HTTP/1.1" 404 114081 "-" "Mozilla/5.0 (Windows NT 10.0; Win64; x64) AppleWebKit/537.36 (KHTML, like Gecko) Chrome/125.0.0.0 Safari/537.36" 
165.232.167.116 - - [28/Oct/2025:09:54:10 -0700] "GET /wp-content/plugins/yanierin/akcc.php HTTP/1.1" 404 114092 "-" "Mozilla/5.0 (iPad; CPU OS 17_5 like Mac OS X) AppleWebKit/605.1.15 (KHTML, like Gecko) Version/17.5 Mobile/15E148 Safari/604.1" 
165.232.167.116 - - [28/Oct/2025:09:54:13 -0700] "GET /wp-content/plugins/yanierin/akcc.php HTTP/1.1" 301 3929 "-" "Mozilla/5.0 (Windows NT 6.1; Win64; x64) AppleWebKit/537.36 (KHTML, like Gecko) Chrome/120.0.0.0 Safari/537.36" 
165.232.167.116 - - [28/Oct/2025:09:54:13 -0700] "GET /wp-content/plugins/yanierin/akcc.php HTTP/1.1" 404 114081 "-" "Mozilla/5.0 (Windows NT 6.1; Win64; x64) AppleWebKit/537.36 (KHTML, like Gecko) Chrome/120.0.0.0 Safari/537.36" 
165.232.167.116 - - [28/Oct/2025:09:54:16 -0700] "GET /mass.php HTTP/1.1" 404 113988 "-" "Mozilla/5.0 (X11; Linux x86_64) AppleWebKit/537.36 (KHTML, like Gecko) Chrome/123.0.0.0 Safari/537.36" 
165.232.167.116 - - [28/Oct/2025:09:54:18 -0700] "GET /mass.php HTTP/1.1" 301 3873 "-" "Mozilla/5.0 (Windows NT 10.0; Win64; x64) AppleWebKit/537.36 (KHTML, like Gecko) Chrome/125.0.0.0 Safari/537.36" 
165.232.167.116 - - [28/Oct/2025:09:54:19 -0700] "GET /mass.php HTTP/1.1" 404 113988 "-" "Mozilla/5.0 (Windows NT 10.0; Win64; x64) AppleWebKit/537.36 (KHTML, like Gecko) Chrome/125.0.0.0 Safari/537.36" 
165.232.167.116 - - [28/Oct/2025:09:54:22 -0700] "GET /plugins/kontol/wp-crom.php HTTP/1.1" 404 114081 "-" "Mozilla/5.0 (Macintosh; Intel Mac OS X 10_15_7) AppleWebKit/605.1.15 (KHTML, like Gecko) Version/17.4 Safari/605.1.15" 
165.232.167.116 - - [28/Oct/2025:09:54:24 -0700] "GET /plugins/kontol/wp-crom.php HTTP/1.1" 301 3909 "-" "Mozilla/5.0 (X11; Ubuntu; Linux x86_64; rv:125.0) Gecko/20100101 Firefox/125.0" 
165.232.167.116 - - [28/Oct/2025:09:54:25 -0700] "GET /plugins/kontol/wp-crom.php HTTP/1.1" 404 114081 "-" "Mozilla/5.0 (X11; Ubuntu; Linux x86_64; rv:125.0) Gecko/20100101 Firefox/125.0" 
165.232.167.116 - - [28/Oct/2025:09:54:27 -0700] "GET /wp-content/plugins/view-source/ioxi-o2.php HTTP/1.1" 404 114081 "-" "Mozilla/5.0 (X11; Linux x86_64) AppleWebKit/537.36 (KHTML, like Gecko) Chrome/123.0.0.0 Safari/537.36" 
165.232.167.116 - - [28/Oct/2025:09:54:29 -0700] "GET /wp-content/plugins/view-source/ioxi-o2.php HTTP/1.1" 301 3941 "-" "Mozilla/5.0 (X11; Linux x86_64) AppleWebKit/537.36 (KHTML, like Gecko) Chrome/123.0.0.0 Safari/537.36" 
165.232.167.116 - - [28/Oct/2025:09:54:30 -0700] "GET /wp-content/plugins/view-source/ioxi-o2.php HTTP/1.1" 404 114081 "-" "Mozilla/5.0 (X11; Linux x86_64) AppleWebKit/537.36 (KHTML, like Gecko) Chrome/123.0.0.0 Safari/537.36" 
165.232.167.116 - - [28/Oct/2025:09:54:33 -0700] "GET /wp-content/plugins/index-path.php HTTP/1.1" 404 114081 "-" "Mozilla/5.0 (Windows NT 10.0; rv:124.0) Gecko/20100101 Firefox/124.0" 
165.232.167.116 - - [28/Oct/2025:09:54:35 -0700] "GET /wp-content/plugins/index-path.php HTTP/1.1" 301 3923 "-" "Mozilla/5.0 (Windows NT 6.1; Win64; x64) AppleWebKit/537.36 (KHTML, like Gecko) Chrome/120.0.0.0 Safari/537.36" 
165.232.167.116 - - [28/Oct/2025:09:54:35 -0700] "GET /wp-content/plugins/index-path.php HTTP/1.1" 404 114081 "-" "Mozilla/5.0 (Windows NT 6.1; Win64; x64) AppleWebKit/537.36 (KHTML, like Gecko) Chrome/120.0.0.0 Safari/537.36" 
165.232.167.116 - - [28/Oct/2025:09:54:37 -0700] "GET /wp-content/themes/pridmag/db.php HTTP/1.1" 404 114081 "-" "Mozilla/5.0 (Windows NT 6.1; Win64; x64) AppleWebKit/537.36 (KHTML, like Gecko) Chrome/120.0.0.0 Safari/537.36" 
165.232.167.116 - - [28/Oct/2025:09:54:39 -0700] "GET /wp-content/themes/pridmag/db.php HTTP/1.1" 301 3921 "-" "Mozilla/5.0 (Macintosh; Intel Mac OS X 10_15_7) AppleWebKit/605.1.15 (KHTML, like Gecko) Version/17.4 Safari/605.1.15" 
165.232.167.116 - - [28/Oct/2025:09:54:40 -0700] "GET /wp-content/themes/pridmag/db.php HTTP/1.1" 404 114081 "-" "Mozilla/5.0 (Macintosh; Intel Mac OS X 10_15_7) AppleWebKit/605.1.15 (KHTML, like Gecko) Version/17.4 Safari/605.1.15" 
165.232.167.116 - - [28/Oct/2025:09:54:43 -0700] "GET /wp-content/plugins/WordPressCore/include.php HTTP/1.1" 404 114092 "-" "Mozilla/5.0 (Linux; Android 11; SM-A205U) AppleWebKit/537.36 (KHTML, like Gecko) Chrome/124.0.0.0 Mobile Safari/537.36" 
165.232.167.116 - - [28/Oct/2025:09:54:44 -0700] "GET /wp-content/plugins/WordPressCore/include.php HTTP/1.1" 301 3945 "-" "Mozilla/5.0 (Linux; Android 13; Pixel 7 Pro) AppleWebKit/537.36 (KHTML, like Gecko) Chrome/125.0.0.0 Mobile Safari/537.36" 
165.232.167.116 - - [28/Oct/2025:09:54:45 -0700] "GET /wp-content/plugins/WordPressCore/include.php HTTP/1.1" 404 114092 "-" "Mozilla/5.0 (Linux; Android 13; Pixel 7 Pro) AppleWebKit/537.36 (KHTML, like Gecko) Chrome/125.0.0.0 Mobile Safari/537.36" 
165.232.167.116 - - [28/Oct/2025:09:54:48 -0700] "GET /wp-content/plugins/WordPressCore-1/include.php HTTP/1.1" 404 114081 "-" "Mozilla/5.0 (X11; Linux x86_64) AppleWebKit/537.36 (KHTML, like Gecko) Chrome/123.0.0.0 Safari/537.36" 
165.232.167.116 - - [28/Oct/2025:09:54:50 -0700] "GET /wp-content/plugins/WordPressCore-1/include.php HTTP/1.1" 301 3949 "-" "Mozilla/5.0 (X11; Linux x86_64) AppleWebKit/537.36 (KHTML, like Gecko) Chrome/123.0.0.0 Safari/537.36" 
165.232.167.116 - - [28/Oct/2025:09:54:51 -0700] "GET /wp-content/plugins/WordPressCore-1/include.php HTTP/1.1" 404 114081 "-" "Mozilla/5.0 (X11; Linux x86_64) AppleWebKit/537.36 (KHTML, like Gecko) Chrome/123.0.0.0 Safari/537.36" 
165.232.167.116 - - [28/Oct/2025:09:54:53 -0700] "GET /wp-content/themes/include.php HTTP/1.1" 404 114092 "-" "Mozilla/5.0 (Linux; Android 13; Pixel 7 Pro) AppleWebKit/537.36 (KHTML, like Gecko) Chrome/125.0.0.0 Mobile Safari/537.36" 
165.232.167.116 - - [28/Oct/2025:09:54:55 -0700] "GET /wp-content/themes/include.php HTTP/1.1" 301 3915 "-" "Mozilla/5.0 (X11; Linux x86_64) AppleWebKit/537.36 (KHTML, like Gecko) Chrome/123.0.0.0 Safari/537.36" 
165.232.167.116 - - [28/Oct/2025:09:54:55 -0700] "GET /wp-content/themes/include.php HTTP/1.1" 404 114081 "-" "Mozilla/5.0 (X11; Linux x86_64) AppleWebKit/537.36 (KHTML, like Gecko) Chrome/123.0.0.0 Safari/537.36" 
165.232.167.116 - - [28/Oct/2025:09:54:58 -0700] "GET /wp-content/plugins/include.php HTTP/1.1" 404 114092 "-" "Mozilla/5.0 (Linux; Android 11; SM-A205U) AppleWebKit/537.36 (KHTML, like Gecko) Chrome/124.0.0.0 Mobile Safari/537.36" 
165.232.167.116 - - [28/Oct/2025:09:55:00 -0700] "GET /wp-content/plugins/include.php HTTP/1.1" 301 3917 "-" "Mozilla/5.0 (X11; Linux x86_64) AppleWebKit/537.36 (KHTML, like Gecko) Chrome/123.0.0.0 Safari/537.36" 
165.232.167.116 - - [28/Oct/2025:09:55:01 -0700] "GET /wp-content/plugins/include.php HTTP/1.1" 404 114081 "-" "Mozilla/5.0 (X11; Linux x86_64) AppleWebKit/537.36 (KHTML, like Gecko) Chrome/123.0.0.0 Safari/537.36" 
69.163.179.91 - - [28/Oct/2025:09:55:04 -0700] "POST /wp-cron.php?doing_wp_cron=1761670504.3627150058746337890625 HTTP/1.1" 200 3647 "-" "WordPress/6.8.3; https://www.elconferencista.com" 
165.232.167.116 - - [28/Oct/2025:09:55:03 -0700] "GET /wp-content/plugins/core-plugin/include.php HTTP/1.1" 404 114081 "-" "Mozilla/5.0 (Windows NT 10.0; Win64; x64) AppleWebKit/537.36 (KHTML, like Gecko) Chrome/125.0.0.0 Safari/537.36" 
165.232.167.116 - - [28/Oct/2025:09:55:06 -0700] "GET /wp-content/plugins/core-plugin/include.php HTTP/1.1" 301 3941 "-" "Mozilla/5.0 (Windows NT 10.0; rv:124.0) Gecko/20100101 Firefox/124.0" 
165.232.167.116 - - [28/Oct/2025:09:55:07 -0700] "GET /wp-content/plugins/core-plugin/include.php HTTP/1.1" 404 114081 "-" "Mozilla/5.0 (Windows NT 10.0; rv:124.0) Gecko/20100101 Firefox/124.0" 
165.232.167.116 - - [28/Oct/2025:09:55:09 -0700] "GET /wp-content/plugins/core-plugin-1/include.php HTTP/1.1" 404 114092 "-" "Mozilla/5.0 (Linux; Android 11; SM-A205U) AppleWebKit/537.36 (KHTML, like Gecko) Chrome/124.0.0.0 Mobile Safari/537.36" 
165.232.167.116 - - [28/Oct/2025:09:55:11 -0700] "GET /wp-content/plugins/core-plugin-1/include.php HTTP/1.1" 301 3945 "-" "Mozilla/5.0 (Linux; Android 13; Pixel 7 Pro) AppleWebKit/537.36 (KHTML, like Gecko) Chrome/125.0.0.0 Mobile Safari/537.36" 
165.232.167.116 - - [28/Oct/2025:09:55:12 -0700] "GET /wp-content/plugins/core-plugin-1/include.php HTTP/1.1" 404 114092 "-" "Mozilla/5.0 (Linux; Android 13; Pixel 7 Pro) AppleWebKit/537.36 (KHTML, like Gecko) Chrome/125.0.0.0 Mobile Safari/537.36" 
165.232.167.116 - - [28/Oct/2025:09:55:14 -0700] "GET /wp-includes/images/include.php HTTP/1.1" 404 114081 "-" "Mozilla/5.0 (Windows NT 10.0; rv:124.0) Gecko/20100101 Firefox/124.0" 
165.232.167.116 - - [28/Oct/2025:09:55:16 -0700] "GET /wp-includes/images/include.php HTTP/1.1" 301 3917 "-" "Mozilla/5.0 (Linux; Android 13; Pixel 7 Pro) AppleWebKit/537.36 (KHTML, like Gecko) Chrome/125.0.0.0 Mobile Safari/537.36" 
165.232.167.116 - - [28/Oct/2025:09:55:17 -0700] "GET /wp-includes/images/include.php HTTP/1.1" 404 114092 "-" "Mozilla/5.0 (Linux; Android 13; Pixel 7 Pro) AppleWebKit/537.36 (KHTML, like Gecko) Chrome/125.0.0.0 Mobile Safari/537.36" 
165.232.167.116 - - [28/Oct/2025:09:55:19 -0700] "GET /wp-includes/widgets/include.php HTTP/1.1" 404 114092 "-" "Mozilla/5.0 (Linux; Android 11; SM-A205U) AppleWebKit/537.36 (KHTML, like Gecko) Chrome/124.0.0.0 Mobile Safari/537.36" 
165.232.167.116 - - [28/Oct/2025:09:55:21 -0700] "GET /wp-includes/widgets/include.php HTTP/1.1" 301 3919 "-" "Mozilla/5.0 (Windows NT 6.1; Win64; x64) AppleWebKit/537.36 (KHTML, like Gecko) Chrome/120.0.0.0 Safari/537.36" 
165.232.167.116 - - [28/Oct/2025:09:55:22 -0700] "GET /wp-includes/widgets/include.php HTTP/1.1" 404 114081 "-" "Mozilla/5.0 (Windows NT 6.1; Win64; x64) AppleWebKit/537.36 (KHTML, like Gecko) Chrome/120.0.0.0 Safari/537.36" 
51.161.37.78 - - [28/Oct/2025:09:57:08 -0700] "GET /?products=4831440 HTTP/2.0" 200 31028 "-" "Mozilla/5.0 (compatible; AhrefsBot/7.0; +http://ahrefs.com/robot/)" 
69.163.179.91 - - [28/Oct/2025:09:57:10 -0700] "POST /wp-cron.php?doing_wp_cron=1761670630.2396209239959716796875 HTTP/1.1" 200 3647 "-" "WordPress/6.8.3; https://www.elconferencista.com" 
15.235.27.148 - - [28/Oct/2025:10:00:13 -0700] "GET /?products=4829718 HTTP/2.0" 200 31028 "-" "Mozilla/5.0 (compatible; AhrefsBot/7.0; +http://ahrefs.com/robot/)" 
69.163.179.91 - - [28/Oct/2025:10:00:15 -0700] "POST /wp-cron.php?doing_wp_cron=1761670815.1662759780883789062500 HTTP/1.1" 200 3647 "-" "WordPress/6.8.3; https://www.elconferencista.com" 
54.39.89.180 - - [28/Oct/2025:10:02:56 -0700] "GET /?products=4829664 HTTP/2.0" 200 31028 "-" "Mozilla/5.0 (compatible; AhrefsBot/7.0; +http://ahrefs.com/robot/)" 
69.163.179.91 - - [28/Oct/2025:10:02:58 -0700] "POST /wp-cron.php?doing_wp_cron=1761670978.2085289955139160156250 HTTP/1.1" 200 3647 "-" "WordPress/6.8.3; https://www.elconferencista.com" 
54.39.210.222 - - [28/Oct/2025:10:05:44 -0700] "GET /?products=4829636 HTTP/2.0" 200 31028 "-" "Mozilla/5.0 (compatible; AhrefsBot/7.0; +http://ahrefs.com/robot/)" 
69.163.179.91 - - [28/Oct/2025:10:05:45 -0700] "POST /wp-cron.php?doing_wp_cron=1761671145.7408099174499511718750 HTTP/1.1" 200 3647 "-" "WordPress/6.8.3; https://www.elconferencista.com" 
142.44.225.211 - - [28/Oct/2025:10:08:28 -0700] "GET /?products=4829568 HTTP/2.0" 200 31028 "-" "Mozilla/5.0 (compatible; AhrefsBot/7.0; +http://ahrefs.com/robot/)" 
69.163.179.91 - - [28/Oct/2025:10:08:29 -0700] "POST /wp-cron.php?doing_wp_cron=1761671309.8091259002685546875000 HTTP/1.1" 200 3647 "-" "WordPress/6.8.3; https://www.elconferencista.com" 
98.158.94.14 - - [28/Oct/2025:10:10:29 -0700] "POST /xmlrpc.php HTTP/1.1" 429 3623 "-" "Mozilla/5.0 (Windows NT 10.0; Win64; x64; rv:64.0) Gecko/20100101 Firefox/64.0" 
51.222.168.220 - - [28/Oct/2025:10:11:14 -0700] "GET /?products=4829550 HTTP/2.0" 200 31028 "-" "Mozilla/5.0 (compatible; AhrefsBot/7.0; +http://ahrefs.com/robot/)" 
69.163.179.91 - - [28/Oct/2025:10:11:16 -0700] "POST /wp-cron.php?doing_wp_cron=1761671475.9855899810791015625000 HTTP/1.1" 200 3647 "-" "WordPress/6.8.3; https://www.elconferencista.com" 
69.163.179.91 - - [28/Oct/2025:10:13:45 -0700] "POST /wp-cron.php?doing_wp_cron=1761671625.2445650100708007812500 HTTP/1.1" 200 3647 "-" "WordPress/6.8.3; https://www.elconferencista.com" 
69.163.179.91 - - [28/Oct/2025:10:13:46 -0700] "POST /wp-cron.php?doing_wp_cron=1761671626.2992930412292480468750 HTTP/1.1" 200 3647 "-" "WordPress/6.8.3; https://www.elconferencista.com" 
142.44.225.223 - - [28/Oct/2025:10:13:43 -0700] "GET /?products=4829396 HTTP/2.0" 200 31028 "-" "Mozilla/5.0 (compatible; AhrefsBot/7.0; +http://ahrefs.com/robot/)" 
15.235.98.165 - - [28/Oct/2025:10:16:12 -0700] "GET /?products=4829338 HTTP/2.0" 200 31019 "-" "Mozilla/5.0 (compatible; AhrefsBot/7.0; +http://ahrefs.com/robot/)" 
69.163.179.91 - - [28/Oct/2025:10:16:14 -0700] "POST /wp-cron.php?doing_wp_cron=1761671774.0935230255126953125000 HTTP/1.1" 200 3647 "-" "WordPress/6.8.3; https://www.elconferencista.com" 
54.39.0.64 - - [28/Oct/2025:10:18:44 -0700] "GET /?products=4829266 HTTP/2.0" 200 31028 "-" "Mozilla/5.0 (compatible; AhrefsBot/7.0; +http://ahrefs.com/robot/)" 
69.163.179.91 - - [28/Oct/2025:10:18:45 -0700] "POST /wp-cron.php?doing_wp_cron=1761671925.7899808883666992187500 HTTP/1.1" 200 3647 "-" "WordPress/6.8.3; https://www.elconferencista.com" 
15.235.98.45 - - [28/Oct/2025:10:21:18 -0700] "GET /?products=4829238 HTTP/2.0" 200 31027 "-" "Mozilla/5.0 (compatible; AhrefsBot/7.0; +http://ahrefs.com/robot/)" 
69.163.179.91 - - [28/Oct/2025:10:21:20 -0700] "POST /wp-cron.php?doing_wp_cron=1761672080.4798789024353027343750 HTTP/1.1" 200 3647 "-" "WordPress/6.8.3; https://www.elconferencista.com" 
15.235.98.192 - - [28/Oct/2025:10:23:48 -0700] "GET /?products=4829184 HTTP/2.0" 200 31028 "-" "Mozilla/5.0 (compatible; AhrefsBot/7.0; +http://ahrefs.com/robot/)" 
69.163.179.91 - - [28/Oct/2025:10:23:49 -0700] "POST /wp-cron.php?doing_wp_cron=1761672229.8747470378875732421875 HTTP/1.1" 200 3647 "-" "WordPress/6.8.3; https://www.elconferencista.com" 
51.195.215.131 - - [28/Oct/2025:10:26:32 -0700] "GET /robots.txt HTTP/2.0" 200 278 "-" "Mozilla/5.0 (compatible; AhrefsBot/7.0; +http://ahrefs.com/robot/)" 
54.39.89.115 - - [28/Oct/2025:10:26:35 -0700] "GET /?products=4829160 HTTP/2.0" 200 31028 "-" "Mozilla/5.0 (compatible; AhrefsBot/7.0; +http://ahrefs.com/robot/)" 
69.163.179.91 - - [28/Oct/2025:10:26:37 -0700] "POST /wp-cron.php?doing_wp_cron=1761672397.2907240390777587890625 HTTP/1.1" 200 3647 "-" "WordPress/6.8.3; https://www.elconferencista.com" 
167.114.139.19 - - [28/Oct/2025:10:29:39 -0700] "GET /?products=4829142 HTTP/2.0" 200 31028 "-" "Mozilla/5.0 (compatible; AhrefsBot/7.0; +http://ahrefs.com/robot/)" 
69.163.179.91 - - [28/Oct/2025:10:29:40 -0700] "POST /wp-cron.php?doing_wp_cron=1761672580.7880399227142333984375 HTTP/1.1" 200 3647 "-" "WordPress/6.8.3; https://www.elconferencista.com" 
142.44.220.139 - - [28/Oct/2025:10:32:45 -0700] "GET /?products=4829108 HTTP/2.0" 200 31027 "-" "Mozilla/5.0 (compatible; AhrefsBot/7.0; +http://ahrefs.com/robot/)" 
69.163.179.91 - - [28/Oct/2025:10:32:47 -0700] "POST /wp-cron.php?doing_wp_cron=1761672767.5780971050262451171875 HTTP/1.1" 200 3647 "-" "WordPress/6.8.3; https://www.elconferencista.com" 
142.44.233.127 - - [28/Oct/2025:10:35:31 -0700] "GET /?products=4829098 HTTP/2.0" 200 31027 "-" "Mozilla/5.0 (compatible; AhrefsBot/7.0; +http://ahrefs.com/robot/)" 
69.163.179.91 - - [28/Oct/2025:10:35:33 -0700] "POST /wp-cron.php?doing_wp_cron=1761672933.0952379703521728515625 HTTP/1.1" 200 3647 "-" "WordPress/6.8.3; https://www.elconferencista.com" 
54.39.6.46 - - [28/Oct/2025:10:38:28 -0700] "GET /?products=4829064 HTTP/2.0" 200 31027 "-" "Mozilla/5.0 (compatible; AhrefsBot/7.0; +http://ahrefs.com/robot/)" 
69.163.179.91 - - [28/Oct/2025:10:38:30 -0700] "POST /wp-cron.php?doing_wp_cron=1761673110.1563289165496826171875 HTTP/1.1" 200 3647 "-" "WordPress/6.8.3; https://www.elconferencista.com" 
142.44.220.78 - - [28/Oct/2025:10:41:27 -0700] "GET /?products=4828930 HTTP/2.0" 200 31028 "-" "Mozilla/5.0 (compatible; AhrefsBot/7.0; +http://ahrefs.com/robot/)" 
69.163.179.91 - - [28/Oct/2025:10:41:29 -0700] "POST /wp-cron.php?doing_wp_cron=1761673289.3270740509033203125000 HTTP/1.1" 200 3647 "-" "WordPress/6.8.3; https://www.elconferencista.com" 
69.163.179.91 - - [28/Oct/2025:10:42:45 -0700] "POST /wp-cron.php?doing_wp_cron=1761673365.7625799179077148437500 HTTP/1.1" 200 3647 "-" "WordPress/6.8.3; https://www.elconferencista.com" 
43.153.107.22 - - [28/Oct/2025:10:42:45 -0700] "GET / HTTP/1.1" 200 34801 "http://www.elconferencista.com" "Mozilla/5.0 (iPhone; CPU iPhone OS 13_2_3 like Mac OS X) AppleWebKit/605.1.15 (KHTML, like Gecko) Version/13.0.3 Mobile/15E148 Safari/604.1" 
104.210.140.137 - - [28/Oct/2025:10:44:02 -0700] "GET /robots.txt HTTP/2.0" 301 367 "-" "Mozilla/5.0 (Macintosh; Intel Mac OS X 10_15_7) AppleWebKit/537.36 (KHTML, like Gecko) Chrome/131.0.0.0 Safari/537.36; compatible; OAI-SearchBot/1.0; +https://openai.com/searchbot" 
104.210.140.143 - - [28/Oct/2025:10:44:02 -0700] "GET /robots.txt HTTP/2.0" 200 281 "-" "Mozilla/5.0 (Macintosh; Intel Mac OS X 10_15_7) AppleWebKit/537.36 (KHTML, like Gecko) Chrome/131.0.0.0 Safari/537.36; compatible; OAI-SearchBot/1.0; +https://openai.com/searchbot" 
54.39.6.230 - - [28/Oct/2025:10:44:10 -0700] "GET /?products=4828926 HTTP/2.0" 200 31002 "-" "Mozilla/5.0 (compatible; AhrefsBot/7.0; +http://ahrefs.com/robot/)" 
69.163.179.91 - - [28/Oct/2025:10:44:12 -0700] "POST /wp-cron.php?doing_wp_cron=1761673452.3536169528961181640625 HTTP/1.1" 200 3647 "-" "WordPress/6.8.3; https://www.elconferencista.com" 
15.235.96.168 - - [28/Oct/2025:10:47:18 -0700] "GET /?products=4828820 HTTP/2.0" 200 31028 "-" "Mozilla/5.0 (compatible; AhrefsBot/7.0; +http://ahrefs.com/robot/)" 
69.163.179.91 - - [28/Oct/2025:10:47:20 -0700] "POST /wp-cron.php?doing_wp_cron=1761673640.0364210605621337890625 HTTP/1.1" 200 3647 "-" "WordPress/6.8.3; https://www.elconferencista.com" 
165.227.2.1 - - [28/Oct/2025:10:49:47 -0700] "GET / HTTP/1.1" 200 162574 "-" "Mozilla/5.0 (Windows NT 10.0; Win64; x64) AppleWebKit/537.36 (KHTML, like Gecko) Chrome/125.0.0.0 Safari/537.36" 
165.227.2.1 - - [28/Oct/2025:10:49:47 -0700] "GET /favicon.ico HTTP/1.1" 302 3819 "http://www.elconferencista.com:80/favicon.ico" "Go-http-client/1.1" 
165.227.2.1 - - [28/Oct/2025:10:49:50 -0700] "GET /wp-content/uploads/2022/09/cropped-logo-edner-granados-rojo-32x32.jpeg HTTP/1.1" 200 56899 "https://www.elconferencista.com/favicon.ico" "Go-http-client/1.1" 
165.227.2.1 - - [28/Oct/2025:10:49:50 -0700] "GET /robots.txt HTTP/1.1" 200 3831 "http://www.elconferencista.com:80/robots.txt" "Go-http-client/1.1" 
69.163.179.91 - - [28/Oct/2025:10:49:49 -0700] "POST /wp-cron.php?doing_wp_cron=1761673789.6609981060028076171875 HTTP/1.1" 200 3647 "-" "WordPress/6.8.3; https://www.elconferencista.com" 
165.227.2.1 - - [28/Oct/2025:10:49:51 -0700] "GET /wp-content/uploads/2022/09/cropped-logo-edner-granados-rojo-32x32.jpeg HTTP/1.1" 200 60260 "-" "Go-http-client/1.1" 
165.227.2.1 - - [28/Oct/2025:10:49:51 -0700] "GET /robots.txt HTTP/1.1" 200 3831 "-" "Go-http-client/1.1" 
69.163.179.91 - - [28/Oct/2025:10:50:11 -0700] "POST /wp-cron.php?doing_wp_cron=1761673811.8177781105041503906250 HTTP/1.1" 200 3647 "-" "WordPress/6.8.3; https://www.elconferencista.com" 
54.39.136.32 - - [28/Oct/2025:10:50:11 -0700] "GET /?products=4828810 HTTP/2.0" 200 31028 "-" "Mozilla/5.0 (compatible; AhrefsBot/7.0; +http://ahrefs.com/robot/)" 
142.44.228.70 - - [28/Oct/2025:10:52:37 -0700] "GET /?products=4828714 HTTP/2.0" 200 31028 "-" "Mozilla/5.0 (compatible; AhrefsBot/7.0; +http://ahrefs.com/robot/)" 
69.163.179.91 - - [28/Oct/2025:10:52:39 -0700] "POST /wp-cron.php?doing_wp_cron=1761673959.3031198978424072265625 HTTP/1.1" 200 3647 "-" "WordPress/6.8.3; https://www.elconferencista.com" 
142.44.233.115 - - [28/Oct/2025:10:55:25 -0700] "GET /?products=4828614 HTTP/2.0" 200 31028 "-" "Mozilla/5.0 (compatible; AhrefsBot/7.0; +http://ahrefs.com/robot/)" 
69.163.179.91 - - [28/Oct/2025:10:55:26 -0700] "POST /wp-cron.php?doing_wp_cron=1761674126.6276040077209472656250 HTTP/1.1" 200 3647 "-" "WordPress/6.8.3; https://www.elconferencista.com" 
37.128.148.215 - - [28/Oct/2025:10:55:51 -0700] "POST /xmlrpc.php HTTP/1.1" 429 3638 "-" "Mozilla/5.0 (Windows NT 10.0; Win64; x64; rv:69.0) Gecko/20100101 Firefox/69.0" 
15.235.98.153 - - [28/Oct/2025:10:57:56 -0700] "GET /?products=4828484 HTTP/2.0" 200 31027 "-" "Mozilla/5.0 (compatible; AhrefsBot/7.0; +http://ahrefs.com/robot/)" 
69.163.179.91 - - [28/Oct/2025:10:57:57 -0700] "POST /wp-cron.php?doing_wp_cron=1761674277.5602738857269287109375 HTTP/1.1" 200 3647 "-" "WordPress/6.8.3; https://www.elconferencista.com" 
54.39.0.237 - - [28/Oct/2025:11:00:34 -0700] "GET /?products=4828234 HTTP/2.0" 200 31027 "-" "Mozilla/5.0 (compatible; AhrefsBot/7.0; +http://ahrefs.com/robot/)" 
69.163.179.91 - - [28/Oct/2025:11:00:36 -0700] "POST /wp-cron.php?doing_wp_cron=1761674436.0009820461273193359375 HTTP/1.1" 200 3647 "-" "WordPress/6.8.3; https://www.elconferencista.com" 
54.39.136.68 - - [28/Oct/2025:11:03:19 -0700] "GET /?products=4828206 HTTP/2.0" 200 31028 "-" "Mozilla/5.0 (compatible; AhrefsBot/7.0; +http://ahrefs.com/robot/)" 
69.163.179.91 - - [28/Oct/2025:11:03:21 -0700] "POST /wp-cron.php?doing_wp_cron=1761674601.2963030338287353515625 HTTP/1.1" 200 3647 "-" "WordPress/6.8.3; https://www.elconferencista.com" 
54.39.0.79 - - [28/Oct/2025:11:05:47 -0700] "GET /?products=4828172 HTTP/2.0" 200 31028 "-" "Mozilla/5.0 (compatible; AhrefsBot/7.0; +http://ahrefs.com/robot/)" 
69.163.179.91 - - [28/Oct/2025:11:05:49 -0700] "POST /wp-cron.php?doing_wp_cron=1761674749.3929939270019531250000 HTTP/1.1" 200 3647 "-" "WordPress/6.8.3; https://www.elconferencista.com" 
207.46.13.231 - - [28/Oct/2025:11:06:27 -0700] "GET /robots.txt HTTP/2.0" 200 278 "-" "Mozilla/5.0 AppleWebKit/537.36 (KHTML, like Gecko; compatible; bingbot/2.0; +http://www.bing.com/bingbot.htm) Chrome/116.0.1938.76 Safari/537.36" 
40.77.167.14 - - [28/Oct/2025:11:06:31 -0700] "GET /?15716948?products=0013097463 HTTP/2.0" 200 26826 "-" "Mozilla/5.0 AppleWebKit/537.36 (KHTML, like Gecko; compatible; bingbot/2.0; +http://www.bing.com/bingbot.htm) Chrome/116.0.1938.76 Safari/537.36" 
54.39.210.16 - - [28/Oct/2025:11:08:18 -0700] "GET /?products=4828114 HTTP/2.0" 200 31028 "-" "Mozilla/5.0 (compatible; AhrefsBot/7.0; +http://ahrefs.com/robot/)" 
69.163.179.91 - - [28/Oct/2025:11:08:20 -0700] "POST /wp-cron.php?doing_wp_cron=1761674900.6162800788879394531250 HTTP/1.1" 200 3647 "-" "WordPress/6.8.3; https://www.elconferencista.com" 
142.44.225.188 - - [28/Oct/2025:11:10:41 -0700] "GET /?products=4828080 HTTP/2.0" 200 31028 "-" "Mozilla/5.0 (compatible; AhrefsBot/7.0; +http://ahrefs.com/robot/)" 
69.163.179.91 - - [28/Oct/2025:11:10:42 -0700] "POST /wp-cron.php?doing_wp_cron=1761675042.5383870601654052734375 HTTP/1.1" 200 3647 "-" "WordPress/6.8.3; https://www.elconferencista.com" 
114.119.136.24 - - [28/Oct/2025:11:11:04 -0700] "GET /robots.txt HTTP/1.1" 200 3838 "-" "Mozilla/5.0 (compatible;PetalBot;+https://webmaster.petalsearch.com/site/petalbot)" 
20.41.81.245 - - [28/Oct/2025:11:12:42 -0700] "GET /wp-content/plugins/hellopress/wp_filemanager.php HTTP/1.1" 429 3768 "-" "-" 
20.41.81.245 - - [28/Oct/2025:11:12:42 -0700] "GET /error.php HTTP/1.1" 429 451 "-" "-" 
20.41.81.245 - - [28/Oct/2025:11:12:43 -0700] "GET /031.php HTTP/1.1" 429 451 "-" "-" 
20.41.81.245 - - [28/Oct/2025:11:12:43 -0700] "GET /ilex.php HTTP/1.1" 429 451 "-" "-" 
20.41.81.245 - - [28/Oct/2025:11:12:44 -0700] "GET /flex.php HTTP/1.1" 429 451 "-" "-" 
20.41.81.245 - - [28/Oct/2025:11:12:45 -0700] "GET /mlex.php HTTP/1.1" 429 451 "-" "-" 
20.41.81.245 - - [28/Oct/2025:11:12:45 -0700] "GET /wlex.php HTTP/1.1" 429 451 "-" "-" 
20.41.81.245 - - [28/Oct/2025:11:12:46 -0700] "GET /wp-aaa.php HTTP/1.1" 429 451 "-" "-" 
20.41.81.245 - - [28/Oct/2025:11:12:47 -0700] "GET /klex.php HTTP/1.1" 429 451 "-" "-" 
20.41.81.245 - - [28/Oct/2025:11:12:47 -0700] "GET /about3.php HTTP/1.1" 429 451 "-" "-" 
20.41.81.245 - - [28/Oct/2025:11:12:48 -0700] "GET /222.php HTTP/1.1" 429 451 "-" "-" 
20.41.81.245 - - [28/Oct/2025:11:12:48 -0700] "GET /444.php HTTP/1.1" 429 451 "-" "-" 
20.41.81.245 - - [28/Oct/2025:11:12:49 -0700] "GET /file9.php HTTP/1.1" 429 451 "-" "-" 
20.41.81.245 - - [28/Oct/2025:11:12:49 -0700] "GET /filesss.php HTTP/1.1" 429 451 "-" "-" 
20.41.81.245 - - [28/Oct/2025:11:12:50 -0700] "GET /file88.php HTTP/1.1" 429 451 "-" "-" 
20.41.81.245 - - [28/Oct/2025:11:12:50 -0700] "GET /gifclass4.php HTTP/1.1" 429 451 "-" "-" 
20.41.81.245 - - [28/Oct/2025:11:12:51 -0700] "GET /class-wp.php HTTP/1.1" 429 451 "-" "-" 
20.41.81.245 - - [28/Oct/2025:11:12:51 -0700] "GET /555.php HTTP/1.1" 429 451 "-" "-" 
20.41.81.245 - - [28/Oct/2025:11:12:51 -0700] "GET /333.php HTTP/1.1" 429 451 "-" "-" 
20.41.81.245 - - [28/Oct/2025:11:12:52 -0700] "GET /class19.php HTTP/1.1" 429 451 "-" "-" 
20.41.81.245 - - [28/Oct/2025:11:12:52 -0700] "GET /2clas.php HTTP/1.1" 429 451 "-" "-" 
20.41.81.245 - - [28/Oct/2025:11:12:53 -0700] "GET /bless5.php HTTP/1.1" 429 451 "-" "-" 
20.41.81.245 - - [28/Oct/2025:11:12:53 -0700] "GET /file15.php HTTP/1.1" 429 451 "-" "-" 
20.41.81.245 - - [28/Oct/2025:11:12:54 -0700] "GET /hk.php HTTP/1.1" 429 451 "-" "-" 
20.41.81.245 - - [28/Oct/2025:11:12:54 -0700] "GET /alpa.php HTTP/1.1" 429 451 "-" "-" 
20.41.81.245 - - [28/Oct/2025:11:12:54 -0700] "GET /file21.php HTTP/1.1" 429 451 "-" "-" 
20.41.81.245 - - [28/Oct/2025:11:12:55 -0700] "GET /ssss.php HTTP/1.1" 429 451 "-" "-" 
20.41.81.245 - - [28/Oct/2025:11:12:55 -0700] "GET /ut.php HTTP/1.1" 429 451 "-" "-" 
20.41.81.245 - - [28/Oct/2025:11:12:55 -0700] "GET /inde.php HTTP/1.1" 429 451 "-" "-" 
20.41.81.245 - - [28/Oct/2025:11:12:56 -0700] "GET /classgoto24.php HTTP/1.1" 429 451 "-" "-" 
20.41.81.245 - - [28/Oct/2025:11:12:56 -0700] "GET /030.php HTTP/1.1" 429 451 "-" "-" 
20.41.81.245 - - [28/Oct/2025:11:12:57 -0700] "GET /thh.php HTTP/1.1" 429 451 "-" "-" 
20.41.81.245 - - [28/Oct/2025:11:12:58 -0700] "GET /fffff.php HTTP/1.1" 429 451 "-" "-" 
20.41.81.245 - - [28/Oct/2025:11:12:58 -0700] "GET /indo.php HTTP/1.1" 429 451 "-" "-" 
20.41.81.245 - - [28/Oct/2025:11:12:59 -0700] "GET /fileas.php HTTP/1.1" 429 451 "-" "-" 
20.41.81.245 - - [28/Oct/2025:11:12:59 -0700] "GET /yellow.php HTTP/1.1" 429 451 "-" "-" 
20.41.81.245 - - [28/Oct/2025:11:13:00 -0700] "GET /33.php HTTP/1.1" 429 451 "-" "-" 
20.41.81.245 - - [28/Oct/2025:11:13:00 -0700] "GET /plss3.php HTTP/1.1" 429 451 "-" "-" 
20.41.81.245 - - [28/Oct/2025:11:13:01 -0700] "GET /he.php HTTP/1.1" 429 451 "-" "-" 
20.41.81.245 - - [28/Oct/2025:11:13:01 -0700] "GET /thxt.php HTTP/1.1" 429 451 "-" "-" 
20.41.81.245 - - [28/Oct/2025:11:13:02 -0700] "GET /wfile.php HTTP/1.1" 429 451 "-" "-" 
20.41.81.245 - - [28/Oct/2025:11:13:02 -0700] "GET /class20.php HTTP/1.1" 429 451 "-" "-" 
20.41.81.245 - - [28/Oct/2025:11:13:03 -0700] "GET /build.php HTTP/1.1" 429 451 "-" "-" 
20.41.81.245 - - [28/Oct/2025:11:13:03 -0700] "GET /1.php HTTP/1.1" 429 451 "-" "-" 
20.41.81.245 - - [28/Oct/2025:11:13:04 -0700] "GET /usep.php HTTP/1.1" 429 451 "-" "-" 
20.41.81.245 - - [28/Oct/2025:11:13:04 -0700] "GET /wa.php HTTP/1.1" 429 451 "-" "-" 
20.41.81.245 - - [28/Oct/2025:11:13:05 -0700] "GET /wb.php HTTP/1.1" 429 451 "-" "-" 
20.41.81.245 - - [28/Oct/2025:11:13:05 -0700] "GET /file1.php HTTP/1.1" 429 451 "-" "-" 
20.41.81.245 - - [28/Oct/2025:11:13:06 -0700] "GET /2.php HTTP/1.1" 429 451 "-" "-" 
20.41.81.245 - - [28/Oct/2025:11:13:06 -0700] "GET /a2.php HTTP/1.1" 429 451 "-" "-" 
20.41.81.245 - - [28/Oct/2025:11:13:06 -0700] "GET /a.php HTTP/1.1" 429 451 "-" "-" 
20.41.81.245 - - [28/Oct/2025:11:13:07 -0700] "GET /gmo.php HTTP/1.1" 429 451 "-" "-" 
20.41.81.245 - - [28/Oct/2025:11:13:07 -0700] "GET /info.php HTTP/1.1" 429 451 "-" "-" 
20.41.81.245 - - [28/Oct/2025:11:13:08 -0700] "GET /file2.php HTTP/1.1" 429 451 "-" "-" 
20.41.81.245 - - [28/Oct/2025:11:13:08 -0700] "GET /lv.php HTTP/1.1" 429 451 "-" "-" 
20.41.81.245 - - [28/Oct/2025:11:13:09 -0700] "GET /about.php HTTP/1.1" 429 451 "-" "-" 
20.41.81.245 - - [28/Oct/2025:11:13:10 -0700] "GET /abcd.php HTTP/1.1" 429 451 "-" "-" 
20.41.81.245 - - [28/Oct/2025:11:13:10 -0700] "GET /lock360.php HTTP/1.1" 429 451 "-" "-" 
20.41.81.245 - - [28/Oct/2025:11:13:10 -0700] "GET /alfa.php HTTP/1.1" 429 451 "-" "-" 
20.41.81.245 - - [28/Oct/2025:11:13:11 -0700] "GET /NewFile.php HTTP/1.1" 429 451 "-" "-" 
20.41.81.245 - - [28/Oct/2025:11:13:11 -0700] "GET /atomlib.php HTTP/1.1" 429 451 "-" "-" 
20.41.81.245 - - [28/Oct/2025:11:13:12 -0700] "GET /wp.php HTTP/1.1" 429 451 "-" "-" 
20.41.81.245 - - [28/Oct/2025:11:13:12 -0700] "GET /system_log.php HTTP/1.1" 429 451 "-" "-" 
20.41.81.245 - - [28/Oct/2025:11:13:13 -0700] "GET /pp.php HTTP/1.1" 429 451 "-" "-" 
20.41.81.245 - - [28/Oct/2025:11:13:13 -0700] "GET /geck.php HTTP/1.1" 429 451 "-" "-" 
20.41.81.245 - - [28/Oct/2025:11:13:13 -0700] "GET /gm.php HTTP/1.1" 429 451 "-" "-" 
20.41.81.245 - - [28/Oct/2025:11:13:14 -0700] "GET /makeasmtp.php HTTP/1.1" 429 451 "-" "-" 
20.41.81.245 - - [28/Oct/2025:11:13:14 -0700] "GET /cccc.php HTTP/1.1" 429 451 "-" "-" 
20.41.81.245 - - [28/Oct/2025:11:13:15 -0700] "GET /file4.php HTTP/1.1" 429 451 "-" "-" 
20.41.81.245 - - [28/Oct/2025:11:13:15 -0700] "GET /520.php HTTP/1.1" 429 451 "-" "-" 
20.41.81.245 - - [28/Oct/2025:11:13:16 -0700] "GET /CLA.php HTTP/1.1" 429 451 "-" "-" 
20.41.81.245 - - [28/Oct/2025:11:13:16 -0700] "GET /file18.php HTTP/1.1" 429 451 "-" "-" 
20.41.81.245 - - [28/Oct/2025:11:13:16 -0700] "GET /ffile.php HTTP/1.1" 429 451 "-" "-" 
20.41.81.245 - - [28/Oct/2025:11:13:17 -0700] "GET /file7.php HTTP/1.1" 429 451 "-" "-" 
20.41.81.245 - - [28/Oct/2025:11:13:17 -0700] "GET /file.php HTTP/1.1" 429 451 "-" "-" 
20.41.81.245 - - [28/Oct/2025:11:13:18 -0700] "GET /we.php HTTP/1.1" 429 451 "-" "-" 
20.41.81.245 - - [28/Oct/2025:11:13:18 -0700] "GET /gfile.php HTTP/1.1" 429 451 "-" "-" 
20.41.81.245 - - [28/Oct/2025:11:13:19 -0700] "GET /jlex3.php HTTP/1.1" 429 451 "-" "-" 
20.41.81.245 - - [28/Oct/2025:11:13:19 -0700] "GET /des.php HTTP/1.1" 429 451 "-" "-" 
20.41.81.245 - - [28/Oct/2025:11:13:20 -0700] "GET /aaa.php HTTP/1.1" 429 451 "-" "-" 
20.41.81.245 - - [28/Oct/2025:11:13:20 -0700] "GET /gifclass.php HTTP/1.1" 429 451 "-" "-" 
20.41.81.245 - - [28/Oct/2025:11:13:20 -0700] "GET /vee.php HTTP/1.1" 429 451 "-" "-" 
20.41.81.245 - - [28/Oct/2025:11:13:21 -0700] "GET /efile.php HTTP/1.1" 429 451 "-" "-" 
20.41.81.245 - - [28/Oct/2025:11:13:21 -0700] "GET /afile.php HTTP/1.1" 429 451 "-" "-" 
20.41.81.245 - - [28/Oct/2025:11:13:22 -0700] "GET /errorfile.php HTTP/1.1" 429 451 "-" "-" 
20.41.81.245 - - [28/Oct/2025:11:13:23 -0700] "GET /f35.php HTTP/1.1" 429 451 "-" "-" 
142.44.225.77 - - [28/Oct/2025:11:13:20 -0700] "GET /?products=4827994 HTTP/2.0" 200 31028 "-" "Mozilla/5.0 (compatible; AhrefsBot/7.0; +http://ahrefs.com/robot/)" 
20.41.81.245 - - [28/Oct/2025:11:13:23 -0700] "GET /gool.php HTTP/1.1" 429 451 "-" "-" 
20.41.81.245 - - [28/Oct/2025:11:13:24 -0700] "GET /haikh.php HTTP/1.1" 429 451 "-" "-" 
69.163.179.91 - - [28/Oct/2025:11:13:21 -0700] "POST /wp-cron.php?doing_wp_cron=1761675201.7467470169067382812500 HTTP/1.1" 200 3647 "-" "WordPress/6.8.3; https://www.elconferencista.com" 
20.41.81.245 - - [28/Oct/2025:11:13:24 -0700] "GET /135.php HTTP/1.1" 429 451 "-" "-" 
20.41.81.245 - - [28/Oct/2025:11:13:25 -0700] "GET /enclas.php HTTP/1.1" 429 451 "-" "-" 
20.41.81.245 - - [28/Oct/2025:11:13:25 -0700] "GET /ioxi-o.php HTTP/1.1" 429 451 "-" "-" 
20.41.81.245 - - [28/Oct/2025:11:13:25 -0700] "GET /wp-admin/js/wp-conflg.php?p= HTTP/1.1" 429 451 "-" "-" 
20.41.81.245 - - [28/Oct/2025:11:13:26 -0700] "GET /classwithtostring.php HTTP/1.1" 429 451 "-" "-" 
20.41.81.245 - - [28/Oct/2025:11:13:26 -0700] "GET /image.php HTTP/1.1" 429 451 "-" "-" 
20.41.81.245 - - [28/Oct/2025:11:13:27 -0700] "GET /wp-admin/wp-conflg.php?p= HTTP/1.1" 429 451 "-" "-" 
20.41.81.245 - - [28/Oct/2025:11:13:27 -0700] "GET /mail.php? HTTP/1.1" 429 451 "-" "-" 
20.41.81.245 - - [28/Oct/2025:11:13:27 -0700] "GET /sx.php HTTP/1.1" 429 451 "-" "-" 
20.41.81.245 - - [28/Oct/2025:11:13:28 -0700] "GET /max.php HTTP/1.1" 429 451 "-" "-" 
20.41.81.245 - - [28/Oct/2025:11:13:28 -0700] "GET /size.php?p= HTTP/1.1" 429 451 "-" "-" 
20.41.81.245 - - [28/Oct/2025:11:13:29 -0700] "GET /mpxct.php HTTP/1.1" 429 451 "-" "-" 
69.163.179.91 - - [28/Oct/2025:11:16:13 -0700] "POST /wp-cron.php?doing_wp_cron=1761675373.1102409362792968750000 HTTP/1.1" 200 3647 "-" "WordPress/6.8.3; https://www.elconferencista.com" 
69.163.179.91 - - [28/Oct/2025:11:16:14 -0700] "POST /wp-cron.php?doing_wp_cron=1761675374.1438729763031005859375 HTTP/1.1" 200 3647 "-" "WordPress/6.8.3; https://www.elconferencista.com" 
54.39.210.49 - - [28/Oct/2025:11:16:11 -0700] "GET /?products=4827936 HTTP/2.0" 200 31027 "-" "Mozilla/5.0 (compatible; AhrefsBot/7.0; +http://ahrefs.com/robot/)" 
148.113.130.134 - - [28/Oct/2025:11:19:06 -0700] "GET /?products=4827912 HTTP/2.0" 200 31028 "-" "Mozilla/5.0 (compatible; AhrefsBot/7.0; +http://ahrefs.com/robot/)" 
69.163.179.91 - - [28/Oct/2025:11:19:07 -0700] "POST /wp-cron.php?doing_wp_cron=1761675547.5571229457855224609375 HTTP/1.1" 200 3647 "-" "WordPress/6.8.3; https://www.elconferencista.com" 
148.113.128.159 - - [28/Oct/2025:11:21:35 -0700] "GET /?products=4827870 HTTP/2.0" 200 31028 "-" "Mozilla/5.0 (compatible; AhrefsBot/7.0; +http://ahrefs.com/robot/)" 
69.163.179.91 - - [28/Oct/2025:11:21:37 -0700] "POST /wp-cron.php?doing_wp_cron=1761675697.0843369960784912109375 HTTP/1.1" 200 3647 "-" "WordPress/6.8.3; https://www.elconferencista.com" 
54.39.89.14 - - [28/Oct/2025:11:24:05 -0700] "GET /?products=4827788 HTTP/2.0" 200 31028 "-" "Mozilla/5.0 (compatible; AhrefsBot/7.0; +http://ahrefs.com/robot/)" 
69.163.179.91 - - [28/Oct/2025:11:24:06 -0700] "POST /wp-cron.php?doing_wp_cron=1761675846.7271239757537841796875 HTTP/1.1" 200 3647 "-" "WordPress/6.8.3; https://www.elconferencista.com" 
54.39.89.48 - - [28/Oct/2025:11:26:37 -0700] "GET /?products=4827768 HTTP/2.0" 200 31028 "-" "Mozilla/5.0 (compatible; AhrefsBot/7.0; +http://ahrefs.com/robot/)" 
69.163.179.91 - - [28/Oct/2025:11:26:39 -0700] "POST /wp-cron.php?doing_wp_cron=1761675998.9997360706329345703125 HTTP/1.1" 200 3647 "-" "WordPress/6.8.3; https://www.elconferencista.com" 
15.235.98.95 - - [28/Oct/2025:11:28:48 -0700] "GET /?products=4827644 HTTP/2.0" 200 31028 "-" "Mozilla/5.0 (compatible; AhrefsBot/7.0; +http://ahrefs.com/robot/)" 
69.163.179.91 - - [28/Oct/2025:11:28:50 -0700] "POST /wp-cron.php?doing_wp_cron=1761676130.2668559551239013671875 HTTP/1.1" 200 3647 "-" "WordPress/6.8.3; https://www.elconferencista.com" 
142.44.228.255 - - [28/Oct/2025:11:30:59 -0700] "GET /?products=4827418 HTTP/2.0" 200 31028 "-" "Mozilla/5.0 (compatible; AhrefsBot/7.0; +http://ahrefs.com/robot/)" 
69.163.179.91 - - [28/Oct/2025:11:31:01 -0700] "POST /wp-cron.php?doing_wp_cron=1761676261.1263029575347900390625 HTTP/1.1" 200 3647 "-" "WordPress/6.8.3; https://www.elconferencista.com" 
51.222.168.245 - - [28/Oct/2025:11:33:31 -0700] "GET /?products=4827346 HTTP/2.0" 200 31028 "-" "Mozilla/5.0 (compatible; AhrefsBot/7.0; +http://ahrefs.com/robot/)" 
69.163.179.91 - - [28/Oct/2025:11:33:34 -0700] "POST /wp-cron.php?doing_wp_cron=1761676414.1015069484710693359375 HTTP/1.1" 200 3647 "-" "WordPress/6.8.3; https://www.elconferencista.com" 
54.39.203.69 - - [28/Oct/2025:11:35:46 -0700] "GET /?products=4831728 HTTP/2.0" 200 31028 "-" "Mozilla/5.0 (compatible; AhrefsBot/7.0; +http://ahrefs.com/robot/)" 
69.163.179.91 - - [28/Oct/2025:11:35:48 -0700] "POST /wp-cron.php?doing_wp_cron=1761676548.8133020401000976562500 HTTP/1.1" 200 3647 "-" "WordPress/6.8.3; https://www.elconferencista.com" 
54.39.210.200 - - [28/Oct/2025:11:37:58 -0700] "GET /?products=4831676 HTTP/2.0" 200 31028 "-" "Mozilla/5.0 (compatible; AhrefsBot/7.0; +http://ahrefs.com/robot/)" 
69.163.179.91 - - [28/Oct/2025:11:38:01 -0700] "POST /wp-cron.php?doing_wp_cron=1761676681.0773229598999023437500 HTTP/1.1" 200 3647 "-" "WordPress/6.8.3; https://www.elconferencista.com" 
51.161.37.198 - - [28/Oct/2025:11:40:15 -0700] "GET /sitemap.xml HTTP/2.0" 200 3382 "-" "Mozilla/5.0 (compatible; AhrefsBot/7.0; +http://ahrefs.com/robot/)" 
178.254.24.165 - - [28/Oct/2025:11:43:31 -0700] "POST /xmlrpc.php HTTP/1.1" 429 3633 "-" "Mozilla/5.0 (Windows NT 10.0; Win64; x64; rv:45.0) Gecko/20100101 Firefox/45.0" 
142.44.220.42 - - [28/Oct/2025:11:44:04 -0700] "GET /?products=4831440 HTTP/2.0" 200 31028 "-" "Mozilla/5.0 (compatible; AhrefsBot/7.0; +http://ahrefs.com/robot/)" 
69.163.179.91 - - [28/Oct/2025:11:44:06 -0700] "POST /wp-cron.php?doing_wp_cron=1761677046.8296740055084228515625 HTTP/1.1" 200 3647 "-" "WordPress/6.8.3; https://www.elconferencista.com" 
51.222.168.9 - - [28/Oct/2025:11:46:54 -0700] "GET /?products=4830870 HTTP/2.0" 200 31028 "-" "Mozilla/5.0 (compatible; AhrefsBot/7.0; +http://ahrefs.com/robot/)" 
69.163.179.91 - - [28/Oct/2025:11:46:55 -0700] "POST /wp-cron.php?doing_wp_cron=1761677215.7549619674682617187500 HTTP/1.1" 200 3647 "-" "WordPress/6.8.3; https://www.elconferencista.com" 
207.46.13.51 - - [28/Oct/2025:11:47:29 -0700] "GET /conferencias-edner/9-conferencias-motivacion-y-crecimiento-personal-tu-vida-de-subida/ HTTP/2.0" 200 29210 "-" "Mozilla/5.0 AppleWebKit/537.36 (KHTML, like Gecko; compatible; bingbot/2.0; +http://www.bing.com/bingbot.htm) Chrome/116.0.1938.76 Safari/537.36" 
148.113.130.6 - - [28/Oct/2025:11:49:39 -0700] "GET /?products=4831470 HTTP/2.0" 200 31028 "-" "Mozilla/5.0 (compatible; AhrefsBot/7.0; +http://ahrefs.com/robot/)" 
69.163.179.91 - - [28/Oct/2025:11:49:40 -0700] "POST /wp-cron.php?doing_wp_cron=1761677380.7775709629058837890625 HTTP/1.1" 200 3647 "-" "WordPress/6.8.3; https://www.elconferencista.com" 
15.235.27.11 - - [28/Oct/2025:11:52:14 -0700] "GET /?products=4831416 HTTP/2.0" 200 31028 "-" "Mozilla/5.0 (compatible; AhrefsBot/7.0; +http://ahrefs.com/robot/)" 
69.163.179.91 - - [28/Oct/2025:11:52:16 -0700] "POST /wp-cron.php?doing_wp_cron=1761677536.0263490676879882812500 HTTP/1.1" 200 3647 "-" "WordPress/6.8.3; https://www.elconferencista.com" 
142.44.228.224 - - [28/Oct/2025:11:54:57 -0700] "GET /?products=4831344 HTTP/2.0" 200 31028 "-" "Mozilla/5.0 (compatible; AhrefsBot/7.0; +http://ahrefs.com/robot/)" 
69.163.179.91 - - [28/Oct/2025:11:54:58 -0700] "POST /wp-cron.php?doing_wp_cron=1761677698.4071009159088134765625 HTTP/1.1" 200 3647 "-" "WordPress/6.8.3; https://www.elconferencista.com" 
69.163.179.91 - - [28/Oct/2025:11:55:28 -0700] "POST /wp-cron.php?doing_wp_cron=1761677728.2530820369720458984375 HTTP/1.1" 200 3647 "-" "WordPress/6.8.3; https://www.elconferencista.com" 
162.55.132.54 - - [28/Oct/2025:11:55:27 -0700] "GET / HTTP/1.0" 200 162370 "https://www.elconferencista.com/" "Mozilla/5.0 (Windows NT 10.0; Win64; x64) AppleWebKit/537.36 (KHTML, like Gecko) Chrome/129.0.0.0 Safari/537.36" 
54.39.136.130 - - [28/Oct/2025:11:57:19 -0700] "GET /?products=4831326 HTTP/2.0" 200 31028 "-" "Mozilla/5.0 (compatible; AhrefsBot/7.0; +http://ahrefs.com/robot/)" 
69.163.179.91 - - [28/Oct/2025:11:57:20 -0700] "POST /wp-cron.php?doing_wp_cron=1761677840.6955909729003906250000 HTTP/1.1" 200 3647 "-" "WordPress/6.8.3; https://www.elconferencista.com" 
162.55.132.54 - - [28/Oct/2025:11:59:27 -0700] "POST /wp-admin/admin-ajax.php HTTP/1.0" 200 3821 "https://www.elconferencista.com/" "Mozilla/5.0 (Windows NT 10.0; Win64; x64) AppleWebKit/537.36 (KHTML, like Gecko) Chrome/129.0.0.0 Safari/537.36" 
69.163.179.91 - - [28/Oct/2025:11:59:28 -0700] "POST /wp-cron.php?doing_wp_cron=1761677968.7682850360870361328125 HTTP/1.1" 200 3647 "-" "WordPress/6.8.3; https://www.elconferencista.com" 
54.39.6.211 - - [28/Oct/2025:11:59:39 -0700] "GET /?products=4831306 HTTP/2.0" 200 31028 "-" "Mozilla/5.0 (compatible; AhrefsBot/7.0; +http://ahrefs.com/robot/)" 
167.114.139.108 - - [28/Oct/2025:12:01:51 -0700] "GET /?products=4831162 HTTP/2.0" 200 31027 "-" "Mozilla/5.0 (compatible; AhrefsBot/7.0; +http://ahrefs.com/robot/)" 
69.163.179.91 - - [28/Oct/2025:12:01:52 -0700] "POST /wp-cron.php?doing_wp_cron=1761678112.8534929752349853515625 HTTP/1.1" 200 3647 "-" "WordPress/6.8.3; https://www.elconferencista.com" 
54.39.6.30 - - [28/Oct/2025:12:04:07 -0700] "GET /?products=4830960 HTTP/2.0" 200 31027 "-" "Mozilla/5.0 (compatible; AhrefsBot/7.0; +http://ahrefs.com/robot/)" 
69.163.179.91 - - [28/Oct/2025:12:04:09 -0700] "POST /wp-cron.php?doing_wp_cron=1761678249.2254800796508789062500 HTTP/1.1" 200 3647 "-" "WordPress/6.8.3; https://www.elconferencista.com" 
54.39.0.213 - - [28/Oct/2025:12:06:25 -0700] "GET /?products=4830860 HTTP/2.0" 200 31027 "-" "Mozilla/5.0 (compatible; AhrefsBot/7.0; +http://ahrefs.com/robot/)" 
69.163.179.91 - - [28/Oct/2025:12:06:27 -0700] "POST /wp-cron.php?doing_wp_cron=1761678387.0024778842926025390625 HTTP/1.1" 200 3647 "-" "WordPress/6.8.3; https://www.elconferencista.com" 
142.44.228.229 - - [28/Oct/2025:12:08:46 -0700] "GET /?products=4830822 HTTP/2.0" 200 31027 "-" "Mozilla/5.0 (compatible; AhrefsBot/7.0; +http://ahrefs.com/robot/)" 
69.163.179.91 - - [28/Oct/2025:12:08:47 -0700] "POST /wp-cron.php?doing_wp_cron=1761678527.8196640014648437500000 HTTP/1.1" 200 3647 "-" "WordPress/6.8.3; https://www.elconferencista.com" 
54.39.6.72 - - [28/Oct/2025:12:11:29 -0700] "GET /?products=4830678 HTTP/2.0" 200 31018 "-" "Mozilla/5.0 (compatible; AhrefsBot/7.0; +http://ahrefs.com/robot/)" 
69.163.179.91 - - [28/Oct/2025:12:11:31 -0700] "POST /wp-cron.php?doing_wp_cron=1761678691.0898790359497070312500 HTTP/1.1" 200 3647 "-" "WordPress/6.8.3; https://www.elconferencista.com" 
15.235.27.107 - - [28/Oct/2025:12:14:00 -0700] "GET /?products=4830504 HTTP/2.0" 200 31027 "-" "Mozilla/5.0 (compatible; AhrefsBot/7.0; +http://ahrefs.com/robot/)" 
69.163.179.91 - - [28/Oct/2025:12:14:02 -0700] "POST /wp-cron.php?doing_wp_cron=1761678842.4255819320678710937500 HTTP/1.1" 200 3647 "-" "WordPress/6.8.3; https://www.elconferencista.com" 
69.163.179.91 - - [28/Oct/2025:12:16:34 -0700] "POST /wp-cron.php?doing_wp_cron=1761678994.9394860267639160156250 HTTP/1.1" 200 3647 "-" "WordPress/6.8.3; https://www.elconferencista.com" 
69.163.179.91 - - [28/Oct/2025:12:16:35 -0700] "POST /wp-cron.php?doing_wp_cron=1761678995.9732460975646972656250 HTTP/1.1" 200 3647 "-" "WordPress/6.8.3; https://www.elconferencista.com" 
15.235.98.176 - - [28/Oct/2025:12:16:33 -0700] "GET /?products=4830480 HTTP/2.0" 200 31027 "-" "Mozilla/5.0 (compatible; AhrefsBot/7.0; +http://ahrefs.com/robot/)" 
