69.163.179.91 - - [28/Oct/2025:07:58:49 -0700] "POST /wp-cron.php?doing_wp_cron=1761663529.7875649929046630859375 HTTP/1.1" 200 3647 "-" "WordPress/6.8.3; https://www.elconferencista.com" 
216.73.216.27 - - [28/Oct/2025:07:59:55 -0700] "GET /?p=258 HTTP/2.0" 301 264 "-" "Mozilla/5.0 AppleWebKit/537.36 (KHTML, like Gecko; compatible; ClaudeBot/1.0; +claudebot@anthropic.com)" 
69.163.179.91 - - [28/Oct/2025:07:59:56 -0700] "POST /wp-cron.php?doing_wp_cron=1761663595.9475018978118896484375 HTTP/1.1" 200 3647 "-" "WordPress/6.8.3; https://www.elconferencista.com" 
216.73.216.27 - - [28/Oct/2025:07:59:57 -0700] "GET /conferencias-edner/3-conferencia-las-4-as-del-lider-del-futuro-presente/ HTTP/2.0" 200 24567 "https://www.elconferencista.com/?p=258" "Mozilla/5.0 AppleWebKit/537.36 (KHTML, like Gecko; compatible; ClaudeBot/1.0; +claudebot@anthropic.com)" 
51.222.95.77 - - [28/Oct/2025:08:01:44 -0700] "GET /?products=4831844 HTTP/2.0" 200 31028 "-" "Mozilla/5.0 (compatible; AhrefsBot/7.0; +http://ahrefs.com/robot/)" 
69.163.179.91 - - [28/Oct/2025:08:01:45 -0700] "POST /wp-cron.php?doing_wp_cron=1761663705.4514100551605224609375 HTTP/1.1" 200 3647 "-" "WordPress/6.8.3; https://www.elconferencista.com" 
15.235.96.254 - - [28/Oct/2025:08:04:22 -0700] "GET /?products=4831820 HTTP/2.0" 200 31028 "-" "Mozilla/5.0 (compatible; AhrefsBot/7.0; +http://ahrefs.com/robot/)" 
69.163.179.91 - - [28/Oct/2025:08:04:24 -0700] "POST /wp-cron.php?doing_wp_cron=1761663863.9771029949188232421875 HTTP/1.1" 200 3647 "-" "WordPress/6.8.3; https://www.elconferencista.com" 
51.161.37.246 - - [28/Oct/2025:08:07:02 -0700] "GET /?products=4831714 HTTP/2.0" 200 31028 "-" "Mozilla/5.0 (compatible; AhrefsBot/7.0; +http://ahrefs.com/robot/)" 
69.163.179.91 - - [28/Oct/2025:08:07:03 -0700] "POST /wp-cron.php?doing_wp_cron=1761664023.7852299213409423828125 HTTP/1.1" 200 3647 "-" "WordPress/6.8.3; https://www.elconferencista.com" 
185.108.106.250 - - [28/Oct/2025:08:07:09 -0700] "GET / HTTP/1.0" 429 3595 "https://www.elconferencista.com/" "Mozilla/5.0 (Windows NT 10.0; Win64; x64) AppleWebKit/537.36 (KHTML, like Gecko) Chrome/130.0.0.0 Safari/537.36 CCleaner/130.0.0.0" 
69.163.179.91 - - [28/Oct/2025:08:10:05 -0700] "POST /wp-cron.php?doing_wp_cron=1761664205.1925640106201171875000 HTTP/1.1" 200 3647 "-" "WordPress/6.8.3; https://www.elconferencista.com" 
69.163.179.91 - - [28/Oct/2025:08:10:06 -0700] "POST /wp-cron.php?doing_wp_cron=1761664206.2262349128723144531250 HTTP/1.1" 200 3647 "-" "WordPress/6.8.3; https://www.elconferencista.com" 
148.113.128.251 - - [28/Oct/2025:08:10:03 -0700] "GET /?products=4831680 HTTP/2.0" 200 31028 "-" "Mozilla/5.0 (compatible; AhrefsBot/7.0; +http://ahrefs.com/robot/)" 
167.114.139.16 - - [28/Oct/2025:08:13:10 -0700] "GET /?products=4831666 HTTP/2.0" 200 31027 "-" "Mozilla/5.0 (compatible; AhrefsBot/7.0; +http://ahrefs.com/robot/)" 
69.163.179.91 - - [28/Oct/2025:08:13:12 -0700] "POST /wp-cron.php?doing_wp_cron=1761664392.3243269920349121093750 HTTP/1.1" 200 3647 "-" "WordPress/6.8.3; https://www.elconferencista.com" 
4.43.184.114 - - [28/Oct/2025:08:15:16 -0700] "GET / HTTP/1.0" 421 2900 "-" "Mozilla/4.0 (compatible; MSIE 6.0; Windows NT 5.1; ru)" 
216.73.216.27 - - [28/Oct/2025:08:15:51 -0700] "GET /?p=269 HTTP/2.0" 301 276 "-" "Mozilla/5.0 AppleWebKit/537.36 (KHTML, like Gecko; compatible; ClaudeBot/1.0; +claudebot@anthropic.com)" 
69.163.179.91 - - [28/Oct/2025:08:15:53 -0700] "POST /wp-cron.php?doing_wp_cron=1761664553.1456201076507568359375 HTTP/1.1" 200 3647 "-" "WordPress/6.8.3; https://www.elconferencista.com" 
216.73.216.27 - - [28/Oct/2025:08:15:54 -0700] "GET /conferencias-edner/14-conferencias-motivacion-y-crecimiento-personal-ser-quien-suenas-ser/ HTTP/2.0" 200 24479 "https://www.elconferencista.com/?p=269" "Mozilla/5.0 AppleWebKit/537.36 (KHTML, like Gecko; compatible; ClaudeBot/1.0; +claudebot@anthropic.com)" 
51.161.65.42 - - [28/Oct/2025:08:16:12 -0700] "GET /?products=4831656 HTTP/2.0" 200 31028 "-" "Mozilla/5.0 (compatible; AhrefsBot/7.0; +http://ahrefs.com/robot/)" 
69.163.179.91 - - [28/Oct/2025:08:16:13 -0700] "POST /wp-cron.php?doing_wp_cron=1761664573.3940370082855224609375 HTTP/1.1" 200 3647 "-" "WordPress/6.8.3; https://www.elconferencista.com" 
54.39.0.180 - - [28/Oct/2025:08:19:11 -0700] "GET /?products=4831642 HTTP/2.0" 200 31028 "-" "Mozilla/5.0 (compatible; AhrefsBot/7.0; +http://ahrefs.com/robot/)" 
69.163.179.91 - - [28/Oct/2025:08:19:13 -0700] "POST /wp-cron.php?doing_wp_cron=1761664753.2573111057281494140625 HTTP/1.1" 200 3647 "-" "WordPress/6.8.3; https://www.elconferencista.com" 
51.161.37.230 - - [28/Oct/2025:08:22:11 -0700] "GET /?products=4831608 HTTP/2.0" 200 31028 "-" "Mozilla/5.0 (compatible; AhrefsBot/7.0; +http://ahrefs.com/robot/)" 
69.163.179.91 - - [28/Oct/2025:08:22:12 -0700] "POST /wp-cron.php?doing_wp_cron=1761664932.7686929702758789062500 HTTP/1.1" 200 3647 "-" "WordPress/6.8.3; https://www.elconferencista.com" 
54.39.0.85 - - [28/Oct/2025:08:24:59 -0700] "GET /?products=4831580 HTTP/2.0" 200 31028 "-" "Mozilla/5.0 (compatible; AhrefsBot/7.0; +http://ahrefs.com/robot/)" 
69.163.179.91 - - [28/Oct/2025:08:25:01 -0700] "POST /wp-cron.php?doing_wp_cron=1761665101.5190880298614501953125 HTTP/1.1" 200 3647 "-" "WordPress/6.8.3; https://www.elconferencista.com" 
216.73.216.27 - - [28/Oct/2025:08:26:38 -0700] "GET /?p=268 HTTP/2.0" 301 257 "-" "Mozilla/5.0 AppleWebKit/537.36 (KHTML, like Gecko; compatible; ClaudeBot/1.0; +claudebot@anthropic.com)" 
69.163.179.91 - - [28/Oct/2025:08:26:40 -0700] "POST /wp-cron.php?doing_wp_cron=1761665199.8705790042877197265625 HTTP/1.1" 200 3647 "-" "WordPress/6.8.3; https://www.elconferencista.com" 
216.73.216.27 - - [28/Oct/2025:08:26:41 -0700] "GET /conferencias-edner/13-conferencias-para-mujeres-de-mi-para-mi/ HTTP/2.0" 200 24337 "https://www.elconferencista.com/?p=268" "Mozilla/5.0 AppleWebKit/537.36 (KHTML, like Gecko; compatible; ClaudeBot/1.0; +claudebot@anthropic.com)" 
51.222.95.28 - - [28/Oct/2025:08:27:42 -0700] "GET /?products=4831542 HTTP/2.0" 200 31028 "-" "Mozilla/5.0 (compatible; AhrefsBot/7.0; +http://ahrefs.com/robot/)" 
69.163.179.91 - - [28/Oct/2025:08:27:43 -0700] "POST /wp-cron.php?doing_wp_cron=1761665262.9578170776367187500000 HTTP/1.1" 200 3647 "-" "WordPress/6.8.3; https://www.elconferencista.com" 
170.106.72.178 - - [28/Oct/2025:08:30:13 -0700] "GET / HTTP/1.1" 200 34801 "https://ednergranados.com/" "Mozilla/5.0 (iPhone; CPU iPhone OS 13_2_3 like Mac OS X) AppleWebKit/605.1.15 (KHTML, like Gecko) Version/13.0.3 Mobile/15E148 Safari/604.1" 
69.163.179.91 - - [28/Oct/2025:08:30:15 -0700] "POST /wp-cron.php?doing_wp_cron=1761665415.4762420654296875000000 HTTP/1.1" 200 3647 "-" "WordPress/6.8.3; https://www.elconferencista.com" 
15.235.98.174 - - [28/Oct/2025:08:30:26 -0700] "GET /?products=4831484 HTTP/2.0" 200 31028 "-" "Mozilla/5.0 (compatible; AhrefsBot/7.0; +http://ahrefs.com/robot/)" 
15.235.98.124 - - [28/Oct/2025:08:33:12 -0700] "GET /?products=4831474 HTTP/2.0" 200 31028 "-" "Mozilla/5.0 (compatible; AhrefsBot/7.0; +http://ahrefs.com/robot/)" 
69.163.179.91 - - [28/Oct/2025:08:33:14 -0700] "POST /wp-cron.php?doing_wp_cron=1761665594.3459949493408203125000 HTTP/1.1" 200 3647 "-" "WordPress/6.8.3; https://www.elconferencista.com" 
54.39.0.42 - - [28/Oct/2025:08:36:00 -0700] "GET /?products=4831440 HTTP/2.0" 200 31028 "-" "Mozilla/5.0 (compatible; AhrefsBot/7.0; +http://ahrefs.com/robot/)" 
69.163.179.91 - - [28/Oct/2025:08:36:02 -0700] "POST /wp-cron.php?doing_wp_cron=1761665761.9807119369506835937500 HTTP/1.1" 200 3647 "-" "WordPress/6.8.3; https://www.elconferencista.com" 
51.161.37.230 - - [28/Oct/2025:08:39:04 -0700] "GET /?products=4831254 HTTP/2.0" 200 31028 "-" "Mozilla/5.0 (compatible; AhrefsBot/7.0; +http://ahrefs.com/robot/)" 
69.163.179.91 - - [28/Oct/2025:08:39:06 -0700] "POST /wp-cron.php?doing_wp_cron=1761665946.2483150959014892578125 HTTP/1.1" 200 3647 "-" "WordPress/6.8.3; https://www.elconferencista.com" 
142.44.228.160 - - [28/Oct/2025:08:41:53 -0700] "GET /?products=4831248 HTTP/2.0" 200 31028 "-" "Mozilla/5.0 (compatible; AhrefsBot/7.0; +http://ahrefs.com/robot/)" 
69.163.179.91 - - [28/Oct/2025:08:41:55 -0700] "POST /wp-cron.php?doing_wp_cron=1761666115.1799159049987792968750 HTTP/1.1" 200 3647 "-" "WordPress/6.8.3; https://www.elconferencista.com" 
15.235.96.79 - - [28/Oct/2025:08:44:37 -0700] "GET /?products=4831186 HTTP/2.0" 200 31028 "-" "Mozilla/5.0 (compatible; AhrefsBot/7.0; +http://ahrefs.com/robot/)" 
69.163.179.91 - - [28/Oct/2025:08:44:39 -0700] "POST /wp-cron.php?doing_wp_cron=1761666279.1643519401550292968750 HTTP/1.1" 200 3647 "-" "WordPress/6.8.3; https://www.elconferencista.com" 
51.222.95.54 - - [28/Oct/2025:08:47:25 -0700] "GET /?products=4831134 HTTP/2.0" 200 31028 "-" "Mozilla/5.0 (compatible; AhrefsBot/7.0; +http://ahrefs.com/robot/)" 
69.163.179.91 - - [28/Oct/2025:08:47:27 -0700] "POST /wp-cron.php?doing_wp_cron=1761666447.1041650772094726562500 HTTP/1.1" 200 3647 "-" "WordPress/6.8.3; https://www.elconferencista.com" 
54.39.210.130 - - [28/Oct/2025:08:50:18 -0700] "GET /?products=4831110 HTTP/2.0" 200 31028 "-" "Mozilla/5.0 (compatible; AhrefsBot/7.0; +http://ahrefs.com/robot/)" 
69.163.179.91 - - [28/Oct/2025:08:50:20 -0700] "POST /wp-cron.php?doing_wp_cron=1761666620.2886810302734375000000 HTTP/1.1" 200 3647 "-" "WordPress/6.8.3; https://www.elconferencista.com" 
51.222.168.53 - - [28/Oct/2025:08:53:03 -0700] "GET /?products=4830956 HTTP/2.0" 200 31028 "-" "Mozilla/5.0 (compatible; AhrefsBot/7.0; +http://ahrefs.com/robot/)" 
69.163.179.91 - - [28/Oct/2025:08:53:05 -0700] "POST /wp-cron.php?doing_wp_cron=1761666785.3389890193939208984375 HTTP/1.1" 200 3647 "-" "WordPress/6.8.3; https://www.elconferencista.com" 
142.44.233.95 - - [28/Oct/2025:08:55:55 -0700] "GET /?products=4830918 HTTP/2.0" 200 31027 "-" "Mozilla/5.0 (compatible; AhrefsBot/7.0; +http://ahrefs.com/robot/)" 
69.163.179.91 - - [28/Oct/2025:08:55:56 -0700] "POST /wp-cron.php?doing_wp_cron=1761666956.4415359497070312500000 HTTP/1.1" 200 3647 "-" "WordPress/6.8.3; https://www.elconferencista.com" 
148.113.128.51 - - [28/Oct/2025:08:58:48 -0700] "GET /?products=4830870 HTTP/2.0" 200 31028 "-" "Mozilla/5.0 (compatible; AhrefsBot/7.0; +http://ahrefs.com/robot/)" 
69.163.179.91 - - [28/Oct/2025:08:58:50 -0700] "POST /wp-cron.php?doing_wp_cron=1761667130.3242549896240234375000 HTTP/1.1" 200 3647 "-" "WordPress/6.8.3; https://www.elconferencista.com" 
142.44.220.151 - - [28/Oct/2025:09:01:28 -0700] "GET /?products=4830812 HTTP/2.0" 200 31028 "-" "Mozilla/5.0 (compatible; AhrefsBot/7.0; +http://ahrefs.com/robot/)" 
69.163.179.91 - - [28/Oct/2025:09:01:29 -0700] "POST /wp-cron.php?doing_wp_cron=1761667289.7850639820098876953125 HTTP/1.1" 200 3647 "-" "WordPress/6.8.3; https://www.elconferencista.com" 
54.39.6.69 - - [28/Oct/2025:09:04:18 -0700] "GET /?products=4830802 HTTP/2.0" 200 31028 "-" "Mozilla/5.0 (compatible; AhrefsBot/7.0; +http://ahrefs.com/robot/)" 
69.163.179.91 - - [28/Oct/2025:09:04:20 -0700] "POST /wp-cron.php?doing_wp_cron=1761667460.0817780494689941406250 HTTP/1.1" 200 3647 "-" "WordPress/6.8.3; https://www.elconferencista.com" 
54.39.6.193 - - [28/Oct/2025:09:07:01 -0700] "GET /?products=4830720 HTTP/2.0" 200 31028 "-" "Mozilla/5.0 (compatible; AhrefsBot/7.0; +http://ahrefs.com/robot/)" 
69.163.179.91 - - [28/Oct/2025:09:07:02 -0700] "POST /wp-cron.php?doing_wp_cron=1761667622.5323510169982910156250 HTTP/1.1" 200 3647 "-" "WordPress/6.8.3; https://www.elconferencista.com" 
44.252.57.117 - - [28/Oct/2025:09:09:11 -0700] "GET /robots.txt HTTP/2.0" 301 364 "-" "Mozilla/5.0 (compatible; wpbot/1.3; +https://forms.gle/ajBaxygz9jSR8p8G9)" 
44.252.57.117 - - [28/Oct/2025:09:09:11 -0700] "GET /enhancecp HTTP/2.0" 301 309 "-" "Mozilla/5.0 (compatible; wpbot/1.3; +https://forms.gle/ajBaxygz9jSR8p8G9)" 
142.44.225.218 - - [28/Oct/2025:09:09:41 -0700] "GET /?products=4830706 HTTP/2.0" 200 31028 "-" "Mozilla/5.0 (compatible; AhrefsBot/7.0; +http://ahrefs.com/robot/)" 
69.163.179.91 - - [28/Oct/2025:09:09:42 -0700] "POST /wp-cron.php?doing_wp_cron=1761667782.9133760929107666015625 HTTP/1.1" 200 3647 "-" "WordPress/6.8.3; https://www.elconferencista.com" 
69.163.179.91 - - [28/Oct/2025:09:12:20 -0700] "POST /wp-cron.php?doing_wp_cron=1761667940.2060000896453857421875 HTTP/1.1" 200 3647 "-" "WordPress/6.8.3; https://www.elconferencista.com" 
69.163.179.91 - - [28/Oct/2025:09:12:21 -0700] "POST /wp-cron.php?doing_wp_cron=1761667941.2385320663452148437500 HTTP/1.1" 200 3647 "-" "WordPress/6.8.3; https://www.elconferencista.com" 
142.44.228.19 - - [28/Oct/2025:09:12:18 -0700] "GET /?products=4830682 HTTP/2.0" 200 31028 "-" "Mozilla/5.0 (compatible; AhrefsBot/7.0; +http://ahrefs.com/robot/)" 
77.75.78.168 - - [28/Oct/2025:09:14:59 -0700] "GET /?products=144 HTTP/1.1" 200 34849 "-" "Mozilla/5.0 (compatible; SeznamBot/4.0; +https://o-seznam.cz/napoveda/vyhledavani/en/seznambot-crawler/)" 
69.163.179.91 - - [28/Oct/2025:09:15:01 -0700] "POST /wp-cron.php?doing_wp_cron=1761668101.3834528923034667968750 HTTP/1.1" 200 3647 "-" "WordPress/6.8.3; https://www.elconferencista.com" 
51.161.65.127 - - [28/Oct/2025:09:15:02 -0700] "GET /?products=4830576 HTTP/2.0" 200 31028 "-" "Mozilla/5.0 (compatible; AhrefsBot/7.0; +http://ahrefs.com/robot/)" 
69.163.179.91 - - [28/Oct/2025:09:15:27 -0700] "POST /wp-cron.php?doing_wp_cron=1761668127.5085940361022949218750 HTTP/1.1" 200 3647 "-" "WordPress/6.8.3; https://www.elconferencista.com" 
43.153.48.240 - - [28/Oct/2025:09:15:26 -0700] "GET / HTTP/1.1" 200 34801 "https://ednergranados.com/" "Mozilla/5.0 (iPhone; CPU iPhone OS 13_2_3 like Mac OS X) AppleWebKit/605.1.15 (KHTML, like Gecko) Version/13.0.3 Mobile/15E148 Safari/604.1" 
15.235.96.110 - - [28/Oct/2025:09:17:39 -0700] "GET /?products=4830428 HTTP/2.0" 200 31028 "-" "Mozilla/5.0 (compatible; AhrefsBot/7.0; +http://ahrefs.com/robot/)" 
69.163.179.91 - - [28/Oct/2025:09:17:40 -0700] "POST /wp-cron.php?doing_wp_cron=1761668260.6645309925079345703125 HTTP/1.1" 200 3647 "-" "WordPress/6.8.3; https://www.elconferencista.com" 
54.39.136.80 - - [28/Oct/2025:09:20:16 -0700] "GET /?products=4830308 HTTP/2.0" 200 31028 "-" "Mozilla/5.0 (compatible; AhrefsBot/7.0; +http://ahrefs.com/robot/)" 
69.163.179.91 - - [28/Oct/2025:09:20:18 -0700] "POST /wp-cron.php?doing_wp_cron=1761668418.4007160663604736328125 HTTP/1.1" 200 3647 "-" "WordPress/6.8.3; https://www.elconferencista.com" 
24.199.87.153 - - [28/Oct/2025:09:20:49 -0700] "POST /xmlrpc.php HTTP/1.1" 429 3633 "-" "Mozilla/5.0 (Windows NT 10.0; Win64; x64; rv:44.0) Gecko/20100101 Firefox/44.0" 
51.222.168.218 - - [28/Oct/2025:09:23:00 -0700] "GET /?products=4830198 HTTP/2.0" 200 31028 "-" "Mozilla/5.0 (compatible; AhrefsBot/7.0; +http://ahrefs.com/robot/)" 
69.163.179.91 - - [28/Oct/2025:09:23:01 -0700] "POST /wp-cron.php?doing_wp_cron=1761668581.5654399394989013671875 HTTP/1.1" 200 3647 "-" "WordPress/6.8.3; https://www.elconferencista.com" 
51.222.95.77 - - [28/Oct/2025:09:25:36 -0700] "GET /?products=4830048 HTTP/2.0" 200 31028 "-" "Mozilla/5.0 (compatible; AhrefsBot/7.0; +http://ahrefs.com/robot/)" 
69.163.179.91 - - [28/Oct/2025:09:25:38 -0700] "POST /wp-cron.php?doing_wp_cron=1761668738.4007759094238281250000 HTTP/1.1" 200 3647 "-" "WordPress/6.8.3; https://www.elconferencista.com" 
136.144.43.48 - - [28/Oct/2025:09:27:47 -0700] "GET / HTTP/1.1" 200 34845 "-" "Mozilla/5.0 (X11; Linux i686; rv:114.0) Gecko/20100101 Firefox/114.0" 
69.163.179.91 - - [28/Oct/2025:09:27:49 -0700] "POST /wp-cron.php?doing_wp_cron=1761668869.1690850257873535156250 HTTP/1.1" 200 3647 "-" "WordPress/6.8.3; https://www.elconferencista.com" 
69.163.179.91 - - [28/Oct/2025:09:28:50 -0700] "POST /wp-cron.php?doing_wp_cron=1761668930.1042139530181884765625 HTTP/1.1" 200 3647 "-" "WordPress/6.8.3; https://www.elconferencista.com" 
54.39.136.169 - - [28/Oct/2025:09:28:49 -0700] "GET /?products=4830010 HTTP/2.0" 200 31028 "-" "Mozilla/5.0 (compatible; AhrefsBot/7.0; +http://ahrefs.com/robot/)" 
136.144.43.38 - - [28/Oct/2025:09:31:18 -0700] "POST /wp-admin/admin-ajax.php HTTP/1.1" 200 4044 "https://www.elconferencista.com/" "Mozilla/5.0 (X11; Linux i686; rv:114.0) Gecko/20100101 Firefox/114.0" 
69.163.179.91 - - [28/Oct/2025:09:31:19 -0700] "POST /wp-cron.php?doing_wp_cron=1761669079.3821890354156494140625 HTTP/1.1" 200 3647 "-" "WordPress/6.8.3; https://www.elconferencista.com" 
54.39.0.17 - - [28/Oct/2025:09:31:35 -0700] "GET /?products=4829996 HTTP/2.0" 200 31028 "-" "Mozilla/5.0 (compatible; AhrefsBot/7.0; +http://ahrefs.com/robot/)" 
69.163.179.91 - - [28/Oct/2025:09:32:45 -0700] "POST /wp-cron.php?doing_wp_cron=1761669165.1699719429016113281250 HTTP/1.1" 200 3647 "-" "WordPress/6.8.3; https://www.elconferencista.com" 
8.148.224.161 - - [28/Oct/2025:09:32:44 -0700] "GET / HTTP/1.1" 200 34853 "-" "Mozilla/5.0 (Linux; U; Android 12; zh-Hans-CN; JAD-AL50 Build/HUAWEIJAD-AL50) AppleWebKit/537.36 (KHTML, like Gecko) Version/4.0 Chrome/100.0.4896.58 Quark/7.6.5.720 Mobile Safari/537.36" 
51.222.168.105 - - [28/Oct/2025:09:34:47 -0700] "GET /?products=4829876 HTTP/2.0" 200 31028 "-" "Mozilla/5.0 (compatible; AhrefsBot/7.0; +http://ahrefs.com/robot/)" 
69.163.179.91 - - [28/Oct/2025:09:34:49 -0700] "POST /wp-cron.php?doing_wp_cron=1761669289.4675478935241699218750 HTTP/1.1" 200 3647 "-" "WordPress/6.8.3; https://www.elconferencista.com" 
51.161.65.117 - - [28/Oct/2025:09:38:02 -0700] "GET /?products=4829770 HTTP/2.0" 200 31028 "-" "Mozilla/5.0 (compatible; AhrefsBot/7.0; +http://ahrefs.com/robot/)" 
69.163.179.91 - - [28/Oct/2025:09:38:04 -0700] "POST /wp-cron.php?doing_wp_cron=1761669484.0878400802612304687500 HTTP/1.1" 200 3647 "-" "WordPress/6.8.3; https://www.elconferencista.com" 
54.39.89.252 - - [28/Oct/2025:09:42:28 -0700] "GET /sitemap.xml HTTP/2.0" 200 3394 "-" "Mozilla/5.0 (compatible; AhrefsBot/7.0; +http://ahrefs.com/robot/)" 
54.39.210.76 - - [28/Oct/2025:09:46:25 -0700] "GET /?products=4827246 HTTP/2.0" 200 31028 "-" "Mozilla/5.0 (compatible; AhrefsBot/7.0; +http://ahrefs.com/robot/)" 
69.163.179.91 - - [28/Oct/2025:09:46:27 -0700] "POST /wp-cron.php?doing_wp_cron=1761669987.1515929698944091796875 HTTP/1.1" 200 3647 "-" "WordPress/6.8.3; https://www.elconferencista.com" 
165.232.167.116 - - [28/Oct/2025:09:47:50 -0700] "GET /wp-content/plugins/pwnd/pwnd.php HTTP/1.1" 404 114081 "-" "Mozilla/5.0 (Windows NT 10.0; Win64; x64) AppleWebKit/537.36 (KHTML, like Gecko) Chrome/125.0.0.0 Safari/537.36" 
69.163.179.91 - - [28/Oct/2025:09:47:51 -0700] "POST /wp-cron.php?doing_wp_cron=1761670071.7348239421844482421875 HTTP/1.1" 200 3647 "-" "WordPress/6.8.3; https://www.elconferencista.com" 
165.232.167.116 - - [28/Oct/2025:09:47:54 -0700] "GET /wp-content/plugins/pwnd/pwnd.php HTTP/1.1" 301 3921 "-" "Mozilla/5.0 (Linux; Android 13; Pixel 7 Pro) AppleWebKit/537.36 (KHTML, like Gecko) Chrome/125.0.0.0 Mobile Safari/537.36" 
165.232.167.116 - - [28/Oct/2025:09:47:54 -0700] "GET /wp-content/plugins/pwnd/pwnd.php HTTP/1.1" 404 114092 "-" "Mozilla/5.0 (Linux; Android 13; Pixel 7 Pro) AppleWebKit/537.36 (KHTML, like Gecko) Chrome/125.0.0.0 Mobile Safari/537.36" 
165.232.167.116 - - [28/Oct/2025:09:47:57 -0700] "GET /wp-content/plugins/pwnd-1/cdmpw.php HTTP/1.1" 404 114081 "-" "Mozilla/5.0 (X11; Linux x86_64) AppleWebKit/537.36 (KHTML, like Gecko) Chrome/123.0.0.0 Safari/537.36" 
165.232.167.116 - - [28/Oct/2025:09:47:59 -0700] "GET /wp-content/plugins/pwnd-1/cdmpw.php HTTP/1.1" 301 3927 "-" "Mozilla/5.0 (iPhone; CPU iPhone OS 17_5 like Mac OS X) AppleWebKit/605.1.15 (KHTML, like Gecko) Version/17.5 Mobile/15E148 Safari/604.1" 
165.232.167.116 - - [28/Oct/2025:09:47:59 -0700] "GET /wp-content/plugins/pwnd-1/cdmpw.php HTTP/1.1" 404 114092 "-" "Mozilla/5.0 (iPhone; CPU iPhone OS 17_5 like Mac OS X) AppleWebKit/605.1.15 (KHTML, like Gecko) Version/17.5 Mobile/15E148 Safari/604.1" 
165.232.167.116 - - [28/Oct/2025:09:48:02 -0700] "GET /wp-content/plugins/pwnd-1/pwnd.php HTTP/1.1" 404 114081 "-" "Mozilla/5.0 (Windows NT 6.1; Win64; x64) AppleWebKit/537.36 (KHTML, like Gecko) Chrome/120.0.0.0 Safari/537.36" 
69.163.179.91 - - [28/Oct/2025:09:48:02 -0700] "POST /wp-cron.php?doing_wp_cron=1761670082.8275480270385742187500 HTTP/1.1" 200 3647 "-" "WordPress/6.8.3; https://www.elconferencista.com" 
165.232.167.116 - - [28/Oct/2025:09:48:05 -0700] "GET /wp-content/plugins/pwnd-1/pwnd.php HTTP/1.1" 301 3925 "-" "Mozilla/5.0 (Macintosh; Intel Mac OS X 10_15_7) AppleWebKit/605.1.15 (KHTML, like Gecko) Version/17.4 Safari/605.1.15" 
165.232.167.116 - - [28/Oct/2025:09:48:05 -0700] "GET /wp-content/plugins/pwnd-1/pwnd.php HTTP/1.1" 404 114081 "-" "Mozilla/5.0 (Macintosh; Intel Mac OS X 10_15_7) AppleWebKit/605.1.15 (KHTML, like Gecko) Version/17.4 Safari/605.1.15" 
165.232.167.116 - - [28/Oct/2025:09:48:08 -0700] "GET /wp-aa.php HTTP/1.1" 404 113999 "-" "Mozilla/5.0 (iPad; CPU OS 17_5 like Mac OS X) AppleWebKit/605.1.15 (KHTML, like Gecko) Version/17.5 Mobile/15E148 Safari/604.1" 
165.232.167.116 - - [28/Oct/2025:09:48:10 -0700] "GET /wp-aa.php HTTP/1.1" 301 3875 "-" "Mozilla/5.0 (iPad; CPU OS 17_5 like Mac OS X) AppleWebKit/605.1.15 (KHTML, like Gecko) Version/17.5 Mobile/15E148 Safari/604.1" 
165.232.167.116 - - [28/Oct/2025:09:48:11 -0700] "GET /wp-aa.php HTTP/1.1" 404 113999 "-" "Mozilla/5.0 (iPad; CPU OS 17_5 like Mac OS X) AppleWebKit/605.1.15 (KHTML, like Gecko) Version/17.5 Mobile/15E148 Safari/604.1" 
165.232.167.116 - - [28/Oct/2025:09:48:13 -0700] "GET /wp-content/plugins/junkfood/mainhack.php HTTP/1.1" 404 114081 "-" "Mozilla/5.0 (Macintosh; Intel Mac OS X 10_15_7) AppleWebKit/605.1.15 (KHTML, like Gecko) Version/17.4 Safari/605.1.15" 
165.232.167.116 - - [28/Oct/2025:09:48:15 -0700] "GET /wp-content/plugins/junkfood/mainhack.php HTTP/1.1" 301 3937 "-" "Mozilla/5.0 (X11; Linux x86_64) AppleWebKit/537.36 (KHTML, like Gecko) Chrome/123.0.0.0 Safari/537.36" 
165.232.167.116 - - [28/Oct/2025:09:48:16 -0700] "GET /wp-content/plugins/junkfood/mainhack.php HTTP/1.1" 404 114081 "-" "Mozilla/5.0 (X11; Linux x86_64) AppleWebKit/537.36 (KHTML, like Gecko) Chrome/123.0.0.0 Safari/537.36" 
165.232.167.116 - - [28/Oct/2025:09:48:18 -0700] "GET /wp-includes/rest-api/search/class-wp-rest-search-handlers.php HTTP/1.1" 404 114092 "-" "Mozilla/5.0 (iPad; CPU OS 17_5 like Mac OS X) AppleWebKit/605.1.15 (KHTML, like Gecko) Version/17.5 Mobile/15E148 Safari/604.1" 
165.232.167.116 - - [28/Oct/2025:09:48:21 -0700] "GET /wp-includes/rest-api/search/class-wp-rest-search-handlers.php HTTP/1.1" 301 3979 "-" "Mozilla/5.0 (iPhone; CPU iPhone OS 17_5 like Mac OS X) AppleWebKit/605.1.15 (KHTML, like Gecko) Version/17.5 Mobile/15E148 Safari/604.1" 
165.232.167.116 - - [28/Oct/2025:09:48:21 -0700] "GET /wp-includes/rest-api/search/class-wp-rest-search-handlers.php HTTP/1.1" 404 114070 "-" "Mozilla/5.0 (iPhone; CPU iPhone OS 17_5 like Mac OS X) AppleWebKit/605.1.15 (KHTML, like Gecko) Version/17.5 Mobile/15E148 Safari/604.1" 
165.232.167.116 - - [28/Oct/2025:09:48:24 -0700] "GET /wp-content/themes/bbpress/MH.php HTTP/1.1" 404 114081 "-" "Mozilla/5.0 (X11; Linux x86_64) AppleWebKit/537.36 (KHTML, like Gecko) Chrome/123.0.0.0 Safari/537.36" 
165.232.167.116 - - [28/Oct/2025:09:48:26 -0700] "GET /wp-content/themes/bbpress/MH.php HTTP/1.1" 301 3921 "-" "Mozilla/5.0 (X11; Ubuntu; Linux x86_64; rv:125.0) Gecko/20100101 Firefox/125.0" 
165.232.167.116 - - [28/Oct/2025:09:48:27 -0700] "GET /wp-content/themes/bbpress/MH.php HTTP/1.1" 404 114081 "-" "Mozilla/5.0 (X11; Ubuntu; Linux x86_64; rv:125.0) Gecko/20100101 Firefox/125.0" 
165.232.167.116 - - [28/Oct/2025:09:48:29 -0700] "GET /wp-confa1g.php HTTP/1.1" 404 113999 "-" "Mozilla/5.0 (iPad; CPU OS 17_5 like Mac OS X) AppleWebKit/605.1.15 (KHTML, like Gecko) Version/17.5 Mobile/15E148 Safari/604.1" 
165.232.167.116 - - [28/Oct/2025:09:48:32 -0700] "GET /wp-confa1g.php HTTP/1.1" 301 3885 "-" "Mozilla/5.0 (Windows NT 10.0; rv:124.0) Gecko/20100101 Firefox/124.0" 
165.232.167.116 - - [28/Oct/2025:09:48:34 -0700] "GET /wp-confa1g.php HTTP/1.1" 404 113988 "-" "Mozilla/5.0 (Windows NT 10.0; rv:124.0) Gecko/20100101 Firefox/124.0" 
165.232.167.116 - - [28/Oct/2025:09:48:38 -0700] "GET /file.php HTTP/1.1" 404 113999 "-" "Mozilla/5.0 (iPad; CPU OS 17_5 like Mac OS X) AppleWebKit/605.1.15 (KHTML, like Gecko) Version/17.5 Mobile/15E148 Safari/604.1" 
165.232.167.116 - - [28/Oct/2025:09:48:40 -0700] "GET /file.php HTTP/1.1" 301 3873 "-" "Mozilla/5.0 (iPad; CPU OS 17_5 like Mac OS X) AppleWebKit/605.1.15 (KHTML, like Gecko) Version/17.5 Mobile/15E148 Safari/604.1" 
165.232.167.116 - - [28/Oct/2025:09:48:42 -0700] "GET /file.php HTTP/1.1" 404 113999 "-" "Mozilla/5.0 (iPad; CPU OS 17_5 like Mac OS X) AppleWebKit/605.1.15 (KHTML, like Gecko) Version/17.5 Mobile/15E148 Safari/604.1" 
165.232.167.116 - - [28/Oct/2025:09:48:45 -0700] "GET /dashboard.php HTTP/1.1" 404 113988 "-" "Mozilla/5.0 (Windows NT 10.0; Win64; x64) AppleWebKit/537.36 (KHTML, like Gecko) Chrome/125.0.0.0 Safari/537.36" 
165.232.167.116 - - [28/Oct/2025:09:48:48 -0700] "GET /dashboard.php HTTP/1.1" 301 3883 "-" "Mozilla/5.0 (X11; Ubuntu; Linux x86_64; rv:125.0) Gecko/20100101 Firefox/125.0" 
165.232.167.116 - - [28/Oct/2025:09:48:49 -0700] "GET /dashboard.php HTTP/1.1" 404 113988 "-" "Mozilla/5.0 (X11; Ubuntu; Linux x86_64; rv:125.0) Gecko/20100101 Firefox/125.0" 
165.232.167.116 - - [28/Oct/2025:09:48:52 -0700] "GET /wp-content/plugins/init-help/init.php HTTP/1.1" 404 114081 "-" "Mozilla/5.0 (Macintosh; Intel Mac OS X 10_15_7) AppleWebKit/605.1.15 (KHTML, like Gecko) Version/17.4 Safari/605.1.15" 
165.232.167.116 - - [28/Oct/2025:09:48:55 -0700] "GET /wp-content/plugins/init-help/init.php HTTP/1.1" 301 3931 "-" "Mozilla/5.0 (iPad; CPU OS 17_5 like Mac OS X) AppleWebKit/605.1.15 (KHTML, like Gecko) Version/17.5 Mobile/15E148 Safari/604.1" 
165.232.167.116 - - [28/Oct/2025:09:48:56 -0700] "GET /wp-content/plugins/init-help/init.php HTTP/1.1" 404 114092 "-" "Mozilla/5.0 (iPad; CPU OS 17_5 like Mac OS X) AppleWebKit/605.1.15 (KHTML, like Gecko) Version/17.5 Mobile/15E148 Safari/604.1" 
165.232.167.116 - - [28/Oct/2025:09:49:00 -0700] "GET /wp-includes/js/tinymce/skins/lightgray/img/index.php HTTP/1.1" 301 3862 "-" "Mozilla/5.0 (Windows NT 10.0; Win64; x64) AppleWebKit/537.36 (KHTML, like Gecko) Chrome/125.0.0.0 Safari/537.36" 
165.232.167.116 - - [28/Oct/2025:09:49:01 -0700] "GET /wp-includes/js/tinymce/skins/lightgray/img/ HTTP/1.1" 404 110716 "-" "Mozilla/5.0 (Windows NT 10.0; Win64; x64) AppleWebKit/537.36 (KHTML, like Gecko) Chrome/125.0.0.0 Safari/537.36" 
165.232.167.116 - - [28/Oct/2025:09:49:04 -0700] "GET /wp-includes/js/tinymce/skins/lightgray/img/index.php HTTP/1.1" 301 3961 "-" "Mozilla/5.0 (Windows NT 10.0; rv:124.0) Gecko/20100101 Firefox/124.0" 
69.163.179.91 - - [28/Oct/2025:09:49:06 -0700] "POST /wp-cron.php?doing_wp_cron=1761670146.7588179111480712890625 HTTP/1.1" 200 3647 "-" "WordPress/6.8.3; https://www.elconferencista.com" 
165.232.167.116 - - [28/Oct/2025:09:49:06 -0700] "GET /wp-includes/js/tinymce/skins/lightgray/img/index.php HTTP/1.1" 301 3862 "-" "Mozilla/5.0 (Windows NT 10.0; rv:124.0) Gecko/20100101 Firefox/124.0" 
165.232.167.116 - - [28/Oct/2025:09:49:07 -0700] "GET /wp-includes/js/tinymce/skins/lightgray/img/ HTTP/1.1" 404 110716 "-" "Mozilla/5.0 (Windows NT 10.0; rv:124.0) Gecko/20100101 Firefox/124.0" 
165.232.167.116 - - [28/Oct/2025:09:49:11 -0700] "GET /wp-cli.php HTTP/1.1" 404 113988 "-" "Mozilla/5.0 (Windows NT 10.0; rv:124.0) Gecko/20100101 Firefox/124.0" 
165.232.167.116 - - [28/Oct/2025:09:49:13 -0700] "GET /wp-cli.php HTTP/1.1" 301 3877 "-" "Mozilla/5.0 (iPad; CPU OS 17_5 like Mac OS X) AppleWebKit/605.1.15 (KHTML, like Gecko) Version/17.5 Mobile/15E148 Safari/604.1" 
165.232.167.116 - - [28/Oct/2025:09:49:14 -0700] "GET /wp-cli.php HTTP/1.1" 404 113999 "-" "Mozilla/5.0 (iPad; CPU OS 17_5 like Mac OS X) AppleWebKit/605.1.15 (KHTML, like Gecko) Version/17.5 Mobile/15E148 Safari/604.1" 
165.232.167.116 - - [28/Oct/2025:09:49:18 -0700] "GET /wp-content/plugins/background-image-cropper/classwithtostring.php HTTP/1.1" 404 114081 "-" "Mozilla/5.0 (Windows NT 6.1; Win64; x64) AppleWebKit/537.36 (KHTML, like Gecko) Chrome/120.0.0.0 Safari/537.36" 
165.232.167.116 - - [28/Oct/2025:09:49:20 -0700] "GET /wp-content/plugins/background-image-cropper/classwithtostring.php HTTP/1.1" 301 3987 "-" "Mozilla/5.0 (X11; Ubuntu; Linux x86_64; rv:125.0) Gecko/20100101 Firefox/125.0" 
165.232.167.116 - - [28/Oct/2025:09:49:21 -0700] "GET /wp-content/plugins/background-image-cropper/classwithtostring.php HTTP/1.1" 404 114081 "-" "Mozilla/5.0 (X11; Ubuntu; Linux x86_64; rv:125.0) Gecko/20100101 Firefox/125.0" 
165.232.167.116 - - [28/Oct/2025:09:49:25 -0700] "GET /about.php?key=x7root HTTP/1.1" 404 113988 "-" "Mozilla/5.0 (X11; Ubuntu; Linux x86_64; rv:125.0) Gecko/20100101 Firefox/125.0" 
165.232.167.116 - - [28/Oct/2025:09:49:27 -0700] "GET /about.php?key=x7root HTTP/1.1" 301 3897 "-" "Mozilla/5.0 (iPhone; CPU iPhone OS 17_5 like Mac OS X) AppleWebKit/605.1.15 (KHTML, like Gecko) Version/17.5 Mobile/15E148 Safari/604.1" 
165.232.167.116 - - [28/Oct/2025:09:49:28 -0700] "GET /about.php?key=x7root HTTP/1.1" 404 113999 "-" "Mozilla/5.0 (iPhone; CPU iPhone OS 17_5 like Mac OS X) AppleWebKit/605.1.15 (KHTML, like Gecko) Version/17.5 Mobile/15E148 Safari/604.1" 
165.232.167.116 - - [28/Oct/2025:09:49:31 -0700] "GET /wp-content/themes/newsfeed-theme/bbh.php HTTP/1.1" 404 114081 "-" "Mozilla/5.0 (Windows NT 6.1; Win64; x64) AppleWebKit/537.36 (KHTML, like Gecko) Chrome/120.0.0.0 Safari/537.36" 
165.232.167.116 - - [28/Oct/2025:09:49:34 -0700] "GET /wp-content/themes/newsfeed-theme/bbh.php HTTP/1.1" 301 3937 "-" "Mozilla/5.0 (iPad; CPU OS 17_5 like Mac OS X) AppleWebKit/605.1.15 (KHTML, like Gecko) Version/17.5 Mobile/15E148 Safari/604.1" 
165.232.167.116 - - [28/Oct/2025:09:49:36 -0700] "GET /wp-content/themes/newsfeed-theme/bbh.php HTTP/1.1" 404 114070 "-" "Mozilla/5.0 (iPad; CPU OS 17_5 like Mac OS X) AppleWebKit/605.1.15 (KHTML, like Gecko) Version/17.5 Mobile/15E148 Safari/604.1" 
165.232.167.116 - - [28/Oct/2025:09:49:40 -0700] "GET /wp-content/themes/deeto/login.php HTTP/1.1" 404 114092 "-" "Mozilla/5.0 (Linux; Android 11; SM-A205U) AppleWebKit/537.36 (KHTML, like Gecko) Chrome/124.0.0.0 Mobile Safari/537.36" 
165.232.167.116 - - [28/Oct/2025:09:49:42 -0700] "GET /wp-content/themes/deeto/login.php HTTP/1.1" 301 3923 "-" "Mozilla/5.0 (Linux; Android 13; Pixel 7 Pro) AppleWebKit/537.36 (KHTML, like Gecko) Chrome/125.0.0.0 Mobile Safari/537.36" 
165.232.167.116 - - [28/Oct/2025:09:49:43 -0700] "GET /wp-content/themes/deeto/login.php HTTP/1.1" 404 114092 "-" "Mozilla/5.0 (Linux; Android 13; Pixel 7 Pro) AppleWebKit/537.36 (KHTML, like Gecko) Chrome/125.0.0.0 Mobile Safari/537.36" 
165.232.167.116 - - [28/Oct/2025:09:49:46 -0700] "GET /index/function.php HTTP/1.1" 404 113988 "-" "Mozilla/5.0 (Windows NT 10.0; rv:124.0) Gecko/20100101 Firefox/124.0" 
165.232.167.116 - - [28/Oct/2025:09:49:49 -0700] "GET /index/function.php HTTP/1.1" 301 3893 "-" "Mozilla/5.0 (iPhone; CPU iPhone OS 17_5 like Mac OS X) AppleWebKit/605.1.15 (KHTML, like Gecko) Version/17.5 Mobile/15E148 Safari/604.1" 
165.232.167.116 - - [28/Oct/2025:09:49:50 -0700] "GET /index/function.php HTTP/1.1" 404 113999 "-" "Mozilla/5.0 (iPhone; CPU iPhone OS 17_5 like Mac OS X) AppleWebKit/605.1.15 (KHTML, like Gecko) Version/17.5 Mobile/15E148 Safari/604.1" 
165.232.167.116 - - [28/Oct/2025:09:49:53 -0700] "GET /wp-content/plugins/phpadmin/acp.php HTTP/1.1" 404 114092 "-" "Mozilla/5.0 (Linux; Android 11; SM-A205U) AppleWebKit/537.36 (KHTML, like Gecko) Chrome/124.0.0.0 Mobile Safari/537.36" 
165.232.167.116 - - [28/Oct/2025:09:49:56 -0700] "GET /wp-content/plugins/phpadmin/acp.php HTTP/1.1" 301 3927 "-" "Mozilla/5.0 (Windows NT 10.0; rv:124.0) Gecko/20100101 Firefox/124.0" 
165.232.167.116 - - [28/Oct/2025:09:49:57 -0700] "GET /wp-content/plugins/phpadmin/acp.php HTTP/1.1" 404 114081 "-" "Mozilla/5.0 (Windows NT 10.0; rv:124.0) Gecko/20100101 Firefox/124.0" 
69.163.179.91 - - [28/Oct/2025:09:50:03 -0700] "POST /wp-cron.php?doing_wp_cron=1761670203.5414690971374511718750 HTTP/1.1" 200 3647 "-" "WordPress/6.8.3; https://www.elconferencista.com" 
165.232.167.116 - - [28/Oct/2025:09:50:03 -0700] "GET /wp-content/plugins/ioxi/ioxi/dropdown.php HTTP/1.1" 404 114081 "-" "Mozilla/5.0 (X11; Ubuntu; Linux x86_64; rv:125.0) Gecko/20100101 Firefox/125.0" 
165.232.167.116 - - [28/Oct/2025:09:50:06 -0700] "GET /wp-content/plugins/ioxi/ioxi/dropdown.php HTTP/1.1" 301 3939 "-" "Mozilla/5.0 (X11; Ubuntu; Linux x86_64; rv:125.0) Gecko/20100101 Firefox/125.0" 
165.232.167.116 - - [28/Oct/2025:09:50:07 -0700] "GET /wp-content/plugins/ioxi/ioxi/dropdown.php HTTP/1.1" 404 114081 "-" "Mozilla/5.0 (X11; Ubuntu; Linux x86_64; rv:125.0) Gecko/20100101 Firefox/125.0" 
165.232.167.116 - - [28/Oct/2025:09:50:11 -0700] "GET /wp-content/plugins/phpad/as.php HTTP/1.1" 404 114092 "-" "Mozilla/5.0 (Linux; Android 11; SM-A205U) AppleWebKit/537.36 (KHTML, like Gecko) Chrome/124.0.0.0 Mobile Safari/537.36" 
165.232.167.116 - - [28/Oct/2025:09:50:13 -0700] "GET /wp-content/plugins/phpad/as.php HTTP/1.1" 301 3919 "-" "Mozilla/5.0 (iPhone; CPU iPhone OS 17_5 like Mac OS X) AppleWebKit/605.1.15 (KHTML, like Gecko) Version/17.5 Mobile/15E148 Safari/604.1" 
165.232.167.116 - - [28/Oct/2025:09:50:14 -0700] "GET /wp-content/plugins/phpad/as.php HTTP/1.1" 404 114092 "-" "Mozilla/5.0 (iPhone; CPU iPhone OS 17_5 like Mac OS X) AppleWebKit/605.1.15 (KHTML, like Gecko) Version/17.5 Mobile/15E148 Safari/604.1" 
54.39.210.210 - - [28/Oct/2025:09:50:17 -0700] "GET /?products=4826976 HTTP/2.0" 200 31028 "-" "Mozilla/5.0 (compatible; AhrefsBot/7.0; +http://ahrefs.com/robot/)" 
165.232.167.116 - - [28/Oct/2025:09:50:18 -0700] "GET /wp-includes/ID3/index.php HTTP/1.1" 301 3835 "-" "Mozilla/5.0 (iPad; CPU OS 17_5 like Mac OS X) AppleWebKit/605.1.15 (KHTML, like Gecko) Version/17.5 Mobile/15E148 Safari/604.1" 
165.232.167.116 - - [28/Oct/2025:09:50:19 -0700] "GET /wp-includes/ID3/ HTTP/1.1" 404 110634 "-" "Mozilla/5.0 (iPad; CPU OS 17_5 like Mac OS X) AppleWebKit/605.1.15 (KHTML, like Gecko) Version/17.5 Mobile/15E148 Safari/604.1" 
165.232.167.116 - - [28/Oct/2025:09:50:22 -0700] "GET /wp-includes/ID3/index.php HTTP/1.1" 301 3907 "-" "Mozilla/5.0 (Windows NT 10.0; Win64; x64) AppleWebKit/537.36 (KHTML, like Gecko) Chrome/125.0.0.0 Safari/537.36" 
165.232.167.116 - - [28/Oct/2025:09:50:23 -0700] "GET /wp-includes/ID3/index.php HTTP/1.1" 301 3835 "-" "Mozilla/5.0 (Windows NT 10.0; Win64; x64) AppleWebKit/537.36 (KHTML, like Gecko) Chrome/125.0.0.0 Safari/537.36" 
165.232.167.116 - - [28/Oct/2025:09:50:24 -0700] "GET /wp-includes/ID3/ HTTP/1.1" 404 110623 "-" "Mozilla/5.0 (Windows NT 10.0; Win64; x64) AppleWebKit/537.36 (KHTML, like Gecko) Chrome/125.0.0.0 Safari/537.36" 
165.232.167.116 - - [28/Oct/2025:09:50:27 -0700] "GET /wp-content/plugins/index.php HTTP/1.1" 301 3838 "-" "Mozilla/5.0 (Windows NT 6.1; Win64; x64) AppleWebKit/537.36 (KHTML, like Gecko) Chrome/120.0.0.0 Safari/537.36" 
165.232.167.116 - - [28/Oct/2025:09:50:28 -0700] "GET /wp-content/plugins/ HTTP/1.1" 404 110623 "-" "Mozilla/5.0 (Windows NT 6.1; Win64; x64) AppleWebKit/537.36 (KHTML, like Gecko) Chrome/120.0.0.0 Safari/537.36" 
165.232.167.116 - - [28/Oct/2025:09:50:31 -0700] "GET /wp-content/plugins/index.php HTTP/1.1" 301 3913 "-" "Mozilla/5.0 (Macintosh; Intel Mac OS X 10_15_7) AppleWebKit/605.1.15 (KHTML, like Gecko) Version/17.4 Safari/605.1.15" 
165.232.167.116 - - [28/Oct/2025:09:50:32 -0700] "GET /wp-content/plugins/index.php HTTP/1.1" 301 3838 "-" "Mozilla/5.0 (Macintosh; Intel Mac OS X 10_15_7) AppleWebKit/605.1.15 (KHTML, like Gecko) Version/17.4 Safari/605.1.15" 
165.232.167.116 - - [28/Oct/2025:09:50:33 -0700] "GET /wp-content/plugins/ HTTP/1.1" 404 110623 "-" "Mozilla/5.0 (Macintosh; Intel Mac OS X 10_15_7) AppleWebKit/605.1.15 (KHTML, like Gecko) Version/17.4 Safari/605.1.15" 
165.232.167.116 - - [28/Oct/2025:09:50:36 -0700] "GET /wp-admin/network/index.php HTTP/1.1" 301 3836 "-" "Mozilla/5.0 (iPhone; CPU iPhone OS 17_5 like Mac OS X) AppleWebKit/605.1.15 (KHTML, like Gecko) Version/17.5 Mobile/15E148 Safari/604.1" 
165.232.167.116 - - [28/Oct/2025:09:50:37 -0700] "GET /wp-admin/network/ HTTP/1.1" 404 110634 "-" "Mozilla/5.0 (iPhone; CPU iPhone OS 17_5 like Mac OS X) AppleWebKit/605.1.15 (KHTML, like Gecko) Version/17.5 Mobile/15E148 Safari/604.1" 
165.232.167.116 - - [28/Oct/2025:09:50:40 -0700] "GET /wp-admin/network/index.php HTTP/1.1" 301 3909 "-" "Mozilla/5.0 (Linux; Android 11; SM-A205U) AppleWebKit/537.36 (KHTML, like Gecko) Chrome/124.0.0.0 Mobile Safari/537.36" 
165.232.167.116 - - [28/Oct/2025:09:50:42 -0700] "GET /wp-admin/network/index.php HTTP/1.1" 301 3836 "-" "Mozilla/5.0 (Linux; Android 11; SM-A205U) AppleWebKit/537.36 (KHTML, like Gecko) Chrome/124.0.0.0 Mobile Safari/537.36" 
165.232.167.116 - - [28/Oct/2025:09:50:42 -0700] "GET /wp-admin/network/ HTTP/1.1" 404 110634 "-" "Mozilla/5.0 (Linux; Android 11; SM-A205U) AppleWebKit/537.36 (KHTML, like Gecko) Chrome/124.0.0.0 Mobile Safari/537.36" 
165.232.167.116 - - [28/Oct/2025:09:50:46 -0700] "GET /wp-includes/IXR/index.php HTTP/1.1" 301 3835 "-" "Mozilla/5.0 (Windows NT 10.0; Win64; x64) AppleWebKit/537.36 (KHTML, like Gecko) Chrome/125.0.0.0 Safari/537.36" 
165.232.167.116 - - [28/Oct/2025:09:50:47 -0700] "GET /wp-includes/IXR/ HTTP/1.1" 404 110623 "-" "Mozilla/5.0 (Windows NT 10.0; Win64; x64) AppleWebKit/537.36 (KHTML, like Gecko) Chrome/125.0.0.0 Safari/537.36" 
165.232.167.116 - - [28/Oct/2025:09:50:50 -0700] "GET /wp-includes/IXR/index.php HTTP/1.1" 301 3907 "-" "Mozilla/5.0 (Windows NT 10.0; rv:124.0) Gecko/20100101 Firefox/124.0" 
165.232.167.116 - - [28/Oct/2025:09:50:51 -0700] "GET /wp-includes/IXR/index.php HTTP/1.1" 301 3835 "-" "Mozilla/5.0 (Windows NT 10.0; rv:124.0) Gecko/20100101 Firefox/124.0" 
165.232.167.116 - - [28/Oct/2025:09:50:52 -0700] "GET /wp-includes/IXR/ HTTP/1.1" 404 110623 "-" "Mozilla/5.0 (Windows NT 10.0; rv:124.0) Gecko/20100101 Firefox/124.0" 
165.232.167.116 - - [28/Oct/2025:09:50:57 -0700] "GET /wp-admin/images/index.php HTTP/1.1" 301 3835 "-" "Mozilla/5.0 (X11; Ubuntu; Linux x86_64; rv:125.0) Gecko/20100101 Firefox/125.0" 
165.232.167.116 - - [28/Oct/2025:09:50:58 -0700] "GET /wp-admin/images/ HTTP/1.1" 404 110623 "-" "Mozilla/5.0 (X11; Ubuntu; Linux x86_64; rv:125.0) Gecko/20100101 Firefox/125.0" 
165.232.167.116 - - [28/Oct/2025:09:51:02 -0700] "GET /wp-admin/images/index.php HTTP/1.1" 301 3907 "-" "Mozilla/5.0 (iPhone; CPU iPhone OS 17_5 like Mac OS X) AppleWebKit/605.1.15 (KHTML, like Gecko) Version/17.5 Mobile/15E148 Safari/604.1" 
69.163.179.91 - - [28/Oct/2025:09:51:04 -0700] "POST /wp-cron.php?doing_wp_cron=1761670264.9152479171752929687500 HTTP/1.1" 200 3647 "-" "WordPress/6.8.3; https://www.elconferencista.com" 
165.232.167.116 - - [28/Oct/2025:09:51:04 -0700] "GET /wp-admin/images/index.php HTTP/1.1" 301 3835 "-" "Mozilla/5.0 (iPhone; CPU iPhone OS 17_5 like Mac OS X) AppleWebKit/605.1.15 (KHTML, like Gecko) Version/17.5 Mobile/15E148 Safari/604.1" 
165.232.167.116 - - [28/Oct/2025:09:51:05 -0700] "GET /wp-admin/images/ HTTP/1.1" 404 110634 "-" "Mozilla/5.0 (iPhone; CPU iPhone OS 17_5 like Mac OS X) AppleWebKit/605.1.15 (KHTML, like Gecko) Version/17.5 Mobile/15E148 Safari/604.1" 
165.232.167.116 - - [28/Oct/2025:09:51:09 -0700] "GET /wp-content/plugins/admin.php HTTP/1.1" 404 114092 "-" "Mozilla/5.0 (iPad; CPU OS 17_5 like Mac OS X) AppleWebKit/605.1.15 (KHTML, like Gecko) Version/17.5 Mobile/15E148 Safari/604.1" 
165.232.167.116 - - [28/Oct/2025:09:51:11 -0700] "GET /wp-content/plugins/admin.php HTTP/1.1" 301 3913 "-" "Mozilla/5.0 (Windows NT 10.0; rv:124.0) Gecko/20100101 Firefox/124.0" 
165.232.167.116 - - [28/Oct/2025:09:51:13 -0700] "GET /wp-content/plugins/admin.php HTTP/1.1" 404 114081 "-" "Mozilla/5.0 (Windows NT 10.0; rv:124.0) Gecko/20100101 Firefox/124.0" 
165.232.167.116 - - [28/Oct/2025:09:51:17 -0700] "GET /wp-admin.php HTTP/1.1" 404 113988 "-" "Mozilla/5.0 (X11; Linux x86_64) AppleWebKit/537.36 (KHTML, like Gecko) Chrome/123.0.0.0 Safari/537.36" 
165.232.167.116 - - [28/Oct/2025:09:51:20 -0700] "GET /wp-admin.php HTTP/1.1" 301 3881 "-" "Mozilla/5.0 (Windows NT 10.0; Win64; x64) AppleWebKit/537.36 (KHTML, like Gecko) Chrome/125.0.0.0 Safari/537.36" 
165.232.167.116 - - [28/Oct/2025:09:51:21 -0700] "GET /wp-admin.php HTTP/1.1" 404 113988 "-" "Mozilla/5.0 (Windows NT 10.0; Win64; x64) AppleWebKit/537.36 (KHTML, like Gecko) Chrome/125.0.0.0 Safari/537.36" 
165.232.167.116 - - [28/Oct/2025:09:51:23 -0700] "GET /wp-content/plugins/Core-Econ/upH.php HTTP/1.1" 404 114092 "-" "Mozilla/5.0 (iPhone; CPU iPhone OS 17_5 like Mac OS X) AppleWebKit/605.1.15 (KHTML, like Gecko) Version/17.5 Mobile/15E148 Safari/604.1" 
165.232.167.116 - - [28/Oct/2025:09:51:25 -0700] "GET /wp-content/plugins/Core-Econ/upH.php HTTP/1.1" 301 3929 "-" "Mozilla/5.0 (X11; Ubuntu; Linux x86_64; rv:125.0) Gecko/20100101 Firefox/125.0" 
165.232.167.116 - - [28/Oct/2025:09:51:26 -0700] "GET /wp-content/plugins/Core-Econ/upH.php HTTP/1.1" 404 114081 "-" "Mozilla/5.0 (X11; Ubuntu; Linux x86_64; rv:125.0) Gecko/20100101 Firefox/125.0" 
165.232.167.116 - - [28/Oct/2025:09:51:28 -0700] "GET /wp-content/plugins/fix/up.php HTTP/1.1" 404 114092 "-" "Mozilla/5.0 (iPhone; CPU iPhone OS 17_5 like Mac OS X) AppleWebKit/605.1.15 (KHTML, like Gecko) Version/17.5 Mobile/15E148 Safari/604.1" 
165.232.167.116 - - [28/Oct/2025:09:51:31 -0700] "GET /wp-content/plugins/fix/up.php HTTP/1.1" 301 3915 "-" "Mozilla/5.0 (Windows NT 10.0; rv:124.0) Gecko/20100101 Firefox/124.0" 
165.232.167.116 - - [28/Oct/2025:09:51:32 -0700] "GET /wp-content/plugins/fix/up.php HTTP/1.1" 404 114081 "-" "Mozilla/5.0 (Windows NT 10.0; rv:124.0) Gecko/20100101 Firefox/124.0" 
165.232.167.116 - - [28/Oct/2025:09:51:35 -0700] "GET /wp-content/plugins/shell/noimg.php HTTP/1.1" 404 114092 "-" "Mozilla/5.0 (Linux; Android 11; SM-A205U) AppleWebKit/537.36 (KHTML, like Gecko) Chrome/124.0.0.0 Mobile Safari/537.36" 
165.232.167.116 - - [28/Oct/2025:09:51:38 -0700] "GET /wp-content/plugins/shell/noimg.php HTTP/1.1" 301 3925 "-" "Mozilla/5.0 (Linux; Android 11; SM-A205U) AppleWebKit/537.36 (KHTML, like Gecko) Chrome/124.0.0.0 Mobile Safari/537.36" 
165.232.167.116 - - [28/Oct/2025:09:51:39 -0700] "GET /wp-content/plugins/shell/noimg.php HTTP/1.1" 404 114092 "-" "Mozilla/5.0 (Linux; Android 11; SM-A205U) AppleWebKit/537.36 (KHTML, like Gecko) Chrome/124.0.0.0 Mobile Safari/537.36" 
165.232.167.116 - - [28/Oct/2025:09:51:42 -0700] "GET /WSOEnigma.php HTTP/1.1" 404 113988 "-" "Mozilla/5.0 (X11; Ubuntu; Linux x86_64; rv:125.0) Gecko/20100101 Firefox/125.0" 
165.232.167.116 - - [28/Oct/2025:09:51:45 -0700] "GET /WSOEnigma.php HTTP/1.1" 301 3883 "-" "Mozilla/5.0 (Macintosh; Intel Mac OS X 10_15_7) AppleWebKit/605.1.15 (KHTML, like Gecko) Version/17.4 Safari/605.1.15" 
165.232.167.116 - - [28/Oct/2025:09:51:46 -0700] "GET /WSOEnigma.php HTTP/1.1" 404 113988 "-" "Mozilla/5.0 (Macintosh; Intel Mac OS X 10_15_7) AppleWebKit/605.1.15 (KHTML, like Gecko) Version/17.4 Safari/605.1.15" 
165.232.167.116 - - [28/Oct/2025:09:51:50 -0700] "GET /wp-content/plugins/dummyyummy/wp-signup.php HTTP/1.1" 404 114081 "-" "Mozilla/5.0 (X11; Ubuntu; Linux x86_64; rv:125.0) Gecko/20100101 Firefox/125.0" 
165.232.167.116 - - [28/Oct/2025:09:51:52 -0700] "GET /wp-content/plugins/dummyyummy/wp-signup.php HTTP/1.1" 301 3943 "-" "Mozilla/5.0 (X11; Ubuntu; Linux x86_64; rv:125.0) Gecko/20100101 Firefox/125.0" 
165.232.167.116 - - [28/Oct/2025:09:51:53 -0700] "GET /wp-content/plugins/dummyyummy/wp-signup.php HTTP/1.1" 404 114081 "-" "Mozilla/5.0 (X11; Ubuntu; Linux x86_64; rv:125.0) Gecko/20100101 Firefox/125.0" 
165.232.167.116 - - [28/Oct/2025:09:51:57 -0700] "GET /wp-content/plugins/clara/clara.php HTTP/1.1" 404 114092 "-" "Mozilla/5.0 (iPad; CPU OS 17_5 like Mac OS X) AppleWebKit/605.1.15 (KHTML, like Gecko) Version/17.5 Mobile/15E148 Safari/604.1" 
165.232.167.116 - - [28/Oct/2025:09:52:00 -0700] "GET /wp-content/plugins/clara/clara.php HTTP/1.1" 301 3925 "-" "Mozilla/5.0 (Macintosh; Intel Mac OS X 10_15_7) AppleWebKit/605.1.15 (KHTML, like Gecko) Version/17.4 Safari/605.1.15" 
165.232.167.116 - - [28/Oct/2025:09:52:01 -0700] "GET /wp-content/plugins/clara/clara.php HTTP/1.1" 404 114081 "-" "Mozilla/5.0 (Macintosh; Intel Mac OS X 10_15_7) AppleWebKit/605.1.15 (KHTML, like Gecko) Version/17.4 Safari/605.1.15" 
69.163.179.91 - - [28/Oct/2025:09:52:06 -0700] "POST /wp-cron.php?doing_wp_cron=1761670326.6885399818420410156250 HTTP/1.1" 200 3647 "-" "WordPress/6.8.3; https://www.elconferencista.com" 
165.232.167.116 - - [28/Oct/2025:09:52:06 -0700] "GET /plugins/function.php HTTP/1.1" 404 113988 "-" "Mozilla/5.0 (X11; Linux x86_64) AppleWebKit/537.36 (KHTML, like Gecko) Chrome/123.0.0.0 Safari/537.36" 
165.232.167.116 - - [28/Oct/2025:09:52:08 -0700] "GET /plugins/function.php HTTP/1.1" 301 3897 "-" "Mozilla/5.0 (Windows NT 10.0; Win64; x64) AppleWebKit/537.36 (KHTML, like Gecko) Chrome/125.0.0.0 Safari/537.36" 
165.232.167.116 - - [28/Oct/2025:09:52:09 -0700] "GET /plugins/function.php HTTP/1.1" 404 113988 "-" "Mozilla/5.0 (Windows NT 10.0; Win64; x64) AppleWebKit/537.36 (KHTML, like Gecko) Chrome/125.0.0.0 Safari/537.36" 
165.232.167.116 - - [28/Oct/2025:09:52:13 -0700] "GET /file/function.php HTTP/1.1" 404 113988 "-" "Mozilla/5.0 (X11; Ubuntu; Linux x86_64; rv:125.0) Gecko/20100101 Firefox/125.0" 
165.232.167.116 - - [28/Oct/2025:09:52:15 -0700] "GET /file/function.php HTTP/1.1" 301 3891 "-" "Mozilla/5.0 (iPhone; CPU iPhone OS 17_5 like Mac OS X) AppleWebKit/605.1.15 (KHTML, like Gecko) Version/17.5 Mobile/15E148 Safari/604.1" 
165.232.167.116 - - [28/Oct/2025:09:52:16 -0700] "GET /file/function.php HTTP/1.1" 404 113999 "-" "Mozilla/5.0 (iPhone; CPU iPhone OS 17_5 like Mac OS X) AppleWebKit/605.1.15 (KHTML, like Gecko) Version/17.5 Mobile/15E148 Safari/604.1" 
165.232.167.116 - - [28/Oct/2025:09:52:19 -0700] "GET /as/function HTTP/1.1" 404 113988 "-" "Mozilla/5.0 (X11; Linux x86_64) AppleWebKit/537.36 (KHTML, like Gecko) Chrome/123.0.0.0 Safari/537.36" 
165.232.167.116 - - [28/Oct/2025:09:52:22 -0700] "GET /as/function HTTP/1.1" 301 3879 "-" "Mozilla/5.0 (Windows NT 10.0; rv:124.0) Gecko/20100101 Firefox/124.0" 
165.232.167.116 - - [28/Oct/2025:09:52:23 -0700] "GET /as/function HTTP/1.1" 404 113988 "-" "Mozilla/5.0 (Windows NT 10.0; rv:124.0) Gecko/20100101 Firefox/124.0" 
165.232.167.116 - - [28/Oct/2025:09:52:26 -0700] "GET /mah/function.php HTTP/1.1" 404 113999 "-" "Mozilla/5.0 (iPhone; CPU iPhone OS 17_5 like Mac OS X) AppleWebKit/605.1.15 (KHTML, like Gecko) Version/17.5 Mobile/15E148 Safari/604.1" 
165.232.167.116 - - [28/Oct/2025:09:52:29 -0700] "GET /mah/function.php HTTP/1.1" 301 3889 "-" "Mozilla/5.0 (iPhone; CPU iPhone OS 17_5 like Mac OS X) AppleWebKit/605.1.15 (KHTML, like Gecko) Version/17.5 Mobile/15E148 Safari/604.1" 
165.232.167.116 - - [28/Oct/2025:09:52:30 -0700] "GET /mah/function.php HTTP/1.1" 404 113999 "-" "Mozilla/5.0 (iPhone; CPU iPhone OS 17_5 like Mac OS X) AppleWebKit/605.1.15 (KHTML, like Gecko) Version/17.5 Mobile/15E148 Safari/604.1" 
165.232.167.116 - - [28/Oct/2025:09:52:33 -0700] "GET /admin/function.php HTTP/1.1" 404 113999 "-" "Mozilla/5.0 (Linux; Android 11; SM-A205U) AppleWebKit/537.36 (KHTML, like Gecko) Chrome/124.0.0.0 Mobile Safari/537.36" 
165.232.167.116 - - [28/Oct/2025:09:52:35 -0700] "GET /admin/function.php HTTP/1.1" 301 3893 "-" "Mozilla/5.0 (Linux; Android 13; Pixel 7 Pro) AppleWebKit/537.36 (KHTML, like Gecko) Chrome/125.0.0.0 Mobile Safari/537.36" 
165.232.167.116 - - [28/Oct/2025:09:52:36 -0700] "GET /admin/function.php HTTP/1.1" 404 113999 "-" "Mozilla/5.0 (Linux; Android 13; Pixel 7 Pro) AppleWebKit/537.36 (KHTML, like Gecko) Chrome/125.0.0.0 Mobile Safari/537.36" 
165.232.167.116 - - [28/Oct/2025:09:52:40 -0700] "GET /doc/function.php HTTP/1.1" 404 113988 "-" "Mozilla/5.0 (Macintosh; Intel Mac OS X 10_15_7) AppleWebKit/605.1.15 (KHTML, like Gecko) Version/17.4 Safari/605.1.15" 
165.232.167.116 - - [28/Oct/2025:09:52:42 -0700] "GET /doc/function.php HTTP/1.1" 301 3889 "-" "Mozilla/5.0 (Macintosh; Intel Mac OS X 10_15_7) AppleWebKit/605.1.15 (KHTML, like Gecko) Version/17.4 Safari/605.1.15" 
165.232.167.116 - - [28/Oct/2025:09:52:43 -0700] "GET /doc/function.php HTTP/1.1" 404 113988 "-" "Mozilla/5.0 (Macintosh; Intel Mac OS X 10_15_7) AppleWebKit/605.1.15 (KHTML, like Gecko) Version/17.4 Safari/605.1.15" 
165.232.167.116 - - [28/Oct/2025:09:52:47 -0700] "GET /about/function.php HTTP/1.1" 404 113988 "-" "Mozilla/5.0 (X11; Linux x86_64) AppleWebKit/537.36 (KHTML, like Gecko) Chrome/123.0.0.0 Safari/537.36" 
165.232.167.116 - - [28/Oct/2025:09:52:50 -0700] "GET /about/function.php HTTP/1.1" 301 3893 "-" "Mozilla/5.0 (X11; Linux x86_64) AppleWebKit/537.36 (KHTML, like Gecko) Chrome/123.0.0.0 Safari/537.36" 
165.232.167.116 - - [28/Oct/2025:09:52:51 -0700] "GET /about/function.php HTTP/1.1" 404 113988 "-" "Mozilla/5.0 (X11; Linux x86_64) AppleWebKit/537.36 (KHTML, like Gecko) Chrome/123.0.0.0 Safari/537.36" 
165.232.167.116 - - [28/Oct/2025:09:52:55 -0700] "GET /zwso.php HTTP/1.1" 404 113999 "-" "Mozilla/5.0 (Linux; Android 11; SM-A205U) AppleWebKit/537.36 (KHTML, like Gecko) Chrome/124.0.0.0 Mobile Safari/537.36" 
165.232.167.116 - - [28/Oct/2025:09:52:57 -0700] "GET /zwso.php HTTP/1.1" 301 3873 "-" "Mozilla/5.0 (Windows NT 10.0; rv:124.0) Gecko/20100101 Firefox/124.0" 
165.232.167.116 - - [28/Oct/2025:09:52:58 -0700] "GET /zwso.php HTTP/1.1" 404 113988 "-" "Mozilla/5.0 (Windows NT 10.0; rv:124.0) Gecko/20100101 Firefox/124.0" 
69.163.179.91 - - [28/Oct/2025:09:53:02 -0700] "POST /wp-cron.php?doing_wp_cron=1761670382.6486399173736572265625 HTTP/1.1" 200 3647 "-" "WordPress/6.8.3; https://www.elconferencista.com" 
165.232.167.116 - - [28/Oct/2025:09:53:02 -0700] "GET /wp-content/plugins/about.php HTTP/1.1" 404 114081 "-" "Mozilla/5.0 (Macintosh; Intel Mac OS X 10_15_7) AppleWebKit/605.1.15 (KHTML, like Gecko) Version/17.4 Safari/605.1.15" 
