54.39.136.254 - - [28/Oct/2025:12:19:06 -0700] "GET /?products=4830466 HTTP/2.0" 200 31026 "-" "Mozilla/5.0 (compatible; AhrefsBot/7.0; +http://ahrefs.com/robot/)" 
69.163.179.91 - - [28/Oct/2025:12:19:08 -0700] "POST /wp-cron.php?doing_wp_cron=1761679148.0541179180145263671875 HTTP/1.1" 200 3647 "-" "WordPress/6.8.3; https://www.elconferencista.com" 
54.39.210.188 - - [28/Oct/2025:12:21:30 -0700] "GET /?products=4830394 HTTP/2.0" 200 31027 "-" "Mozilla/5.0 (compatible; AhrefsBot/7.0; +http://ahrefs.com/robot/)" 
69.163.179.91 - - [28/Oct/2025:12:21:36 -0700] "POST /wp-cron.php?doing_wp_cron=1761679296.2786319255828857421875 HTTP/1.1" 200 3647 "-" "WordPress/6.8.3; https://www.elconferencista.com" 
51.222.168.33 - - [28/Oct/2025:12:24:13 -0700] "GET /?products=4830274 HTTP/2.0" 200 31027 "-" "Mozilla/5.0 (compatible; AhrefsBot/7.0; +http://ahrefs.com/robot/)" 
69.163.179.91 - - [28/Oct/2025:12:24:15 -0700] "POST /wp-cron.php?doing_wp_cron=1761679455.2064650058746337890625 HTTP/1.1" 200 3647 "-" "WordPress/6.8.3; https://www.elconferencista.com" 
54.39.210.18 - - [28/Oct/2025:12:27:09 -0700] "GET /?products=4830264 HTTP/2.0" 200 31018 "-" "Mozilla/5.0 (compatible; AhrefsBot/7.0; +http://ahrefs.com/robot/)" 
69.163.179.91 - - [28/Oct/2025:12:27:11 -0700] "POST /wp-cron.php?doing_wp_cron=1761679631.4518918991088867187500 HTTP/1.1" 200 3647 "-" "WordPress/6.8.3; https://www.elconferencista.com" 
157.180.112.213 - - [28/Oct/2025:12:27:26 -0700] "GET /.git/ HTTP/1.1" 429 3797 "-" "Mozilla/5.0 (Kubuntu; Linux i686) AppleWebKit/537.36 (KHTML, like Gecko) Chrome/135.0.0.0 Safari/537.36" 
142.44.233.15 - - [28/Oct/2025:12:29:47 -0700] "GET /?products=4830250 HTTP/2.0" 200 31027 "-" "Mozilla/5.0 (compatible; AhrefsBot/7.0; +http://ahrefs.com/robot/)" 
69.163.179.91 - - [28/Oct/2025:12:29:48 -0700] "POST /wp-cron.php?doing_wp_cron=1761679788.5265851020812988281250 HTTP/1.1" 200 3647 "-" "WordPress/6.8.3; https://www.elconferencista.com" 
85.186.88.250 - - [28/Oct/2025:12:31:17 -0700] "POST /xmlrpc.php HTTP/1.1" 429 3633 "-" "Mozilla/5.0 (Windows NT 10.0; Win64; x64; rv:45.0) Gecko/20100101 Firefox/45.0" 
15.235.98.49 - - [28/Oct/2025:12:32:42 -0700] "GET /?products=4830188 HTTP/2.0" 200 31027 "-" "Mozilla/5.0 (compatible; AhrefsBot/7.0; +http://ahrefs.com/robot/)" 
69.163.179.91 - - [28/Oct/2025:12:32:44 -0700] "POST /wp-cron.php?doing_wp_cron=1761679964.5430209636688232421875 HTTP/1.1" 200 3647 "-" "WordPress/6.8.3; https://www.elconferencista.com" 
148.113.130.159 - - [28/Oct/2025:12:35:44 -0700] "GET /?products=4829962 HTTP/2.0" 200 31027 "-" "Mozilla/5.0 (compatible; AhrefsBot/7.0; +http://ahrefs.com/robot/)" 
69.163.179.91 - - [28/Oct/2025:12:35:45 -0700] "POST /wp-cron.php?doing_wp_cron=1761680145.5171101093292236328125 HTTP/1.1" 200 3647 "-" "WordPress/6.8.3; https://www.elconferencista.com" 
69.163.179.91 - - [28/Oct/2025:12:36:53 -0700] "POST /wp-cron.php?doing_wp_cron=1761680213.4390540122985839843750 HTTP/1.1" 200 3647 "-" "WordPress/6.8.3; https://www.elconferencista.com" 
3.144.108.15 - - [28/Oct/2025:12:36:52 -0700] "GET / HTTP/1.1" 200 34859 "-" "Mozilla/5.0 (Macintosh; Intel Mac OS X 10_15_7) AppleWebKit/537.36 (KHTML, like Gecko) Chrome/121.0.0.0 Safari/537.36" 
3.144.108.15 - - [28/Oct/2025:12:36:54 -0700] "GET / HTTP/1.1" 200 34859 "-" "Mozilla/5.0 (Macintosh; Intel Mac OS X 10_15_7) AppleWebKit/537.36 (KHTML, like Gecko) Chrome/121.0.0.0 Safari/537.36" 
3.144.108.15 - - [28/Oct/2025:12:36:54 -0700] "GET / HTTP/2.0" 200 31041 "-" "Mozilla/5.0 (Macintosh; Intel Mac OS X 10_15_7) AppleWebKit/537.36 (KHTML, like Gecko) Chrome/121.0.0.0 Safari/537.36" 
3.144.108.15 - - [28/Oct/2025:12:36:56 -0700] "GET /wp-content/themes/astra/assets/css/minified/main.min.css?ver=4.9.2 HTTP/2.0" 200 9108 "https://www.elconferencista.com/" "Mozilla/5.0 (Macintosh; Intel Mac OS X 10_15_7) AppleWebKit/537.36 (KHTML, like Gecko) Chrome/121.0.0.0 Safari/537.36" 
3.144.108.15 - - [28/Oct/2025:12:36:56 -0700] "GET /wp-content/plugins/elementor/assets/css/widget-image.min.css?ver=3.32.5 HTTP/2.0" 200 242 "https://www.elconferencista.com/" "Mozilla/5.0 (Macintosh; Intel Mac OS X 10_15_7) AppleWebKit/537.36 (KHTML, like Gecko) Chrome/121.0.0.0 Safari/537.36" 
3.144.108.15 - - [28/Oct/2025:12:36:56 -0700] "GET /wp-content/plugins/jet-engine/assets/css/frontend.css?ver=3.6.6.1 HTTP/2.0" 200 8004 "https://www.elconferencista.com/" "Mozilla/5.0 (Macintosh; Intel Mac OS X 10_15_7) AppleWebKit/537.36 (KHTML, like Gecko) Chrome/121.0.0.0 Safari/537.36" 
3.144.108.15 - - [28/Oct/2025:12:36:56 -0700] "GET /wp-content/plugins/whatsapp-for-wordpress/assets/dist/css/style.css?ver=6.8.3 HTTP/2.0" 200 5986 "https://www.elconferencista.com/" "Mozilla/5.0 (Macintosh; Intel Mac OS X 10_15_7) AppleWebKit/537.36 (KHTML, like Gecko) Chrome/121.0.0.0 Safari/537.36" 
3.144.108.15 - - [28/Oct/2025:12:36:56 -0700] "GET /wp-content/plugins/elementor/assets/css/frontend.min.css?ver=3.32.5 HTTP/2.0" 200 7452 "https://www.elconferencista.com/" "Mozilla/5.0 (Macintosh; Intel Mac OS X 10_15_7) AppleWebKit/537.36 (KHTML, like Gecko) Chrome/121.0.0.0 Safari/537.36" 
3.144.108.15 - - [28/Oct/2025:12:36:56 -0700] "GET /wp-content/plugins/elementor/assets/css/widget-heading.min.css?ver=3.32.5 HTTP/2.0" 200 244 "https://www.elconferencista.com/" "Mozilla/5.0 (Macintosh; Intel Mac OS X 10_15_7) AppleWebKit/537.36 (KHTML, like Gecko) Chrome/121.0.0.0 Safari/537.36" 
3.144.108.15 - - [28/Oct/2025:12:36:56 -0700] "GET /wp-content/plugins/elementor/assets/css/widget-social-icons.min.css?ver=3.32.5 HTTP/2.0" 200 1226 "https://www.elconferencista.com/" "Mozilla/5.0 (Macintosh; Intel Mac OS X 10_15_7) AppleWebKit/537.36 (KHTML, like Gecko) Chrome/121.0.0.0 Safari/537.36" 
3.144.108.15 - - [28/Oct/2025:12:36:56 -0700] "GET /wp-content/uploads/elementor/css/post-7.css?ver=1761338615 HTTP/2.0" 200 476 "https://www.elconferencista.com/" "Mozilla/5.0 (Macintosh; Intel Mac OS X 10_15_7) AppleWebKit/537.36 (KHTML, like Gecko) Chrome/121.0.0.0 Safari/537.36" 
3.144.108.15 - - [28/Oct/2025:12:36:56 -0700] "GET /wp-content/plugins/elementor-pro/assets/css/modules/sticky.min.css?ver=3.32.3 HTTP/2.0" 200 193 "https://www.elconferencista.com/" "Mozilla/5.0 (Macintosh; Intel Mac OS X 10_15_7) AppleWebKit/537.36 (KHTML, like Gecko) Chrome/121.0.0.0 Safari/537.36" 
3.144.108.15 - - [28/Oct/2025:12:36:56 -0700] "GET /wp-content/plugins/elementor/assets/css/conditionals/apple-webkit.min.css?ver=3.32.5 HTTP/2.0" 200 619 "https://www.elconferencista.com/" "Mozilla/5.0 (Macintosh; Intel Mac OS X 10_15_7) AppleWebKit/537.36 (KHTML, like Gecko) Chrome/121.0.0.0 Safari/537.36" 
3.144.108.15 - - [28/Oct/2025:12:36:56 -0700] "GET /wp-content/plugins/elementor/assets/lib/animations/styles/fadeIn.min.css?ver=3.32.5 HTTP/2.0" 200 156 "https://www.elconferencista.com/" "Mozilla/5.0 (Macintosh; Intel Mac OS X 10_15_7) AppleWebKit/537.36 (KHTML, like Gecko) Chrome/121.0.0.0 Safari/537.36" 
3.144.108.15 - - [28/Oct/2025:12:36:56 -0700] "GET /wp-content/plugins/elementor/assets/lib/font-awesome/css/all.min.css?ver=3.32.5 HTTP/2.0" 200 12905 "https://www.elconferencista.com/" "Mozilla/5.0 (Macintosh; Intel Mac OS X 10_15_7) AppleWebKit/537.36 (KHTML, like Gecko) Chrome/121.0.0.0 Safari/537.36" 
3.144.108.15 - - [28/Oct/2025:12:36:56 -0700] "GET /wp-content/plugins/elementor/assets/lib/font-awesome/css/v4-shims.min.css?ver=3.32.5 HTTP/2.0" 200 4339 "https://www.elconferencista.com/" "Mozilla/5.0 (Macintosh; Intel Mac OS X 10_15_7) AppleWebKit/537.36 (KHTML, like Gecko) Chrome/121.0.0.0 Safari/537.36" 
3.144.108.15 - - [28/Oct/2025:12:36:56 -0700] "GET /wp-content/plugins/elementor/assets/lib/animations/styles/fadeInUp.min.css?ver=3.32.5 HTTP/2.0" 200 171 "https://www.elconferencista.com/" "Mozilla/5.0 (Macintosh; Intel Mac OS X 10_15_7) AppleWebKit/537.36 (KHTML, like Gecko) Chrome/121.0.0.0 Safari/537.36" 
3.144.108.15 - - [28/Oct/2025:12:36:56 -0700] "GET /wp-includes/js/mediaelement/wp-mediaelement.min.css?ver=6.8.3 HTTP/2.0" 200 1240 "https://www.elconferencista.com/" "Mozilla/5.0 (Macintosh; Intel Mac OS X 10_15_7) AppleWebKit/537.36 (KHTML, like Gecko) Chrome/121.0.0.0 Safari/537.36" 
3.144.108.15 - - [28/Oct/2025:12:36:56 -0700] "GET /wp-content/plugins/elementor/assets/css/widget-icon-box.min.css?ver=3.32.5 HTTP/2.0" 200 567 "https://www.elconferencista.com/" "Mozilla/5.0 (Macintosh; Intel Mac OS X 10_15_7) AppleWebKit/537.36 (KHTML, like Gecko) Chrome/121.0.0.0 Safari/537.36" 
3.144.108.15 - - [28/Oct/2025:12:36:56 -0700] "GET /wp-includes/js/mediaelement/mediaelementplayer-legacy.min.css?ver=4.2.17 HTTP/2.0" 200 2672 "https://www.elconferencista.com/" "Mozilla/5.0 (Macintosh; Intel Mac OS X 10_15_7) AppleWebKit/537.36 (KHTML, like Gecko) Chrome/121.0.0.0 Safari/537.36" 
3.144.108.15 - - [28/Oct/2025:12:36:56 -0700] "GET /wp-content/plugins/elementor/assets/css/widget-counter.min.css?ver=3.32.5 HTTP/2.0" 200 361 "https://www.elconferencista.com/" "Mozilla/5.0 (Macintosh; Intel Mac OS X 10_15_7) AppleWebKit/537.36 (KHTML, like Gecko) Chrome/121.0.0.0 Safari/537.36" 
3.144.108.15 - - [28/Oct/2025:12:36:56 -0700] "GET /wp-content/plugins/elementor/assets/lib/animations/styles/fadeInDown.min.css?ver=3.32.5 HTTP/2.0" 200 174 "https://www.elconferencista.com/" "Mozilla/5.0 (Macintosh; Intel Mac OS X 10_15_7) AppleWebKit/537.36 (KHTML, like Gecko) Chrome/121.0.0.0 Safari/537.36" 
3.144.108.15 - - [28/Oct/2025:12:36:56 -0700] "GET /wp-content/plugins/elementor/assets/css/conditionals/shapes.min.css?ver=3.32.5 HTTP/2.0" 200 344 "https://www.elconferencista.com/" "Mozilla/5.0 (Macintosh; Intel Mac OS X 10_15_7) AppleWebKit/537.36 (KHTML, like Gecko) Chrome/121.0.0.0 Safari/537.36" 
3.144.108.15 - - [28/Oct/2025:12:36:56 -0700] "GET /wp-content/plugins/elementor/assets/lib/animations/styles/fadeInRight.min.css?ver=3.32.5 HTTP/2.0" 200 174 "https://www.elconferencista.com/" "Mozilla/5.0 (Macintosh; Intel Mac OS X 10_15_7) AppleWebKit/537.36 (KHTML, like Gecko) Chrome/121.0.0.0 Safari/537.36" 
3.144.108.15 - - [28/Oct/2025:12:36:56 -0700] "GET /wp-content/plugins/elementor/assets/css/widget-icon-list.min.css?ver=3.32.5 HTTP/2.0" 200 1168 "https://www.elconferencista.com/" "Mozilla/5.0 (Macintosh; Intel Mac OS X 10_15_7) AppleWebKit/537.36 (KHTML, like Gecko) Chrome/121.0.0.0 Safari/537.36" 
3.144.108.15 - - [28/Oct/2025:12:36:56 -0700] "GET /wp-content/plugins/elementor-pro/assets/css/widget-gallery.min.css?ver=3.32.3 HTTP/2.0" 200 1198 "https://www.elconferencista.com/" "Mozilla/5.0 (Macintosh; Intel Mac OS X 10_15_7) AppleWebKit/537.36 (KHTML, like Gecko) Chrome/121.0.0.0 Safari/537.36" 
3.144.108.15 - - [28/Oct/2025:12:36:56 -0700] "GET /wp-content/uploads/elementor/css/post-11.css?ver=1761338617 HTTP/2.0" 200 4750 "https://www.elconferencista.com/" "Mozilla/5.0 (Macintosh; Intel Mac OS X 10_15_7) AppleWebKit/537.36 (KHTML, like Gecko) Chrome/121.0.0.0 Safari/537.36" 
3.144.108.15 - - [28/Oct/2025:12:36:56 -0700] "GET /wp-content/plugins/elementor/assets/lib/swiper/v8/css/swiper.min.css?ver=8.4.5 HTTP/2.0" 200 4516 "https://www.elconferencista.com/" "Mozilla/5.0 (Macintosh; Intel Mac OS X 10_15_7) AppleWebKit/537.36 (KHTML, like Gecko) Chrome/121.0.0.0 Safari/537.36" 
3.144.108.15 - - [28/Oct/2025:12:36:56 -0700] "GET /wp-content/plugins/elementor-pro/assets/css/conditionals/transitions.min.css?ver=3.32.3 HTTP/2.0" 200 720 "https://www.elconferencista.com/" "Mozilla/5.0 (Macintosh; Intel Mac OS X 10_15_7) AppleWebKit/537.36 (KHTML, like Gecko) Chrome/121.0.0.0 Safari/537.36" 
3.144.108.15 - - [28/Oct/2025:12:36:56 -0700] "GET /wp-content/plugins/elementor/assets/css/conditionals/e-swiper.min.css?ver=3.32.5 HTTP/2.0" 200 859 "https://www.elconferencista.com/" "Mozilla/5.0 (Macintosh; Intel Mac OS X 10_15_7) AppleWebKit/537.36 (KHTML, like Gecko) Chrome/121.0.0.0 Safari/537.36" 
3.144.108.15 - - [28/Oct/2025:12:36:56 -0700] "GET /wp-content/plugins/elementor/assets/lib/e-gallery/css/e-gallery.min.css?ver=1.2.0 HTTP/2.0" 200 902 "https://www.elconferencista.com/" "Mozilla/5.0 (Macintosh; Intel Mac OS X 10_15_7) AppleWebKit/537.36 (KHTML, like Gecko) Chrome/121.0.0.0 Safari/537.36" 
3.144.108.15 - - [28/Oct/2025:12:36:56 -0700] "GET /wp-content/plugins/elementor/assets/css/widget-divider.min.css?ver=3.32.5 HTTP/2.0" 200 835 "https://www.elconferencista.com/" "Mozilla/5.0 (Macintosh; Intel Mac OS X 10_15_7) AppleWebKit/537.36 (KHTML, like Gecko) Chrome/121.0.0.0 Safari/537.36" 
3.144.108.15 - - [28/Oct/2025:12:36:56 -0700] "GET /wp-content/plugins/elementor/assets/css/widget-video.min.css?ver=3.32.5 HTTP/2.0" 200 487 "https://www.elconferencista.com/" "Mozilla/5.0 (Macintosh; Intel Mac OS X 10_15_7) AppleWebKit/537.36 (KHTML, like Gecko) Chrome/121.0.0.0 Safari/537.36" 
3.144.108.15 - - [28/Oct/2025:12:36:56 -0700] "GET /wp-content/plugins/elementor-pro/assets/css/widget-form.min.css?ver=3.32.3 HTTP/2.0" 200 1645 "https://www.elconferencista.com/" "Mozilla/5.0 (Macintosh; Intel Mac OS X 10_15_7) AppleWebKit/537.36 (KHTML, like Gecko) Chrome/121.0.0.0 Safari/537.36" 
3.144.108.15 - - [28/Oct/2025:12:36:56 -0700] "GET /wp-content/uploads/elementor/css/post-613.css?ver=1761338617 HTTP/2.0" 200 1321 "https://www.elconferencista.com/" "Mozilla/5.0 (Macintosh; Intel Mac OS X 10_15_7) AppleWebKit/537.36 (KHTML, like Gecko) Chrome/121.0.0.0 Safari/537.36" 
3.144.108.15 - - [28/Oct/2025:12:36:56 -0700] "GET /wp-content/uploads/elementor/css/post-219.css?ver=1761338617 HTTP/2.0" 200 1792 "https://www.elconferencista.com/" "Mozilla/5.0 (Macintosh; Intel Mac OS X 10_15_7) AppleWebKit/537.36 (KHTML, like Gecko) Chrome/121.0.0.0 Safari/537.36" 
3.144.108.15 - - [28/Oct/2025:12:36:56 -0700] "GET /wp-content/plugins/elementskit-lite/widgets/init/assets/css/responsive.css?ver=3.7.4 HTTP/2.0" 200 3331 "https://www.elconferencista.com/" "Mozilla/5.0 (Macintosh; Intel Mac OS X 10_15_7) AppleWebKit/537.36 (KHTML, like Gecko) Chrome/121.0.0.0 Safari/537.36" 
3.144.108.15 - - [28/Oct/2025:12:36:56 -0700] "GET /wp-content/uploads/elementor/google-fonts/css/roboto.css?ver=1742243097 HTTP/2.0" 200 3112 "https://www.elconferencista.com/" "Mozilla/5.0 (Macintosh; Intel Mac OS X 10_15_7) AppleWebKit/537.36 (KHTML, like Gecko) Chrome/121.0.0.0 Safari/537.36" 
3.144.108.15 - - [28/Oct/2025:12:36:56 -0700] "GET /wp-content/uploads/elementor/google-fonts/css/robotoslab.css?ver=1742243104 HTTP/2.0" 200 1027 "https://www.elconferencista.com/" "Mozilla/5.0 (Macintosh; Intel Mac OS X 10_15_7) AppleWebKit/537.36 (KHTML, like Gecko) Chrome/121.0.0.0 Safari/537.36" 
3.144.108.15 - - [28/Oct/2025:12:36:56 -0700] "GET /wp-content/plugins/elementskit-lite/widgets/init/assets/css/widget-styles.css?ver=3.7.4 HTTP/2.0" 200 53692 "https://www.elconferencista.com/" "Mozilla/5.0 (Macintosh; Intel Mac OS X 10_15_7) AppleWebKit/537.36 (KHTML, like Gecko) Chrome/121.0.0.0 Safari/537.36" 
3.144.108.15 - - [28/Oct/2025:12:36:56 -0700] "GET /wp-content/plugins/elementskit-lite/modules/elementskit-icon-pack/assets/css/ekiticons.css?ver=3.7.4 HTTP/2.0" 200 13219 "https://www.elconferencista.com/" "Mozilla/5.0 (Macintosh; Intel Mac OS X 10_15_7) AppleWebKit/537.36 (KHTML, like Gecko) Chrome/121.0.0.0 Safari/537.36" 
3.144.108.15 - - [28/Oct/2025:12:36:56 -0700] "GET /wp-includes/js/jquery/jquery.min.js?ver=3.7.1 HTTP/2.0" 200 30987 "https://www.elconferencista.com/" "Mozilla/5.0 (Macintosh; Intel Mac OS X 10_15_7) AppleWebKit/537.36 (KHTML, like Gecko) Chrome/121.0.0.0 Safari/537.36" 
3.144.108.15 - - [28/Oct/2025:12:36:56 -0700] "GET /wp-includes/js/jquery/jquery-migrate.min.js?ver=3.4.1 HTTP/2.0" 200 4986 "https://www.elconferencista.com/" "Mozilla/5.0 (Macintosh; Intel Mac OS X 10_15_7) AppleWebKit/537.36 (KHTML, like Gecko) Chrome/121.0.0.0 Safari/537.36" 
3.144.108.15 - - [28/Oct/2025:12:36:56 -0700] "GET /wp-content/plugins/elementor/assets/lib/font-awesome/js/v4-shims.min.js?ver=3.32.5 HTTP/2.0" 200 4321 "https://www.elconferencista.com/" "Mozilla/5.0 (Macintosh; Intel Mac OS X 10_15_7) AppleWebKit/537.36 (KHTML, like Gecko) Chrome/121.0.0.0 Safari/537.36" 
3.144.108.15 - - [28/Oct/2025:12:36:56 -0700] "GET /wp-content/themes/astra/assets/js/minified/frontend.min.js?ver=4.9.2 HTTP/2.0" 200 6066 "https://www.elconferencista.com/" "Mozilla/5.0 (Macintosh; Intel Mac OS X 10_15_7) AppleWebKit/537.36 (KHTML, like Gecko) Chrome/121.0.0.0 Safari/537.36" 
3.144.108.15 - - [28/Oct/2025:12:36:56 -0700] "GET /wp-content/plugins/whatsapp-for-wordpress/assets/dist/js/njt-whatsapp.js?ver=3.1.2 HTTP/2.0" 200 31373 "https://www.elconferencista.com/" "Mozilla/5.0 (Macintosh; Intel Mac OS X 10_15_7) AppleWebKit/537.36 (KHTML, like Gecko) Chrome/121.0.0.0 Safari/537.36" 
3.144.108.15 - - [28/Oct/2025:12:36:56 -0700] "GET /wp-content/plugins/whatsapp-for-wordpress/assets/js/whatsapp-button.js?ver=3.1.2 HTTP/2.0" 200 507 "https://www.elconferencista.com/" "Mozilla/5.0 (Macintosh; Intel Mac OS X 10_15_7) AppleWebKit/537.36 (KHTML, like Gecko) Chrome/121.0.0.0 Safari/537.36" 
3.144.108.15 - - [28/Oct/2025:12:36:56 -0700] "GET /wp-content/plugins/elementor/assets/js/webpack.runtime.min.js?ver=3.32.5 HTTP/2.0" 200 2593 "https://www.elconferencista.com/" "Mozilla/5.0 (Macintosh; Intel Mac OS X 10_15_7) AppleWebKit/537.36 (KHTML, like Gecko) Chrome/121.0.0.0 Safari/537.36" 
3.144.108.15 - - [28/Oct/2025:12:36:56 -0700] "GET /wp-content/plugins/elementor/assets/js/frontend-modules.min.js?ver=3.32.5 HTTP/2.0" 200 19013 "https://www.elconferencista.com/" "Mozilla/5.0 (Macintosh; Intel Mac OS X 10_15_7) AppleWebKit/537.36 (KHTML, like Gecko) Chrome/121.0.0.0 Safari/537.36" 
3.144.108.15 - - [28/Oct/2025:12:36:56 -0700] "GET /wp-includes/js/jquery/ui/core.min.js?ver=1.13.3 HTTP/2.0" 200 7227 "https://www.elconferencista.com/" "Mozilla/5.0 (Macintosh; Intel Mac OS X 10_15_7) AppleWebKit/537.36 (KHTML, like Gecko) Chrome/121.0.0.0 Safari/537.36" 
3.144.108.15 - - [28/Oct/2025:12:36:56 -0700] "GET /wp-content/plugins/elementor-pro/assets/lib/sticky/jquery.sticky.min.js?ver=3.32.3 HTTP/2.0" 200 1599 "https://www.elconferencista.com/" "Mozilla/5.0 (Macintosh; Intel Mac OS X 10_15_7) AppleWebKit/537.36 (KHTML, like Gecko) Chrome/121.0.0.0 Safari/537.36" 
3.144.108.15 - - [28/Oct/2025:12:36:56 -0700] "GET /wp-content/plugins/elementor/assets/js/frontend.min.js?ver=3.32.5 HTTP/2.0" 200 10630 "https://www.elconferencista.com/" "Mozilla/5.0 (Macintosh; Intel Mac OS X 10_15_7) AppleWebKit/537.36 (KHTML, like Gecko) Chrome/121.0.0.0 Safari/537.36" 
3.144.108.15 - - [28/Oct/2025:12:36:56 -0700] "GET /wp-includes/js/mediaelement/wp-mediaelement.min.js?ver=6.8.3 HTTP/2.0" 200 617 "https://www.elconferencista.com/" "Mozilla/5.0 (Macintosh; Intel Mac OS X 10_15_7) AppleWebKit/537.36 (KHTML, like Gecko) Chrome/121.0.0.0 Safari/537.36" 
3.144.108.15 - - [28/Oct/2025:12:36:56 -0700] "GET /wp-includes/js/mediaelement/mediaelement-and-player.min.js?ver=4.2.17 HTTP/2.0" 200 39751 "https://www.elconferencista.com/" "Mozilla/5.0 (Macintosh; Intel Mac OS X 10_15_7) AppleWebKit/537.36 (KHTML, like Gecko) Chrome/121.0.0.0 Safari/537.36" 
3.144.108.15 - - [28/Oct/2025:12:36:56 -0700] "GET /wp-includes/js/mediaelement/mediaelement-migrate.min.js?ver=6.8.3 HTTP/2.0" 200 619 "https://www.elconferencista.com/" "Mozilla/5.0 (Macintosh; Intel Mac OS X 10_15_7) AppleWebKit/537.36 (KHTML, like Gecko) Chrome/121.0.0.0 Safari/537.36" 
3.144.108.15 - - [28/Oct/2025:12:36:56 -0700] "GET /wp-content/plugins/elementskit-lite/libs/framework/assets/js/frontend-script.js?ver=3.7.4 HTTP/2.0" 200 109 "https://www.elconferencista.com/" "Mozilla/5.0 (Macintosh; Intel Mac OS X 10_15_7) AppleWebKit/537.36 (KHTML, like Gecko) Chrome/121.0.0.0 Safari/537.36" 
3.144.108.15 - - [28/Oct/2025:12:36:56 -0700] "GET /wp-content/plugins/elementor/assets/lib/jquery-numerator/jquery-numerator.min.js?ver=0.2.1 HTTP/2.0" 200 794 "https://www.elconferencista.com/" "Mozilla/5.0 (Macintosh; Intel Mac OS X 10_15_7) AppleWebKit/537.36 (KHTML, like Gecko) Chrome/121.0.0.0 Safari/537.36" 
3.144.108.15 - - [28/Oct/2025:12:36:56 -0700] "GET /wp-includes/js/dist/i18n.min.js?ver=5e580eb46a90c2b997e6 HTTP/2.0" 200 3772 "https://www.elconferencista.com/" "Mozilla/5.0 (Macintosh; Intel Mac OS X 10_15_7) AppleWebKit/537.36 (KHTML, like Gecko) Chrome/121.0.0.0 Safari/537.36" 
3.144.108.15 - - [28/Oct/2025:12:36:56 -0700] "GET /wp-content/plugins/elementor/assets/lib/swiper/v8/swiper.min.js?ver=8.4.5 HTTP/2.0" 200 40617 "https://www.elconferencista.com/" "Mozilla/5.0 (Macintosh; Intel Mac OS X 10_15_7) AppleWebKit/537.36 (KHTML, like Gecko) Chrome/121.0.0.0 Safari/537.36" 
3.144.108.15 - - [28/Oct/2025:12:36:56 -0700] "GET /wp-content/plugins/elementor/assets/lib/e-gallery/js/e-gallery.min.js?ver=1.2.0 HTTP/2.0" 200 4718 "https://www.elconferencista.com/" "Mozilla/5.0 (Macintosh; Intel Mac OS X 10_15_7) AppleWebKit/537.36 (KHTML, like Gecko) Chrome/121.0.0.0 Safari/537.36" 
3.144.108.15 - - [28/Oct/2025:12:36:56 -0700] "GET /wp-content/plugins/elementor-pro/assets/js/webpack-pro.runtime.min.js?ver=3.32.3 HTTP/2.0" 200 2904 "https://www.elconferencista.com/" "Mozilla/5.0 (Macintosh; Intel Mac OS X 10_15_7) AppleWebKit/537.36 (KHTML, like Gecko) Chrome/121.0.0.0 Safari/537.36" 
3.144.108.15 - - [28/Oct/2025:12:36:56 -0700] "GET /wp-content/plugins/whatsapp-for-wordpress/assets/js/whatsapp-popup.js?ver=6.8.3 HTTP/2.0" 200 345 "https://www.elconferencista.com/" "Mozilla/5.0 (Macintosh; Intel Mac OS X 10_15_7) AppleWebKit/537.36 (KHTML, like Gecko) Chrome/121.0.0.0 Safari/537.36" 
3.144.108.15 - - [28/Oct/2025:12:36:56 -0700] "GET /wp-content/plugins/elementskit-lite/widgets/init/assets/js/widget-scripts.js?ver=3.7.4 HTTP/2.0" 200 42513 "https://www.elconferencista.com/" "Mozilla/5.0 (Macintosh; Intel Mac OS X 10_15_7) AppleWebKit/537.36 (KHTML, like Gecko) Chrome/121.0.0.0 Safari/537.36" 
3.144.108.15 - - [28/Oct/2025:12:36:56 -0700] "GET /wp-includes/js/dist/hooks.min.js?ver=4d63a3d491d11ffd8ac6 HTTP/2.0" 200 1728 "https://www.elconferencista.com/" "Mozilla/5.0 (Macintosh; Intel Mac OS X 10_15_7) AppleWebKit/537.36 (KHTML, like Gecko) Chrome/121.0.0.0 Safari/537.36" 
3.144.108.15 - - [28/Oct/2025:12:36:56 -0700] "GET /wp-content/plugins/elementskit-lite/widgets/init/assets/js/animate-circle.min.js?ver=3.7.4 HTTP/2.0" 200 507 "https://www.elconferencista.com/" "Mozilla/5.0 (Macintosh; Intel Mac OS X 10_15_7) AppleWebKit/537.36 (KHTML, like Gecko) Chrome/121.0.0.0 Safari/537.36" 
3.144.108.15 - - [28/Oct/2025:12:36:56 -0700] "GET /wp-content/plugins/elementor-pro/assets/js/frontend.min.js?ver=3.32.3 HTTP/2.0" 200 6705 "https://www.elconferencista.com/" "Mozilla/5.0 (Macintosh; Intel Mac OS X 10_15_7) AppleWebKit/537.36 (KHTML, like Gecko) Chrome/121.0.0.0 Safari/537.36" 
3.144.108.15 - - [28/Oct/2025:12:36:56 -0700] "GET /wp-content/plugins/elementor-pro/assets/js/elements-handlers.min.js?ver=3.32.3 HTTP/2.0" 200 10873 "https://www.elconferencista.com/" "Mozilla/5.0 (Macintosh; Intel Mac OS X 10_15_7) AppleWebKit/537.36 (KHTML, like Gecko) Chrome/121.0.0.0 Safari/537.36" 
3.144.108.15 - - [28/Oct/2025:12:36:56 -0700] "GET /wp-content/plugins/elementskit-lite/widgets/init/assets/js/elementor.js?ver=3.7.4 HTTP/2.0" 200 6118 "https://www.elconferencista.com/" "Mozilla/5.0 (Macintosh; Intel Mac OS X 10_15_7) AppleWebKit/537.36 (KHTML, like Gecko) Chrome/121.0.0.0 Safari/537.36" 
3.144.108.15 - - [28/Oct/2025:12:36:57 -0700] "GET /wp-content/plugins/elementor/assets/js/lightbox.408665be3d65f6ab17f0.bundle.min.js HTTP/2.0" 200 9551 "https://www.elconferencista.com/" "Mozilla/5.0 (Macintosh; Intel Mac OS X 10_15_7) AppleWebKit/537.36 (KHTML, like Gecko) Chrome/121.0.0.0 Safari/537.36" 
3.144.108.15 - - [28/Oct/2025:12:36:57 -0700] "GET /wp-content/plugins/elementor/assets/css/conditionals/dialog.min.css?ver=3.32.5 HTTP/2.0" 200 1658 "https://www.elconferencista.com/" "Mozilla/5.0 (Macintosh; Intel Mac OS X 10_15_7) AppleWebKit/537.36 (KHTML, like Gecko) Chrome/121.0.0.0 Safari/537.36" 
3.144.108.15 - - [28/Oct/2025:12:36:57 -0700] "GET /wp-content/plugins/elementor/assets/lib/share-link/share-link.min.js?ver=3.32.5 HTTP/2.0" 200 1224 "https://www.elconferencista.com/" "Mozilla/5.0 (Macintosh; Intel Mac OS X 10_15_7) AppleWebKit/537.36 (KHTML, like Gecko) Chrome/121.0.0.0 Safari/537.36" 
3.144.108.15 - - [28/Oct/2025:12:36:57 -0700] "GET /wp-content/plugins/elementor/assets/css/conditionals/lightbox.min.css?ver=3.32.5 HTTP/2.0" 200 2040 "https://www.elconferencista.com/" "Mozilla/5.0 (Macintosh; Intel Mac OS X 10_15_7) AppleWebKit/537.36 (KHTML, like Gecko) Chrome/121.0.0.0 Safari/537.36" 
3.144.108.15 - - [28/Oct/2025:12:36:57 -0700] "GET /wp-content/plugins/elementor/assets/lib/dialog/dialog.min.js?ver=4.9.3 HTTP/2.0" 200 3864 "https://www.elconferencista.com/" "Mozilla/5.0 (Macintosh; Intel Mac OS X 10_15_7) AppleWebKit/537.36 (KHTML, like Gecko) Chrome/121.0.0.0 Safari/537.36" 
3.144.108.15 - - [28/Oct/2025:12:36:57 -0700] "GET /wp-content/plugins/elementor/assets/js/shared-frontend-handlers.4c8abccc3e268b0767b2.bundle.min.js HTTP/2.0" 200 2755 "https://www.elconferencista.com/" "Mozilla/5.0 (Macintosh; Intel Mac OS X 10_15_7) AppleWebKit/537.36 (KHTML, like Gecko) Chrome/121.0.0.0 Safari/537.36" 
3.144.108.15 - - [28/Oct/2025:12:36:57 -0700] "GET /wp-content/plugins/elementor/assets/js/section-frontend-handlers.d85ab872da118940910d.bundle.min.js HTTP/2.0" 200 354 "https://www.elconferencista.com/" "Mozilla/5.0 (Macintosh; Intel Mac OS X 10_15_7) AppleWebKit/537.36 (KHTML, like Gecko) Chrome/121.0.0.0 Safari/537.36" 
3.144.108.15 - - [28/Oct/2025:12:36:57 -0700] "GET /wp-content/plugins/elementor/assets/js/counter.12335f45aaa79d244f24.bundle.min.js HTTP/2.0" 200 562 "https://www.elconferencista.com/" "Mozilla/5.0 (Macintosh; Intel Mac OS X 10_15_7) AppleWebKit/537.36 (KHTML, like Gecko) Chrome/121.0.0.0 Safari/537.36" 
3.144.108.15 - - [28/Oct/2025:12:36:57 -0700] "GET /wp-content/plugins/elementor/assets/js/text-editor.abc8f59c62f2820dc25a.bundle.min.js HTTP/2.0" 200 739 "https://www.elconferencista.com/" "Mozilla/5.0 (Macintosh; Intel Mac OS X 10_15_7) AppleWebKit/537.36 (KHTML, like Gecko) Chrome/121.0.0.0 Safari/537.36" 
3.144.108.15 - - [28/Oct/2025:12:36:57 -0700] "GET /wp-content/plugins/elementor/assets/js/video.87291d1f5076f8939c18.bundle.min.js HTTP/2.0" 200 1374 "https://www.elconferencista.com/" "Mozilla/5.0 (Macintosh; Intel Mac OS X 10_15_7) AppleWebKit/537.36 (KHTML, like Gecko) Chrome/121.0.0.0 Safari/537.36" 
3.144.108.15 - - [28/Oct/2025:12:36:57 -0700] "GET /wp-content/plugins/elementor-pro/assets/js/form.5fb35271b8ba3fb1e7d6.bundle.min.js HTTP/2.0" 200 5329 "https://www.elconferencista.com/" "Mozilla/5.0 (Macintosh; Intel Mac OS X 10_15_7) AppleWebKit/537.36 (KHTML, like Gecko) Chrome/121.0.0.0 Safari/537.36" 
3.144.108.15 - - [28/Oct/2025:12:36:57 -0700] "GET /wp-content/plugins/elementor-pro/assets/js/popup.f7b15b2ca565b152bf98.bundle.min.js HTTP/2.0" 200 500 "https://www.elconferencista.com/" "Mozilla/5.0 (Macintosh; Intel Mac OS X 10_15_7) AppleWebKit/537.36 (KHTML, like Gecko) Chrome/121.0.0.0 Safari/537.36" 
3.144.108.15 - - [28/Oct/2025:12:36:57 -0700] "GET /wp-content/plugins/elementor-pro/assets/js/gallery.1628df47530ab42dafba.bundle.min.js HTTP/2.0" 200 1859 "https://www.elconferencista.com/" "Mozilla/5.0 (Macintosh; Intel Mac OS X 10_15_7) AppleWebKit/537.36 (KHTML, like Gecko) Chrome/121.0.0.0 Safari/537.36" 
3.144.108.15 - - [28/Oct/2025:12:36:57 -0700] "GET / HTTP/1.1" 200 34859 "-" "Mozilla/5.0 (Macintosh; Intel Mac OS X 10_15_7) AppleWebKit/537.36 (KHTML, like Gecko) Chrome/121.0.0.0 Safari/537.36" 
3.144.108.15 - - [28/Oct/2025:12:37:12 -0700] "GET /robots.txt HTTP/1.1" 200 3890 "-" "python-requests/2.31.0" 
15.235.96.87 - - [28/Oct/2025:12:38:36 -0700] "GET /?products=4829924 HTTP/2.0" 200 31026 "-" "Mozilla/5.0 (compatible; AhrefsBot/7.0; +http://ahrefs.com/robot/)" 
69.163.179.91 - - [28/Oct/2025:12:38:37 -0700] "POST /wp-cron.php?doing_wp_cron=1761680317.6456940174102783203125 HTTP/1.1" 200 3647 "-" "WordPress/6.8.3; https://www.elconferencista.com" 
54.39.0.3 - - [28/Oct/2025:12:41:30 -0700] "GET /?products=4829890 HTTP/2.0" 200 31027 "-" "Mozilla/5.0 (compatible; AhrefsBot/7.0; +http://ahrefs.com/robot/)" 
69.163.179.91 - - [28/Oct/2025:12:41:32 -0700] "POST /wp-cron.php?doing_wp_cron=1761680492.0625450611114501953125 HTTP/1.1" 200 3647 "-" "WordPress/6.8.3; https://www.elconferencista.com" 
15.235.96.165 - - [28/Oct/2025:12:44:14 -0700] "GET /?products=4829852 HTTP/2.0" 200 31027 "-" "Mozilla/5.0 (compatible; AhrefsBot/7.0; +http://ahrefs.com/robot/)" 
69.163.179.91 - - [28/Oct/2025:12:44:15 -0700] "POST /wp-cron.php?doing_wp_cron=1761680655.5248999595642089843750 HTTP/1.1" 200 3647 "-" "WordPress/6.8.3; https://www.elconferencista.com" 
142.44.228.224 - - [28/Oct/2025:12:47:14 -0700] "GET /?products=4829842 HTTP/2.0" 200 31027 "-" "Mozilla/5.0 (compatible; AhrefsBot/7.0; +http://ahrefs.com/robot/)" 
69.163.179.91 - - [28/Oct/2025:12:47:15 -0700] "POST /wp-cron.php?doing_wp_cron=1761680835.5649058818817138671875 HTTP/1.1" 200 3647 "-" "WordPress/6.8.3; https://www.elconferencista.com" 
15.235.27.75 - - [28/Oct/2025:12:50:04 -0700] "GET /?products=4829818 HTTP/2.0" 200 31027 "-" "Mozilla/5.0 (compatible; AhrefsBot/7.0; +http://ahrefs.com/robot/)" 
69.163.179.91 - - [28/Oct/2025:12:50:05 -0700] "POST /wp-cron.php?doing_wp_cron=1761681005.7135910987854003906250 HTTP/1.1" 200 3647 "-" "WordPress/6.8.3; https://www.elconferencista.com" 
216.24.219.241 - - [28/Oct/2025:12:50:13 -0700] "GET /style.php HTTP/2.0" 404 109997 "http://elconferencista.com/style.php" "Go-http-client/2.0" 
35.243.209.139 - - [28/Oct/2025:12:52:04 -0700] "GET /robots.txt HTTP/1.1" 200 3831 "-" "ZoominfoBot (zoominfobot at zoominfo dot com)" 
54.39.203.54 - - [28/Oct/2025:12:52:39 -0700] "GET /?products=4829814 HTTP/2.0" 200 31027 "-" "Mozilla/5.0 (compatible; AhrefsBot/7.0; +http://ahrefs.com/robot/)" 
69.163.179.91 - - [28/Oct/2025:12:52:40 -0700] "POST /wp-cron.php?doing_wp_cron=1761681160.7900419235229492187500 HTTP/1.1" 200 3647 "-" "WordPress/6.8.3; https://www.elconferencista.com" 
51.161.37.194 - - [28/Oct/2025:12:55:08 -0700] "GET /?products=4829736 HTTP/2.0" 200 31027 "-" "Mozilla/5.0 (compatible; AhrefsBot/7.0; +http://ahrefs.com/robot/)" 
69.163.179.91 - - [28/Oct/2025:12:55:10 -0700] "POST /wp-cron.php?doing_wp_cron=1761681310.3497231006622314453125 HTTP/1.1" 200 3647 "-" "WordPress/6.8.3; https://www.elconferencista.com" 
54.39.210.54 - - [28/Oct/2025:12:57:33 -0700] "GET /?products=4829578 HTTP/2.0" 200 31027 "-" "Mozilla/5.0 (compatible; AhrefsBot/7.0; +http://ahrefs.com/robot/)" 
69.163.179.91 - - [28/Oct/2025:12:57:34 -0700] "POST /wp-cron.php?doing_wp_cron=1761681454.8842411041259765625000 HTTP/1.1" 200 3647 "-" "WordPress/6.8.3; https://www.elconferencista.com" 
148.113.130.108 - - [28/Oct/2025:13:00:06 -0700] "GET /?products=4829554 HTTP/2.0" 200 31026 "-" "Mozilla/5.0 (compatible; AhrefsBot/7.0; +http://ahrefs.com/robot/)" 
69.163.179.91 - - [28/Oct/2025:13:00:07 -0700] "POST /wp-cron.php?doing_wp_cron=1761681607.4872179031372070312500 HTTP/1.1" 200 3647 "-" "WordPress/6.8.3; https://www.elconferencista.com" 
54.39.6.175 - - [28/Oct/2025:13:03:11 -0700] "GET /?products=4829540 HTTP/2.0" 200 31027 "-" "Mozilla/5.0 (compatible; AhrefsBot/7.0; +http://ahrefs.com/robot/)" 
69.163.179.91 - - [28/Oct/2025:13:03:13 -0700] "POST /wp-cron.php?doing_wp_cron=1761681793.4739029407501220703125 HTTP/1.1" 200 3647 "-" "WordPress/6.8.3; https://www.elconferencista.com" 
172.241.232.157 - - [28/Oct/2025:13:03:30 -0700] "GET / HTTP/1.1" 200 34800 "-" "\"Mozilla/5.0 (Macintosh; Intel Mac OS X 10_15_7) AppleWebKit/537.36 (KHTML, like Gecko) Chrome/140.0.0.0 Safari/537.36\"" 
223.29.155.247 - - [28/Oct/2025:13:03:32 -0700] "GET /wp-content/plugins/elementor/assets/js/webpack.runtime.min.js?ver=3.32.5 HTTP/1.1" 200 6276 "-" "\"Mozilla/5.0 (Macintosh; Intel Mac OS X 10_15_7) AppleWebKit/537.36 (KHTML, like Gecko) Chrome/140.0.0.0 Safari/537.36\"" 
223.29.155.247 - - [28/Oct/2025:13:03:32 -0700] "GET /wp-content/plugins/whatsapp-for-wordpress/assets/dist/js/njt-whatsapp.js?ver=3.1.2 HTTP/1.1" 200 35255 "-" "\"Mozilla/5.0 (Macintosh; Intel Mac OS X 10_15_7) AppleWebKit/537.36 (KHTML, like Gecko) Chrome/140.0.0.0 Safari/537.36\"" 
223.29.155.247 - - [28/Oct/2025:13:03:32 -0700] "GET /wp-content/plugins/whatsapp-for-wordpress/assets/js/whatsapp-button.js?ver=3.1.2 HTTP/1.1" 200 4188 "-" "\"Mozilla/5.0 (Macintosh; Intel Mac OS X 10_15_7) AppleWebKit/537.36 (KHTML, like Gecko) Chrome/140.0.0.0 Safari/537.36\"" 
223.29.155.247 - - [28/Oct/2025:13:03:32 -0700] "GET /wp-content/themes/astra/assets/js/minified/frontend.min.js?ver=4.9.2 HTTP/1.1" 200 6387 "-" "\"Mozilla/5.0 (Macintosh; Intel Mac OS X 10_15_7) AppleWebKit/537.36 (KHTML, like Gecko) Chrome/140.0.0.0 Safari/537.36\"" 
4.43.184.114 - - [28/Oct/2025:13:04:30 -0700] "GET / HTTP/1.0" 421 2900 "-" "Mozilla/5.0 (Macintosh; Intel Mac OS X 10.6) Gecko/20100101 Firefox/5.0.1" 
142.44.225.58 - - [28/Oct/2025:13:05:41 -0700] "GET /?products=4829496 HTTP/2.0" 200 31027 "-" "Mozilla/5.0 (compatible; AhrefsBot/7.0; +http://ahrefs.com/robot/)" 
69.163.179.91 - - [28/Oct/2025:13:05:42 -0700] "POST /wp-cron.php?doing_wp_cron=1761681942.8257849216461181640625 HTTP/1.1" 200 3647 "-" "WordPress/6.8.3; https://www.elconferencista.com" 
148.113.128.85 - - [28/Oct/2025:13:08:05 -0700] "GET /?products=4829458 HTTP/2.0" 200 31026 "-" "Mozilla/5.0 (compatible; AhrefsBot/7.0; +http://ahrefs.com/robot/)" 
69.163.179.91 - - [28/Oct/2025:13:08:06 -0700] "POST /wp-cron.php?doing_wp_cron=1761682086.5868999958038330078125 HTTP/1.1" 200 3647 "-" "WordPress/6.8.3; https://www.elconferencista.com" 
15.235.96.74 - - [28/Oct/2025:13:10:22 -0700] "GET /?products=4829386 HTTP/2.0" 200 31027 "-" "Mozilla/5.0 (compatible; AhrefsBot/7.0; +http://ahrefs.com/robot/)" 
69.163.179.91 - - [28/Oct/2025:13:10:24 -0700] "POST /wp-cron.php?doing_wp_cron=1761682224.0397899150848388671875 HTTP/1.1" 200 3647 "-" "WordPress/6.8.3; https://www.elconferencista.com" 
54.39.0.29 - - [28/Oct/2025:13:12:57 -0700] "GET /?products=4829290 HTTP/2.0" 200 31027 "-" "Mozilla/5.0 (compatible; AhrefsBot/7.0; +http://ahrefs.com/robot/)" 
69.163.179.91 - - [28/Oct/2025:13:12:59 -0700] "POST /wp-cron.php?doing_wp_cron=1761682379.2845690250396728515625 HTTP/1.1" 200 3647 "-" "WordPress/6.8.3; https://www.elconferencista.com" 
142.44.228.211 - - [28/Oct/2025:13:15:30 -0700] "GET /?products=4829190 HTTP/2.0" 200 31027 "-" "Mozilla/5.0 (compatible; AhrefsBot/7.0; +http://ahrefs.com/robot/)" 
69.163.179.91 - - [28/Oct/2025:13:15:39 -0700] "GET /?wp_scrape_key=c947e13d78ff763794dec060c810a70b&wp_scrape_nonce=1761682537 HTTP/1.1" 200 34881 "-" "WordPress/6.8.3; https://www.elconferencista.com" 
69.163.179.91 - - [28/Oct/2025:13:15:31 -0700] "POST /wp-cron.php?doing_wp_cron=1761682531.5842449665069580078125 HTTP/1.1" 200 3647 "-" "WordPress/6.8.3; https://www.elconferencista.com" 
69.163.179.91 - - [28/Oct/2025:13:18:22 -0700] "POST /wp-cron.php?doing_wp_cron=1761682702.6754579544067382812500 HTTP/1.1" 200 3647 "-" "WordPress/6.8.3; https://www.elconferencista.com" 
69.163.179.91 - - [28/Oct/2025:13:18:23 -0700] "POST /wp-cron.php?doing_wp_cron=1761682703.7165288925170898437500 HTTP/1.1" 200 3647 "-" "WordPress/6.8.3; https://www.elconferencista.com" 
142.44.233.21 - - [28/Oct/2025:13:18:21 -0700] "GET /?products=4829060 HTTP/2.0" 200 31027 "-" "Mozilla/5.0 (compatible; AhrefsBot/7.0; +http://ahrefs.com/robot/)" 
51.161.65.119 - - [28/Oct/2025:13:20:40 -0700] "GET /?products=4829012 HTTP/2.0" 200 31026 "-" "Mozilla/5.0 (compatible; AhrefsBot/7.0; +http://ahrefs.com/robot/)" 
69.163.179.91 - - [28/Oct/2025:13:20:42 -0700] "POST /wp-cron.php?doing_wp_cron=1761682842.4918839931488037109375 HTTP/1.1" 200 3647 "-" "WordPress/6.8.3; https://www.elconferencista.com" 
54.39.210.223 - - [28/Oct/2025:13:22:49 -0700] "GET /?products=4828964 HTTP/2.0" 200 31027 "-" "Mozilla/5.0 (compatible; AhrefsBot/7.0; +http://ahrefs.com/robot/)" 
69.163.179.91 - - [28/Oct/2025:13:22:50 -0700] "POST /wp-cron.php?doing_wp_cron=1761682970.6637089252471923828125 HTTP/1.1" 200 3647 "-" "WordPress/6.8.3; https://www.elconferencista.com" 
51.222.168.176 - - [28/Oct/2025:13:22:54 -0700] "GET /wp-content/plugins/elementskit-lite/widgets/init/assets/js/widget-scripts.js?ver=3.7.5 HTTP/2.0" 200 42641 "-" "Mozilla/5.0 (compatible; AhrefsBot/7.0; +http://ahrefs.com/robot/)" 
54.39.203.44 - - [28/Oct/2025:13:22:55 -0700] "GET /wp-content/plugins/elementskit-lite/widgets/init/assets/js/elementor.js?ver=3.7.5 HTTP/2.0" 200 6246 "-" "Mozilla/5.0 (compatible; AhrefsBot/7.0; +http://ahrefs.com/robot/)" 
142.44.228.209 - - [28/Oct/2025:13:22:56 -0700] "GET /wp-content/plugins/elementskit-lite/widgets/init/assets/css/widget-styles.css?ver=3.7.5 HTTP/2.0" 200 53810 "-" "Mozilla/5.0 (compatible; AhrefsBot/7.0; +http://ahrefs.com/robot/)" 
51.222.95.189 - - [28/Oct/2025:13:22:58 -0700] "GET /wp-content/uploads/elementor/css/post-219.css?ver=1761682540 HTTP/2.0" 200 1914 "-" "Mozilla/5.0 (compatible; AhrefsBot/7.0; +http://ahrefs.com/robot/)" 
51.161.65.30 - - [28/Oct/2025:13:22:59 -0700] "GET /wp-content/plugins/elementskit-lite/widgets/init/assets/css/responsive.css?ver=3.7.5 HTTP/2.0" 200 3455 "-" "Mozilla/5.0 (compatible; AhrefsBot/7.0; +http://ahrefs.com/robot/)" 
54.39.210.29 - - [28/Oct/2025:13:23:00 -0700] "GET /wp-content/uploads/elementor/css/post-11.css?ver=1761682540 HTTP/2.0" 200 4850 "-" "Mozilla/5.0 (compatible; AhrefsBot/7.0; +http://ahrefs.com/robot/)" 
54.39.210.200 - - [28/Oct/2025:13:23:01 -0700] "GET /wp-content/uploads/elementor/css/post-7.css?ver=1761682540 HTTP/2.0" 200 576 "-" "Mozilla/5.0 (compatible; AhrefsBot/7.0; +http://ahrefs.com/robot/)" 
54.39.210.241 - - [28/Oct/2025:13:23:03 -0700] "GET /wp-content/uploads/elementor/css/post-613.css?ver=1761682540 HTTP/2.0" 200 1444 "-" "Mozilla/5.0 (compatible; AhrefsBot/7.0; +http://ahrefs.com/robot/)" 
15.235.96.25 - - [28/Oct/2025:13:23:04 -0700] "GET /wp-content/plugins/elementskit-lite/libs/framework/assets/js/frontend-script.js?ver=3.7.5 HTTP/2.0" 200 213 "-" "Mozilla/5.0 (compatible; AhrefsBot/7.0; +http://ahrefs.com/robot/)" 
54.39.0.78 - - [28/Oct/2025:13:23:05 -0700] "GET /wp-content/plugins/elementskit-lite/modules/elementskit-icon-pack/assets/css/ekiticons.css?ver=3.7.5 HTTP/2.0" 200 11042 "-" "Mozilla/5.0 (compatible; AhrefsBot/7.0; +http://ahrefs.com/robot/)" 
51.222.95.110 - - [28/Oct/2025:13:23:06 -0700] "GET /wp-content/plugins/elementskit-lite/widgets/init/assets/js/animate-circle.min.js?ver=3.7.5 HTTP/2.0" 200 635 "-" "Mozilla/5.0 (compatible; AhrefsBot/7.0; +http://ahrefs.com/robot/)" 
148.113.128.90 - - [28/Oct/2025:13:25:13 -0700] "GET /?products=4828854 HTTP/2.0" 200 31027 "-" "Mozilla/5.0 (compatible; AhrefsBot/7.0; +http://ahrefs.com/robot/)" 
69.163.179.91 - - [28/Oct/2025:13:25:14 -0700] "POST /wp-cron.php?doing_wp_cron=1761683114.6793389320373535156250 HTTP/1.1" 200 3647 "-" "WordPress/6.8.3; https://www.elconferencista.com" 
167.114.139.73 - - [28/Oct/2025:13:27:22 -0700] "GET /?products=4828762 HTTP/2.0" 200 31027 "-" "Mozilla/5.0 (compatible; AhrefsBot/7.0; +http://ahrefs.com/robot/)" 
69.163.179.91 - - [28/Oct/2025:13:27:24 -0700] "POST /wp-cron.php?doing_wp_cron=1761683244.7043530941009521484375 HTTP/1.1" 200 3647 "-" "WordPress/6.8.3; https://www.elconferencista.com" 
142.44.233.71 - - [28/Oct/2025:13:29:36 -0700] "GET /?products=4828734 HTTP/2.0" 200 31027 "-" "Mozilla/5.0 (compatible; AhrefsBot/7.0; +http://ahrefs.com/robot/)" 
69.163.179.91 - - [28/Oct/2025:13:29:37 -0700] "POST /wp-cron.php?doing_wp_cron=1761683377.7270228862762451171875 HTTP/1.1" 200 3647 "-" "WordPress/6.8.3; https://www.elconferencista.com" 
142.44.220.230 - - [28/Oct/2025:13:31:51 -0700] "GET /?products=4828724 HTTP/2.0" 200 31027 "-" "Mozilla/5.0 (compatible; AhrefsBot/7.0; +http://ahrefs.com/robot/)" 
69.163.179.91 - - [28/Oct/2025:13:31:52 -0700] "POST /wp-cron.php?doing_wp_cron=1761683512.9238660335540771484375 HTTP/1.1" 200 3647 "-" "WordPress/6.8.3; https://www.elconferencista.com" 
54.39.210.17 - - [28/Oct/2025:13:34:07 -0700] "GET /?products=4828704 HTTP/2.0" 200 31027 "-" "Mozilla/5.0 (compatible; AhrefsBot/7.0; +http://ahrefs.com/robot/)" 
69.163.179.91 - - [28/Oct/2025:13:34:09 -0700] "POST /wp-cron.php?doing_wp_cron=1761683648.9302320480346679687500 HTTP/1.1" 200 3647 "-" "WordPress/6.8.3; https://www.elconferencista.com" 
66.249.73.165 - - [28/Oct/2025:13:36:14 -0700] "GET /C_PIRIOFOUR-medium HTTP/1.1" 200 31029 "-" "Googlebot-Image/1.0" 
142.44.220.7 - - [28/Oct/2025:13:36:21 -0700] "GET /?products=4828686 HTTP/2.0" 200 31027 "-" "Mozilla/5.0 (compatible; AhrefsBot/7.0; +http://ahrefs.com/robot/)" 
69.163.179.91 - - [28/Oct/2025:13:36:22 -0700] "POST /wp-cron.php?doing_wp_cron=1761683782.5364120006561279296875 HTTP/1.1" 200 3647 "-" "WordPress/6.8.3; https://www.elconferencista.com" 
51.161.65.156 - - [28/Oct/2025:13:38:36 -0700] "GET /?products=4828676 HTTP/2.0" 200 31027 "-" "Mozilla/5.0 (compatible; AhrefsBot/7.0; +http://ahrefs.com/robot/)" 
69.163.179.91 - - [28/Oct/2025:13:38:37 -0700] "POST /wp-cron.php?doing_wp_cron=1761683917.8215210437774658203125 HTTP/1.1" 200 3647 "-" "WordPress/6.8.3; https://www.elconferencista.com" 
74.7.230.23 - - [28/Oct/2025:13:40:16 -0700] "GET /robots.txt HTTP/2.0" 200 278 "https://ednergranados.com/robots.txt" "Mozilla/5.0 (Macintosh; Intel Mac OS X 10_15_7) AppleWebKit/537.36 (KHTML, like Gecko) Chrome/131.0.0.0 Safari/537.36; compatible; OAI-SearchBot/1.0; robots.txt; +https://openai.com/searchbot" 
74.7.230.19 - - [28/Oct/2025:13:40:48 -0700] "GET /robots.txt HTTP/2.0" 200 278 "-" "Mozilla/5.0 (Macintosh; Intel Mac OS X 10_15_7) AppleWebKit/537.36 (KHTML, like Gecko) Chrome/131.0.0.0 Safari/537.36; compatible; OAI-SearchBot/1.0; robots.txt; +https://openai.com/searchbot" 
74.7.227.130 - - [28/Oct/2025:13:40:49 -0700] "GET / HTTP/2.0" 429 348 "-" "Mozilla/5.0 AppleWebKit/537.36 (KHTML, like Gecko; compatible; GPTBot/1.2; +https://openai.com/gptbot)" 
142.44.225.2 - - [28/Oct/2025:13:41:39 -0700] "GET /sitemap.xml HTTP/2.0" 200 3383 "-" "Mozilla/5.0 (compatible; AhrefsBot/7.0; +http://ahrefs.com/robot/)" 
51.222.95.180 - - [28/Oct/2025:13:45:02 -0700] "GET /?products=4828662 HTTP/2.0" 200 31027 "-" "Mozilla/5.0 (compatible; AhrefsBot/7.0; +http://ahrefs.com/robot/)" 
69.163.179.91 - - [28/Oct/2025:13:45:04 -0700] "POST /wp-cron.php?doing_wp_cron=1761684304.0520489215850830078125 HTTP/1.1" 200 3647 "-" "WordPress/6.8.3; https://www.elconferencista.com" 
173.236.196.141 - - [28/Oct/2025:13:47:13 -0700] "GET /wp-login.php HTTP/2.0" 200 3580 "http://elconferencista.com/wp-login.php" "Mozilla/5.0 (Windows NT 10.0; Win64; x64; rv:144.0) Gecko/20100101 Firefox/144.0" 
173.236.196.141 - - [28/Oct/2025:13:47:16 -0700] "GET /wp-json/wp/v2/users HTTP/2.0" 200 2844 "http://elconferencista.com/wp-login.php" "Mozilla/5.0 (Windows NT 10.0; Win64; x64; rv:144.0) Gecko/20100101 Firefox/144.0" 
69.163.179.91 - - [28/Oct/2025:13:47:14 -0700] "POST /wp-cron.php?doing_wp_cron=1761684434.7662150859832763671875 HTTP/1.1" 200 3647 "-" "WordPress/6.8.3; https://www.elconferencista.com" 
173.236.196.141 - - [28/Oct/2025:13:47:18 -0700] "POST /wp-login.php HTTP/2.0" 200 3730 "https://www.elconferencista.com/wp-login.php?redirect_to=https%3A%2F%2Fwww.elconferencista.com%2Fwp-admin%2F" "Mozilla/5.0 (Windows NT 10.0; Win64; x64; rv:144.0) Gecko/20100101 Firefox/144.0" 
173.236.196.141 - - [28/Oct/2025:13:47:18 -0700] "POST /wp-login.php HTTP/2.0" 200 3733 "https://www.elconferencista.com/wp-login.php?redirect_to=https%3A%2F%2Fwww.elconferencista.com%2Fwp-admin%2F" "Mozilla/5.0 (Windows NT 10.0; Win64; x64; rv:144.0) Gecko/20100101 Firefox/144.0" 
173.236.196.141 - - [28/Oct/2025:13:47:19 -0700] "POST /wp-login.php HTTP/2.0" 200 3739 "https://www.elconferencista.com/wp-login.php?redirect_to=https%3A%2F%2Fwww.elconferencista.com%2Fwp-admin%2F" "Mozilla/5.0 (Windows NT 10.0; Win64; x64; rv:144.0) Gecko/20100101 Firefox/144.0" 
173.236.196.141 - - [28/Oct/2025:13:47:20 -0700] "POST /wp-login.php HTTP/2.0" 200 3732 "https://www.elconferencista.com/wp-login.php?redirect_to=https%3A%2F%2Fwww.elconferencista.com%2Fwp-admin%2F" "Mozilla/5.0 (Windows NT 10.0; Win64; x64; rv:144.0) Gecko/20100101 Firefox/144.0" 
69.163.179.91 - - [28/Oct/2025:13:48:02 -0700] "POST /wp-cron.php?doing_wp_cron=1761684482.0488350391387939453125 HTTP/1.1" 200 3647 "-" "WordPress/6.8.3; https://www.elconferencista.com" 
142.44.233.231 - - [28/Oct/2025:13:48:01 -0700] "GET /?products=4828638 HTTP/2.0" 200 31027 "-" "Mozilla/5.0 (compatible; AhrefsBot/7.0; +http://ahrefs.com/robot/)" 
74.7.227.130 - - [28/Oct/2025:13:48:20 -0700] "GET /sitemap.xml HTTP/2.0" 429 348 "-" "Mozilla/5.0 AppleWebKit/537.36 (KHTML, like Gecko; compatible; GPTBot/1.2; +https://openai.com/gptbot)" 
15.235.98.12 - - [28/Oct/2025:13:50:43 -0700] "GET /?products=4828584 HTTP/2.0" 200 31027 "-" "Mozilla/5.0 (compatible; AhrefsBot/7.0; +http://ahrefs.com/robot/)" 
69.163.179.91 - - [28/Oct/2025:13:50:44 -0700] "POST /wp-cron.php?doing_wp_cron=1761684644.6164629459381103515625 HTTP/1.1" 200 3647 "-" "WordPress/6.8.3; https://www.elconferencista.com" 
142.44.228.181 - - [28/Oct/2025:13:53:28 -0700] "GET /?products=4828498 HTTP/2.0" 200 31027 "-" "Mozilla/5.0 (compatible; AhrefsBot/7.0; +http://ahrefs.com/robot/)" 
69.163.179.91 - - [28/Oct/2025:13:53:29 -0700] "POST /wp-cron.php?doing_wp_cron=1761684809.5534369945526123046875 HTTP/1.1" 200 3647 "-" "WordPress/6.8.3; https://www.elconferencista.com" 
15.235.98.176 - - [28/Oct/2025:13:56:05 -0700] "GET /?products=4828230 HTTP/2.0" 200 31027 "-" "Mozilla/5.0 (compatible; AhrefsBot/7.0; +http://ahrefs.com/robot/)" 
69.163.179.91 - - [28/Oct/2025:13:56:07 -0700] "POST /wp-cron.php?doing_wp_cron=1761684967.0256519317626953125000 HTTP/1.1" 200 3647 "-" "WordPress/6.8.3; https://www.elconferencista.com" 
54.39.89.168 - - [28/Oct/2025:13:58:27 -0700] "GET /?products=4828196 HTTP/2.0" 200 31027 "-" "Mozilla/5.0 (compatible; AhrefsBot/7.0; +http://ahrefs.com/robot/)" 
69.163.179.91 - - [28/Oct/2025:13:58:29 -0700] "POST /wp-cron.php?doing_wp_cron=1761685109.4109609127044677734375 HTTP/1.1" 200 3647 "-" "WordPress/6.8.3; https://www.elconferencista.com" 
13.59.233.184 - - [28/Oct/2025:14:00:29 -0700] "GET / HTTP/1.1" 301 3857 "-" "Mozilla/5.0 (Macintosh; Intel Mac OS X 10_15_7) AppleWebKit/537.36 (KHTML, like Gecko) Chrome/121.0.0.0 Safari/537.36" 
13.59.233.184 - - [28/Oct/2025:14:00:27 -0700] "GET / HTTP/1.1" 200 34858 "-" "Mozilla/5.0 (Macintosh; Intel Mac OS X 10_15_7) AppleWebKit/537.36 (KHTML, like Gecko) Chrome/121.0.0.0 Safari/537.36" 
69.163.179.91 - - [28/Oct/2025:14:00:28 -0700] "POST /wp-cron.php?doing_wp_cron=1761685228.6002380847930908203125 HTTP/1.1" 200 3647 "-" "WordPress/6.8.3; https://www.elconferencista.com" 
13.59.233.184 - - [28/Oct/2025:14:00:30 -0700] "GET / HTTP/2.0" 200 31040 "-" "Mozilla/5.0 (Macintosh; Intel Mac OS X 10_15_7) AppleWebKit/537.36 (KHTML, like Gecko) Chrome/121.0.0.0 Safari/537.36" 
13.59.233.184 - - [28/Oct/2025:14:00:32 -0700] "GET /wp-content/themes/astra/assets/css/minified/main.min.css?ver=4.9.2 HTTP/2.0" 200 9107 "https://www.elconferencista.com/" "Mozilla/5.0 (Macintosh; Intel Mac OS X 10_15_7) AppleWebKit/537.36 (KHTML, like Gecko) Chrome/121.0.0.0 Safari/537.36" 
13.59.233.184 - - [28/Oct/2025:14:00:32 -0700] "GET /wp-content/plugins/elementor-pro/assets/css/modules/sticky.min.css?ver=3.32.3 HTTP/2.0" 200 193 "https://www.elconferencista.com/" "Mozilla/5.0 (Macintosh; Intel Mac OS X 10_15_7) AppleWebKit/537.36 (KHTML, like Gecko) Chrome/121.0.0.0 Safari/537.36" 
13.59.233.184 - - [28/Oct/2025:14:00:32 -0700] "GET /wp-content/plugins/elementor/assets/css/widget-image.min.css?ver=3.32.5 HTTP/2.0" 200 242 "https://www.elconferencista.com/" "Mozilla/5.0 (Macintosh; Intel Mac OS X 10_15_7) AppleWebKit/537.36 (KHTML, like Gecko) Chrome/121.0.0.0 Safari/537.36" 
13.59.233.184 - - [28/Oct/2025:14:00:32 -0700] "GET /wp-content/plugins/elementor/assets/css/widget-heading.min.css?ver=3.32.5 HTTP/2.0" 200 244 "https://www.elconferencista.com/" "Mozilla/5.0 (Macintosh; Intel Mac OS X 10_15_7) AppleWebKit/537.36 (KHTML, like Gecko) Chrome/121.0.0.0 Safari/537.36" 
13.59.233.184 - - [28/Oct/2025:14:00:32 -0700] "GET /wp-content/plugins/jet-engine/assets/css/frontend.css?ver=3.6.6.1 HTTP/2.0" 200 8004 "https://www.elconferencista.com/" "Mozilla/5.0 (Macintosh; Intel Mac OS X 10_15_7) AppleWebKit/537.36 (KHTML, like Gecko) Chrome/121.0.0.0 Safari/537.36" 
13.59.233.184 - - [28/Oct/2025:14:00:32 -0700] "GET /wp-content/plugins/elementor/assets/lib/animations/styles/fadeIn.min.css?ver=3.32.5 HTTP/2.0" 200 156 "https://www.elconferencista.com/" "Mozilla/5.0 (Macintosh; Intel Mac OS X 10_15_7) AppleWebKit/537.36 (KHTML, like Gecko) Chrome/121.0.0.0 Safari/537.36" 
13.59.233.184 - - [28/Oct/2025:14:00:32 -0700] "GET /wp-content/plugins/elementor/assets/css/widget-social-icons.min.css?ver=3.32.5 HTTP/2.0" 200 1226 "https://www.elconferencista.com/" "Mozilla/5.0 (Macintosh; Intel Mac OS X 10_15_7) AppleWebKit/537.36 (KHTML, like Gecko) Chrome/121.0.0.0 Safari/537.36" 
13.59.233.184 - - [28/Oct/2025:14:00:32 -0700] "GET /wp-content/uploads/elementor/css/post-7.css?ver=1761682540 HTTP/2.0" 200 476 "https://www.elconferencista.com/" "Mozilla/5.0 (Macintosh; Intel Mac OS X 10_15_7) AppleWebKit/537.36 (KHTML, like Gecko) Chrome/121.0.0.0 Safari/537.36" 
13.59.233.184 - - [28/Oct/2025:14:00:32 -0700] "GET /wp-content/plugins/whatsapp-for-wordpress/assets/dist/css/style.css?ver=6.8.3 HTTP/2.0" 200 5986 "https://www.elconferencista.com/" "Mozilla/5.0 (Macintosh; Intel Mac OS X 10_15_7) AppleWebKit/537.36 (KHTML, like Gecko) Chrome/121.0.0.0 Safari/537.36" 
13.59.233.184 - - [28/Oct/2025:14:00:32 -0700] "GET /wp-content/plugins/elementor/assets/css/frontend.min.css?ver=3.32.5 HTTP/2.0" 200 7452 "https://www.elconferencista.com/" "Mozilla/5.0 (Macintosh; Intel Mac OS X 10_15_7) AppleWebKit/537.36 (KHTML, like Gecko) Chrome/121.0.0.0 Safari/537.36" 
