69.163.179.91 - - [28/Oct/2025:06:05:55 -0700] "POST /wp-cron.php?doing_wp_cron=1761656755.9727699756622314453125 HTTP/1.1" 200 3647 "-" "WordPress/6.8.3; https://www.elconferencista.com" 
51.222.168.151 - - [28/Oct/2025:06:05:53 -0700] "GET /?products=4827308 HTTP/2.0" 200 31027 "-" "Mozilla/5.0 (compatible; AhrefsBot/7.0; +http://ahrefs.com/robot/)" 
142.44.233.4 - - [28/Oct/2025:06:09:19 -0700] "GET /?products=4827298 HTTP/2.0" 200 31027 "-" "Mozilla/5.0 (compatible; AhrefsBot/7.0; +http://ahrefs.com/robot/)" 
69.163.179.91 - - [28/Oct/2025:06:09:21 -0700] "POST /wp-cron.php?doing_wp_cron=1761656961.2066299915313720703125 HTTP/1.1" 200 3647 "-" "WordPress/6.8.3; https://www.elconferencista.com" 
15.235.27.201 - - [28/Oct/2025:06:12:24 -0700] "GET /?products=4827284 HTTP/2.0" 200 31027 "-" "Mozilla/5.0 (compatible; AhrefsBot/7.0; +http://ahrefs.com/robot/)" 
69.163.179.91 - - [28/Oct/2025:06:12:25 -0700] "POST /wp-cron.php?doing_wp_cron=1761657145.7817730903625488281250 HTTP/1.1" 200 3647 "-" "WordPress/6.8.3; https://www.elconferencista.com" 
83.96.201.169 - - [28/Oct/2025:06:14:46 -0700] "POST /xmlrpc.php HTTP/1.1" 429 3633 "-" "Mozilla/5.0 (Windows NT 10.0; Win64; x64; rv:61.0) Gecko/20100101 Firefox/61.0" 
51.222.168.152 - - [28/Oct/2025:06:15:40 -0700] "GET /?products=4827260 HTTP/2.0" 200 31027 "-" "Mozilla/5.0 (compatible; AhrefsBot/7.0; +http://ahrefs.com/robot/)" 
69.163.179.91 - - [28/Oct/2025:06:15:42 -0700] "POST /wp-cron.php?doing_wp_cron=1761657342.2919549942016601562500 HTTP/1.1" 200 3647 "-" "WordPress/6.8.3; https://www.elconferencista.com" 
51.161.37.155 - - [28/Oct/2025:06:18:43 -0700] "GET /?products=4827250 HTTP/2.0" 200 31027 "-" "Mozilla/5.0 (compatible; AhrefsBot/7.0; +http://ahrefs.com/robot/)" 
69.163.179.91 - - [28/Oct/2025:06:18:44 -0700] "POST /wp-cron.php?doing_wp_cron=1761657524.6952710151672363281250 HTTP/1.1" 200 3647 "-" "WordPress/6.8.3; https://www.elconferencista.com" 
148.113.130.83 - - [28/Oct/2025:06:21:55 -0700] "GET /?products=4827246 HTTP/2.0" 200 31027 "-" "Mozilla/5.0 (compatible; AhrefsBot/7.0; +http://ahrefs.com/robot/)" 
69.163.179.91 - - [28/Oct/2025:06:21:57 -0700] "POST /wp-cron.php?doing_wp_cron=1761657717.4811940193176269531250 HTTP/1.1" 200 3647 "-" "WordPress/6.8.3; https://www.elconferencista.com" 
148.113.130.49 - - [28/Oct/2025:06:24:51 -0700] "GET /?products=4827216 HTTP/2.0" 200 31027 "-" "Mozilla/5.0 (compatible; AhrefsBot/7.0; +http://ahrefs.com/robot/)" 
69.163.179.91 - - [28/Oct/2025:06:24:53 -0700] "POST /wp-cron.php?doing_wp_cron=1761657893.4363739490509033203125 HTTP/1.1" 200 3647 "-" "WordPress/6.8.3; https://www.elconferencista.com" 
54.39.0.42 - - [28/Oct/2025:06:27:59 -0700] "GET /?products=4827198 HTTP/2.0" 200 31027 "-" "Mozilla/5.0 (compatible; AhrefsBot/7.0; +http://ahrefs.com/robot/)" 
69.163.179.91 - - [28/Oct/2025:06:28:01 -0700] "POST /wp-cron.php?doing_wp_cron=1761658081.3439381122589111328125 HTTP/1.1" 200 3647 "-" "WordPress/6.8.3; https://www.elconferencista.com" 
15.235.98.23 - - [28/Oct/2025:06:31:07 -0700] "GET /?products=4827178 HTTP/2.0" 200 31027 "-" "Mozilla/5.0 (compatible; AhrefsBot/7.0; +http://ahrefs.com/robot/)" 
69.163.179.91 - - [28/Oct/2025:06:31:08 -0700] "POST /wp-cron.php?doing_wp_cron=1761658268.8167510032653808593750 HTTP/1.1" 200 3647 "-" "WordPress/6.8.3; https://www.elconferencista.com" 
54.39.89.92 - - [28/Oct/2025:06:34:21 -0700] "GET /?products=4827154 HTTP/2.0" 200 31027 "-" "Mozilla/5.0 (compatible; AhrefsBot/7.0; +http://ahrefs.com/robot/)" 
69.163.179.91 - - [28/Oct/2025:06:34:22 -0700] "POST /wp-cron.php?doing_wp_cron=1761658462.6825940608978271484375 HTTP/1.1" 200 3647 "-" "WordPress/6.8.3; https://www.elconferencista.com" 
148.113.130.222 - - [28/Oct/2025:06:37:49 -0700] "GET /?products=4827144 HTTP/2.0" 200 31018 "-" "Mozilla/5.0 (compatible; AhrefsBot/7.0; +http://ahrefs.com/robot/)" 
69.163.179.91 - - [28/Oct/2025:06:37:51 -0700] "POST /wp-cron.php?doing_wp_cron=1761658671.2825810909271240234375 HTTP/1.1" 200 3647 "-" "WordPress/6.8.3; https://www.elconferencista.com" 
15.235.27.32 - - [28/Oct/2025:06:40:58 -0700] "GET /?products=4827130 HTTP/2.0" 200 31027 "-" "Mozilla/5.0 (compatible; AhrefsBot/7.0; +http://ahrefs.com/robot/)" 
69.163.179.91 - - [28/Oct/2025:06:41:00 -0700] "POST /wp-cron.php?doing_wp_cron=1761658860.6021070480346679687500 HTTP/1.1" 200 3647 "-" "WordPress/6.8.3; https://www.elconferencista.com" 
54.39.210.177 - - [28/Oct/2025:06:44:09 -0700] "GET /?products=4827126 HTTP/2.0" 200 31027 "-" "Mozilla/5.0 (compatible; AhrefsBot/7.0; +http://ahrefs.com/robot/)" 
69.163.179.91 - - [28/Oct/2025:06:44:11 -0700] "POST /wp-cron.php?doing_wp_cron=1761659051.2755351066589355468750 HTTP/1.1" 200 3647 "-" "WordPress/6.8.3; https://www.elconferencista.com" 
54.39.210.83 - - [28/Oct/2025:06:47:17 -0700] "GET /?products=4827120 HTTP/2.0" 200 31027 "-" "Mozilla/5.0 (compatible; AhrefsBot/7.0; +http://ahrefs.com/robot/)" 
69.163.179.91 - - [28/Oct/2025:06:47:18 -0700] "POST /wp-cron.php?doing_wp_cron=1761659238.8175868988037109375000 HTTP/1.1" 200 3647 "-" "WordPress/6.8.3; https://www.elconferencista.com" 
43.130.74.193 - - [28/Oct/2025:06:48:25 -0700] "GET / HTTP/1.1" 200 34800 "http://elconferencista.com" "Mozilla/5.0 (iPhone; CPU iPhone OS 13_2_3 like Mac OS X) AppleWebKit/605.1.15 (KHTML, like Gecko) Version/13.0.3 Mobile/15E148 Safari/604.1" 
69.163.179.91 - - [28/Oct/2025:06:48:26 -0700] "POST /wp-cron.php?doing_wp_cron=1761659306.5953989028930664062500 HTTP/1.1" 200 3647 "-" "WordPress/6.8.3; https://www.elconferencista.com" 
85.208.96.209 - - [28/Oct/2025:06:48:38 -0700] "GET /robots.txt HTTP/1.1" 200 3838 "-" "Mozilla/5.0 (compatible; SemrushBot/7~bl; +http://www.semrush.com/bot.html)" 
85.208.96.208 - - [28/Oct/2025:06:48:38 -0700] "GET /tag/keywords/ HTTP/1.1" 200 27452 "-" "Mozilla/5.0 (compatible; SemrushBot/7~bl; +http://www.semrush.com/bot.html)" 
51.222.168.65 - - [28/Oct/2025:06:50:20 -0700] "GET /?products=4827106 HTTP/2.0" 200 31027 "-" "Mozilla/5.0 (compatible; AhrefsBot/7.0; +http://ahrefs.com/robot/)" 
69.163.179.91 - - [28/Oct/2025:06:50:21 -0700] "POST /wp-cron.php?doing_wp_cron=1761659421.7394540309906005859375 HTTP/1.1" 200 3647 "-" "WordPress/6.8.3; https://www.elconferencista.com" 
15.235.96.173 - - [28/Oct/2025:06:53:20 -0700] "GET /?products=4827058 HTTP/2.0" 200 31027 "-" "Mozilla/5.0 (compatible; AhrefsBot/7.0; +http://ahrefs.com/robot/)" 
69.163.179.91 - - [28/Oct/2025:06:53:21 -0700] "POST /wp-cron.php?doing_wp_cron=1761659601.8564329147338867187500 HTTP/1.1" 200 3647 "-" "WordPress/6.8.3; https://www.elconferencista.com" 
51.222.168.140 - - [28/Oct/2025:06:56:17 -0700] "GET /?products=4827044 HTTP/2.0" 200 31027 "-" "Mozilla/5.0 (compatible; AhrefsBot/7.0; +http://ahrefs.com/robot/)" 
69.163.179.91 - - [28/Oct/2025:06:56:18 -0700] "POST /wp-cron.php?doing_wp_cron=1761659778.7896709442138671875000 HTTP/1.1" 200 3647 "-" "WordPress/6.8.3; https://www.elconferencista.com" 
20.15.133.174 - - [28/Oct/2025:06:57:35 -0700] "GET /?products=12993384 HTTP/2.0" 200 26883 "-" "Mozilla/5.0 AppleWebKit/537.36 (KHTML, like Gecko; compatible; bingbot/2.0; +http://www.bing.com/bingbot.htm) Chrome/116.0.1938.76 Safari/537.36" 
54.39.210.35 - - [28/Oct/2025:06:59:14 -0700] "GET /?products=4827034 HTTP/2.0" 200 31027 "-" "Mozilla/5.0 (compatible; AhrefsBot/7.0; +http://ahrefs.com/robot/)" 
69.163.179.91 - - [28/Oct/2025:06:59:15 -0700] "POST /wp-cron.php?doing_wp_cron=1761659955.5868930816650390625000 HTTP/1.1" 200 3647 "-" "WordPress/6.8.3; https://www.elconferencista.com" 
15.235.141.194 - - [28/Oct/2025:06:59:57 -0700] "POST /xmlrpc.php HTTP/1.1" 200 3692 "-" "Mozilla/5.0 (Windows NT 10.0; Win64; x64; rv:54.0) Gecko/20100101 Firefox/54.0" 
20.15.133.160 - - [28/Oct/2025:07:00:25 -0700] "GET /?products=12993432 HTTP/2.0" 200 27018 "-" "Mozilla/5.0 AppleWebKit/537.36 (KHTML, like Gecko; compatible; bingbot/2.0; +http://www.bing.com/bingbot.htm) Chrome/116.0.1938.76 Safari/537.36" 
51.161.65.6 - - [28/Oct/2025:07:02:17 -0700] "GET /?products=4827030 HTTP/2.0" 200 31028 "-" "Mozilla/5.0 (compatible; AhrefsBot/7.0; +http://ahrefs.com/robot/)" 
69.163.179.91 - - [28/Oct/2025:07:02:18 -0700] "POST /wp-cron.php?doing_wp_cron=1761660138.6518330574035644531250 HTTP/1.1" 200 3647 "-" "WordPress/6.8.3; https://www.elconferencista.com" 
20.15.133.160 - - [28/Oct/2025:07:03:05 -0700] "GET /?products=12995112 HTTP/2.0" 200 26933 "-" "Mozilla/5.0 AppleWebKit/537.36 (KHTML, like Gecko; compatible; bingbot/2.0; +http://www.bing.com/bingbot.htm) Chrome/116.0.1938.76 Safari/537.36" 
195.211.77.142 - - [28/Oct/2025:07:04:06 -0700] "HEAD / HTTP/1.1" 301 3596 "-" "Mozilla/5.0 (Windows NT 10.0; Win64; x64) AppleWebKit/537.36 (KHTML, like Gecko) Chrome/108.0.0.0 Safari/537.36" 
104.210.140.135 - - [28/Oct/2025:07:04:28 -0700] "GET /robots.txt HTTP/2.0" 200 281 "-" "Mozilla/5.0 (Macintosh; Intel Mac OS X 10_15_7) AppleWebKit/537.36 (KHTML, like Gecko) Chrome/131.0.0.0 Safari/537.36; compatible; OAI-SearchBot/1.0; +https://openai.com/searchbot" 
195.211.77.142 - - [28/Oct/2025:07:04:32 -0700] "GET / HTTP/1.1" 301 3857 "-" "Mozilla/5.0 (Windows NT 10.0; Win64; x64) AppleWebKit/537.36 (KHTML, like Gecko) Chrome/108.0.0.0 Safari/537.36" 
15.235.96.96 - - [28/Oct/2025:07:05:10 -0700] "GET /?products=4827010 HTTP/2.0" 200 31028 "-" "Mozilla/5.0 (compatible; AhrefsBot/7.0; +http://ahrefs.com/robot/)" 
69.163.179.91 - - [28/Oct/2025:07:05:12 -0700] "POST /wp-cron.php?doing_wp_cron=1761660312.2680668830871582031250 HTTP/1.1" 200 3647 "-" "WordPress/6.8.3; https://www.elconferencista.com" 
69.163.179.91 - - [28/Oct/2025:07:08:09 -0700] "POST /wp-cron.php?doing_wp_cron=1761660489.5116140842437744140625 HTTP/1.1" 200 3647 "-" "WordPress/6.8.3; https://www.elconferencista.com" 
69.163.179.91 - - [28/Oct/2025:07:08:10 -0700] "POST /wp-cron.php?doing_wp_cron=1761660490.5383830070495605468750 HTTP/1.1" 200 3647 "-" "WordPress/6.8.3; https://www.elconferencista.com" 
54.39.210.207 - - [28/Oct/2025:07:08:07 -0700] "GET /?products=4827006 HTTP/2.0" 200 31028 "-" "Mozilla/5.0 (compatible; AhrefsBot/7.0; +http://ahrefs.com/robot/)" 
142.44.225.57 - - [28/Oct/2025:07:10:51 -0700] "GET /?products=4827000 HTTP/2.0" 200 31028 "-" "Mozilla/5.0 (compatible; AhrefsBot/7.0; +http://ahrefs.com/robot/)" 
69.163.179.91 - - [28/Oct/2025:07:10:53 -0700] "POST /wp-cron.php?doing_wp_cron=1761660653.0021820068359375000000 HTTP/1.1" 200 3647 "-" "WordPress/6.8.3; https://www.elconferencista.com" 
51.222.95.37 - - [28/Oct/2025:07:13:41 -0700] "GET /?products=4826976 HTTP/2.0" 200 31028 "-" "Mozilla/5.0 (compatible; AhrefsBot/7.0; +http://ahrefs.com/robot/)" 
69.163.179.91 - - [28/Oct/2025:07:13:42 -0700] "POST /wp-cron.php?doing_wp_cron=1761660822.7370970249176025390625 HTTP/1.1" 200 3647 "-" "WordPress/6.8.3; https://www.elconferencista.com" 
109.107.186.56 - - [28/Oct/2025:07:16:08 -0700] "GET / HTTP/1.0" 429 3598 "https://www.elconferencista.com/" "Mozilla/5.0 (Windows NT 10.0; Win64; x64) AppleWebKit/537.36 (KHTML, like Gecko) Chrome/130.0.0.0 Safari/537.36 CCleaner/130.0.0.0" 
54.39.6.212 - - [28/Oct/2025:07:16:45 -0700] "GET /?products=4826958 HTTP/2.0" 200 31028 "-" "Mozilla/5.0 (compatible; AhrefsBot/7.0; +http://ahrefs.com/robot/)" 
69.163.179.91 - - [28/Oct/2025:07:16:47 -0700] "POST /wp-cron.php?doing_wp_cron=1761661007.1794359683990478515625 HTTP/1.1" 200 3647 "-" "WordPress/6.8.3; https://www.elconferencista.com" 
165.232.167.116 - - [28/Oct/2025:07:18:38 -0700] "GET /wp-content/plugins/pwnd/pwnd.php HTTP/1.1" 404 114081 "-" "Mozilla/5.0" 
69.163.179.91 - - [28/Oct/2025:07:18:40 -0700] "POST /wp-cron.php?doing_wp_cron=1761661120.5527319908142089843750 HTTP/1.1" 200 3647 "-" "WordPress/6.8.3; https://www.elconferencista.com" 
69.163.179.91 - - [28/Oct/2025:07:19:39 -0700] "POST /wp-cron.php?doing_wp_cron=1761661179.1248610019683837890625 HTTP/1.1" 200 3647 "-" "WordPress/6.8.3; https://www.elconferencista.com" 
209.85.238.135 - - [28/Oct/2025:07:19:38 -0700] "GET /?15545838?products=0012954872 HTTP/1.1" 301 3760 "-" "Mozilla/5.0 (X11; Linux x86_64) AppleWebKit/537.36 (KHTML, like Gecko) Chrome/140.0.7339.207 Safari/537.36" 
209.85.238.133 - - [28/Oct/2025:07:19:40 -0700] "GET /?15545838%3Fproducts=0012954872 HTTP/1.1" 200 34834 "-" "Mozilla/5.0 (X11; Linux x86_64) AppleWebKit/537.36 (KHTML, like Gecko) Chrome/140.0.7339.207 Safari/537.36" 
209.85.238.133 - - [28/Oct/2025:07:19:41 -0700] "GET /wp-content/themes/astra/assets/css/minified/main.min.css?ver=4.9.2 HTTP/1.1" 200 9428 "https://www.elconferencista.com/?15545838%3Fproducts=0012954872" "Mozilla/5.0 (X11; Linux x86_64) AppleWebKit/537.36 (KHTML, like Gecko) Chrome/140.0.7339.207 Safari/537.36" 
209.85.238.133 - - [28/Oct/2025:07:19:42 -0700] "GET /wp-content/plugins/whatsapp-for-wordpress/assets/dist/css/style.css?ver=6.8.3 HTTP/1.1" 200 6333 "https://www.elconferencista.com/?15545838%3Fproducts=0012954872" "Mozilla/5.0 (X11; Linux x86_64) AppleWebKit/537.36 (KHTML, like Gecko) Chrome/140.0.7339.207 Safari/537.36" 
209.85.238.134 - - [28/Oct/2025:07:19:43 -0700] "GET /wp-content/plugins/elementor-pro/assets/css/modules/sticky.min.css?ver=3.32.3 HTTP/1.1" 200 3889 "https://www.elconferencista.com/?15545838%3Fproducts=0012954872" "Mozilla/5.0 (X11; Linux x86_64) AppleWebKit/537.36 (KHTML, like Gecko) Chrome/140.0.7339.207 Safari/537.36" 
209.85.238.134 - - [28/Oct/2025:07:19:44 -0700] "GET /wp-content/plugins/elementor/assets/lib/animations/styles/fadeIn.min.css?ver=3.32.5 HTTP/1.1" 200 501 "https://www.elconferencista.com/?15545838%3Fproducts=0012954872" "Mozilla/5.0 (X11; Linux x86_64) AppleWebKit/537.36 (KHTML, like Gecko) Chrome/140.0.7339.207 Safari/537.36" 
209.85.238.134 - - [28/Oct/2025:07:19:45 -0700] "GET /wp-content/plugins/elementor/assets/css/widget-heading.min.css?ver=3.32.5 HTTP/1.1" 200 612 "https://www.elconferencista.com/?15545838%3Fproducts=0012954872" "Mozilla/5.0 (X11; Linux x86_64) AppleWebKit/537.36 (KHTML, like Gecko) Chrome/140.0.7339.207 Safari/537.36" 
209.85.238.133 - - [28/Oct/2025:07:19:46 -0700] "GET /wp-content/plugins/elementor/assets/lib/font-awesome/css/all.min.css?ver=3.32.5 HTTP/1.1" 200 13341 "https://www.elconferencista.com/?15545838%3Fproducts=0012954872" "Mozilla/5.0 (X11; Linux x86_64) AppleWebKit/537.36 (KHTML, like Gecko) Chrome/140.0.7339.207 Safari/537.36" 
51.161.37.98 - - [28/Oct/2025:07:19:46 -0700] "GET /?products=4826938 HTTP/2.0" 200 31028 "-" "Mozilla/5.0 (compatible; AhrefsBot/7.0; +http://ahrefs.com/robot/)" 
209.85.238.133 - - [28/Oct/2025:07:19:50 -0700] "GET /wp-content/plugins/elementor/assets/lib/animations/styles/fadeInRight.min.css?ver=3.32.5 HTTP/1.1" 200 3893 "https://www.elconferencista.com/?15545838%3Fproducts=0012954872" "Mozilla/5.0 (X11; Linux x86_64) AppleWebKit/537.36 (KHTML, like Gecko) Chrome/140.0.7339.207 Safari/537.36" 
209.85.238.133 - - [28/Oct/2025:07:19:51 -0700] "GET /wp-content/plugins/elementor/assets/css/widget-icon-list.min.css?ver=3.32.5 HTTP/1.1" 200 1538 "https://www.elconferencista.com/?15545838%3Fproducts=0012954872" "Mozilla/5.0 (X11; Linux x86_64) AppleWebKit/537.36 (KHTML, like Gecko) Chrome/140.0.7339.207 Safari/537.36" 
209.85.238.133 - - [28/Oct/2025:07:19:52 -0700] "GET /wp-content/plugins/elementor-pro/assets/css/widget-gallery.min.css?ver=3.32.3 HTTP/1.1" 200 1545 "https://www.elconferencista.com/?15545838%3Fproducts=0012954872" "Mozilla/5.0 (X11; Linux x86_64) AppleWebKit/537.36 (KHTML, like Gecko) Chrome/140.0.7339.207 Safari/537.36" 
209.85.238.133 - - [28/Oct/2025:07:19:53 -0700] "GET /wp-includes/js/mediaelement/wp-mediaelement.min.css?ver=6.8.3 HTTP/1.1" 200 1587 "https://www.elconferencista.com/?15545838%3Fproducts=0012954872" "Mozilla/5.0 (X11; Linux x86_64) AppleWebKit/537.36 (KHTML, like Gecko) Chrome/140.0.7339.207 Safari/537.36" 
209.85.238.133 - - [28/Oct/2025:07:19:54 -0700] "GET /wp-content/uploads/elementor/css/post-219.css?ver=1761338617 HTTP/1.1" 200 2161 "https://www.elconferencista.com/?15545838%3Fproducts=0012954872" "Mozilla/5.0 (X11; Linux x86_64) AppleWebKit/537.36 (KHTML, like Gecko) Chrome/140.0.7339.207 Safari/537.36" 
209.85.238.133 - - [28/Oct/2025:07:19:54 -0700] "GET /wp-content/plugins/elementskit-lite/widgets/init/assets/css/widget-styles.css?ver=3.7.4 HTTP/1.1" 200 54384 "https://www.elconferencista.com/?15545838%3Fproducts=0012954872" "Mozilla/5.0 (X11; Linux x86_64) AppleWebKit/537.36 (KHTML, like Gecko) Chrome/140.0.7339.207 Safari/537.36" 
209.85.238.133 - - [28/Oct/2025:07:19:55 -0700] "GET /wp-content/plugins/elementor/assets/lib/swiper/v8/css/swiper.min.css?ver=8.4.5 HTTP/1.1" 200 4886 "https://www.elconferencista.com/?15545838%3Fproducts=0012954872" "Mozilla/5.0 (X11; Linux x86_64) AppleWebKit/537.36 (KHTML, like Gecko) Chrome/140.0.7339.207 Safari/537.36" 
209.85.238.133 - - [28/Oct/2025:07:19:56 -0700] "GET /wp-includes/js/mediaelement/mediaelementplayer-legacy.min.css?ver=4.2.17 HTTP/1.1" 200 3018 "https://www.elconferencista.com/?15545838%3Fproducts=0012954872" "Mozilla/5.0 (X11; Linux x86_64) AppleWebKit/537.36 (KHTML, like Gecko) Chrome/140.0.7339.207 Safari/537.36" 
209.85.238.133 - - [28/Oct/2025:07:19:56 -0700] "GET /wp-content/uploads/elementor/css/post-11.css?ver=1761338617 HTTP/1.1" 200 5097 "https://www.elconferencista.com/?15545838%3Fproducts=0012954872" "Mozilla/5.0 (X11; Linux x86_64) AppleWebKit/537.36 (KHTML, like Gecko) Chrome/140.0.7339.207 Safari/537.36" 
209.85.238.133 - - [28/Oct/2025:07:19:57 -0700] "GET /wp-content/plugins/elementor/assets/css/conditionals/e-swiper.min.css?ver=3.32.5 HTTP/1.1" 200 1228 "https://www.elconferencista.com/?15545838%3Fproducts=0012954872" "Mozilla/5.0 (X11; Linux x86_64) AppleWebKit/537.36 (KHTML, like Gecko) Chrome/140.0.7339.207 Safari/537.36" 
209.85.238.133 - - [28/Oct/2025:07:19:57 -0700] "GET /wp-content/plugins/elementskit-lite/widgets/init/assets/css/responsive.css?ver=3.7.4 HTTP/1.1" 200 3701 "https://www.elconferencista.com/?15545838%3Fproducts=0012954872" "Mozilla/5.0 (X11; Linux x86_64) AppleWebKit/537.36 (KHTML, like Gecko) Chrome/140.0.7339.207 Safari/537.36" 
209.85.238.133 - - [28/Oct/2025:07:19:58 -0700] "GET /wp-content/plugins/elementor/assets/lib/e-gallery/css/e-gallery.min.css?ver=1.2.0 HTTP/1.1" 200 1270 "https://www.elconferencista.com/?15545838%3Fproducts=0012954872" "Mozilla/5.0 (X11; Linux x86_64) AppleWebKit/537.36 (KHTML, like Gecko) Chrome/140.0.7339.207 Safari/537.36" 
209.85.238.133 - - [28/Oct/2025:07:19:58 -0700] "GET /wp-content/plugins/elementskit-lite/modules/elementskit-icon-pack/assets/css/ekiticons.css?ver=3.7.4 HTTP/1.1" 200 13688 "https://www.elconferencista.com/?15545838%3Fproducts=0012954872" "Mozilla/5.0 (X11; Linux x86_64) AppleWebKit/537.36 (KHTML, like Gecko) Chrome/140.0.7339.207 Safari/537.36" 
209.85.238.133 - - [28/Oct/2025:07:19:59 -0700] "GET /wp-content/plugins/elementor/assets/css/widget-video.min.css?ver=3.32.5 HTTP/1.1" 200 855 "https://www.elconferencista.com/?15545838%3Fproducts=0012954872" "Mozilla/5.0 (X11; Linux x86_64) AppleWebKit/537.36 (KHTML, like Gecko) Chrome/140.0.7339.207 Safari/537.36" 
209.85.238.133 - - [28/Oct/2025:07:20:00 -0700] "GET /wp-content/plugins/elementor/assets/lib/font-awesome/js/v4-shims.min.js?ver=3.32.5 HTTP/1.1" 200 4686 "https://www.elconferencista.com/?15545838%3Fproducts=0012954872" "Mozilla/5.0 (X11; Linux x86_64) AppleWebKit/537.36 (KHTML, like Gecko) Chrome/140.0.7339.207 Safari/537.36" 
209.85.238.133 - - [28/Oct/2025:07:20:00 -0700] "GET /wp-content/plugins/elementor/assets/lib/animations/styles/fadeInDown.min.css?ver=3.32.5 HTTP/1.1" 200 543 "https://www.elconferencista.com/?15545838%3Fproducts=0012954872" "Mozilla/5.0 (X11; Linux x86_64) AppleWebKit/537.36 (KHTML, like Gecko) Chrome/140.0.7339.207 Safari/537.36" 
209.85.238.133 - - [28/Oct/2025:07:20:01 -0700] "GET /wp-content/uploads/2022/09/89941859_523545041683207_8273911308307233517_n-1024x1024.jpg HTTP/1.1" 200 124443 "https://www.elconferencista.com/?15545838%3Fproducts=0012954872" "Mozilla/5.0 (X11; Linux x86_64) AppleWebKit/537.36 (KHTML, like Gecko) Chrome/140.0.7339.207 Safari/537.36" 
209.85.238.133 - - [28/Oct/2025:07:20:02 -0700] "GET /wp-content/plugins/elementor/assets/lib/font-awesome/css/v4-shims.min.css?ver=3.32.5 HTTP/1.1" 200 4709 "https://www.elconferencista.com/?15545838%3Fproducts=0012954872" "Mozilla/5.0 (X11; Linux x86_64) AppleWebKit/537.36 (KHTML, like Gecko) Chrome/140.0.7339.207 Safari/537.36" 
209.85.238.133 - - [28/Oct/2025:07:20:02 -0700] "GET /wp-includes/js/jquery/jquery.min.js?ver=3.7.1 HTTP/1.1" 200 31549 "https://www.elconferencista.com/?15545838%3Fproducts=0012954872" "Mozilla/5.0 (X11; Linux x86_64) AppleWebKit/537.36 (KHTML, like Gecko) Chrome/140.0.7339.207 Safari/537.36" 
209.85.238.133 - - [28/Oct/2025:07:20:03 -0700] "GET /wp-content/uploads/elementor/css/post-613.css?ver=1761338617 HTTP/1.1" 200 1691 "https://www.elconferencista.com/?15545838%3Fproducts=0012954872" "Mozilla/5.0 (X11; Linux x86_64) AppleWebKit/537.36 (KHTML, like Gecko) Chrome/140.0.7339.207 Safari/537.36" 
209.85.238.133 - - [28/Oct/2025:07:20:03 -0700] "GET /wp-content/plugins/elementor/assets/css/widget-counter.min.css?ver=3.32.5 HTTP/1.1" 200 729 "https://www.elconferencista.com/?15545838%3Fproducts=0012954872" "Mozilla/5.0 (X11; Linux x86_64) AppleWebKit/537.36 (KHTML, like Gecko) Chrome/140.0.7339.207 Safari/537.36" 
209.85.238.133 - - [28/Oct/2025:07:20:04 -0700] "GET /wp-content/plugins/jet-engine/assets/css/frontend.css?ver=3.6.6.1 HTTP/1.1" 200 8394 "https://www.elconferencista.com/?15545838%3Fproducts=0012954872" "Mozilla/5.0 (X11; Linux x86_64) AppleWebKit/537.36 (KHTML, like Gecko) Chrome/140.0.7339.207 Safari/537.36" 
209.85.238.133 - - [28/Oct/2025:07:20:04 -0700] "GET /wp-content/plugins/elementor/assets/lib/animations/styles/fadeInUp.min.css?ver=3.32.5 HTTP/1.1" 200 540 "https://www.elconferencista.com/?15545838%3Fproducts=0012954872" "Mozilla/5.0 (X11; Linux x86_64) AppleWebKit/537.36 (KHTML, like Gecko) Chrome/140.0.7339.207 Safari/537.36" 
209.85.238.133 - - [28/Oct/2025:07:20:10 -0700] "GET /wp-includes/js/jquery/jquery-migrate.min.js?ver=3.4.1 HTTP/1.1" 200 8690 "https://www.elconferencista.com/?15545838%3Fproducts=0012954872" "Mozilla/5.0 (X11; Linux x86_64) AppleWebKit/537.36 (KHTML, like Gecko) Chrome/140.0.7339.207 Safari/537.36" 
209.85.238.133 - - [28/Oct/2025:07:20:11 -0700] "GET /wp-content/plugins/elementor-pro/assets/css/conditionals/transitions.min.css?ver=3.32.3 HTTP/1.1" 200 1089 "https://www.elconferencista.com/?15545838%3Fproducts=0012954872" "Mozilla/5.0 (X11; Linux x86_64) AppleWebKit/537.36 (KHTML, like Gecko) Chrome/140.0.7339.207 Safari/537.36" 
209.85.238.133 - - [28/Oct/2025:07:20:12 -0700] "GET /wp-content/uploads/2022/09/logo-edner-granados-rojo.jpeg HTTP/1.1" 200 90883 "https://www.elconferencista.com/?15545838%3Fproducts=0012954872" "Mozilla/5.0 (X11; Linux x86_64) AppleWebKit/537.36 (KHTML, like Gecko) Chrome/140.0.7339.207 Safari/537.36" 
209.85.238.133 - - [28/Oct/2025:07:20:12 -0700] "GET /wp-content/plugins/elementor/assets/css/frontend.min.css?ver=3.32.5 HTTP/1.1" 200 7822 "https://www.elconferencista.com/?15545838%3Fproducts=0012954872" "Mozilla/5.0 (X11; Linux x86_64) AppleWebKit/537.36 (KHTML, like Gecko) Chrome/140.0.7339.207 Safari/537.36" 
209.85.238.133 - - [28/Oct/2025:07:20:13 -0700] "GET /wp-content/plugins/elementor/assets/css/widget-icon-box.min.css?ver=3.32.5 HTTP/1.1" 200 937 "https://www.elconferencista.com/?15545838%3Fproducts=0012954872" "Mozilla/5.0 (X11; Linux x86_64) AppleWebKit/537.36 (KHTML, like Gecko) Chrome/140.0.7339.207 Safari/537.36" 
209.85.238.133 - - [28/Oct/2025:07:20:14 -0700] "GET /wp-content/plugins/elementor/assets/css/conditionals/apple-webkit.min.css?ver=3.32.5 HTTP/1.1" 200 988 "https://www.elconferencista.com/?15545838%3Fproducts=0012954872" "Mozilla/5.0 (X11; Linux x86_64) AppleWebKit/537.36 (KHTML, like Gecko) Chrome/140.0.7339.207 Safari/537.36" 
209.85.238.133 - - [28/Oct/2025:07:20:14 -0700] "GET /wp-content/uploads/2022/09/edner-granados.png HTTP/1.1" 200 338389 "https://www.elconferencista.com/?15545838%3Fproducts=0012954872" "Mozilla/5.0 (X11; Linux x86_64) AppleWebKit/537.36 (KHTML, like Gecko) Chrome/140.0.7339.207 Safari/537.36" 
209.85.238.133 - - [28/Oct/2025:07:20:15 -0700] "GET /wp-content/plugins/elementor/assets/css/widget-divider.min.css?ver=3.32.5 HTTP/1.1" 200 1204 "https://www.elconferencista.com/?15545838%3Fproducts=0012954872" "Mozilla/5.0 (X11; Linux x86_64) AppleWebKit/537.36 (KHTML, like Gecko) Chrome/140.0.7339.207 Safari/537.36" 
209.85.238.133 - - [28/Oct/2025:07:20:16 -0700] "GET /wp-content/plugins/elementor-pro/assets/css/widget-form.min.css?ver=3.32.3 HTTP/1.1" 200 2015 "https://www.elconferencista.com/?15545838%3Fproducts=0012954872" "Mozilla/5.0 (X11; Linux x86_64) AppleWebKit/537.36 (KHTML, like Gecko) Chrome/140.0.7339.207 Safari/537.36" 
209.85.238.133 - - [28/Oct/2025:07:20:17 -0700] "GET /wp-content/plugins/elementor/assets/css/widget-image.min.css?ver=3.32.5 HTTP/1.1" 200 587 "https://www.elconferencista.com/?15545838%3Fproducts=0012954872" "Mozilla/5.0 (X11; Linux x86_64) AppleWebKit/537.36 (KHTML, like Gecko) Chrome/140.0.7339.207 Safari/537.36" 
209.85.238.133 - - [28/Oct/2025:07:20:17 -0700] "GET /wp-content/uploads/elementor/google-fonts/css/roboto.css?ver=1742243097 HTTP/1.1" 200 3459 "https://www.elconferencista.com/?15545838%3Fproducts=0012954872" "Mozilla/5.0 (X11; Linux x86_64) AppleWebKit/537.36 (KHTML, like Gecko) Chrome/140.0.7339.207 Safari/537.36" 
209.85.238.133 - - [28/Oct/2025:07:20:18 -0700] "GET /wp-content/plugins/elementor/assets/css/widget-social-icons.min.css?ver=3.32.5 HTTP/1.1" 200 1596 "https://www.elconferencista.com/?15545838%3Fproducts=0012954872" "Mozilla/5.0 (X11; Linux x86_64) AppleWebKit/537.36 (KHTML, like Gecko) Chrome/140.0.7339.207 Safari/537.36" 
209.85.238.133 - - [28/Oct/2025:07:20:19 -0700] "GET /wp-content/plugins/elementor/assets/css/conditionals/shapes.min.css?ver=3.32.5 HTTP/1.1" 200 712 "https://www.elconferencista.com/?15545838%3Fproducts=0012954872" "Mozilla/5.0 (X11; Linux x86_64) AppleWebKit/537.36 (KHTML, like Gecko) Chrome/140.0.7339.207 Safari/537.36" 
209.85.238.133 - - [28/Oct/2025:07:20:20 -0700] "GET /wp-content/uploads/elementor/css/post-7.css?ver=1761338615 HTTP/1.1" 200 821 "https://www.elconferencista.com/?15545838%3Fproducts=0012954872" "Mozilla/5.0 (X11; Linux x86_64) AppleWebKit/537.36 (KHTML, like Gecko) Chrome/140.0.7339.207 Safari/537.36" 
209.85.238.133 - - [28/Oct/2025:07:20:20 -0700] "GET /wp-content/uploads/elementor/google-fonts/css/robotoslab.css?ver=1742243104 HTTP/1.1" 200 1372 "https://www.elconferencista.com/?15545838%3Fproducts=0012954872" "Mozilla/5.0 (X11; Linux x86_64) AppleWebKit/537.36 (KHTML, like Gecko) Chrome/140.0.7339.207 Safari/537.36" 
209.85.238.133 - - [28/Oct/2025:07:20:21 -0700] "GET /wp-content/themes/astra/assets/js/minified/frontend.min.js?ver=4.9.2 HTTP/1.1" 200 6442 "https://www.elconferencista.com/?15545838%3Fproducts=0012954872" "Mozilla/5.0 (X11; Linux x86_64) AppleWebKit/537.36 (KHTML, like Gecko) Chrome/140.0.7339.207 Safari/537.36" 
209.85.238.133 - - [28/Oct/2025:07:20:21 -0700] "GET /wp-content/plugins/whatsapp-for-wordpress/assets/dist/js/njt-whatsapp.js?ver=3.1.2 HTTP/1.1" 200 31949 "https://www.elconferencista.com/?15545838%3Fproducts=0012954872" "Mozilla/5.0 (X11; Linux x86_64) AppleWebKit/537.36 (KHTML, like Gecko) Chrome/140.0.7339.207 Safari/537.36" 
209.85.238.133 - - [28/Oct/2025:07:20:22 -0700] "GET /wp-content/plugins/elementor/assets/js/webpack.runtime.min.js?ver=3.32.5 HTTP/1.1" 200 2970 "https://www.elconferencista.com/?15545838%3Fproducts=0012954872" "Mozilla/5.0 (X11; Linux x86_64) AppleWebKit/537.36 (KHTML, like Gecko) Chrome/140.0.7339.207 Safari/537.36" 
209.85.238.133 - - [28/Oct/2025:07:20:23 -0700] "GET /wp-content/plugins/whatsapp-for-wordpress/assets/js/whatsapp-button.js?ver=3.1.2 HTTP/1.1" 200 882 "https://www.elconferencista.com/?15545838%3Fproducts=0012954872" "Mozilla/5.0 (X11; Linux x86_64) AppleWebKit/537.36 (KHTML, like Gecko) Chrome/140.0.7339.207 Safari/537.36" 
209.85.238.133 - - [28/Oct/2025:07:20:23 -0700] "GET /wp-content/plugins/elementor/assets/js/frontend-modules.min.js?ver=3.32.5 HTTP/1.1" 200 19469 "https://www.elconferencista.com/?15545838%3Fproducts=0012954872" "Mozilla/5.0 (X11; Linux x86_64) AppleWebKit/537.36 (KHTML, like Gecko) Chrome/140.0.7339.207 Safari/537.36" 
209.85.238.133 - - [28/Oct/2025:07:20:24 -0700] "GET /wp-content/plugins/elementor/assets/js/frontend.min.js?ver=3.32.5 HTTP/1.1" 200 11073 "https://www.elconferencista.com/?15545838%3Fproducts=0012954872" "Mozilla/5.0 (X11; Linux x86_64) AppleWebKit/537.36 (KHTML, like Gecko) Chrome/140.0.7339.207 Safari/537.36" 
209.85.238.133 - - [28/Oct/2025:07:20:24 -0700] "GET /wp-content/plugins/elementor/assets/lib/swiper/v8/swiper.min.js?ver=8.4.5 HTTP/1.1" 200 41266 "https://www.elconferencista.com/?15545838%3Fproducts=0012954872" "Mozilla/5.0 (X11; Linux x86_64) AppleWebKit/537.36 (KHTML, like Gecko) Chrome/140.0.7339.207 Safari/537.36" 
209.85.238.133 - - [28/Oct/2025:07:20:25 -0700] "GET /wp-includes/js/mediaelement/wp-mediaelement.min.js?ver=6.8.3 HTTP/1.1" 200 969 "https://www.elconferencista.com/?15545838%3Fproducts=0012954872" "Mozilla/5.0 (X11; Linux x86_64) AppleWebKit/537.36 (KHTML, like Gecko) Chrome/140.0.7339.207 Safari/537.36" 
209.85.238.133 - - [28/Oct/2025:07:20:25 -0700] "GET /wp-includes/js/mediaelement/mediaelement-and-player.min.js?ver=4.2.17 HTTP/1.1" 200 40347 "https://www.elconferencista.com/?15545838%3Fproducts=0012954872" "Mozilla/5.0 (X11; Linux x86_64) AppleWebKit/537.36 (KHTML, like Gecko) Chrome/140.0.7339.207 Safari/537.36" 
209.85.238.133 - - [28/Oct/2025:07:20:26 -0700] "GET /wp-content/plugins/elementskit-lite/widgets/init/assets/js/widget-scripts.js?ver=3.7.4 HTTP/1.1" 200 43153 "https://www.elconferencista.com/?15545838%3Fproducts=0012954872" "Mozilla/5.0 (X11; Linux x86_64) AppleWebKit/537.36 (KHTML, like Gecko) Chrome/140.0.7339.207 Safari/537.36" 
209.85.238.133 - - [28/Oct/2025:07:20:26 -0700] "GET /wp-content/plugins/whatsapp-for-wordpress/assets/js/whatsapp-popup.js?ver=6.8.3 HTTP/1.1" 200 722 "https://www.elconferencista.com/?15545838%3Fproducts=0012954872" "Mozilla/5.0 (X11; Linux x86_64) AppleWebKit/537.36 (KHTML, like Gecko) Chrome/140.0.7339.207 Safari/537.36" 
209.85.238.133 - - [28/Oct/2025:07:20:27 -0700] "GET /wp-includes/js/jquery/ui/core.min.js?ver=1.13.3 HTTP/1.1" 200 7581 "https://www.elconferencista.com/?15545838%3Fproducts=0012954872" "Mozilla/5.0 (X11; Linux x86_64) AppleWebKit/537.36 (KHTML, like Gecko) Chrome/140.0.7339.207 Safari/537.36" 
209.85.238.133 - - [28/Oct/2025:07:20:27 -0700] "GET /wp-content/plugins/elementor/assets/lib/e-gallery/js/e-gallery.min.js?ver=1.2.0 HTTP/1.1" 200 5094 "https://www.elconferencista.com/?15545838%3Fproducts=0012954872" "Mozilla/5.0 (X11; Linux x86_64) AppleWebKit/537.36 (KHTML, like Gecko) Chrome/140.0.7339.207 Safari/537.36" 
209.85.238.133 - - [28/Oct/2025:07:20:28 -0700] "GET /wp-includes/js/dist/hooks.min.js?ver=4d63a3d491d11ffd8ac6 HTTP/1.1" 200 2082 "https://www.elconferencista.com/?15545838%3Fproducts=0012954872" "Mozilla/5.0 (X11; Linux x86_64) AppleWebKit/537.36 (KHTML, like Gecko) Chrome/140.0.7339.207 Safari/537.36" 
209.85.238.133 - - [28/Oct/2025:07:20:29 -0700] "GET /wp-content/plugins/elementor-pro/assets/js/webpack-pro.runtime.min.js?ver=3.32.3 HTTP/1.1" 200 3281 "https://www.elconferencista.com/?15545838%3Fproducts=0012954872" "Mozilla/5.0 (X11; Linux x86_64) AppleWebKit/537.36 (KHTML, like Gecko) Chrome/140.0.7339.207 Safari/537.36" 
209.85.238.133 - - [28/Oct/2025:07:20:29 -0700] "GET /wp-content/plugins/elementor-pro/assets/lib/sticky/jquery.sticky.min.js?ver=3.32.3 HTTP/1.1" 200 1976 "https://www.elconferencista.com/?15545838%3Fproducts=0012954872" "Mozilla/5.0 (X11; Linux x86_64) AppleWebKit/537.36 (KHTML, like Gecko) Chrome/140.0.7339.207 Safari/537.36" 
209.85.238.133 - - [28/Oct/2025:07:20:30 -0700] "GET /wp-content/plugins/elementskit-lite/libs/framework/assets/js/frontend-script.js?ver=3.7.4 HTTP/1.1" 200 440 "https://www.elconferencista.com/?15545838%3Fproducts=0012954872" "Mozilla/5.0 (X11; Linux x86_64) AppleWebKit/537.36 (KHTML, like Gecko) Chrome/140.0.7339.207 Safari/537.36" 
209.85.238.133 - - [28/Oct/2025:07:20:30 -0700] "GET /wp-content/plugins/elementskit-lite/widgets/init/assets/js/elementor.js?ver=3.7.4 HTTP/1.1" 200 6494 "https://www.elconferencista.com/?15545838%3Fproducts=0012954872" "Mozilla/5.0 (X11; Linux x86_64) AppleWebKit/537.36 (KHTML, like Gecko) Chrome/140.0.7339.207 Safari/537.36" 
209.85.238.133 - - [28/Oct/2025:07:20:31 -0700] "GET /wp-content/plugins/elementor/assets/lib/jquery-numerator/jquery-numerator.min.js?ver=0.2.1 HTTP/1.1" 200 1169 "https://www.elconferencista.com/?15545838%3Fproducts=0012954872" "Mozilla/5.0 (X11; Linux x86_64) AppleWebKit/537.36 (KHTML, like Gecko) Chrome/140.0.7339.207 Safari/537.36" 
209.85.238.133 - - [28/Oct/2025:07:20:31 -0700] "GET /wp-includes/js/mediaelement/mediaelement-migrate.min.js?ver=6.8.3 HTTP/1.1" 200 971 "https://www.elconferencista.com/?15545838%3Fproducts=0012954872" "Mozilla/5.0 (X11; Linux x86_64) AppleWebKit/537.36 (KHTML, like Gecko) Chrome/140.0.7339.207 Safari/537.36" 
209.85.238.133 - - [28/Oct/2025:07:20:32 -0700] "GET /wp-includes/js/dist/i18n.min.js?ver=5e580eb46a90c2b997e6 HTTP/1.1" 200 4126 "https://www.elconferencista.com/?15545838%3Fproducts=0012954872" "Mozilla/5.0 (X11; Linux x86_64) AppleWebKit/537.36 (KHTML, like Gecko) Chrome/140.0.7339.207 Safari/537.36" 
209.85.238.133 - - [28/Oct/2025:07:20:32 -0700] "GET /wp-content/plugins/elementor-pro/assets/js/elements-handlers.min.js?ver=3.32.3 HTTP/1.1" 200 11316 "https://www.elconferencista.com/?15545838%3Fproducts=0012954872" "Mozilla/5.0 (X11; Linux x86_64) AppleWebKit/537.36 (KHTML, like Gecko) Chrome/140.0.7339.207 Safari/537.36" 
209.85.238.133 - - [28/Oct/2025:07:20:33 -0700] "GET /wp-content/plugins/elementskit-lite/widgets/init/assets/js/animate-circle.min.js?ver=3.7.4 HTTP/1.1" 200 882 "https://www.elconferencista.com/?15545838%3Fproducts=0012954872" "Mozilla/5.0 (X11; Linux x86_64) AppleWebKit/537.36 (KHTML, like Gecko) Chrome/140.0.7339.207 Safari/537.36" 
209.85.238.133 - - [28/Oct/2025:07:20:34 -0700] "GET /wp-content/plugins/elementor-pro/assets/js/frontend.min.js?ver=3.32.3 HTTP/1.1" 200 7082 "https://www.elconferencista.com/?15545838%3Fproducts=0012954872" "Mozilla/5.0 (X11; Linux x86_64) AppleWebKit/537.36 (KHTML, like Gecko) Chrome/140.0.7339.207 Safari/537.36" 
209.85.238.133 - - [28/Oct/2025:07:20:34 -0700] "GET /wp-content/uploads/2022/09/eventum-img1.jpg HTTP/1.1" 200 204467 "https://www.elconferencista.com/wp-content/uploads/elementor/css/post-11.css?ver=1761338617" "Mozilla/5.0 (X11; Linux x86_64) AppleWebKit/537.36 (KHTML, like Gecko) Chrome/140.0.7339.207 Safari/537.36" 
209.85.238.133 - - [28/Oct/2025:07:20:35 -0700] "GET /wp-content/uploads/elementor/google-fonts/fonts/roboto-kfo7cnqeu92fr1me7ksn66agldtyluama3yuba.woff2 HTTP/1.1" 200 40637 "https://www.elconferencista.com/wp-content/uploads/elementor/google-fonts/css/roboto.css?ver=1742243097" "Mozilla/5.0 (X11; Linux x86_64) AppleWebKit/537.36 (KHTML, like Gecko) Chrome/140.0.7339.207 Safari/537.36" 
209.85.238.133 - - [28/Oct/2025:07:20:35 -0700] "GET /wp-content/plugins/elementskit-lite/modules/elementskit-icon-pack/assets/fonts/elementskit.woff?itek3h HTTP/1.1" 200 461954 "https://www.elconferencista.com/wp-content/plugins/elementskit-lite/modules/elementskit-icon-pack/assets/css/ekiticons.css?ver=3.7.4" "Mozilla/5.0 (X11; Linux x86_64) AppleWebKit/537.36 (KHTML, like Gecko) Chrome/140.0.7339.207 Safari/537.36" 
209.85.238.133 - - [28/Oct/2025:07:20:36 -0700] "GET /wp-content/uploads/elementor/google-fonts/fonts/robotoslab-bngmuxzytxpivibgjjsb6ufn5qu.woff2 HTTP/1.1" 200 34815 "https://www.elconferencista.com/wp-content/uploads/elementor/google-fonts/css/robotoslab.css?ver=1742243104" "Mozilla/5.0 (X11; Linux x86_64) AppleWebKit/537.36 (KHTML, like Gecko) Chrome/140.0.7339.207 Safari/537.36" 
209.85.238.133 - - [28/Oct/2025:07:20:36 -0700] "GET /wp-content/uploads/2022/09/PICH-e1664325490429.png HTTP/1.1" 200 122666 "https://www.elconferencista.com/?15545838%3Fproducts=0012954872" "Mozilla/5.0 (X11; Linux x86_64) AppleWebKit/537.36 (KHTML, like Gecko) Chrome/140.0.7339.207 Safari/537.36" 
209.85.238.133 - - [28/Oct/2025:07:20:37 -0700] "GET /wp-includes/js/wp-emoji-release.min.js?ver=6.8.3 HTTP/1.1" 200 5666 "https://www.elconferencista.com/?15545838%3Fproducts=0012954872" "Mozilla/5.0 (X11; Linux x86_64) AppleWebKit/537.36 (KHTML, like Gecko) Chrome/140.0.7339.207 Safari/537.36" 
209.85.238.133 - - [28/Oct/2025:07:20:37 -0700] "GET /wp-content/uploads/2022/09/circle.png HTTP/1.1" 200 12192 "https://www.elconferencista.com/wp-content/uploads/elementor/css/post-11.css?ver=1761338617" "Mozilla/5.0 (X11; Linux x86_64) AppleWebKit/537.36 (KHTML, like Gecko) Chrome/140.0.7339.207 Safari/537.36" 
209.85.238.133 - - [28/Oct/2025:07:20:38 -0700] "GET /wp-content/plugins/elementor/assets/js/lightbox.408665be3d65f6ab17f0.bundle.min.js HTTP/1.1" 200 9947 "https://www.elconferencista.com/?15545838%3Fproducts=0012954872" "Mozilla/5.0 (X11; Linux x86_64) AppleWebKit/537.36 (KHTML, like Gecko) Chrome/140.0.7339.207 Safari/537.36" 
209.85.238.133 - - [28/Oct/2025:07:20:38 -0700] "GET /wp-content/plugins/elementor/assets/css/conditionals/dialog.min.css?ver=3.32.5 HTTP/1.1" 200 2028 "https://www.elconferencista.com/?15545838%3Fproducts=0012954872" "Mozilla/5.0 (X11; Linux x86_64) AppleWebKit/537.36 (KHTML, like Gecko) Chrome/140.0.7339.207 Safari/537.36" 
209.85.238.133 - - [28/Oct/2025:07:20:39 -0700] "GET /wp-content/plugins/elementor/assets/lib/dialog/dialog.min.js?ver=4.9.3 HTTP/1.1" 200 4240 "https://www.elconferencista.com/?15545838%3Fproducts=0012954872" "Mozilla/5.0 (X11; Linux x86_64) AppleWebKit/537.36 (KHTML, like Gecko) Chrome/140.0.7339.207 Safari/537.36" 
209.85.238.133 - - [28/Oct/2025:07:20:39 -0700] "GET /wp-content/plugins/elementor/assets/lib/share-link/share-link.min.js?ver=3.32.5 HTTP/1.1" 200 1601 "https://www.elconferencista.com/?15545838%3Fproducts=0012954872" "Mozilla/5.0 (X11; Linux x86_64) AppleWebKit/537.36 (KHTML, like Gecko) Chrome/140.0.7339.207 Safari/537.36" 
209.85.238.133 - - [28/Oct/2025:07:20:40 -0700] "GET /wp-content/plugins/elementor/assets/css/conditionals/lightbox.min.css?ver=3.32.5 HTTP/1.1" 200 2410 "https://www.elconferencista.com/?15545838%3Fproducts=0012954872" "Mozilla/5.0 (X11; Linux x86_64) AppleWebKit/537.36 (KHTML, like Gecko) Chrome/140.0.7339.207 Safari/537.36" 
209.85.238.133 - - [28/Oct/2025:07:20:41 -0700] "GET /wp-content/plugins/elementor/assets/js/shared-frontend-handlers.4c8abccc3e268b0767b2.bundle.min.js HTTP/1.1" 200 3132 "https://www.elconferencista.com/?15545838%3Fproducts=0012954872" "Mozilla/5.0 (X11; Linux x86_64) AppleWebKit/537.36 (KHTML, like Gecko) Chrome/140.0.7339.207 Safari/537.36" 
209.85.238.133 - - [28/Oct/2025:07:20:41 -0700] "GET /wp-content/plugins/elementor/assets/js/section-frontend-handlers.d85ab872da118940910d.bundle.min.js HTTP/1.1" 200 729 "https://www.elconferencista.com/?15545838%3Fproducts=0012954872" "Mozilla/5.0 (X11; Linux x86_64) AppleWebKit/537.36 (KHTML, like Gecko) Chrome/140.0.7339.207 Safari/537.36" 
209.85.238.133 - - [28/Oct/2025:07:20:42 -0700] "GET /wp-content/plugins/elementor/assets/js/counter.12335f45aaa79d244f24.bundle.min.js HTTP/1.1" 200 937 "https://www.elconferencista.com/?15545838%3Fproducts=0012954872" "Mozilla/5.0 (X11; Linux x86_64) AppleWebKit/537.36 (KHTML, like Gecko) Chrome/140.0.7339.207 Safari/537.36" 
209.85.238.133 - - [28/Oct/2025:07:20:42 -0700] "GET /wp-content/plugins/elementor/assets/js/text-editor.abc8f59c62f2820dc25a.bundle.min.js HTTP/1.1" 200 1114 "https://www.elconferencista.com/?15545838%3Fproducts=0012954872" "Mozilla/5.0 (X11; Linux x86_64) AppleWebKit/537.36 (KHTML, like Gecko) Chrome/140.0.7339.207 Safari/537.36" 
209.85.238.133 - - [28/Oct/2025:07:20:43 -0700] "GET /wp-content/plugins/elementor-pro/assets/js/gallery.1628df47530ab42dafba.bundle.min.js HTTP/1.1" 200 2236 "https://www.elconferencista.com/?15545838%3Fproducts=0012954872" "Mozilla/5.0 (X11; Linux x86_64) AppleWebKit/537.36 (KHTML, like Gecko) Chrome/140.0.7339.207 Safari/537.36" 
209.85.238.133 - - [28/Oct/2025:07:20:43 -0700] "GET /wp-content/plugins/elementor/assets/js/video.87291d1f5076f8939c18.bundle.min.js HTTP/1.1" 200 1750 "https://www.elconferencista.com/?15545838%3Fproducts=0012954872" "Mozilla/5.0 (X11; Linux x86_64) AppleWebKit/537.36 (KHTML, like Gecko) Chrome/140.0.7339.207 Safari/537.36" 
209.85.238.133 - - [28/Oct/2025:07:20:44 -0700] "GET /wp-content/plugins/elementor-pro/assets/js/form.5fb35271b8ba3fb1e7d6.bundle.min.js HTTP/1.1" 200 5706 "https://www.elconferencista.com/?15545838%3Fproducts=0012954872" "Mozilla/5.0 (X11; Linux x86_64) AppleWebKit/537.36 (KHTML, like Gecko) Chrome/140.0.7339.207 Safari/537.36" 
209.85.238.133 - - [28/Oct/2025:07:20:44 -0700] "GET /wp-content/plugins/elementor-pro/assets/js/popup.f7b15b2ca565b152bf98.bundle.min.js HTTP/1.1" 200 876 "https://www.elconferencista.com/?15545838%3Fproducts=0012954872" "Mozilla/5.0 (X11; Linux x86_64) AppleWebKit/537.36 (KHTML, like Gecko) Chrome/140.0.7339.207 Safari/537.36" 
209.85.238.133 - - [28/Oct/2025:07:20:45 -0700] "GET /wp-content/uploads/2022/09/89636034_199205457972115_4256094188653888311_n-1024x1024.jpg HTTP/1.1" 200 280584 "https://www.elconferencista.com/?15545838%3Fproducts=0012954872" "Mozilla/5.0 (X11; Linux x86_64) AppleWebKit/537.36 (KHTML, like Gecko) Chrome/140.0.7339.207 Safari/537.36" 
209.85.238.133 - - [28/Oct/2025:07:20:45 -0700] "GET /wp-content/uploads/2022/09/275944674_952978798749881_5870331188178632551_n-1024x768.jpg HTTP/1.1" 200 176035 "https://www.elconferencista.com/?15545838%3Fproducts=0012954872" "Mozilla/5.0 (X11; Linux x86_64) AppleWebKit/537.36 (KHTML, like Gecko) Chrome/140.0.7339.207 Safari/537.36" 
209.85.238.133 - - [28/Oct/2025:07:20:46 -0700] "GET /wp-content/uploads/2022/09/MINIATURA-DE-PORQUE-EDNER-GRANADOS-1024x768.jpg HTTP/1.1" 200 151622 "https://www.elconferencista.com/?15545838%3Fproducts=0012954872" "Mozilla/5.0 (X11; Linux x86_64) AppleWebKit/537.36 (KHTML, like Gecko) Chrome/140.0.7339.207 Safari/537.36" 
54.39.210.201 - - [28/Oct/2025:07:22:48 -0700] "GET /?products=4826890 HTTP/2.0" 200 31028 "-" "Mozilla/5.0 (compatible; AhrefsBot/7.0; +http://ahrefs.com/robot/)" 
69.163.179.91 - - [28/Oct/2025:07:22:50 -0700] "POST /wp-cron.php?doing_wp_cron=1761661370.5921890735626220703125 HTTP/1.1" 200 3647 "-" "WordPress/6.8.3; https://www.elconferencista.com" 
148.113.130.197 - - [28/Oct/2025:07:25:58 -0700] "GET /?products=4826886 HTTP/2.0" 200 31028 "-" "Mozilla/5.0 (compatible; AhrefsBot/7.0; +http://ahrefs.com/robot/)" 
69.163.179.91 - - [28/Oct/2025:07:26:00 -0700] "POST /wp-cron.php?doing_wp_cron=1761661560.3932559490203857421875 HTTP/1.1" 200 3647 "-" "WordPress/6.8.3; https://www.elconferencista.com" 
66.33.200.4 - - [28/Oct/2025:07:27:01 -0700] "GET / HTTP/1.1" 301 3786 "-" "DreamHost Data Team (+http://www.dreamhost.com/support/)" 
69.163.179.91 - - [28/Oct/2025:07:27:04 -0700] "POST /wp-cron.php?doing_wp_cron=1761661624.4578630924224853515625 HTTP/1.1" 200 3647 "-" "WordPress/6.8.3; https://www.elconferencista.com" 
66.33.200.4 - - [28/Oct/2025:07:27:03 -0700] "GET / HTTP/1.1" 200 34801 "-" "DreamHost Data Team (+http://www.dreamhost.com/support/)" 
142.44.225.244 - - [28/Oct/2025:07:28:48 -0700] "GET /conferencias-edner/5-conferencia-innovas-y-si-vas/ HTTP/2.0" 200 24581 "-" "Mozilla/5.0 (compatible; AhrefsBot/7.0; +http://ahrefs.com/robot/)" 
69.163.179.91 - - [28/Oct/2025:07:28:49 -0700] "POST /wp-cron.php?doing_wp_cron=1761661729.6909010410308837890625 HTTP/1.1" 200 3647 "-" "WordPress/6.8.3; https://www.elconferencista.com" 
167.114.139.199 - - [28/Oct/2025:07:31:46 -0700] "GET /?products=4826880 HTTP/2.0" 200 31028 "-" "Mozilla/5.0 (compatible; AhrefsBot/7.0; +http://ahrefs.com/robot/)" 
69.163.179.91 - - [28/Oct/2025:07:31:47 -0700] "POST /wp-cron.php?doing_wp_cron=1761661907.5477330684661865234375 HTTP/1.1" 200 3647 "-" "WordPress/6.8.3; https://www.elconferencista.com" 
51.161.37.223 - - [28/Oct/2025:07:33:09 -0700] "GET /wp-content/uploads/elementor/google-fonts/css/mulish.css?ver=1742357447 HTTP/2.0" 200 1189 "-" "Mozilla/5.0 (compatible; AhrefsBot/7.0; +http://ahrefs.com/robot/)" 
15.235.27.29 - - [28/Oct/2025:07:34:46 -0700] "GET /?products=4826862 HTTP/2.0" 200 31028 "-" "Mozilla/5.0 (compatible; AhrefsBot/7.0; +http://ahrefs.com/robot/)" 
69.163.179.91 - - [28/Oct/2025:07:34:48 -0700] "POST /wp-cron.php?doing_wp_cron=1761662088.1777260303497314453125 HTTP/1.1" 200 3647 "-" "WordPress/6.8.3; https://www.elconferencista.com" 
54.39.6.95 - - [28/Oct/2025:07:39:22 -0700] "GET /sitemap.xml HTTP/2.0" 200 3374 "-" "Mozilla/5.0 (compatible; AhrefsBot/7.0; +http://ahrefs.com/robot/)" 
142.44.233.108 - - [28/Oct/2025:07:43:26 -0700] "GET /?products=4827246 HTTP/2.0" 200 31028 "-" "Mozilla/5.0 (compatible; AhrefsBot/7.0; +http://ahrefs.com/robot/)" 
69.163.179.91 - - [28/Oct/2025:07:43:27 -0700] "POST /wp-cron.php?doing_wp_cron=1761662607.5526049137115478515625 HTTP/1.1" 200 3647 "-" "WordPress/6.8.3; https://www.elconferencista.com" 
173.252.82.14 - - [28/Oct/2025:07:45:03 -0700] "GET /robots.txt HTTP/2.0" 206 271 "-" "facebookexternalhit/1.1 (+http://www.facebook.com/externalhit_uatext.php)" 
54.39.6.187 - - [28/Oct/2025:07:46:47 -0700] "GET /?products=4826828 HTTP/2.0" 200 31028 "-" "Mozilla/5.0 (compatible; AhrefsBot/7.0; +http://ahrefs.com/robot/)" 
69.163.179.91 - - [28/Oct/2025:07:46:49 -0700] "POST /wp-cron.php?doing_wp_cron=1761662809.4707200527191162109375 HTTP/1.1" 200 3647 "-" "WordPress/6.8.3; https://www.elconferencista.com" 
207.244.252.154 - - [28/Oct/2025:07:47:56 -0700] "POST /xmlrpc.php HTTP/1.1" 429 3638 "-" "Mozilla/5.0 (Windows NT 10.0; Win64; x64; rv:63.0) Gecko/20100101 Firefox/63.0" 
114.119.146.142 - - [28/Oct/2025:07:49:48 -0700] "GET / HTTP/1.1" 200 34801 "-" "Mozilla/5.0 (Linux; Android 7.0;) AppleWebKit/537.36 (KHTML, like Gecko) Mobile Safari/537.36 (compatible; PetalBot;+https://webmaster.petalsearch.com/site/petalbot)" 
69.163.179.91 - - [28/Oct/2025:07:49:50 -0700] "POST /wp-cron.php?doing_wp_cron=1761662990.2515089511871337890625 HTTP/1.1" 200 3647 "-" "WordPress/6.8.3; https://www.elconferencista.com" 
69.163.179.91 - - [28/Oct/2025:07:50:02 -0700] "POST /wp-cron.php?doing_wp_cron=1761663002.6944859027862548828125 HTTP/1.1" 200 3647 "-" "WordPress/6.8.3; https://www.elconferencista.com" 
142.44.228.231 - - [28/Oct/2025:07:50:02 -0700] "GET /?products=4826818 HTTP/2.0" 200 31028 "-" "Mozilla/5.0 (compatible; AhrefsBot/7.0; +http://ahrefs.com/robot/)" 
109.107.186.56 - - [28/Oct/2025:07:50:11 -0700] "GET / HTTP/1.0" 429 3598 "https://www.elconferencista.com/" "Mozilla/5.0 (Windows NT 10.0; Win64; x64) AppleWebKit/537.36 (KHTML, like Gecko) Chrome/131.0.0.0 Safari/537.36 Avast/131.0.0.0" 
114.119.148.103 - - [28/Oct/2025:07:51:11 -0700] "GET /wp-content/uploads/elementor/thumbs/MINIATURA-DE-PORQUE-EDNER-GRANADOS-pv3ulm8mxjriyoqvoppgvzzpw2b2mff5lr8gyptqyg.jpg HTTP/1.1" 200 27922 "http://www.elconferencista.com/conferencias" "Mozilla/5.0 (Linux; Android 7.0;) AppleWebKit/537.36 (KHTML, like Gecko) Mobile Safari/537.36 (compatible; PetalBot;+https://webmaster.petalsearch.com/site/petalbot)" 
176.31.139.9 - - [28/Oct/2025:07:51:49 -0700] "GET /robots.txt HTTP/2.0" 200 278 "-" "Mozilla/5.0 (compatible; AhrefsBot/7.0; +http://ahrefs.com/robot/)" 
114.119.146.142 - - [28/Oct/2025:07:52:39 -0700] "GET /solicita-tu-cotizacion?conferencia=%3Cspan%3E4%3C/span%3E%20Yo%20%C2%AE.%20Branding%20Personal%20en%20Tiempos%20de%20Torbellino. HTTP/1.1" 404 113947 "http://www.elconferencista.com/solicita-tu-cotizacion/index.php?conferencia=%3Cspan%3E4%3C/span%3E%20Yo%20%C2%AE.%20Branding%20Personal%20en%20Tiempos%20de%20Torbellino." "Mozilla/5.0 (Linux; Android 7.0;) AppleWebKit/537.36 (KHTML, like Gecko) Mobile Safari/537.36 (compatible; PetalBot;+https://webmaster.petalsearch.com/site/petalbot)" 
69.163.179.91 - - [28/Oct/2025:07:52:40 -0700] "POST /wp-cron.php?doing_wp_cron=1761663160.4909880161285400390625 HTTP/1.1" 200 3647 "-" "WordPress/6.8.3; https://www.elconferencista.com" 
69.163.179.91 - - [28/Oct/2025:07:53:07 -0700] "POST /wp-cron.php?doing_wp_cron=1761663186.9708900451660156250000 HTTP/1.1" 200 3647 "-" "WordPress/6.8.3; https://www.elconferencista.com" 
54.39.203.133 - - [28/Oct/2025:07:53:06 -0700] "GET /?products=4831878 HTTP/2.0" 200 31028 "-" "Mozilla/5.0 (compatible; AhrefsBot/7.0; +http://ahrefs.com/robot/)" 
216.73.216.27 - - [28/Oct/2025:07:53:28 -0700] "GET /robots.txt HTTP/2.0" 200 278 "-" "Mozilla/5.0 AppleWebKit/537.36 (KHTML, like Gecko; compatible; ClaudeBot/1.0; +claudebot@anthropic.com)" 
216.73.216.27 - - [28/Oct/2025:07:53:28 -0700] "GET /?p=266 HTTP/2.0" 301 257 "-" "Mozilla/5.0 AppleWebKit/537.36 (KHTML, like Gecko; compatible; ClaudeBot/1.0; +claudebot@anthropic.com)" 
216.73.216.27 - - [28/Oct/2025:07:53:28 -0700] "GET /conferencias-edner/11-conferencias-motivacion-y-crecimiento-personal-si-ves-para-arriba-se-ve-diferente/ HTTP/2.0" 200 24654 "https://www.elconferencista.com/?p=266" "Mozilla/5.0 AppleWebKit/537.36 (KHTML, like Gecko; compatible; ClaudeBot/1.0; +claudebot@anthropic.com)" 
15.235.96.104 - - [28/Oct/2025:07:55:53 -0700] "GET /?products=4831872 HTTP/2.0" 200 31028 "-" "Mozilla/5.0 (compatible; AhrefsBot/7.0; +http://ahrefs.com/robot/)" 
69.163.179.91 - - [28/Oct/2025:07:55:54 -0700] "POST /wp-cron.php?doing_wp_cron=1761663354.9178349971771240234375 HTTP/1.1" 200 3647 "-" "WordPress/6.8.3; https://www.elconferencista.com" 
148.113.128.149 - - [28/Oct/2025:07:58:48 -0700] "GET /?products=4831858 HTTP/2.0" 200 31028 "-" "Mozilla/5.0 (compatible; AhrefsBot/7.0; +http://ahrefs.com/robot/)" 
