54.39.210.243 - - [28/Oct/2025:17:38:16 -0700] "GET /?products=4828014 HTTP/2.0" 200 31027 "-" "Mozilla/5.0 (compatible; AhrefsBot/7.0; +http://ahrefs.com/robot/)" 
69.163.179.91 - - [28/Oct/2025:17:38:17 -0700] "POST /wp-cron.php?doing_wp_cron=1761698297.5803830623626708984375 HTTP/1.1" 200 3647 "-" "WordPress/6.8.3; https://www.elconferencista.com" 
51.222.168.123 - - [28/Oct/2025:17:40:18 -0700] "GET /?products=4827864 HTTP/2.0" 200 31027 "-" "Mozilla/5.0 (compatible; AhrefsBot/7.0; +http://ahrefs.com/robot/)" 
69.163.179.91 - - [28/Oct/2025:17:40:20 -0700] "POST /wp-cron.php?doing_wp_cron=1761698419.9764080047607421875000 HTTP/1.1" 200 3647 "-" "WordPress/6.8.3; https://www.elconferencista.com" 
142.44.225.0 - - [28/Oct/2025:17:42:28 -0700] "GET /?products=4827860 HTTP/2.0" 200 31027 "-" "Mozilla/5.0 (compatible; AhrefsBot/7.0; +http://ahrefs.com/robot/)" 
69.163.179.91 - - [28/Oct/2025:17:42:29 -0700] "POST /wp-cron.php?doing_wp_cron=1761698549.5529210567474365234375 HTTP/1.1" 200 3647 "-" "WordPress/6.8.3; https://www.elconferencista.com" 
15.235.96.95 - - [28/Oct/2025:17:44:22 -0700] "GET /?products=4827822 HTTP/2.0" 200 31027 "-" "Mozilla/5.0 (compatible; AhrefsBot/7.0; +http://ahrefs.com/robot/)" 
69.163.179.91 - - [28/Oct/2025:17:44:23 -0700] "POST /wp-cron.php?doing_wp_cron=1761698663.5481910705566406250000 HTTP/1.1" 200 3647 "-" "WordPress/6.8.3; https://www.elconferencista.com" 
34.74.254.120 - - [28/Oct/2025:17:44:48 -0700] "GET /robots.txt HTTP/1.1" 200 3831 "-" "ZoominfoBot (zoominfobot at zoominfo dot com)" 
15.235.98.226 - - [28/Oct/2025:17:46:38 -0700] "GET /?products=4827774 HTTP/2.0" 200 31027 "-" "Mozilla/5.0 (compatible; AhrefsBot/7.0; +http://ahrefs.com/robot/)" 
69.163.179.91 - - [28/Oct/2025:17:46:40 -0700] "POST /wp-cron.php?doing_wp_cron=1761698800.1362400054931640625000 HTTP/1.1" 200 3647 "-" "WordPress/6.8.3; https://www.elconferencista.com" 
213.180.203.32 - - [28/Oct/2025:17:47:46 -0700] "GET /robots.txt HTTP/1.1" 200 3847 "-" "Mozilla/5.0 (compatible; YandexBot/3.0; +http://yandex.com/bots)" 
69.163.179.91 - - [28/Oct/2025:17:47:48 -0700] "POST /wp-cron.php?doing_wp_cron=1761698868.2215299606323242187500 HTTP/1.1" 200 3647 "-" "WordPress/6.8.3; https://www.elconferencista.com" 
87.250.224.87 - - [28/Oct/2025:17:47:47 -0700] "GET /wp-content/uploads/logo150.jpg HTTP/1.1" 404 114081 "-" "Mozilla/5.0 (compatible; YandexImages/3.0; +http://yandex.com/bots)" 
114.80.36.40 - - [28/Oct/2025:17:47:56 -0700] "GET / HTTP/1.1" 200 34800 "https://ednergranados.com/" "Mozilla/5.0 (iPhone; CPU iPhone OS 13_2_3 like Mac OS X) AppleWebKit/605.1.15 (KHTML, like Gecko) Version/13.0.3 Mobile/15E148 Safari/604.1" 
69.163.179.91 - - [28/Oct/2025:17:48:44 -0700] "POST /wp-cron.php?doing_wp_cron=1761698924.4769940376281738281250 HTTP/1.1" 200 3647 "-" "WordPress/6.8.3; https://www.elconferencista.com" 
15.235.98.60 - - [28/Oct/2025:17:48:43 -0700] "GET /?products=4827726 HTTP/2.0" 200 31027 "-" "Mozilla/5.0 (compatible; AhrefsBot/7.0; +http://ahrefs.com/robot/)" 
54.39.136.166 - - [28/Oct/2025:17:50:33 -0700] "GET /?products=4827720 HTTP/2.0" 200 31027 "-" "Mozilla/5.0 (compatible; AhrefsBot/7.0; +http://ahrefs.com/robot/)" 
69.163.179.91 - - [28/Oct/2025:17:50:35 -0700] "POST /wp-cron.php?doing_wp_cron=1761699035.3274459838867187500000 HTTP/1.1" 200 3647 "-" "WordPress/6.8.3; https://www.elconferencista.com" 
62.3.0.170 - - [28/Oct/2025:17:51:42 -0700] "GET /wp-login.php HTTP/1.1" 200 7184 "-" "Mozilla/5.0 (Windows NT 10.0; Win64; x64) AppleWebKit/537.36 (KHTML, like Gecko) Chrome/115.0.0.0 Safari/537.36 Edg/115.0.1901.203" 
170.168.96.137 - - [28/Oct/2025:17:51:42 -0700] "GET /wp-login.php HTTP/1.1" 200 7184 "-" "Mozilla/5.0 (Windows NT 10.0; Win64; x64) AppleWebKit/537.36 (KHTML, like Gecko) Chrome/115.0.0.0 Safari/537.36 Edg/115.0.1901.203" 
69.163.179.91 - - [28/Oct/2025:17:51:42 -0700] "POST /wp-cron.php?doing_wp_cron=1761699102.8360550403594970703125 HTTP/1.1" 200 3647 "-" "WordPress/6.8.3; https://www.elconferencista.com" 
62.3.0.170 - - [28/Oct/2025:17:51:45 -0700] "GET /wp-json/wp/v2/users HTTP/1.1" 200 3456 "-" "Mozilla/5.0 (Windows NT 10.0; Win64; x64) AppleWebKit/537.36 (KHTML, like Gecko) Chrome/115.0.0.0 Safari/537.36 Edg/115.0.1901.203" 
170.168.96.137 - - [28/Oct/2025:17:51:45 -0700] "GET /wp-json/wp/v2/users HTTP/1.1" 200 3456 "-" "Mozilla/5.0 (Windows NT 10.0; Win64; x64) AppleWebKit/537.36 (KHTML, like Gecko) Chrome/115.0.0.0 Safari/537.36 Edg/115.0.1901.203" 
193.202.15.223 - - [28/Oct/2025:17:51:50 -0700] "GET /wp-login.php HTTP/1.1" 200 7184 "-" "Mozilla/5.0 (Windows NT 10.0; Win64; x64) AppleWebKit/537.36 (KHTML, like Gecko) Chrome/115.0.0.0 Safari/537.36 Edg/115.0.1901.203" 
193.202.82.212 - - [28/Oct/2025:17:51:50 -0700] "GET /wp-login.php HTTP/1.1" 200 7184 "-" "Mozilla/5.0 (Windows NT 10.0; Win64; x64) AppleWebKit/537.36 (KHTML, like Gecko) Chrome/115.0.0.0 Safari/537.36 Edg/115.0.1901.203" 
193.202.85.66 - - [28/Oct/2025:17:51:50 -0700] "GET /wp-login.php HTTP/1.1" 200 7184 "-" "Mozilla/5.0 (Windows NT 10.0; Win64; x64) AppleWebKit/537.36 (KHTML, like Gecko) Chrome/115.0.0.0 Safari/537.36 Edg/115.0.1901.203" 
193.202.15.223 - - [28/Oct/2025:17:51:52 -0700] "POST /wp-login.php HTTP/1.1" 200 4311 "https://www.elconferencista.com/wp-login.php" "Mozilla/5.0 (Windows NT 10.0; Win64; x64) AppleWebKit/537.36 (KHTML, like Gecko) Chrome/115.0.0.0 Safari/537.36 Edg/115.0.1901.203" 
193.202.82.212 - - [28/Oct/2025:17:51:53 -0700] "POST /wp-login.php HTTP/1.1" 200 4311 "https://www.elconferencista.com/wp-login.php" "Mozilla/5.0 (Windows NT 10.0; Win64; x64) AppleWebKit/537.36 (KHTML, like Gecko) Chrome/115.0.0.0 Safari/537.36 Edg/115.0.1901.203" 
193.202.85.66 - - [28/Oct/2025:17:51:54 -0700] "POST /wp-login.php HTTP/1.1" 200 4312 "https://www.elconferencista.com/wp-login.php" "Mozilla/5.0 (Windows NT 10.0; Win64; x64) AppleWebKit/537.36 (KHTML, like Gecko) Chrome/115.0.0.0 Safari/537.36 Edg/115.0.1901.203" 
45.140.206.49 - - [28/Oct/2025:17:51:56 -0700] "GET /wp-login.php HTTP/1.1" 200 7184 "-" "Mozilla/5.0 (Windows NT 10.0; Win64; x64) AppleWebKit/537.36 (KHTML, like Gecko) Chrome/115.0.0.0 Safari/537.36 Edg/115.0.1901.203" 
77.220.195.87 - - [28/Oct/2025:17:51:57 -0700] "GET /wp-login.php HTTP/1.1" 200 7184 "-" "Mozilla/5.0 (Windows NT 10.0; Win64; x64) AppleWebKit/537.36 (KHTML, like Gecko) Chrome/115.0.0.0 Safari/537.36 Edg/115.0.1901.203" 
178.20.213.107 - - [28/Oct/2025:17:51:58 -0700] "GET /wp-login.php HTTP/1.1" 200 7184 "-" "Mozilla/5.0 (Windows NT 10.0; Win64; x64) AppleWebKit/537.36 (KHTML, like Gecko) Chrome/115.0.0.0 Safari/537.36 Edg/115.0.1901.203" 
122.8.92.13 - - [28/Oct/2025:17:51:58 -0700] "GET /wp-login.php HTTP/1.1" 200 7184 "-" "Mozilla/5.0 (Windows NT 10.0; Win64; x64) AppleWebKit/537.36 (KHTML, like Gecko) Chrome/115.0.0.0 Safari/537.36 Edg/115.0.1901.203" 
45.140.206.49 - - [28/Oct/2025:17:51:58 -0700] "POST /wp-login.php HTTP/1.1" 200 4313 "https://www.elconferencista.com/wp-login.php" "Mozilla/5.0 (Windows NT 10.0; Win64; x64) AppleWebKit/537.36 (KHTML, like Gecko) Chrome/115.0.0.0 Safari/537.36 Edg/115.0.1901.203" 
77.220.195.87 - - [28/Oct/2025:17:52:00 -0700] "POST /wp-login.php HTTP/1.1" 200 4313 "https://www.elconferencista.com/wp-login.php" "Mozilla/5.0 (Windows NT 10.0; Win64; x64) AppleWebKit/537.36 (KHTML, like Gecko) Chrome/115.0.0.0 Safari/537.36 Edg/115.0.1901.203" 
178.20.213.107 - - [28/Oct/2025:17:52:01 -0700] "POST /wp-login.php HTTP/1.1" 200 4312 "https://www.elconferencista.com/wp-login.php" "Mozilla/5.0 (Windows NT 10.0; Win64; x64) AppleWebKit/537.36 (KHTML, like Gecko) Chrome/115.0.0.0 Safari/537.36 Edg/115.0.1901.203" 
69.163.179.91 - - [28/Oct/2025:17:52:02 -0700] "POST /wp-cron.php?doing_wp_cron=1761699122.0437600612640380859375 HTTP/1.1" 200 3647 "-" "WordPress/6.8.3; https://www.elconferencista.com" 
122.8.92.13 - - [28/Oct/2025:17:52:01 -0700] "POST /wp-login.php HTTP/1.1" 200 4291 "https://www.elconferencista.com/wp-login.php" "Mozilla/5.0 (Windows NT 10.0; Win64; x64) AppleWebKit/537.36 (KHTML, like Gecko) Chrome/115.0.0.0 Safari/537.36 Edg/115.0.1901.203" 
69.163.179.91 - - [28/Oct/2025:17:52:05 -0700] "POST /wp-cron.php?doing_wp_cron=1761699125.2218921184539794921875 HTTP/1.1" 200 3647 "-" "WordPress/6.8.3; https://www.elconferencista.com" 
130.49.9.52 - - [28/Oct/2025:17:52:04 -0700] "GET /wp-login.php HTTP/1.1" 200 7184 "-" "Mozilla/5.0 (Windows NT 10.0; Win64; x64) AppleWebKit/537.36 (KHTML, like Gecko) Chrome/115.0.0.0 Safari/537.36 Edg/115.0.1901.203" 
130.49.9.52 - - [28/Oct/2025:17:52:07 -0700] "POST /wp-login.php HTTP/1.1" 200 4338 "https://www.elconferencista.com/wp-login.php" "Mozilla/5.0 (Windows NT 10.0; Win64; x64) AppleWebKit/537.36 (KHTML, like Gecko) Chrome/115.0.0.0 Safari/537.36 Edg/115.0.1901.203" 
148.113.128.28 - - [28/Oct/2025:17:52:24 -0700] "GET /?products=4827648 HTTP/2.0" 200 31027 "-" "Mozilla/5.0 (compatible; AhrefsBot/7.0; +http://ahrefs.com/robot/)" 
3.215.180.162 - - [28/Oct/2025:17:54:13 -0700] "POST /xmlrpc.php HTTP/1.1" 200 3692 "-" "Mozilla/5.0 (Windows NT 10.0; Win64; x64; rv:47.0) Gecko/20100101 Firefox/47.0" 
69.163.179.91 - - [28/Oct/2025:17:54:15 -0700] "POST /wp-cron.php?doing_wp_cron=1761699255.1691169738769531250000 HTTP/1.1" 200 3647 "-" "WordPress/6.8.3; https://www.elconferencista.com" 
54.39.210.40 - - [28/Oct/2025:17:54:23 -0700] "GET /?products=4827624 HTTP/2.0" 200 31027 "-" "Mozilla/5.0 (compatible; AhrefsBot/7.0; +http://ahrefs.com/robot/)" 
54.39.0.119 - - [28/Oct/2025:17:56:25 -0700] "GET /?products=4827610 HTTP/2.0" 200 31027 "-" "Mozilla/5.0 (compatible; AhrefsBot/7.0; +http://ahrefs.com/robot/)" 
69.163.179.91 - - [28/Oct/2025:17:56:26 -0700] "POST /wp-cron.php?doing_wp_cron=1761699386.8464610576629638671875 HTTP/1.1" 200 3647 "-" "WordPress/6.8.3; https://www.elconferencista.com" 
51.222.168.14 - - [28/Oct/2025:17:58:18 -0700] "GET /?products=4827606 HTTP/2.0" 200 31027 "-" "Mozilla/5.0 (compatible; AhrefsBot/7.0; +http://ahrefs.com/robot/)" 
69.163.179.91 - - [28/Oct/2025:17:58:20 -0700] "POST /wp-cron.php?doing_wp_cron=1761699500.4405989646911621093750 HTTP/1.1" 200 3647 "-" "WordPress/6.8.3; https://www.elconferencista.com" 
51.161.65.72 - - [28/Oct/2025:18:00:08 -0700] "GET /?products=4827586 HTTP/2.0" 200 31027 "-" "Mozilla/5.0 (compatible; AhrefsBot/7.0; +http://ahrefs.com/robot/)" 
69.163.179.91 - - [28/Oct/2025:18:00:10 -0700] "POST /wp-cron.php?doing_wp_cron=1761699610.7078840732574462890625 HTTP/1.1" 200 3647 "-" "WordPress/6.8.3; https://www.elconferencista.com" 
148.113.128.156 - - [28/Oct/2025:18:02:29 -0700] "GET /?products=4827582 HTTP/2.0" 200 31027 "-" "Mozilla/5.0 (compatible; AhrefsBot/7.0; +http://ahrefs.com/robot/)" 
69.163.179.91 - - [28/Oct/2025:18:02:30 -0700] "POST /wp-cron.php?doing_wp_cron=1761699750.7523670196533203125000 HTTP/1.1" 200 3647 "-" "WordPress/6.8.3; https://www.elconferencista.com" 
54.39.0.174 - - [28/Oct/2025:18:04:44 -0700] "GET /?products=4827572 HTTP/2.0" 200 31027 "-" "Mozilla/5.0 (compatible; AhrefsBot/7.0; +http://ahrefs.com/robot/)" 
69.163.179.91 - - [28/Oct/2025:18:04:46 -0700] "POST /wp-cron.php?doing_wp_cron=1761699886.1720581054687500000000 HTTP/1.1" 200 3647 "-" "WordPress/6.8.3; https://www.elconferencista.com" 
54.39.203.28 - - [28/Oct/2025:18:06:51 -0700] "GET /?products=4827548 HTTP/2.0" 200 31027 "-" "Mozilla/5.0 (compatible; AhrefsBot/7.0; +http://ahrefs.com/robot/)" 
69.163.179.91 - - [28/Oct/2025:18:06:53 -0700] "POST /wp-cron.php?doing_wp_cron=1761700013.1360790729522705078125 HTTP/1.1" 200 3647 "-" "WordPress/6.8.3; https://www.elconferencista.com" 
142.44.225.88 - - [28/Oct/2025:18:09:10 -0700] "GET /?products=4827390 HTTP/2.0" 200 31027 "-" "Mozilla/5.0 (compatible; AhrefsBot/7.0; +http://ahrefs.com/robot/)" 
69.163.179.91 - - [28/Oct/2025:18:09:12 -0700] "POST /wp-cron.php?doing_wp_cron=1761700152.3468070030212402343750 HTTP/1.1" 200 3647 "-" "WordPress/6.8.3; https://www.elconferencista.com" 
216.244.66.199 - - [28/Oct/2025:18:09:48 -0700] "GET /robots.txt HTTP/1.1" 200 3586 "-" "Mozilla/5.0 (compatible; DotBot/1.2; +https://opensiteexplorer.org/dotbot; help@moz.com)" 
51.222.95.184 - - [28/Oct/2025:18:11:24 -0700] "GET /?products=4827288 HTTP/2.0" 200 31027 "-" "Mozilla/5.0 (compatible; AhrefsBot/7.0; +http://ahrefs.com/robot/)" 
69.163.179.91 - - [28/Oct/2025:18:11:25 -0700] "POST /wp-cron.php?doing_wp_cron=1761700285.8666889667510986328125 HTTP/1.1" 200 3647 "-" "WordPress/6.8.3; https://www.elconferencista.com" 
51.161.65.238 - - [28/Oct/2025:18:13:21 -0700] "GET /?products=4827274 HTTP/2.0" 200 31027 "-" "Mozilla/5.0 (compatible; AhrefsBot/7.0; +http://ahrefs.com/robot/)" 
69.163.179.91 - - [28/Oct/2025:18:13:23 -0700] "POST /wp-cron.php?doing_wp_cron=1761700403.1260309219360351562500 HTTP/1.1" 200 3647 "-" "WordPress/6.8.3; https://www.elconferencista.com" 
54.39.203.14 - - [28/Oct/2025:18:15:13 -0700] "GET /?products=4827240 HTTP/2.0" 200 31027 "-" "Mozilla/5.0 (compatible; AhrefsBot/7.0; +http://ahrefs.com/robot/)" 
69.163.179.91 - - [28/Oct/2025:18:15:14 -0700] "POST /wp-cron.php?doing_wp_cron=1761700514.6970839500427246093750 HTTP/1.1" 200 3647 "-" "WordPress/6.8.3; https://www.elconferencista.com" 
15.235.98.143 - - [28/Oct/2025:18:17:36 -0700] "GET /?products=4827236 HTTP/2.0" 200 31027 "-" "Mozilla/5.0 (compatible; AhrefsBot/7.0; +http://ahrefs.com/robot/)" 
69.163.179.91 - - [28/Oct/2025:18:17:38 -0700] "POST /wp-cron.php?doing_wp_cron=1761700658.5087358951568603515625 HTTP/1.1" 200 3647 "-" "WordPress/6.8.3; https://www.elconferencista.com" 
51.161.37.74 - - [28/Oct/2025:18:19:55 -0700] "GET /?products=4827188 HTTP/2.0" 200 31027 "-" "Mozilla/5.0 (compatible; AhrefsBot/7.0; +http://ahrefs.com/robot/)" 
69.163.179.91 - - [28/Oct/2025:18:19:57 -0700] "POST /wp-cron.php?doing_wp_cron=1761700797.0527400970458984375000 HTTP/1.1" 200 3647 "-" "WordPress/6.8.3; https://www.elconferencista.com" 
54.39.0.102 - - [28/Oct/2025:18:22:10 -0700] "GET /?products=4827096 HTTP/2.0" 200 31020 "-" "Mozilla/5.0 (compatible; AhrefsBot/7.0; +http://ahrefs.com/robot/)" 
69.163.179.91 - - [28/Oct/2025:18:22:12 -0700] "POST /wp-cron.php?doing_wp_cron=1761700932.1702771186828613281250 HTTP/1.1" 200 3647 "-" "WordPress/6.8.3; https://www.elconferencista.com" 
69.163.179.91 - - [28/Oct/2025:18:24:11 -0700] "POST /wp-cron.php?doing_wp_cron=1761701051.3595690727233886718750 HTTP/1.1" 200 3647 "-" "WordPress/6.8.3; https://www.elconferencista.com" 
69.163.179.91 - - [28/Oct/2025:18:24:12 -0700] "POST /wp-cron.php?doing_wp_cron=1761701052.3894228935241699218750 HTTP/1.1" 200 3647 "-" "WordPress/6.8.3; https://www.elconferencista.com" 
167.114.139.154 - - [28/Oct/2025:18:24:09 -0700] "GET /?products=4827078 HTTP/2.0" 200 31027 "-" "Mozilla/5.0 (compatible; AhrefsBot/7.0; +http://ahrefs.com/robot/)" 
54.39.203.4 - - [28/Oct/2025:18:26:17 -0700] "GET /?products=4827054 HTTP/2.0" 200 31027 "-" "Mozilla/5.0 (compatible; AhrefsBot/7.0; +http://ahrefs.com/robot/)" 
69.163.179.91 - - [28/Oct/2025:18:26:18 -0700] "POST /wp-cron.php?doing_wp_cron=1761701178.8649160861968994140625 HTTP/1.1" 200 3647 "-" "WordPress/6.8.3; https://www.elconferencista.com" 
15.235.96.212 - - [28/Oct/2025:18:28:19 -0700] "GET /robots.txt HTTP/2.0" 200 278 "-" "Mozilla/5.0 (compatible; AhrefsBot/7.0; +http://ahrefs.com/robot/)" 
167.114.139.241 - - [28/Oct/2025:18:28:23 -0700] "GET /?products=4827020 HTTP/2.0" 200 31027 "-" "Mozilla/5.0 (compatible; AhrefsBot/7.0; +http://ahrefs.com/robot/)" 
69.163.179.91 - - [28/Oct/2025:18:28:24 -0700] "POST /wp-cron.php?doing_wp_cron=1761701304.7411410808563232421875 HTTP/1.1" 200 3647 "-" "WordPress/6.8.3; https://www.elconferencista.com" 
69.163.179.91 - - [28/Oct/2025:18:29:12 -0700] "POST /wp-cron.php?doing_wp_cron=1761701352.3029150962829589843750 HTTP/1.1" 200 3647 "-" "WordPress/6.8.3; https://www.elconferencista.com" 
216.244.66.199 - - [28/Oct/2025:18:29:11 -0700] "GET /solicita-tu-cotizacion/index.php?conferencia=%3Cspan%3E1%3C/span%3E%20Conferencia%20Especial%20para%20Convenciones.%20Ir%20M%C3%A1s%20All%C3%A1.%20%C2%AE HTTP/1.1" 301 3702 "-" "Mozilla/5.0 (compatible; DotBot/1.2; +https://opensiteexplorer.org/dotbot; help@moz.com)" 
54.39.203.18 - - [28/Oct/2025:18:29:55 -0700] "GET /?products=4826900 HTTP/2.0" 200 31027 "-" "Mozilla/5.0 (compatible; AhrefsBot/7.0; +http://ahrefs.com/robot/)" 
54.39.0.230 - - [28/Oct/2025:18:31:38 -0700] "GET /?products=4826856 HTTP/2.0" 200 31027 "-" "Mozilla/5.0 (compatible; AhrefsBot/7.0; +http://ahrefs.com/robot/)" 
69.163.179.91 - - [28/Oct/2025:18:31:40 -0700] "POST /wp-cron.php?doing_wp_cron=1761701500.1835939884185791015625 HTTP/1.1" 200 3647 "-" "WordPress/6.8.3; https://www.elconferencista.com" 
114.119.146.142 - - [28/Oct/2025:18:32:54 -0700] "GET /post_clientes/diavaz HTTP/1.1" 404 113947 "http://www.elconferencista.com/post_clientes/diavaz/" "Mozilla/5.0 (Linux; Android 7.0;) AppleWebKit/537.36 (KHTML, like Gecko) Mobile Safari/537.36 (compatible; PetalBot;+https://webmaster.petalsearch.com/site/petalbot)" 
69.163.179.91 - - [28/Oct/2025:18:32:56 -0700] "POST /wp-cron.php?doing_wp_cron=1761701576.2916190624237060546875 HTTP/1.1" 200 3647 "-" "WordPress/6.8.3; https://www.elconferencista.com" 
69.163.179.91 - - [28/Oct/2025:18:33:35 -0700] "POST /wp-cron.php?doing_wp_cron=1761701615.3385920524597167968750 HTTP/1.1" 200 3647 "-" "WordPress/6.8.3; https://www.elconferencista.com" 
142.44.220.25 - - [28/Oct/2025:18:33:34 -0700] "GET /?products=4826842 HTTP/2.0" 200 31027 "-" "Mozilla/5.0 (compatible; AhrefsBot/7.0; +http://ahrefs.com/robot/)" 
54.39.89.203 - - [28/Oct/2025:18:35:41 -0700] "GET /?products=4826838 HTTP/2.0" 200 31027 "-" "Mozilla/5.0 (compatible; AhrefsBot/7.0; +http://ahrefs.com/robot/)" 
69.163.179.91 - - [28/Oct/2025:18:35:43 -0700] "POST /wp-cron.php?doing_wp_cron=1761701742.9654359817504882812500 HTTP/1.1" 200 3647 "-" "WordPress/6.8.3; https://www.elconferencista.com" 
148.113.128.95 - - [28/Oct/2025:18:37:46 -0700] "GET /?products=4826784 HTTP/2.0" 200 31027 "-" "Mozilla/5.0 (compatible; AhrefsBot/7.0; +http://ahrefs.com/robot/)" 
69.163.179.91 - - [28/Oct/2025:18:37:48 -0700] "POST /wp-cron.php?doing_wp_cron=1761701868.0513460636138916015625 HTTP/1.1" 200 3647 "-" "WordPress/6.8.3; https://www.elconferencista.com" 
142.44.225.34 - - [28/Oct/2025:18:40:13 -0700] "GET /?products=4826688 HTTP/2.0" 200 31027 "-" "Mozilla/5.0 (compatible; AhrefsBot/7.0; +http://ahrefs.com/robot/)" 
69.163.179.91 - - [28/Oct/2025:18:40:14 -0700] "POST /wp-cron.php?doing_wp_cron=1761702014.8044669628143310546875 HTTP/1.1" 200 3647 "-" "WordPress/6.8.3; https://www.elconferencista.com" 
173.231.60.2 - - [28/Oct/2025:18:42:33 -0700] "POST /xmlrpc.php HTTP/1.1" 200 3692 "-" "Mozilla/5.0 (Windows NT 10.0; Win64; x64; rv:41.0) Gecko/20100101 Firefox/41.0" 
69.163.179.91 - - [28/Oct/2025:18:42:35 -0700] "POST /wp-cron.php?doing_wp_cron=1761702155.0651628971099853515625 HTTP/1.1" 200 3647 "-" "WordPress/6.8.3; https://www.elconferencista.com" 
54.39.6.22 - - [28/Oct/2025:18:42:34 -0700] "GET /?products=4826684 HTTP/2.0" 200 31027 "-" "Mozilla/5.0 (compatible; AhrefsBot/7.0; +http://ahrefs.com/robot/)" 
54.39.89.185 - - [28/Oct/2025:18:44:43 -0700] "GET /?products=4826664 HTTP/2.0" 200 31018 "-" "Mozilla/5.0 (compatible; AhrefsBot/7.0; +http://ahrefs.com/robot/)" 
69.163.179.91 - - [28/Oct/2025:18:44:45 -0700] "POST /wp-cron.php?doing_wp_cron=1761702285.4408121109008789062500 HTTP/1.1" 200 3647 "-" "WordPress/6.8.3; https://www.elconferencista.com" 
34.74.254.120 - - [28/Oct/2025:18:45:54 -0700] "GET /robots.txt HTTP/1.1" 200 3831 "-" "ZoominfoBot (zoominfobot at zoominfo dot com)" 
142.44.228.150 - - [28/Oct/2025:18:46:38 -0700] "GET /?products=4826660 HTTP/2.0" 200 31027 "-" "Mozilla/5.0 (compatible; AhrefsBot/7.0; +http://ahrefs.com/robot/)" 
69.163.179.91 - - [28/Oct/2025:18:46:40 -0700] "POST /wp-cron.php?doing_wp_cron=1761702400.2792110443115234375000 HTTP/1.1" 200 3647 "-" "WordPress/6.8.3; https://www.elconferencista.com" 
142.44.220.212 - - [28/Oct/2025:18:48:31 -0700] "GET /?products=4826646 HTTP/2.0" 200 31027 "-" "Mozilla/5.0 (compatible; AhrefsBot/7.0; +http://ahrefs.com/robot/)" 
69.163.179.91 - - [28/Oct/2025:18:48:32 -0700] "POST /wp-cron.php?doing_wp_cron=1761702512.9469010829925537109375 HTTP/1.1" 200 3647 "-" "WordPress/6.8.3; https://www.elconferencista.com" 
69.163.179.91 - - [28/Oct/2025:18:49:35 -0700] "POST /wp-cron.php?doing_wp_cron=1761702575.4550280570983886718750 HTTP/1.1" 200 3647 "-" "WordPress/6.8.3; https://www.elconferencista.com" 
209.85.238.133 - - [28/Oct/2025:18:49:34 -0700] "GET /?213678?products=0000178072 HTTP/1.1" 301 3758 "-" "Mozilla/5.0 (X11; Linux x86_64) AppleWebKit/537.36 (KHTML, like Gecko) Chrome/140.0.7339.207 Safari/537.36" 
209.85.238.135 - - [28/Oct/2025:18:49:36 -0700] "GET /?213678%3Fproducts=0000178072 HTTP/1.1" 200 34833 "-" "Mozilla/5.0 (X11; Linux x86_64) AppleWebKit/537.36 (KHTML, like Gecko) Chrome/140.0.7339.207 Safari/537.36" 
209.85.238.135 - - [28/Oct/2025:18:49:37 -0700] "GET /wp-content/themes/astra/assets/css/minified/main.min.css?ver=4.9.2 HTTP/1.1" 200 9428 "https://www.elconferencista.com/?213678%3Fproducts=0000178072" "Mozilla/5.0 (X11; Linux x86_64) AppleWebKit/537.36 (KHTML, like Gecko) Chrome/140.0.7339.207 Safari/537.36" 
209.85.238.135 - - [28/Oct/2025:18:49:38 -0700] "GET /wp-content/plugins/whatsapp-for-wordpress/assets/dist/css/style.css?ver=6.8.3 HTTP/1.1" 200 6333 "https://www.elconferencista.com/?213678%3Fproducts=0000178072" "Mozilla/5.0 (X11; Linux x86_64) AppleWebKit/537.36 (KHTML, like Gecko) Chrome/140.0.7339.207 Safari/537.36" 
209.85.238.134 - - [28/Oct/2025:18:49:39 -0700] "GET /wp-content/plugins/elementor-pro/assets/css/modules/sticky.min.css?ver=3.32.3 HTTP/1.1" 200 3889 "https://www.elconferencista.com/?213678%3Fproducts=0000178072" "Mozilla/5.0 (X11; Linux x86_64) AppleWebKit/537.36 (KHTML, like Gecko) Chrome/140.0.7339.207 Safari/537.36" 
209.85.238.134 - - [28/Oct/2025:18:49:40 -0700] "GET /wp-content/plugins/elementor/assets/css/frontend.min.css?ver=3.32.5 HTTP/1.1" 200 7822 "https://www.elconferencista.com/?213678%3Fproducts=0000178072" "Mozilla/5.0 (X11; Linux x86_64) AppleWebKit/537.36 (KHTML, like Gecko) Chrome/140.0.7339.207 Safari/537.36" 
209.85.238.133 - - [28/Oct/2025:18:49:41 -0700] "GET /wp-content/plugins/jet-engine/assets/css/frontend.css?ver=3.6.6.1 HTTP/1.1" 200 11744 "https://www.elconferencista.com/?213678%3Fproducts=0000178072" "Mozilla/5.0 (X11; Linux x86_64) AppleWebKit/537.36 (KHTML, like Gecko) Chrome/140.0.7339.207 Safari/537.36" 
209.85.238.133 - - [28/Oct/2025:18:49:42 -0700] "GET /wp-content/plugins/elementor/assets/css/widget-heading.min.css?ver=3.32.5 HTTP/1.1" 200 612 "https://www.elconferencista.com/?213678%3Fproducts=0000178072" "Mozilla/5.0 (X11; Linux x86_64) AppleWebKit/537.36 (KHTML, like Gecko) Chrome/140.0.7339.207 Safari/537.36" 
209.85.238.133 - - [28/Oct/2025:18:49:43 -0700] "GET /wp-content/plugins/elementor/assets/lib/animations/styles/fadeIn.min.css?ver=3.32.5 HTTP/1.1" 200 501 "https://www.elconferencista.com/?213678%3Fproducts=0000178072" "Mozilla/5.0 (X11; Linux x86_64) AppleWebKit/537.36 (KHTML, like Gecko) Chrome/140.0.7339.207 Safari/537.36" 
209.85.238.133 - - [28/Oct/2025:18:49:45 -0700] "GET /wp-content/plugins/elementor/assets/css/widget-image.min.css?ver=3.32.5 HTTP/1.1" 200 587 "https://www.elconferencista.com/?213678%3Fproducts=0000178072" "Mozilla/5.0 (X11; Linux x86_64) AppleWebKit/537.36 (KHTML, like Gecko) Chrome/140.0.7339.207 Safari/537.36" 
209.85.238.133 - - [28/Oct/2025:18:49:46 -0700] "GET /wp-content/plugins/elementor/assets/css/conditionals/apple-webkit.min.css?ver=3.32.5 HTTP/1.1" 200 988 "https://www.elconferencista.com/?213678%3Fproducts=0000178072" "Mozilla/5.0 (X11; Linux x86_64) AppleWebKit/537.36 (KHTML, like Gecko) Chrome/140.0.7339.207 Safari/537.36" 
209.85.238.133 - - [28/Oct/2025:18:49:47 -0700] "GET /wp-content/plugins/elementor/assets/lib/font-awesome/css/all.min.css?ver=3.32.5 HTTP/1.1" 200 13341 "https://www.elconferencista.com/?213678%3Fproducts=0000178072" "Mozilla/5.0 (X11; Linux x86_64) AppleWebKit/537.36 (KHTML, like Gecko) Chrome/140.0.7339.207 Safari/537.36" 
209.85.238.133 - - [28/Oct/2025:18:49:48 -0700] "GET /wp-content/plugins/elementor/assets/lib/font-awesome/css/v4-shims.min.css?ver=3.32.5 HTTP/1.1" 200 4709 "https://www.elconferencista.com/?213678%3Fproducts=0000178072" "Mozilla/5.0 (X11; Linux x86_64) AppleWebKit/537.36 (KHTML, like Gecko) Chrome/140.0.7339.207 Safari/537.36" 
209.85.238.133 - - [28/Oct/2025:18:49:50 -0700] "GET /wp-content/plugins/elementor/assets/css/widget-social-icons.min.css?ver=3.32.5 HTTP/1.1" 200 1596 "https://www.elconferencista.com/?213678%3Fproducts=0000178072" "Mozilla/5.0 (X11; Linux x86_64) AppleWebKit/537.36 (KHTML, like Gecko) Chrome/140.0.7339.207 Safari/537.36" 
209.85.238.133 - - [28/Oct/2025:18:49:51 -0700] "GET /wp-content/uploads/elementor/css/post-7.css?ver=1761682540 HTTP/1.1" 200 821 "https://www.elconferencista.com/?213678%3Fproducts=0000178072" "Mozilla/5.0 (X11; Linux x86_64) AppleWebKit/537.36 (KHTML, like Gecko) Chrome/140.0.7339.207 Safari/537.36" 
209.85.238.133 - - [28/Oct/2025:18:49:52 -0700] "GET /wp-includes/js/mediaelement/mediaelementplayer-legacy.min.css?ver=4.2.17 HTTP/1.1" 200 3018 "https://www.elconferencista.com/?213678%3Fproducts=0000178072" "Mozilla/5.0 (X11; Linux x86_64) AppleWebKit/537.36 (KHTML, like Gecko) Chrome/140.0.7339.207 Safari/537.36" 
209.85.238.133 - - [28/Oct/2025:18:49:53 -0700] "GET /wp-content/plugins/elementor/assets/css/widget-icon-box.min.css?ver=3.32.5 HTTP/1.1" 200 937 "https://www.elconferencista.com/?213678%3Fproducts=0000178072" "Mozilla/5.0 (X11; Linux x86_64) AppleWebKit/537.36 (KHTML, like Gecko) Chrome/140.0.7339.207 Safari/537.36" 
209.85.238.133 - - [28/Oct/2025:18:49:54 -0700] "GET /wp-content/plugins/elementor/assets/lib/animations/styles/fadeInUp.min.css?ver=3.32.5 HTTP/1.1" 200 540 "https://www.elconferencista.com/?213678%3Fproducts=0000178072" "Mozilla/5.0 (X11; Linux x86_64) AppleWebKit/537.36 (KHTML, like Gecko) Chrome/140.0.7339.207 Safari/537.36" 
209.85.238.133 - - [28/Oct/2025:18:49:56 -0700] "GET /wp-content/plugins/elementor/assets/css/conditionals/shapes.min.css?ver=3.32.5 HTTP/1.1" 200 712 "https://www.elconferencista.com/?213678%3Fproducts=0000178072" "Mozilla/5.0 (X11; Linux x86_64) AppleWebKit/537.36 (KHTML, like Gecko) Chrome/140.0.7339.207 Safari/537.36" 
209.85.238.133 - - [28/Oct/2025:18:49:57 -0700] "GET /wp-content/plugins/elementor/assets/lib/animations/styles/fadeInRight.min.css?ver=3.32.5 HTTP/1.1" 200 543 "https://www.elconferencista.com/?213678%3Fproducts=0000178072" "Mozilla/5.0 (X11; Linux x86_64) AppleWebKit/537.36 (KHTML, like Gecko) Chrome/140.0.7339.207 Safari/537.36" 
209.85.238.133 - - [28/Oct/2025:18:49:58 -0700] "GET /wp-content/plugins/elementor/assets/lib/e-gallery/css/e-gallery.min.css?ver=1.2.0 HTTP/1.1" 200 1270 "https://www.elconferencista.com/?213678%3Fproducts=0000178072" "Mozilla/5.0 (X11; Linux x86_64) AppleWebKit/537.36 (KHTML, like Gecko) Chrome/140.0.7339.207 Safari/537.36" 
209.85.238.133 - - [28/Oct/2025:18:49:59 -0700] "GET /wp-content/plugins/elementor-pro/assets/css/conditionals/transitions.min.css?ver=3.32.3 HTTP/1.1" 200 1089 "https://www.elconferencista.com/?213678%3Fproducts=0000178072" "Mozilla/5.0 (X11; Linux x86_64) AppleWebKit/537.36 (KHTML, like Gecko) Chrome/140.0.7339.207 Safari/537.36" 
209.85.238.133 - - [28/Oct/2025:18:50:01 -0700] "GET /wp-content/plugins/elementor/assets/css/conditionals/e-swiper.min.css?ver=3.32.5 HTTP/1.1" 200 1228 "https://www.elconferencista.com/?213678%3Fproducts=0000178072" "Mozilla/5.0 (X11; Linux x86_64) AppleWebKit/537.36 (KHTML, like Gecko) Chrome/140.0.7339.207 Safari/537.36" 
209.85.238.133 - - [28/Oct/2025:18:50:01 -0700] "GET /wp-content/plugins/elementor/assets/lib/animations/styles/fadeInDown.min.css?ver=3.32.5 HTTP/1.1" 200 543 "https://www.elconferencista.com/?213678%3Fproducts=0000178072" "Mozilla/5.0 (X11; Linux x86_64) AppleWebKit/537.36 (KHTML, like Gecko) Chrome/140.0.7339.207 Safari/537.36" 
209.85.238.133 - - [28/Oct/2025:18:50:02 -0700] "GET /wp-content/plugins/elementor/assets/lib/swiper/v8/css/swiper.min.css?ver=8.4.5 HTTP/1.1" 200 4886 "https://www.elconferencista.com/?213678%3Fproducts=0000178072" "Mozilla/5.0 (X11; Linux x86_64) AppleWebKit/537.36 (KHTML, like Gecko) Chrome/140.0.7339.207 Safari/537.36" 
209.85.238.133 - - [28/Oct/2025:18:50:04 -0700] "GET /wp-content/uploads/elementor/css/post-219.css?ver=1761682540 HTTP/1.1" 200 2161 "https://www.elconferencista.com/?213678%3Fproducts=0000178072" "Mozilla/5.0 (X11; Linux x86_64) AppleWebKit/537.36 (KHTML, like Gecko) Chrome/140.0.7339.207 Safari/537.36" 
209.85.238.133 - - [28/Oct/2025:18:50:05 -0700] "GET /wp-content/plugins/elementskit-lite/modules/elementskit-icon-pack/assets/css/ekiticons.css?ver=3.7.5 HTTP/1.1" 200 11355 "https://www.elconferencista.com/?213678%3Fproducts=0000178072" "Mozilla/5.0 (X11; Linux x86_64) AppleWebKit/537.36 (KHTML, like Gecko) Chrome/140.0.7339.207 Safari/537.36" 
209.85.238.133 - - [28/Oct/2025:18:50:06 -0700] "GET /wp-content/uploads/elementor/css/post-11.css?ver=1761682540 HTTP/1.1" 200 5097 "https://www.elconferencista.com/?213678%3Fproducts=0000178072" "Mozilla/5.0 (X11; Linux x86_64) AppleWebKit/537.36 (KHTML, like Gecko) Chrome/140.0.7339.207 Safari/537.36" 
209.85.238.133 - - [28/Oct/2025:18:50:07 -0700] "GET /wp-content/uploads/elementor/google-fonts/css/roboto.css?ver=1742243097 HTTP/1.1" 200 3459 "https://www.elconferencista.com/?213678%3Fproducts=0000178072" "Mozilla/5.0 (X11; Linux x86_64) AppleWebKit/537.36 (KHTML, like Gecko) Chrome/140.0.7339.207 Safari/537.36" 
209.85.238.133 - - [28/Oct/2025:18:50:08 -0700] "GET /wp-content/uploads/2022/09/logo-edner-granados-rojo.jpeg HTTP/1.1" 200 90883 "https://www.elconferencista.com/?213678%3Fproducts=0000178072" "Mozilla/5.0 (X11; Linux x86_64) AppleWebKit/537.36 (KHTML, like Gecko) Chrome/140.0.7339.207 Safari/537.36" 
209.85.238.133 - - [28/Oct/2025:18:50:09 -0700] "GET /wp-content/uploads/2022/09/89941859_523545041683207_8273911308307233517_n-1024x1024.jpg HTTP/1.1" 200 124443 "https://www.elconferencista.com/?213678%3Fproducts=0000178072" "Mozilla/5.0 (X11; Linux x86_64) AppleWebKit/537.36 (KHTML, like Gecko) Chrome/140.0.7339.207 Safari/537.36" 
209.85.238.133 - - [28/Oct/2025:18:50:10 -0700] "GET /wp-content/uploads/2022/09/edner-granados.png HTTP/1.1" 200 338389 "https://www.elconferencista.com/?213678%3Fproducts=0000178072" "Mozilla/5.0 (X11; Linux x86_64) AppleWebKit/537.36 (KHTML, like Gecko) Chrome/140.0.7339.207 Safari/537.36" 
209.85.238.133 - - [28/Oct/2025:18:50:11 -0700] "GET /wp-content/plugins/elementor/assets/lib/font-awesome/js/v4-shims.min.js?ver=3.32.5 HTTP/1.1" 200 4686 "https://www.elconferencista.com/?213678%3Fproducts=0000178072" "Mozilla/5.0 (X11; Linux x86_64) AppleWebKit/537.36 (KHTML, like Gecko) Chrome/140.0.7339.207 Safari/537.36" 
209.85.238.133 - - [28/Oct/2025:18:50:12 -0700] "GET /wp-includes/js/mediaelement/wp-mediaelement.min.css?ver=6.8.3 HTTP/1.1" 200 1587 "https://www.elconferencista.com/?213678%3Fproducts=0000178072" "Mozilla/5.0 (X11; Linux x86_64) AppleWebKit/537.36 (KHTML, like Gecko) Chrome/140.0.7339.207 Safari/537.36" 
209.85.238.133 - - [28/Oct/2025:18:50:13 -0700] "GET /wp-content/plugins/elementskit-lite/widgets/init/assets/css/widget-styles.css?ver=3.7.5 HTTP/1.1" 200 54384 "https://www.elconferencista.com/?213678%3Fproducts=0000178072" "Mozilla/5.0 (X11; Linux x86_64) AppleWebKit/537.36 (KHTML, like Gecko) Chrome/140.0.7339.207 Safari/537.36" 
209.85.238.133 - - [28/Oct/2025:18:50:14 -0700] "GET /wp-content/plugins/elementor-pro/assets/css/widget-form.min.css?ver=3.32.3 HTTP/1.1" 200 2015 "https://www.elconferencista.com/?213678%3Fproducts=0000178072" "Mozilla/5.0 (X11; Linux x86_64) AppleWebKit/537.36 (KHTML, like Gecko) Chrome/140.0.7339.207 Safari/537.36" 
209.85.238.133 - - [28/Oct/2025:18:50:15 -0700] "GET /wp-content/plugins/elementor/assets/css/widget-divider.min.css?ver=3.32.5 HTTP/1.1" 200 1204 "https://www.elconferencista.com/?213678%3Fproducts=0000178072" "Mozilla/5.0 (X11; Linux x86_64) AppleWebKit/537.36 (KHTML, like Gecko) Chrome/140.0.7339.207 Safari/537.36" 
209.85.238.133 - - [28/Oct/2025:18:50:16 -0700] "GET /wp-content/uploads/elementor/css/post-613.css?ver=1761682540 HTTP/1.1" 200 1691 "https://www.elconferencista.com/?213678%3Fproducts=0000178072" "Mozilla/5.0 (X11; Linux x86_64) AppleWebKit/537.36 (KHTML, like Gecko) Chrome/140.0.7339.207 Safari/537.36" 
209.85.238.133 - - [28/Oct/2025:18:50:17 -0700] "GET /wp-includes/js/jquery/jquery-migrate.min.js?ver=3.4.1 HTTP/1.1" 200 5340 "https://www.elconferencista.com/?213678%3Fproducts=0000178072" "Mozilla/5.0 (X11; Linux x86_64) AppleWebKit/537.36 (KHTML, like Gecko) Chrome/140.0.7339.207 Safari/537.36" 
209.85.238.133 - - [28/Oct/2025:18:50:18 -0700] "GET /wp-content/plugins/elementor/assets/css/widget-video.min.css?ver=3.32.5 HTTP/1.1" 200 855 "https://www.elconferencista.com/?213678%3Fproducts=0000178072" "Mozilla/5.0 (X11; Linux x86_64) AppleWebKit/537.36 (KHTML, like Gecko) Chrome/140.0.7339.207 Safari/537.36" 
209.85.238.133 - - [28/Oct/2025:18:50:19 -0700] "GET /wp-content/plugins/elementskit-lite/widgets/init/assets/css/responsive.css?ver=3.7.5 HTTP/1.1" 200 3701 "https://www.elconferencista.com/?213678%3Fproducts=0000178072" "Mozilla/5.0 (X11; Linux x86_64) AppleWebKit/537.36 (KHTML, like Gecko) Chrome/140.0.7339.207 Safari/537.36" 
209.85.238.133 - - [28/Oct/2025:18:50:20 -0700] "GET /wp-content/plugins/elementor/assets/css/widget-counter.min.css?ver=3.32.5 HTTP/1.1" 200 729 "https://www.elconferencista.com/?213678%3Fproducts=0000178072" "Mozilla/5.0 (X11; Linux x86_64) AppleWebKit/537.36 (KHTML, like Gecko) Chrome/140.0.7339.207 Safari/537.36" 
209.85.238.133 - - [28/Oct/2025:18:50:21 -0700] "GET /wp-content/plugins/elementor-pro/assets/css/widget-gallery.min.css?ver=3.32.3 HTTP/1.1" 200 1545 "https://www.elconferencista.com/?213678%3Fproducts=0000178072" "Mozilla/5.0 (X11; Linux x86_64) AppleWebKit/537.36 (KHTML, like Gecko) Chrome/140.0.7339.207 Safari/537.36" 
209.85.238.133 - - [28/Oct/2025:18:50:22 -0700] "GET /wp-content/uploads/elementor/google-fonts/css/robotoslab.css?ver=1742243104 HTTP/1.1" 200 1372 "https://www.elconferencista.com/?213678%3Fproducts=0000178072" "Mozilla/5.0 (X11; Linux x86_64) AppleWebKit/537.36 (KHTML, like Gecko) Chrome/140.0.7339.207 Safari/537.36" 
209.85.238.133 - - [28/Oct/2025:18:50:23 -0700] "GET /wp-includes/js/jquery/jquery.min.js?ver=3.7.1 HTTP/1.1" 200 31549 "https://www.elconferencista.com/?213678%3Fproducts=0000178072" "Mozilla/5.0 (X11; Linux x86_64) AppleWebKit/537.36 (KHTML, like Gecko) Chrome/140.0.7339.207 Safari/537.36" 
209.85.238.133 - - [28/Oct/2025:18:50:24 -0700] "GET /wp-content/plugins/elementor/assets/css/widget-icon-list.min.css?ver=3.32.5 HTTP/1.1" 200 1538 "https://www.elconferencista.com/?213678%3Fproducts=0000178072" "Mozilla/5.0 (X11; Linux x86_64) AppleWebKit/537.36 (KHTML, like Gecko) Chrome/140.0.7339.207 Safari/537.36" 
209.85.238.133 - - [28/Oct/2025:18:50:25 -0700] "GET /wp-content/themes/astra/assets/js/minified/frontend.min.js?ver=4.9.2 HTTP/1.1" 200 6442 "https://www.elconferencista.com/?213678%3Fproducts=0000178072" "Mozilla/5.0 (X11; Linux x86_64) AppleWebKit/537.36 (KHTML, like Gecko) Chrome/140.0.7339.207 Safari/537.36" 
209.85.238.133 - - [28/Oct/2025:18:50:25 -0700] "GET /wp-content/plugins/whatsapp-for-wordpress/assets/dist/js/njt-whatsapp.js?ver=3.1.2 HTTP/1.1" 200 31949 "https://www.elconferencista.com/?213678%3Fproducts=0000178072" "Mozilla/5.0 (X11; Linux x86_64) AppleWebKit/537.36 (KHTML, like Gecko) Chrome/140.0.7339.207 Safari/537.36" 
209.85.238.133 - - [28/Oct/2025:18:50:26 -0700] "GET /wp-content/plugins/elementor/assets/js/frontend-modules.min.js?ver=3.32.5 HTTP/1.1" 200 19469 "https://www.elconferencista.com/?213678%3Fproducts=0000178072" "Mozilla/5.0 (X11; Linux x86_64) AppleWebKit/537.36 (KHTML, like Gecko) Chrome/140.0.7339.207 Safari/537.36" 
209.85.238.133 - - [28/Oct/2025:18:50:27 -0700] "GET /wp-content/plugins/elementor/assets/js/webpack.runtime.min.js?ver=3.32.5 HTTP/1.1" 200 2970 "https://www.elconferencista.com/?213678%3Fproducts=0000178072" "Mozilla/5.0 (X11; Linux x86_64) AppleWebKit/537.36 (KHTML, like Gecko) Chrome/140.0.7339.207 Safari/537.36" 
209.85.238.133 - - [28/Oct/2025:18:50:28 -0700] "GET /wp-content/plugins/whatsapp-for-wordpress/assets/js/whatsapp-button.js?ver=3.1.2 HTTP/1.1" 200 882 "https://www.elconferencista.com/?213678%3Fproducts=0000178072" "Mozilla/5.0 (X11; Linux x86_64) AppleWebKit/537.36 (KHTML, like Gecko) Chrome/140.0.7339.207 Safari/537.36" 
209.85.238.133 - - [28/Oct/2025:18:50:29 -0700] "GET /wp-includes/js/jquery/ui/core.min.js?ver=1.13.3 HTTP/1.1" 200 7581 "https://www.elconferencista.com/?213678%3Fproducts=0000178072" "Mozilla/5.0 (X11; Linux x86_64) AppleWebKit/537.36 (KHTML, like Gecko) Chrome/140.0.7339.207 Safari/537.36" 
209.85.238.133 - - [28/Oct/2025:18:50:30 -0700] "GET /wp-content/plugins/elementor/assets/js/frontend.min.js?ver=3.32.5 HTTP/1.1" 200 11073 "https://www.elconferencista.com/?213678%3Fproducts=0000178072" "Mozilla/5.0 (X11; Linux x86_64) AppleWebKit/537.36 (KHTML, like Gecko) Chrome/140.0.7339.207 Safari/537.36" 
209.85.238.133 - - [28/Oct/2025:18:50:31 -0700] "GET /wp-includes/js/mediaelement/mediaelement-and-player.min.js?ver=4.2.17 HTTP/1.1" 200 40347 "https://www.elconferencista.com/?213678%3Fproducts=0000178072" "Mozilla/5.0 (X11; Linux x86_64) AppleWebKit/537.36 (KHTML, like Gecko) Chrome/140.0.7339.207 Safari/537.36" 
69.163.179.91 - - [28/Oct/2025:18:50:31 -0700] "POST /wp-cron.php?doing_wp_cron=1761702631.1635949611663818359375 HTTP/1.1" 200 3647 "-" "WordPress/6.8.3; https://www.elconferencista.com" 
15.235.98.99 - - [28/Oct/2025:18:50:30 -0700] "GET /?products=4826640 HTTP/2.0" 200 31027 "-" "Mozilla/5.0 (compatible; AhrefsBot/7.0; +http://ahrefs.com/robot/)" 
209.85.238.133 - - [28/Oct/2025:18:50:32 -0700] "GET /wp-includes/js/mediaelement/wp-mediaelement.min.js?ver=6.8.3 HTTP/1.1" 200 969 "https://www.elconferencista.com/?213678%3Fproducts=0000178072" "Mozilla/5.0 (X11; Linux x86_64) AppleWebKit/537.36 (KHTML, like Gecko) Chrome/140.0.7339.207 Safari/537.36" 
209.85.238.133 - - [28/Oct/2025:18:50:32 -0700] "GET /wp-includes/js/dist/i18n.min.js?ver=5e580eb46a90c2b997e6 HTTP/1.1" 200 4126 "https://www.elconferencista.com/?213678%3Fproducts=0000178072" "Mozilla/5.0 (X11; Linux x86_64) AppleWebKit/537.36 (KHTML, like Gecko) Chrome/140.0.7339.207 Safari/537.36" 
209.85.238.133 - - [28/Oct/2025:18:50:33 -0700] "GET /wp-content/plugins/elementor/assets/lib/jquery-numerator/jquery-numerator.min.js?ver=0.2.1 HTTP/1.1" 200 1169 "https://www.elconferencista.com/?213678%3Fproducts=0000178072" "Mozilla/5.0 (X11; Linux x86_64) AppleWebKit/537.36 (KHTML, like Gecko) Chrome/140.0.7339.207 Safari/537.36" 
209.85.238.133 - - [28/Oct/2025:18:50:34 -0700] "GET /wp-content/plugins/elementor-pro/assets/lib/sticky/jquery.sticky.min.js?ver=3.32.3 HTTP/1.1" 200 1976 "https://www.elconferencista.com/?213678%3Fproducts=0000178072" "Mozilla/5.0 (X11; Linux x86_64) AppleWebKit/537.36 (KHTML, like Gecko) Chrome/140.0.7339.207 Safari/537.36" 
209.85.238.133 - - [28/Oct/2025:18:50:35 -0700] "GET /wp-content/plugins/elementor-pro/assets/js/frontend.min.js?ver=3.32.3 HTTP/1.1" 200 7082 "https://www.elconferencista.com/?213678%3Fproducts=0000178072" "Mozilla/5.0 (X11; Linux x86_64) AppleWebKit/537.36 (KHTML, like Gecko) Chrome/140.0.7339.207 Safari/537.36" 
209.85.238.133 - - [28/Oct/2025:18:50:36 -0700] "GET /wp-content/plugins/elementor/assets/lib/swiper/v8/swiper.min.js?ver=8.4.5 HTTP/1.1" 200 41266 "https://www.elconferencista.com/?213678%3Fproducts=0000178072" "Mozilla/5.0 (X11; Linux x86_64) AppleWebKit/537.36 (KHTML, like Gecko) Chrome/140.0.7339.207 Safari/537.36" 
209.85.238.133 - - [28/Oct/2025:18:50:36 -0700] "GET /wp-content/plugins/whatsapp-for-wordpress/assets/js/whatsapp-popup.js?ver=6.8.3 HTTP/1.1" 200 722 "https://www.elconferencista.com/?213678%3Fproducts=0000178072" "Mozilla/5.0 (X11; Linux x86_64) AppleWebKit/537.36 (KHTML, like Gecko) Chrome/140.0.7339.207 Safari/537.36" 
209.85.238.133 - - [28/Oct/2025:18:50:37 -0700] "GET /wp-includes/js/mediaelement/mediaelement-migrate.min.js?ver=6.8.3 HTTP/1.1" 200 971 "https://www.elconferencista.com/?213678%3Fproducts=0000178072" "Mozilla/5.0 (X11; Linux x86_64) AppleWebKit/537.36 (KHTML, like Gecko) Chrome/140.0.7339.207 Safari/537.36" 
209.85.238.133 - - [28/Oct/2025:18:50:38 -0700] "GET /wp-content/plugins/elementor-pro/assets/js/elements-handlers.min.js?ver=3.32.3 HTTP/1.1" 200 11316 "https://www.elconferencista.com/?213678%3Fproducts=0000178072" "Mozilla/5.0 (X11; Linux x86_64) AppleWebKit/537.36 (KHTML, like Gecko) Chrome/140.0.7339.207 Safari/537.36" 
209.85.238.133 - - [28/Oct/2025:18:50:39 -0700] "GET /wp-content/plugins/elementor-pro/assets/js/webpack-pro.runtime.min.js?ver=3.32.3 HTTP/1.1" 200 3281 "https://www.elconferencista.com/?213678%3Fproducts=0000178072" "Mozilla/5.0 (X11; Linux x86_64) AppleWebKit/537.36 (KHTML, like Gecko) Chrome/140.0.7339.207 Safari/537.36" 
209.85.238.133 - - [28/Oct/2025:18:50:40 -0700] "GET /wp-content/plugins/elementor/assets/lib/e-gallery/js/e-gallery.min.js?ver=1.2.0 HTTP/1.1" 200 5094 "https://www.elconferencista.com/?213678%3Fproducts=0000178072" "Mozilla/5.0 (X11; Linux x86_64) AppleWebKit/537.36 (KHTML, like Gecko) Chrome/140.0.7339.207 Safari/537.36" 
209.85.238.133 - - [28/Oct/2025:18:50:40 -0700] "GET /wp-includes/js/dist/hooks.min.js?ver=4d63a3d491d11ffd8ac6 HTTP/1.1" 200 2082 "https://www.elconferencista.com/?213678%3Fproducts=0000178072" "Mozilla/5.0 (X11; Linux x86_64) AppleWebKit/537.36 (KHTML, like Gecko) Chrome/140.0.7339.207 Safari/537.36" 
209.85.238.133 - - [28/Oct/2025:18:50:41 -0700] "GET /wp-content/plugins/elementskit-lite/widgets/init/assets/js/widget-scripts.js?ver=3.7.5 HTTP/1.1" 200 43153 "https://www.elconferencista.com/?213678%3Fproducts=0000178072" "Mozilla/5.0 (X11; Linux x86_64) AppleWebKit/537.36 (KHTML, like Gecko) Chrome/140.0.7339.207 Safari/537.36" 
209.85.238.133 - - [28/Oct/2025:18:50:42 -0700] "GET /wp-content/plugins/elementskit-lite/widgets/init/assets/js/animate-circle.min.js?ver=3.7.5 HTTP/1.1" 200 882 "https://www.elconferencista.com/?213678%3Fproducts=0000178072" "Mozilla/5.0 (X11; Linux x86_64) AppleWebKit/537.36 (KHTML, like Gecko) Chrome/140.0.7339.207 Safari/537.36" 
209.85.238.133 - - [28/Oct/2025:18:50:43 -0700] "GET /wp-content/plugins/elementskit-lite/libs/framework/assets/js/frontend-script.js?ver=3.7.5 HTTP/1.1" 200 440 "https://www.elconferencista.com/?213678%3Fproducts=0000178072" "Mozilla/5.0 (X11; Linux x86_64) AppleWebKit/537.36 (KHTML, like Gecko) Chrome/140.0.7339.207 Safari/537.36" 
209.85.238.133 - - [28/Oct/2025:18:50:43 -0700] "GET /wp-content/plugins/elementskit-lite/widgets/init/assets/js/elementor.js?ver=3.7.5 HTTP/1.1" 200 6494 "https://www.elconferencista.com/?213678%3Fproducts=0000178072" "Mozilla/5.0 (X11; Linux x86_64) AppleWebKit/537.36 (KHTML, like Gecko) Chrome/140.0.7339.207 Safari/537.36" 
209.85.238.133 - - [28/Oct/2025:18:50:44 -0700] "GET /wp-content/uploads/2022/09/eventum-img1.jpg HTTP/1.1" 200 204467 "https://www.elconferencista.com/wp-content/uploads/elementor/css/post-11.css?ver=1761682540" "Mozilla/5.0 (X11; Linux x86_64) AppleWebKit/537.36 (KHTML, like Gecko) Chrome/140.0.7339.207 Safari/537.36" 
209.85.238.133 - - [28/Oct/2025:18:50:45 -0700] "GET /wp-content/uploads/2022/09/circle.png HTTP/1.1" 200 12192 "https://www.elconferencista.com/wp-content/uploads/elementor/css/post-11.css?ver=1761682540" "Mozilla/5.0 (X11; Linux x86_64) AppleWebKit/537.36 (KHTML, like Gecko) Chrome/140.0.7339.207 Safari/537.36" 
209.85.238.133 - - [28/Oct/2025:18:50:46 -0700] "GET /wp-content/uploads/elementor/google-fonts/fonts/roboto-kfo7cnqeu92fr1me7ksn66agldtyluama3yuba.woff2 HTTP/1.1" 200 40637 "https://www.elconferencista.com/wp-content/uploads/elementor/google-fonts/css/roboto.css?ver=1742243097" "Mozilla/5.0 (X11; Linux x86_64) AppleWebKit/537.36 (KHTML, like Gecko) Chrome/140.0.7339.207 Safari/537.36" 
209.85.238.133 - - [28/Oct/2025:18:50:46 -0700] "GET /wp-content/uploads/elementor/google-fonts/fonts/robotoslab-bngmuxzytxpivibgjjsb6ufn5qu.woff2 HTTP/1.1" 200 34815 "https://www.elconferencista.com/wp-content/uploads/elementor/google-fonts/css/robotoslab.css?ver=1742243104" "Mozilla/5.0 (X11; Linux x86_64) AppleWebKit/537.36 (KHTML, like Gecko) Chrome/140.0.7339.207 Safari/537.36" 
209.85.238.133 - - [28/Oct/2025:18:50:47 -0700] "GET /wp-content/plugins/elementskit-lite/modules/elementskit-icon-pack/assets/fonts/elementskit.woff?itek3h HTTP/1.1" 200 461954 "https://www.elconferencista.com/wp-content/plugins/elementskit-lite/modules/elementskit-icon-pack/assets/css/ekiticons.css?ver=3.7.5" "Mozilla/5.0 (X11; Linux x86_64) AppleWebKit/537.36 (KHTML, like Gecko) Chrome/140.0.7339.207 Safari/537.36" 
209.85.238.133 - - [28/Oct/2025:18:50:48 -0700] "GET /wp-content/uploads/elementor/google-fonts/fonts/roboto-kfo5cnqeu92fr1mu53zec9_vu3r1gihoszmkbnka.woff2 HTTP/1.1" 200 44701 "https://www.elconferencista.com/wp-content/uploads/elementor/google-fonts/css/roboto.css?ver=1742243097" "Mozilla/5.0 (X11; Linux x86_64) AppleWebKit/537.36 (KHTML, like Gecko) Chrome/140.0.7339.207 Safari/537.36" 
209.85.238.133 - - [28/Oct/2025:18:50:48 -0700] "GET /wp-content/uploads/2022/09/PICH-e1664325490429.png HTTP/1.1" 200 122666 "https://www.elconferencista.com/?213678%3Fproducts=0000178072" "Mozilla/5.0 (X11; Linux x86_64) AppleWebKit/537.36 (KHTML, like Gecko) Chrome/140.0.7339.207 Safari/537.36" 
209.85.238.133 - - [28/Oct/2025:18:50:49 -0700] "GET /wp-includes/js/wp-emoji-release.min.js?ver=6.8.3 HTTP/1.1" 200 5666 "https://www.elconferencista.com/?213678%3Fproducts=0000178072" "Mozilla/5.0 (X11; Linux x86_64) AppleWebKit/537.36 (KHTML, like Gecko) Chrome/140.0.7339.207 Safari/537.36" 
209.85.238.133 - - [28/Oct/2025:18:50:50 -0700] "GET /wp-content/plugins/elementor/assets/js/lightbox.408665be3d65f6ab17f0.bundle.min.js HTTP/1.1" 200 9947 "https://www.elconferencista.com/?213678%3Fproducts=0000178072" "Mozilla/5.0 (X11; Linux x86_64) AppleWebKit/537.36 (KHTML, like Gecko) Chrome/140.0.7339.207 Safari/537.36" 
209.85.238.133 - - [28/Oct/2025:18:50:50 -0700] "GET /wp-content/plugins/elementor/assets/css/conditionals/dialog.min.css?ver=3.32.5 HTTP/1.1" 200 2028 "https://www.elconferencista.com/?213678%3Fproducts=0000178072" "Mozilla/5.0 (X11; Linux x86_64) AppleWebKit/537.36 (KHTML, like Gecko) Chrome/140.0.7339.207 Safari/537.36" 
209.85.238.134 - - [28/Oct/2025:18:50:51 -0700] "GET /wp-content/plugins/elementor/assets/lib/dialog/dialog.min.js?ver=4.9.3 HTTP/1.1" 200 7590 "https://www.elconferencista.com/?213678%3Fproducts=0000178072" "Mozilla/5.0 (X11; Linux x86_64) AppleWebKit/537.36 (KHTML, like Gecko) Chrome/140.0.7339.207 Safari/537.36" 
209.85.238.134 - - [28/Oct/2025:18:50:52 -0700] "GET /wp-content/plugins/elementor/assets/css/conditionals/lightbox.min.css?ver=3.32.5 HTTP/1.1" 200 2410 "https://www.elconferencista.com/?213678%3Fproducts=0000178072" "Mozilla/5.0 (X11; Linux x86_64) AppleWebKit/537.36 (KHTML, like Gecko) Chrome/140.0.7339.207 Safari/537.36" 
209.85.238.133 - - [28/Oct/2025:18:50:52 -0700] "GET /wp-content/plugins/elementor/assets/lib/share-link/share-link.min.js?ver=3.32.5 HTTP/1.1" 200 1601 "https://www.elconferencista.com/?213678%3Fproducts=0000178072" "Mozilla/5.0 (X11; Linux x86_64) AppleWebKit/537.36 (KHTML, like Gecko) Chrome/140.0.7339.207 Safari/537.36" 
209.85.238.133 - - [28/Oct/2025:18:50:53 -0700] "GET /wp-content/plugins/elementor/assets/js/section-frontend-handlers.d85ab872da118940910d.bundle.min.js HTTP/1.1" 200 729 "https://www.elconferencista.com/?213678%3Fproducts=0000178072" "Mozilla/5.0 (X11; Linux x86_64) AppleWebKit/537.36 (KHTML, like Gecko) Chrome/140.0.7339.207 Safari/537.36" 
209.85.238.134 - - [28/Oct/2025:18:50:54 -0700] "GET /wp-content/plugins/elementor/assets/js/shared-frontend-handlers.4c8abccc3e268b0767b2.bundle.min.js HTTP/1.1" 200 3132 "https://www.elconferencista.com/?213678%3Fproducts=0000178072" "Mozilla/5.0 (X11; Linux x86_64) AppleWebKit/537.36 (KHTML, like Gecko) Chrome/140.0.7339.207 Safari/537.36" 
209.85.238.134 - - [28/Oct/2025:18:50:54 -0700] "GET /wp-content/plugins/elementor/assets/js/counter.12335f45aaa79d244f24.bundle.min.js HTTP/1.1" 200 937 "https://www.elconferencista.com/?213678%3Fproducts=0000178072" "Mozilla/5.0 (X11; Linux x86_64) AppleWebKit/537.36 (KHTML, like Gecko) Chrome/140.0.7339.207 Safari/537.36" 
209.85.238.134 - - [28/Oct/2025:18:50:55 -0700] "GET /wp-content/plugins/elementor-pro/assets/js/gallery.1628df47530ab42dafba.bundle.min.js HTTP/1.1" 200 2236 "https://www.elconferencista.com/?213678%3Fproducts=0000178072" "Mozilla/5.0 (X11; Linux x86_64) AppleWebKit/537.36 (KHTML, like Gecko) Chrome/140.0.7339.207 Safari/537.36" 
209.85.238.134 - - [28/Oct/2025:18:50:56 -0700] "GET /wp-content/plugins/elementor/assets/js/text-editor.abc8f59c62f2820dc25a.bundle.min.js HTTP/1.1" 200 1114 "https://www.elconferencista.com/?213678%3Fproducts=0000178072" "Mozilla/5.0 (X11; Linux x86_64) AppleWebKit/537.36 (KHTML, like Gecko) Chrome/140.0.7339.207 Safari/537.36" 
209.85.238.134 - - [28/Oct/2025:18:50:56 -0700] "GET /wp-content/plugins/elementor/assets/js/video.87291d1f5076f8939c18.bundle.min.js HTTP/1.1" 200 1750 "https://www.elconferencista.com/?213678%3Fproducts=0000178072" "Mozilla/5.0 (X11; Linux x86_64) AppleWebKit/537.36 (KHTML, like Gecko) Chrome/140.0.7339.207 Safari/537.36" 
209.85.238.133 - - [28/Oct/2025:18:50:57 -0700] "GET /wp-content/plugins/elementor-pro/assets/js/form.5fb35271b8ba3fb1e7d6.bundle.min.js HTTP/1.1" 200 5706 "https://www.elconferencista.com/?213678%3Fproducts=0000178072" "Mozilla/5.0 (X11; Linux x86_64) AppleWebKit/537.36 (KHTML, like Gecko) Chrome/140.0.7339.207 Safari/537.36" 
