185.117.225.163 - - [26/Oct/2025:19:46:33 -0700] "GET /wp-content/plugins/elementor/assets/css/widget-icon-list.min.css?ver=3.32.5 HTTP/2.0" 200 1168 "https://www.elconferencista.com/" "Mozilla/5.0 (compatible; BitSightBot/1.0)" 
185.117.225.163 - - [26/Oct/2025:19:46:33 -0700] "GET /wp-content/plugins/whatsapp-for-wordpress/assets/dist/css/style.css?ver=6.8.3 HTTP/2.0" 200 5986 "https://www.elconferencista.com/" "Mozilla/5.0 (compatible; BitSightBot/1.0)" 
185.117.225.163 - - [26/Oct/2025:19:46:33 -0700] "GET /wp-content/plugins/elementor-pro/assets/css/widget-gallery.min.css?ver=3.32.3 HTTP/2.0" 200 1198 "https://www.elconferencista.com/" "Mozilla/5.0 (compatible; BitSightBot/1.0)" 
185.117.225.163 - - [26/Oct/2025:19:46:33 -0700] "GET /wp-content/uploads/elementor/google-fonts/css/roboto.css?ver=1742243097 HTTP/2.0" 200 3112 "https://www.elconferencista.com/" "Mozilla/5.0 (compatible; BitSightBot/1.0)" 
185.117.225.163 - - [26/Oct/2025:19:46:33 -0700] "GET /wp-content/plugins/elementor-pro/assets/css/conditionals/transitions.min.css?ver=3.32.3 HTTP/2.0" 200 743 "https://www.elconferencista.com/" "Mozilla/5.0 (compatible; BitSightBot/1.0)" 
185.117.225.163 - - [26/Oct/2025:19:46:33 -0700] "GET /wp-content/plugins/elementor/assets/css/widget-counter.min.css?ver=3.32.5 HTTP/2.0" 200 361 "https://www.elconferencista.com/" "Mozilla/5.0 (compatible; BitSightBot/1.0)" 
185.117.225.163 - - [26/Oct/2025:19:46:33 -0700] "GET /wp-content/plugins/elementor/assets/lib/e-gallery/css/e-gallery.min.css?ver=1.2.0 HTTP/2.0" 200 925 "https://www.elconferencista.com/" "Mozilla/5.0 (compatible; BitSightBot/1.0)" 
185.117.225.163 - - [26/Oct/2025:19:46:33 -0700] "GET /wp-content/plugins/elementor/assets/lib/swiper/v8/css/swiper.min.css?ver=8.4.5 HTTP/2.0" 200 4516 "https://www.elconferencista.com/" "Mozilla/5.0 (compatible; BitSightBot/1.0)" 
185.117.225.163 - - [26/Oct/2025:19:46:33 -0700] "GET /wp-content/plugins/elementor/assets/css/conditionals/e-swiper.min.css?ver=3.32.5 HTTP/2.0" 200 859 "https://www.elconferencista.com/" "Mozilla/5.0 (compatible; BitSightBot/1.0)" 
185.117.225.163 - - [26/Oct/2025:19:46:33 -0700] "GET /wp-content/plugins/elementor-pro/assets/css/modules/sticky.min.css?ver=3.32.3 HTTP/2.0" 200 170 "https://www.elconferencista.com/" "Mozilla/5.0 (compatible; BitSightBot/1.0)" 
185.117.225.163 - - [26/Oct/2025:19:46:33 -0700] "GET /wp-content/plugins/elementor/assets/lib/animations/styles/fadeInUp.min.css?ver=3.32.5 HTTP/2.0" 200 171 "https://www.elconferencista.com/" "Mozilla/5.0 (compatible; BitSightBot/1.0)" 
185.117.225.163 - - [26/Oct/2025:19:46:33 -0700] "GET /wp-content/plugins/elementor/assets/css/widget-social-icons.min.css?ver=3.32.5 HTTP/2.0" 200 1226 "https://www.elconferencista.com/" "Mozilla/5.0 (compatible; BitSightBot/1.0)" 
185.117.225.163 - - [26/Oct/2025:19:46:33 -0700] "GET /wp-content/uploads/elementor/css/post-7.css?ver=1761338615 HTTP/2.0" 200 476 "https://www.elconferencista.com/" "Mozilla/5.0 (compatible; BitSightBot/1.0)" 
185.117.225.163 - - [26/Oct/2025:19:46:33 -0700] "GET /wp-content/plugins/elementor/assets/lib/animations/styles/fadeInDown.min.css?ver=3.32.5 HTTP/2.0" 200 174 "https://www.elconferencista.com/" "Mozilla/5.0 (compatible; BitSightBot/1.0)" 
185.117.225.163 - - [26/Oct/2025:19:46:33 -0700] "GET /wp-content/plugins/elementor/assets/lib/font-awesome/css/v4-shims.min.css?ver=3.32.5 HTTP/2.0" 200 4339 "https://www.elconferencista.com/" "Mozilla/5.0 (compatible; BitSightBot/1.0)" 
185.117.225.163 - - [26/Oct/2025:19:46:33 -0700] "GET /wp-content/plugins/elementor/assets/lib/font-awesome/css/all.min.css?ver=3.32.5 HTTP/2.0" 200 12905 "https://www.elconferencista.com/" "Mozilla/5.0 (compatible; BitSightBot/1.0)" 
185.117.225.163 - - [26/Oct/2025:19:46:33 -0700] "GET /wp-content/plugins/elementor/assets/css/frontend.min.css?ver=3.32.5 HTTP/2.0" 200 7452 "https://www.elconferencista.com/" "Mozilla/5.0 (compatible; BitSightBot/1.0)" 
185.117.225.163 - - [26/Oct/2025:19:46:33 -0700] "GET /wp-content/plugins/elementor/assets/css/conditionals/shapes.min.css?ver=3.32.5 HTTP/2.0" 200 344 "https://www.elconferencista.com/" "Mozilla/5.0 (compatible; BitSightBot/1.0)" 
185.117.225.163 - - [26/Oct/2025:19:46:33 -0700] "GET /wp-includes/js/mediaelement/wp-mediaelement.min.css?ver=6.8.3 HTTP/2.0" 200 1240 "https://www.elconferencista.com/" "Mozilla/5.0 (compatible; BitSightBot/1.0)" 
185.117.225.163 - - [26/Oct/2025:19:46:33 -0700] "GET /wp-content/plugins/elementor/assets/css/conditionals/apple-webkit.min.css?ver=3.32.5 HTTP/2.0" 200 619 "https://www.elconferencista.com/" "Mozilla/5.0 (compatible; BitSightBot/1.0)" 
185.117.225.163 - - [26/Oct/2025:19:46:33 -0700] "GET /wp-content/plugins/elementor/assets/css/widget-image.min.css?ver=3.32.5 HTTP/2.0" 200 219 "https://www.elconferencista.com/" "Mozilla/5.0 (compatible; BitSightBot/1.0)" 
185.117.225.163 - - [26/Oct/2025:19:46:33 -0700] "GET /wp-content/plugins/elementor/assets/css/widget-icon-box.min.css?ver=3.32.5 HTTP/2.0" 200 567 "https://www.elconferencista.com/" "Mozilla/5.0 (compatible; BitSightBot/1.0)" 
185.117.225.163 - - [26/Oct/2025:19:46:33 -0700] "GET /wp-content/uploads/elementor/css/post-219.css?ver=1761338617 HTTP/2.0" 200 1815 "https://www.elconferencista.com/" "Mozilla/5.0 (compatible; BitSightBot/1.0)" 
185.117.225.163 - - [26/Oct/2025:19:46:33 -0700] "GET /wp-content/plugins/elementor-pro/assets/css/widget-form.min.css?ver=3.32.3 HTTP/2.0" 200 1645 "https://www.elconferencista.com/" "Mozilla/5.0 (compatible; BitSightBot/1.0)" 
185.117.225.163 - - [26/Oct/2025:19:46:33 -0700] "GET /wp-content/uploads/elementor/css/post-11.css?ver=1761338617 HTTP/2.0" 200 4727 "https://www.elconferencista.com/" "Mozilla/5.0 (compatible; BitSightBot/1.0)" 
185.117.225.163 - - [26/Oct/2025:19:46:33 -0700] "GET /wp-content/plugins/elementskit-lite/widgets/init/assets/css/responsive.css?ver=3.7.4 HTTP/2.0" 200 3331 "https://www.elconferencista.com/" "Mozilla/5.0 (compatible; BitSightBot/1.0)" 
185.117.225.163 - - [26/Oct/2025:19:46:33 -0700] "GET /wp-content/plugins/elementor/assets/css/widget-video.min.css?ver=3.32.5 HTTP/2.0" 200 487 "https://www.elconferencista.com/" "Mozilla/5.0 (compatible; BitSightBot/1.0)" 
185.117.225.163 - - [26/Oct/2025:19:46:33 -0700] "GET /wp-content/uploads/elementor/css/post-613.css?ver=1761338617 HTTP/2.0" 200 1321 "https://www.elconferencista.com/" "Mozilla/5.0 (compatible; BitSightBot/1.0)" 
185.117.225.163 - - [26/Oct/2025:19:46:33 -0700] "GET /wp-content/plugins/elementor/assets/lib/animations/styles/fadeInRight.min.css?ver=3.32.5 HTTP/2.0" 200 174 "https://www.elconferencista.com/" "Mozilla/5.0 (compatible; BitSightBot/1.0)" 
185.117.225.163 - - [26/Oct/2025:19:46:33 -0700] "GET /wp-content/plugins/elementor/assets/lib/animations/styles/fadeIn.min.css?ver=3.32.5 HTTP/2.0" 200 133 "https://www.elconferencista.com/" "Mozilla/5.0 (compatible; BitSightBot/1.0)" 
185.117.225.163 - - [26/Oct/2025:19:46:33 -0700] "GET /wp-content/plugins/elementor/assets/css/widget-divider.min.css?ver=3.32.5 HTTP/2.0" 200 835 "https://www.elconferencista.com/" "Mozilla/5.0 (compatible; BitSightBot/1.0)" 
185.117.225.163 - - [26/Oct/2025:19:46:33 -0700] "GET /wp-content/plugins/elementskit-lite/widgets/init/assets/css/widget-styles.css?ver=3.7.4 HTTP/2.0" 200 53660 "https://www.elconferencista.com/" "Mozilla/5.0 (compatible; BitSightBot/1.0)" 
185.117.225.163 - - [26/Oct/2025:19:46:40 -0700] "GET /robots.txt HTTP/1.1" 200 3890 "-" "python-requests/2.31.0" 
185.117.225.163 - - [26/Oct/2025:19:46:40 -0700] "GET /wp-admin.php HTTP/2.0" 404 109991 "-" "Mozilla/5.0 (compatible; BitSightBot/1.0)" 
185.117.225.163 - - [26/Oct/2025:19:46:44 -0700] "GET /wp-content/themes/astra/assets/css/minified/main.min.css?ver=4.9.2 HTTP/2.0" 200 9131 "https://www.elconferencista.com/wp-admin.php" "Mozilla/5.0 (compatible; BitSightBot/1.0)" 
185.117.225.163 - - [26/Oct/2025:19:46:44 -0700] "GET /wp-content/plugins/whatsapp-for-wordpress/assets/dist/css/style.css?ver=6.8.3 HTTP/2.0" 200 5986 "https://www.elconferencista.com/wp-admin.php" "Mozilla/5.0 (compatible; BitSightBot/1.0)" 
185.117.225.163 - - [26/Oct/2025:19:46:44 -0700] "GET /wp-includes/css/dist/block-library/style.min.css?ver=6.8.3 HTTP/2.0" 200 15926 "https://www.elconferencista.com/wp-admin.php" "Mozilla/5.0 (compatible; BitSightBot/1.0)" 
185.117.225.163 - - [26/Oct/2025:19:46:44 -0700] "GET /wp-content/plugins/jet-engine/assets/css/frontend.css?ver=3.6.6.1 HTTP/2.0" 200 8004 "https://www.elconferencista.com/wp-admin.php" "Mozilla/5.0 (compatible; BitSightBot/1.0)" 
185.117.225.163 - - [26/Oct/2025:19:46:44 -0700] "GET /wp-content/plugins/elementor-pro/assets/css/modules/sticky.min.css?ver=3.32.3 HTTP/2.0" 200 193 "https://www.elconferencista.com/wp-admin.php" "Mozilla/5.0 (compatible; BitSightBot/1.0)" 
185.117.225.163 - - [26/Oct/2025:19:46:44 -0700] "GET /wp-content/plugins/elementor/assets/css/widget-image.min.css?ver=3.32.5 HTTP/2.0" 200 242 "https://www.elconferencista.com/wp-admin.php" "Mozilla/5.0 (compatible; BitSightBot/1.0)" 
185.117.225.163 - - [26/Oct/2025:19:46:44 -0700] "GET /wp-content/plugins/elementor/assets/css/frontend.min.css?ver=3.32.5 HTTP/2.0" 200 7452 "https://www.elconferencista.com/wp-admin.php" "Mozilla/5.0 (compatible; BitSightBot/1.0)" 
185.117.225.163 - - [26/Oct/2025:19:46:44 -0700] "GET /wp-content/plugins/elementor/assets/css/widget-heading.min.css?ver=3.32.5 HTTP/2.0" 200 244 "https://www.elconferencista.com/wp-admin.php" "Mozilla/5.0 (compatible; BitSightBot/1.0)" 
185.117.225.163 - - [26/Oct/2025:19:46:44 -0700] "GET /wp-content/plugins/elementor/assets/lib/animations/styles/fadeIn.min.css?ver=3.32.5 HTTP/2.0" 200 156 "https://www.elconferencista.com/wp-admin.php" "Mozilla/5.0 (compatible; BitSightBot/1.0)" 
185.117.225.163 - - [26/Oct/2025:19:46:44 -0700] "GET /wp-content/plugins/elementor/assets/css/widget-social-icons.min.css?ver=3.32.5 HTTP/2.0" 200 1226 "https://www.elconferencista.com/wp-admin.php" "Mozilla/5.0 (compatible; BitSightBot/1.0)" 
185.117.225.163 - - [26/Oct/2025:19:46:44 -0700] "GET /wp-content/plugins/elementor/assets/css/conditionals/apple-webkit.min.css?ver=3.32.5 HTTP/2.0" 200 619 "https://www.elconferencista.com/wp-admin.php" "Mozilla/5.0 (compatible; BitSightBot/1.0)" 
185.117.225.163 - - [26/Oct/2025:19:46:44 -0700] "GET /wp-content/plugins/elementor/assets/lib/font-awesome/css/all.min.css?ver=3.32.5 HTTP/2.0" 200 12905 "https://www.elconferencista.com/wp-admin.php" "Mozilla/5.0 (compatible; BitSightBot/1.0)" 
185.117.225.163 - - [26/Oct/2025:19:46:44 -0700] "GET /wp-content/uploads/elementor/css/post-7.css?ver=1761338615 HTTP/2.0" 200 476 "https://www.elconferencista.com/wp-admin.php" "Mozilla/5.0 (compatible; BitSightBot/1.0)" 
185.117.225.163 - - [26/Oct/2025:19:46:44 -0700] "GET /wp-content/uploads/elementor/css/post-219.css?ver=1761338617 HTTP/2.0" 200 1815 "https://www.elconferencista.com/wp-admin.php" "Mozilla/5.0 (compatible; BitSightBot/1.0)" 
185.117.225.163 - - [26/Oct/2025:19:46:44 -0700] "GET /wp-content/plugins/elementskit-lite/widgets/init/assets/css/widget-styles.css?ver=3.7.4 HTTP/2.0" 200 53692 "https://www.elconferencista.com/wp-admin.php" "Mozilla/5.0 (compatible; BitSightBot/1.0)" 
185.117.225.163 - - [26/Oct/2025:19:46:44 -0700] "GET /wp-content/plugins/elementskit-lite/widgets/init/assets/css/responsive.css?ver=3.7.4 HTTP/2.0" 200 3331 "https://www.elconferencista.com/wp-admin.php" "Mozilla/5.0 (compatible; BitSightBot/1.0)" 
185.117.225.163 - - [26/Oct/2025:19:46:44 -0700] "GET /wp-content/plugins/elementor/assets/lib/font-awesome/css/v4-shims.min.css?ver=3.32.5 HTTP/2.0" 200 4339 "https://www.elconferencista.com/wp-admin.php" "Mozilla/5.0 (compatible; BitSightBot/1.0)" 
185.117.225.163 - - [26/Oct/2025:19:46:44 -0700] "GET /wp-includes/js/jquery/jquery.min.js?ver=3.7.1 HTTP/2.0" 200 31008 "https://www.elconferencista.com/wp-admin.php" "Mozilla/5.0 (compatible; BitSightBot/1.0)" 
185.117.225.163 - - [26/Oct/2025:19:46:44 -0700] "GET /wp-content/uploads/elementor/css/post-613.css?ver=1761338617 HTTP/2.0" 200 1321 "https://www.elconferencista.com/wp-admin.php" "Mozilla/5.0 (compatible; BitSightBot/1.0)" 
185.117.225.163 - - [26/Oct/2025:19:46:44 -0700] "GET /wp-includes/js/jquery/jquery-migrate.min.js?ver=3.4.1 HTTP/2.0" 200 4986 "https://www.elconferencista.com/wp-admin.php" "Mozilla/5.0 (compatible; BitSightBot/1.0)" 
185.117.225.163 - - [26/Oct/2025:19:46:44 -0700] "GET /wp-content/plugins/elementor/assets/lib/font-awesome/js/v4-shims.min.js?ver=3.32.5 HTTP/2.0" 200 4309 "https://www.elconferencista.com/wp-admin.php" "Mozilla/5.0 (compatible; BitSightBot/1.0)" 
185.117.225.163 - - [26/Oct/2025:19:46:44 -0700] "GET /wp-content/uploads/elementor/google-fonts/css/roboto.css?ver=1742243097 HTTP/2.0" 200 3112 "https://www.elconferencista.com/wp-admin.php" "Mozilla/5.0 (compatible; BitSightBot/1.0)" 
185.117.225.163 - - [26/Oct/2025:19:46:44 -0700] "GET /wp-content/uploads/elementor/google-fonts/css/robotoslab.css?ver=1742243104 HTTP/2.0" 200 1027 "https://www.elconferencista.com/wp-admin.php" "Mozilla/5.0 (compatible; BitSightBot/1.0)" 
185.117.225.163 - - [26/Oct/2025:19:46:44 -0700] "GET /wp-content/uploads/2022/09/logo-edner-granados-rojo.jpeg HTTP/2.0" 200 90386 "https://www.elconferencista.com/wp-admin.php" "Mozilla/5.0 (compatible; BitSightBot/1.0)" 
185.117.225.163 - - [26/Oct/2025:19:46:44 -0700] "GET /wp-content/plugins/elementskit-lite/modules/elementskit-icon-pack/assets/css/ekiticons.css?ver=3.7.4 HTTP/2.0" 200 13219 "https://www.elconferencista.com/wp-admin.php" "Mozilla/5.0 (compatible; BitSightBot/1.0)" 
185.117.225.163 - - [26/Oct/2025:19:46:44 -0700] "GET /wp-content/themes/astra/assets/js/minified/frontend.min.js?ver=4.9.2 HTTP/2.0" 200 6066 "https://www.elconferencista.com/wp-admin.php" "Mozilla/5.0 (compatible; BitSightBot/1.0)" 
185.117.225.163 - - [26/Oct/2025:19:46:44 -0700] "GET /wp-content/plugins/whatsapp-for-wordpress/assets/dist/js/njt-whatsapp.js?ver=3.1.2 HTTP/2.0" 200 31373 "https://www.elconferencista.com/wp-admin.php" "Mozilla/5.0 (compatible; BitSightBot/1.0)" 
185.117.225.163 - - [26/Oct/2025:19:46:44 -0700] "GET /wp-content/plugins/whatsapp-for-wordpress/assets/js/whatsapp-button.js?ver=3.1.2 HTTP/2.0" 200 507 "https://www.elconferencista.com/wp-admin.php" "Mozilla/5.0 (compatible; BitSightBot/1.0)" 
185.117.225.163 - - [26/Oct/2025:19:46:44 -0700] "GET /wp-content/plugins/elementor/assets/js/webpack.runtime.min.js?ver=3.32.5 HTTP/2.0" 200 2593 "https://www.elconferencista.com/wp-admin.php" "Mozilla/5.0 (compatible; BitSightBot/1.0)" 
185.117.225.163 - - [26/Oct/2025:19:46:44 -0700] "GET /wp-includes/js/jquery/ui/core.min.js?ver=1.13.3 HTTP/2.0" 200 7227 "https://www.elconferencista.com/wp-admin.php" "Mozilla/5.0 (compatible; BitSightBot/1.0)" 
185.117.225.163 - - [26/Oct/2025:19:46:44 -0700] "GET /wp-content/plugins/elementor/assets/js/frontend-modules.min.js?ver=3.32.5 HTTP/2.0" 200 19013 "https://www.elconferencista.com/wp-admin.php" "Mozilla/5.0 (compatible; BitSightBot/1.0)" 
185.117.225.163 - - [26/Oct/2025:19:46:44 -0700] "GET /wp-content/plugins/elementskit-lite/libs/framework/assets/js/frontend-script.js?ver=3.7.4 HTTP/2.0" 200 109 "https://www.elconferencista.com/wp-admin.php" "Mozilla/5.0 (compatible; BitSightBot/1.0)" 
185.117.225.163 - - [26/Oct/2025:19:46:44 -0700] "GET /wp-content/plugins/elementor/assets/js/frontend.min.js?ver=3.32.5 HTTP/2.0" 200 10630 "https://www.elconferencista.com/wp-admin.php" "Mozilla/5.0 (compatible; BitSightBot/1.0)" 
185.117.225.163 - - [26/Oct/2025:19:46:44 -0700] "GET /wp-content/plugins/elementor-pro/assets/lib/sticky/jquery.sticky.min.js?ver=3.32.3 HTTP/2.0" 200 1599 "https://www.elconferencista.com/wp-admin.php" "Mozilla/5.0 (compatible; BitSightBot/1.0)" 
185.117.225.163 - - [26/Oct/2025:19:46:44 -0700] "GET /wp-content/plugins/elementskit-lite/widgets/init/assets/js/widget-scripts.js?ver=3.7.4 HTTP/2.0" 200 42513 "https://www.elconferencista.com/wp-admin.php" "Mozilla/5.0 (compatible; BitSightBot/1.0)" 
185.117.225.163 - - [26/Oct/2025:19:46:44 -0700] "GET /wp-content/plugins/whatsapp-for-wordpress/assets/js/whatsapp-popup.js?ver=6.8.3 HTTP/2.0" 200 345 "https://www.elconferencista.com/wp-admin.php" "Mozilla/5.0 (compatible; BitSightBot/1.0)" 
185.117.225.163 - - [26/Oct/2025:19:46:44 -0700] "GET /wp-includes/js/dist/i18n.min.js?ver=5e580eb46a90c2b997e6 HTTP/2.0" 200 3772 "https://www.elconferencista.com/wp-admin.php" "Mozilla/5.0 (compatible; BitSightBot/1.0)" 
185.117.225.163 - - [26/Oct/2025:19:46:44 -0700] "GET /wp-content/plugins/elementor-pro/assets/js/webpack-pro.runtime.min.js?ver=3.32.3 HTTP/2.0" 200 2904 "https://www.elconferencista.com/wp-admin.php" "Mozilla/5.0 (compatible; BitSightBot/1.0)" 
185.117.225.163 - - [26/Oct/2025:19:46:44 -0700] "GET /wp-includes/js/dist/hooks.min.js?ver=4d63a3d491d11ffd8ac6 HTTP/2.0" 200 1728 "https://www.elconferencista.com/wp-admin.php" "Mozilla/5.0 (compatible; BitSightBot/1.0)" 
185.117.225.163 - - [26/Oct/2025:19:46:44 -0700] "GET /wp-content/plugins/elementor-pro/assets/js/frontend.min.js?ver=3.32.3 HTTP/2.0" 200 6705 "https://www.elconferencista.com/wp-admin.php" "Mozilla/5.0 (compatible; BitSightBot/1.0)" 
185.117.225.163 - - [26/Oct/2025:19:46:44 -0700] "GET /wp-content/plugins/elementor-pro/assets/js/elements-handlers.min.js?ver=3.32.3 HTTP/2.0" 200 10873 "https://www.elconferencista.com/wp-admin.php" "Mozilla/5.0 (compatible; BitSightBot/1.0)" 
185.117.225.163 - - [26/Oct/2025:19:46:44 -0700] "GET /wp-content/plugins/elementskit-lite/widgets/init/assets/js/animate-circle.min.js?ver=3.7.4 HTTP/2.0" 200 507 "https://www.elconferencista.com/wp-admin.php" "Mozilla/5.0 (compatible; BitSightBot/1.0)" 
185.117.225.163 - - [26/Oct/2025:19:46:44 -0700] "GET /wp-content/plugins/elementskit-lite/widgets/init/assets/js/elementor.js?ver=3.7.4 HTTP/2.0" 200 6118 "https://www.elconferencista.com/wp-admin.php" "Mozilla/5.0 (compatible; BitSightBot/1.0)" 
185.117.225.163 - - [26/Oct/2025:19:46:44 -0700] "GET /wp-content/uploads/elementor/google-fonts/fonts/roboto-kfo7cnqeu92fr1me7ksn66agldtyluama3yuba.woff2 HTTP/2.0" 200 40242 "https://www.elconferencista.com/wp-content/uploads/elementor/google-fonts/css/roboto.css?ver=1742243097" "Mozilla/5.0 (compatible; BitSightBot/1.0)" 
185.117.225.163 - - [26/Oct/2025:19:46:44 -0700] "GET /wp-content/uploads/elementor/google-fonts/fonts/roboto-kfo5cnqeu92fr1mu53zec9_vu3r1gihoszmkbnka.woff2 HTTP/2.0" 200 44286 "https://www.elconferencista.com/wp-content/uploads/elementor/google-fonts/css/roboto.css?ver=1742243097" "Mozilla/5.0 (compatible; BitSightBot/1.0)" 
185.117.225.163 - - [26/Oct/2025:19:46:44 -0700] "GET /wp-includes/js/wp-emoji-release.min.js?ver=6.8.3 HTTP/2.0" 200 5290 "https://www.elconferencista.com/wp-admin.php" "Mozilla/5.0 (compatible; BitSightBot/1.0)" 
185.117.225.163 - - [26/Oct/2025:19:46:44 -0700] "GET /wp-content/uploads/2022/09/PICH-e1664325490429.png HTTP/2.0" 200 122083 "https://www.elconferencista.com/wp-admin.php" "Mozilla/5.0 (compatible; BitSightBot/1.0)" 
185.117.225.163 - - [26/Oct/2025:19:46:45 -0700] "GET /wp-content/plugins/elementor/assets/js/section-frontend-handlers.d85ab872da118940910d.bundle.min.js HTTP/2.0" 200 400 "https://www.elconferencista.com/wp-admin.php" "Mozilla/5.0 (compatible; BitSightBot/1.0)" 
185.117.225.163 - - [26/Oct/2025:19:46:45 -0700] "GET /wp-content/plugins/elementor/assets/js/shared-frontend-handlers.4c8abccc3e268b0767b2.bundle.min.js HTTP/2.0" 200 2755 "https://www.elconferencista.com/wp-admin.php" "Mozilla/5.0 (compatible; BitSightBot/1.0)" 
185.117.225.163 - - [26/Oct/2025:19:46:45 -0700] "GET /wp-content/plugins/elementor/assets/js/text-editor.abc8f59c62f2820dc25a.bundle.min.js HTTP/2.0" 200 739 "https://www.elconferencista.com/wp-admin.php" "Mozilla/5.0 (compatible; BitSightBot/1.0)" 
185.117.225.163 - - [26/Oct/2025:19:46:48 -0700] "GET /robots.txt HTTP/1.1" 200 3890 "-" "python-requests/2.31.0" 
185.117.225.163 - - [26/Oct/2025:19:46:48 -0700] "GET /wp-login.php HTTP/2.0" 200 3456 "-" "Mozilla/5.0 (compatible; BitSightBot/1.0)" 
185.117.225.163 - - [26/Oct/2025:19:46:49 -0700] "GET /wp-admin/css/forms.min.css?ver=6.8.3 HTTP/2.0" 200 6952 "https://www.elconferencista.com/wp-login.php" "Mozilla/5.0 (compatible; BitSightBot/1.0)" 
185.117.225.163 - - [26/Oct/2025:19:46:49 -0700] "GET /wp-admin/css/login.min.css?ver=6.8.3 HTTP/2.0" 200 2256 "https://www.elconferencista.com/wp-login.php" "Mozilla/5.0 (compatible; BitSightBot/1.0)" 
185.117.225.163 - - [26/Oct/2025:19:46:49 -0700] "GET /wp-admin/css/l10n.min.css?ver=6.8.3 HTTP/2.0" 200 851 "https://www.elconferencista.com/wp-login.php" "Mozilla/5.0 (compatible; BitSightBot/1.0)" 
185.117.225.163 - - [26/Oct/2025:19:46:49 -0700] "GET /wp-includes/css/buttons.min.css?ver=6.8.3 HTTP/2.0" 200 1537 "https://www.elconferencista.com/wp-login.php" "Mozilla/5.0 (compatible; BitSightBot/1.0)" 
185.117.225.163 - - [26/Oct/2025:19:46:49 -0700] "GET /wp-includes/css/dashicons.min.css?ver=6.8.3 HTTP/2.0" 200 35885 "https://www.elconferencista.com/wp-login.php" "Mozilla/5.0 (compatible; BitSightBot/1.0)" 
185.117.225.163 - - [26/Oct/2025:19:46:49 -0700] "GET /wp-includes/js/jquery/jquery-migrate.min.js?ver=3.4.1 HTTP/2.0" 200 4963 "https://www.elconferencista.com/wp-login.php" "Mozilla/5.0 (compatible; BitSightBot/1.0)" 
185.117.225.163 - - [26/Oct/2025:19:46:49 -0700] "GET /wp-includes/js/clipboard.min.js?ver=2.0.11 HTTP/2.0" 200 3258 "https://www.elconferencista.com/wp-login.php" "Mozilla/5.0 (compatible; BitSightBot/1.0)" 
185.117.225.163 - - [26/Oct/2025:19:46:49 -0700] "GET /wp-includes/js/dist/hooks.min.js?ver=4d63a3d491d11ffd8ac6 HTTP/2.0" 200 1705 "https://www.elconferencista.com/wp-login.php" "Mozilla/5.0 (compatible; BitSightBot/1.0)" 
185.117.225.163 - - [26/Oct/2025:19:46:49 -0700] "GET /wp-includes/js/zxcvbn-async.min.js?ver=1.0 HTTP/2.0" 200 335 "https://www.elconferencista.com/wp-login.php" "Mozilla/5.0 (compatible; BitSightBot/1.0)" 
185.117.225.163 - - [26/Oct/2025:19:46:49 -0700] "GET /wp-includes/js/jquery/jquery.min.js?ver=3.7.1 HTTP/2.0" 200 30964 "https://www.elconferencista.com/wp-login.php" "Mozilla/5.0 (compatible; BitSightBot/1.0)" 
185.117.225.163 - - [26/Oct/2025:19:46:49 -0700] "GET /wp-admin/js/password-strength-meter.min.js?ver=6.8.3 HTTP/2.0" 200 699 "https://www.elconferencista.com/wp-login.php" "Mozilla/5.0 (compatible; BitSightBot/1.0)" 
185.117.225.163 - - [26/Oct/2025:19:46:49 -0700] "GET /wp-admin/js/user-profile.min.js?ver=6.8.3 HTTP/2.0" 200 2676 "https://www.elconferencista.com/wp-login.php" "Mozilla/5.0 (compatible; BitSightBot/1.0)" 
185.117.225.163 - - [26/Oct/2025:19:46:49 -0700] "GET /wp-includes/js/dist/i18n.min.js?ver=5e580eb46a90c2b997e6 HTTP/2.0" 200 3749 "https://www.elconferencista.com/wp-login.php" "Mozilla/5.0 (compatible; BitSightBot/1.0)" 
185.117.225.163 - - [26/Oct/2025:19:46:49 -0700] "GET /wp-includes/js/underscore.min.js?ver=1.13.7 HTTP/2.0" 200 7452 "https://www.elconferencista.com/wp-login.php" "Mozilla/5.0 (compatible; BitSightBot/1.0)" 
185.117.225.163 - - [26/Oct/2025:19:46:49 -0700] "GET /wp-includes/js/dist/dom-ready.min.js?ver=f77871ff7694fffea381 HTTP/2.0" 200 375 "https://www.elconferencista.com/wp-login.php" "Mozilla/5.0 (compatible; BitSightBot/1.0)" 
185.117.225.163 - - [26/Oct/2025:19:46:49 -0700] "GET /wp-includes/js/wp-util.min.js?ver=6.8.3 HTTP/2.0" 200 812 "https://www.elconferencista.com/wp-login.php" "Mozilla/5.0 (compatible; BitSightBot/1.0)" 
185.117.225.163 - - [26/Oct/2025:19:46:49 -0700] "GET /wp-includes/js/dist/a11y.min.js?ver=3156534cc54473497e14 HTTP/2.0" 200 1012 "https://www.elconferencista.com/wp-login.php" "Mozilla/5.0 (compatible; BitSightBot/1.0)" 
185.117.225.163 - - [26/Oct/2025:19:46:50 -0700] "GET /wp-admin/images/wordpress-logo.svg?ver=20131107 HTTP/2.0" 200 954 "https://www.elconferencista.com/wp-admin/css/login.min.css?ver=6.8.3" "Mozilla/5.0 (compatible; BitSightBot/1.0)" 
185.117.225.163 - - [26/Oct/2025:19:46:50 -0700] "GET /wp-includes/js/zxcvbn.min.js HTTP/2.0" 200 406568 "https://www.elconferencista.com/wp-login.php" "Mozilla/5.0 (compatible; BitSightBot/1.0)" 
185.117.225.163 - - [26/Oct/2025:19:46:52 -0700] "GET /robots.txt HTTP/1.1" 200 3890 "-" "python-requests/2.31.0" 
185.117.225.163 - - [26/Oct/2025:19:46:52 -0700] "GET /wp-login.php HTTP/2.0" 200 3424 "-" "Mozilla/5.0 (compatible; BitSightBot/1.0)" 
185.117.225.163 - - [26/Oct/2025:19:46:53 -0700] "GET /wp-admin/css/forms.min.css?ver=6.8.3 HTTP/2.0" 200 6929 "https://www.elconferencista.com/wp-login.php" "Mozilla/5.0 (compatible; BitSightBot/1.0)" 
185.117.225.163 - - [26/Oct/2025:19:46:53 -0700] "GET /wp-admin/css/l10n.min.css?ver=6.8.3 HTTP/2.0" 200 876 "https://www.elconferencista.com/wp-login.php" "Mozilla/5.0 (compatible; BitSightBot/1.0)" 
185.117.225.163 - - [26/Oct/2025:19:46:53 -0700] "GET /wp-admin/css/login.min.css?ver=6.8.3 HTTP/2.0" 200 2233 "https://www.elconferencista.com/wp-login.php" "Mozilla/5.0 (compatible; BitSightBot/1.0)" 
185.117.225.163 - - [26/Oct/2025:19:46:53 -0700] "GET /wp-includes/css/buttons.min.css?ver=6.8.3 HTTP/2.0" 200 1537 "https://www.elconferencista.com/wp-login.php" "Mozilla/5.0 (compatible; BitSightBot/1.0)" 
185.117.225.163 - - [26/Oct/2025:19:46:53 -0700] "GET /wp-includes/css/dashicons.min.css?ver=6.8.3 HTTP/2.0" 200 35862 "https://www.elconferencista.com/wp-login.php" "Mozilla/5.0 (compatible; BitSightBot/1.0)" 
185.117.225.163 - - [26/Oct/2025:19:46:53 -0700] "GET /wp-includes/js/jquery/jquery-migrate.min.js?ver=3.4.1 HTTP/2.0" 200 4963 "https://www.elconferencista.com/wp-login.php" "Mozilla/5.0 (compatible; BitSightBot/1.0)" 
185.117.225.163 - - [26/Oct/2025:19:46:53 -0700] "GET /wp-includes/js/zxcvbn-async.min.js?ver=1.0 HTTP/2.0" 200 312 "https://www.elconferencista.com/wp-login.php" "Mozilla/5.0 (compatible; BitSightBot/1.0)" 
185.117.225.163 - - [26/Oct/2025:19:46:53 -0700] "GET /wp-includes/js/clipboard.min.js?ver=2.0.11 HTTP/2.0" 200 3235 "https://www.elconferencista.com/wp-login.php" "Mozilla/5.0 (compatible; BitSightBot/1.0)" 
185.117.225.163 - - [26/Oct/2025:19:46:53 -0700] "GET /wp-includes/js/jquery/jquery.min.js?ver=3.7.1 HTTP/2.0" 200 30973 "https://www.elconferencista.com/wp-login.php" "Mozilla/5.0 (compatible; BitSightBot/1.0)" 
185.117.225.163 - - [26/Oct/2025:19:46:53 -0700] "GET /wp-includes/js/dist/hooks.min.js?ver=4d63a3d491d11ffd8ac6 HTTP/2.0" 200 1705 "https://www.elconferencista.com/wp-login.php" "Mozilla/5.0 (compatible; BitSightBot/1.0)" 
185.117.225.163 - - [26/Oct/2025:19:46:53 -0700] "GET /wp-admin/js/password-strength-meter.min.js?ver=6.8.3 HTTP/2.0" 200 676 "https://www.elconferencista.com/wp-login.php" "Mozilla/5.0 (compatible; BitSightBot/1.0)" 
185.117.225.163 - - [26/Oct/2025:19:46:53 -0700] "GET /wp-admin/js/user-profile.min.js?ver=6.8.3 HTTP/2.0" 200 2676 "https://www.elconferencista.com/wp-login.php" "Mozilla/5.0 (compatible; BitSightBot/1.0)" 
185.117.225.163 - - [26/Oct/2025:19:46:53 -0700] "GET /wp-includes/js/dist/i18n.min.js?ver=5e580eb46a90c2b997e6 HTTP/2.0" 200 3749 "https://www.elconferencista.com/wp-login.php" "Mozilla/5.0 (compatible; BitSightBot/1.0)" 
185.117.225.163 - - [26/Oct/2025:19:46:53 -0700] "GET /wp-includes/js/underscore.min.js?ver=1.13.7 HTTP/2.0" 200 7452 "https://www.elconferencista.com/wp-login.php" "Mozilla/5.0 (compatible; BitSightBot/1.0)" 
185.117.225.163 - - [26/Oct/2025:19:46:53 -0700] "GET /wp-includes/js/wp-util.min.js?ver=6.8.3 HTTP/2.0" 200 812 "https://www.elconferencista.com/wp-login.php" "Mozilla/5.0 (compatible; BitSightBot/1.0)" 
185.117.225.163 - - [26/Oct/2025:19:46:53 -0700] "GET /wp-includes/js/dist/dom-ready.min.js?ver=f77871ff7694fffea381 HTTP/2.0" 200 375 "https://www.elconferencista.com/wp-login.php" "Mozilla/5.0 (compatible; BitSightBot/1.0)" 
185.117.225.163 - - [26/Oct/2025:19:46:53 -0700] "GET /wp-includes/js/dist/a11y.min.js?ver=3156534cc54473497e14 HTTP/2.0" 200 1012 "https://www.elconferencista.com/wp-login.php" "Mozilla/5.0 (compatible; BitSightBot/1.0)" 
185.117.225.163 - - [26/Oct/2025:19:46:53 -0700] "GET /wp-admin/images/wordpress-logo.svg?ver=20131107 HTTP/2.0" 200 873 "https://www.elconferencista.com/wp-admin/css/login.min.css?ver=6.8.3" "Mozilla/5.0 (compatible; BitSightBot/1.0)" 
185.117.225.163 - - [26/Oct/2025:19:46:54 -0700] "GET /wp-includes/js/zxcvbn.min.js HTTP/2.0" 200 406600 "https://www.elconferencista.com/wp-login.php" "Mozilla/5.0 (compatible; BitSightBot/1.0)" 
54.39.0.211 - - [26/Oct/2025:19:46:56 -0700] "GET /?products=4828248 HTTP/2.0" 200 31029 "-" "Mozilla/5.0 (compatible; AhrefsBot/7.0; +http://ahrefs.com/robot/)" 
51.222.168.70 - - [26/Oct/2025:19:50:06 -0700] "GET /?products=4828210 HTTP/2.0" 200 31029 "-" "Mozilla/5.0 (compatible; AhrefsBot/7.0; +http://ahrefs.com/robot/)" 
69.163.179.91 - - [26/Oct/2025:19:50:08 -0700] "POST /wp-cron.php?doing_wp_cron=1761533408.2527480125427246093750 HTTP/1.1" 200 3647 "-" "WordPress/6.8.3; https://www.elconferencista.com" 
178.20.44.140 - - [26/Oct/2025:19:50:25 -0700] "GET / HTTP/1.0" 429 3595 "https://www.elconferencista.com/" "Mozilla/5.0 (Windows NT 10.0; Win64; x64) AppleWebKit/537.36 (KHTML, like Gecko) Chrome/130.0.0.0 Safari/537.36 CCleaner/130.0.0.0" 
148.113.128.89 - - [26/Oct/2025:19:53:19 -0700] "GET /?products=4831810 HTTP/2.0" 200 31029 "-" "Mozilla/5.0 (compatible; AhrefsBot/7.0; +http://ahrefs.com/robot/)" 
69.163.179.91 - - [26/Oct/2025:19:53:21 -0700] "POST /wp-cron.php?doing_wp_cron=1761533601.4136190414428710937500 HTTP/1.1" 200 3647 "-" "WordPress/6.8.3; https://www.elconferencista.com" 
167.114.139.56 - - [26/Oct/2025:19:56:11 -0700] "GET /?products=4831776 HTTP/2.0" 200 31029 "-" "Mozilla/5.0 (compatible; AhrefsBot/7.0; +http://ahrefs.com/robot/)" 
69.163.179.91 - - [26/Oct/2025:19:56:13 -0700] "POST /wp-cron.php?doing_wp_cron=1761533773.4478321075439453125000 HTTP/1.1" 200 3647 "-" "WordPress/6.8.3; https://www.elconferencista.com" 
142.44.225.58 - - [26/Oct/2025:19:59:08 -0700] "GET /?products=4831584 HTTP/2.0" 200 31029 "-" "Mozilla/5.0 (compatible; AhrefsBot/7.0; +http://ahrefs.com/robot/)" 
69.163.179.91 - - [26/Oct/2025:19:59:09 -0700] "POST /wp-cron.php?doing_wp_cron=1761533949.7109711170196533203125 HTTP/1.1" 200 3647 "-" "WordPress/6.8.3; https://www.elconferencista.com" 
146.190.99.230 - - [26/Oct/2025:19:59:36 -0700] "POST /wp-login.php HTTP/1.1" 200 13968 "-" "Mozilla/5.0" 
145.239.65.226 - - [26/Oct/2025:20:01:18 -0700] "GET /robots.txt HTTP/1.1" 200 3601 "-" "Mozilla/5.0 (compatible; MJ12bot/v1.4.8; http://mj12bot.com/)" 
145.239.65.226 - - [26/Oct/2025:20:01:25 -0700] "GET /clientes/cli_166/?C=S;O=D HTTP/1.1" 404 113838 "-" "Mozilla/5.0 (compatible; MJ12bot/v1.4.8; http://mj12bot.com/)" 
69.163.179.91 - - [26/Oct/2025:20:01:27 -0700] "POST /wp-cron.php?doing_wp_cron=1761534087.3458690643310546875000 HTTP/1.1" 200 3647 "-" "WordPress/6.8.3; https://www.elconferencista.com" 
145.239.65.226 - - [26/Oct/2025:20:01:31 -0700] "GET /robots.txt HTTP/1.1" 200 3557 "-" "Mozilla/5.0 (compatible; MJ12bot/v1.4.8; http://mj12bot.com/)" 
145.239.65.226 - - [26/Oct/2025:20:01:43 -0700] "GET /clientes/cli_166/?C=S;O=D HTTP/1.1" 404 113838 "-" "Mozilla/5.0 (compatible; MJ12bot/v1.4.8; http://mj12bot.com/)" 
54.39.0.119 - - [26/Oct/2025:20:01:56 -0700] "GET /?products=4831522 HTTP/2.0" 200 31029 "-" "Mozilla/5.0 (compatible; AhrefsBot/7.0; +http://ahrefs.com/robot/)" 
142.44.228.207 - - [26/Oct/2025:20:04:48 -0700] "GET /?products=4831518 HTTP/2.0" 200 31029 "-" "Mozilla/5.0 (compatible; AhrefsBot/7.0; +http://ahrefs.com/robot/)" 
69.163.179.91 - - [26/Oct/2025:20:04:49 -0700] "POST /wp-cron.php?doing_wp_cron=1761534289.7679409980773925781250 HTTP/1.1" 200 3647 "-" "WordPress/6.8.3; https://www.elconferencista.com" 
40.124.179.226 - - [26/Oct/2025:20:05:10 -0700] "POST /xmlrpc.php HTTP/1.1" 429 3633 "-" "Mozilla/5.0 (Windows NT 10.0; Win64; x64; rv:96.0) Gecko/20100101 Firefox/96.0" 
51.222.95.34 - - [26/Oct/2025:20:07:51 -0700] "GET /?products=4831378 HTTP/2.0" 200 31029 "-" "Mozilla/5.0 (compatible; AhrefsBot/7.0; +http://ahrefs.com/robot/)" 
69.163.179.91 - - [26/Oct/2025:20:07:53 -0700] "POST /wp-cron.php?doing_wp_cron=1761534472.9631659984588623046875 HTTP/1.1" 200 3647 "-" "WordPress/6.8.3; https://www.elconferencista.com" 
51.161.37.197 - - [26/Oct/2025:20:11:05 -0700] "GET /?products=4831374 HTTP/2.0" 200 31029 "-" "Mozilla/5.0 (compatible; AhrefsBot/7.0; +http://ahrefs.com/robot/)" 
69.163.179.91 - - [26/Oct/2025:20:11:06 -0700] "POST /wp-cron.php?doing_wp_cron=1761534666.4520370960235595703125 HTTP/1.1" 200 3647 "-" "WordPress/6.8.3; https://www.elconferencista.com" 
69.163.179.91 - - [26/Oct/2025:20:14:16 -0700] "POST /wp-cron.php?doing_wp_cron=1761534856.4612851142883300781250 HTTP/1.1" 200 3647 "-" "WordPress/6.8.3; https://www.elconferencista.com" 
69.163.179.91 - - [26/Oct/2025:20:14:17 -0700] "POST /wp-cron.php?doing_wp_cron=1761534857.4954059123992919921875 HTTP/1.1" 200 3647 "-" "WordPress/6.8.3; https://www.elconferencista.com" 
15.235.27.112 - - [26/Oct/2025:20:14:14 -0700] "GET /?products=4831268 HTTP/2.0" 200 31029 "-" "Mozilla/5.0 (compatible; AhrefsBot/7.0; +http://ahrefs.com/robot/)" 
44.201.206.179 - - [26/Oct/2025:20:16:42 -0700] "GET /.git/config HTTP/1.1" 301 3827 "-" "Mozilla/5.0 (Windows NT 6.1; WOW64) AppleWebKit/537.36 (KHTML, like Gecko) Chrome/73.0.3683.103 Safari/537.36" 
51.222.95.237 - - [26/Oct/2025:20:17:47 -0700] "GET /?products=4831206 HTTP/2.0" 200 31029 "-" "Mozilla/5.0 (compatible; AhrefsBot/7.0; +http://ahrefs.com/robot/)" 
69.163.179.91 - - [26/Oct/2025:20:17:49 -0700] "POST /wp-cron.php?doing_wp_cron=1761535068.9293849468231201171875 HTTP/1.1" 200 3647 "-" "WordPress/6.8.3; https://www.elconferencista.com" 
148.113.128.75 - - [26/Oct/2025:20:21:01 -0700] "GET /?products=4831104 HTTP/2.0" 200 31029 "-" "Mozilla/5.0 (compatible; AhrefsBot/7.0; +http://ahrefs.com/robot/)" 
69.163.179.91 - - [26/Oct/2025:20:21:02 -0700] "POST /wp-cron.php?doing_wp_cron=1761535262.4614400863647460937500 HTTP/1.1" 200 3647 "-" "WordPress/6.8.3; https://www.elconferencista.com" 
142.44.233.129 - - [26/Oct/2025:20:24:06 -0700] "GET /?products=4831038 HTTP/2.0" 200 31029 "-" "Mozilla/5.0 (compatible; AhrefsBot/7.0; +http://ahrefs.com/robot/)" 
69.163.179.91 - - [26/Oct/2025:20:24:08 -0700] "POST /wp-cron.php?doing_wp_cron=1761535447.9713239669799804687500 HTTP/1.1" 200 3647 "-" "WordPress/6.8.3; https://www.elconferencista.com" 
212.32.50.13 - - [26/Oct/2025:20:25:53 -0700] "GET /.env HTTP/1.1" 429 3849 "-" "Mozilla/5.0 (Macintosh; Intel Mac OS X 10.15; rv:77.0) Gecko/20100101 Firefox/77.0" 
54.39.6.159 - - [26/Oct/2025:20:27:25 -0700] "GET /?products=4831004 HTTP/2.0" 200 31029 "-" "Mozilla/5.0 (compatible; AhrefsBot/7.0; +http://ahrefs.com/robot/)" 
69.163.179.91 - - [26/Oct/2025:20:27:26 -0700] "POST /wp-cron.php?doing_wp_cron=1761535646.8957579135894775390625 HTTP/1.1" 200 3647 "-" "WordPress/6.8.3; https://www.elconferencista.com" 
51.222.95.163 - - [26/Oct/2025:20:30:31 -0700] "GET /?products=4830024 HTTP/2.0" 200 31029 "-" "Mozilla/5.0 (compatible; AhrefsBot/7.0; +http://ahrefs.com/robot/)" 
69.163.179.91 - - [26/Oct/2025:20:30:32 -0700] "POST /wp-cron.php?doing_wp_cron=1761535832.6492218971252441406250 HTTP/1.1" 200 3647 "-" "WordPress/6.8.3; https://www.elconferencista.com" 
51.161.65.149 - - [26/Oct/2025:20:33:21 -0700] "GET /?products=4829952 HTTP/2.0" 200 31029 "-" "Mozilla/5.0 (compatible; AhrefsBot/7.0; +http://ahrefs.com/robot/)" 
69.163.179.91 - - [26/Oct/2025:20:33:22 -0700] "POST /wp-cron.php?doing_wp_cron=1761536002.6497790813446044921875 HTTP/1.1" 200 3647 "-" "WordPress/6.8.3; https://www.elconferencista.com" 
148.113.130.76 - - [26/Oct/2025:20:36:23 -0700] "GET /?products=4829804 HTTP/2.0" 200 31029 "-" "Mozilla/5.0 (compatible; AhrefsBot/7.0; +http://ahrefs.com/robot/)" 
69.163.179.91 - - [26/Oct/2025:20:36:25 -0700] "POST /wp-cron.php?doing_wp_cron=1761536185.3444740772247314453125 HTTP/1.1" 200 3647 "-" "WordPress/6.8.3; https://www.elconferencista.com" 
69.163.179.91 - - [26/Oct/2025:20:37:13 -0700] "POST /wp-cron.php?doing_wp_cron=1761536233.3866391181945800781250 HTTP/1.1" 200 3647 "-" "WordPress/6.8.3; https://www.elconferencista.com" 
146.190.99.230 - - [26/Oct/2025:20:37:12 -0700] "POST /wp-login.php HTTP/1.1" 200 13968 "-" "Mozilla/5.0" 
142.44.225.26 - - [26/Oct/2025:20:39:29 -0700] "GET /?products=4829784 HTTP/2.0" 200 31029 "-" "Mozilla/5.0 (compatible; AhrefsBot/7.0; +http://ahrefs.com/robot/)" 
69.163.179.91 - - [26/Oct/2025:20:39:30 -0700] "POST /wp-cron.php?doing_wp_cron=1761536370.6457169055938720703125 HTTP/1.1" 200 3647 "-" "WordPress/6.8.3; https://www.elconferencista.com" 
54.39.0.68 - - [26/Oct/2025:20:42:34 -0700] "GET /?products=4829742 HTTP/2.0" 200 31029 "-" "Mozilla/5.0 (compatible; AhrefsBot/7.0; +http://ahrefs.com/robot/)" 
69.163.179.91 - - [26/Oct/2025:20:42:36 -0700] "POST /wp-cron.php?doing_wp_cron=1761536556.1073210239410400390625 HTTP/1.1" 200 3647 "-" "WordPress/6.8.3; https://www.elconferencista.com" 
98.70.40.140 - - [26/Oct/2025:20:43:08 -0700] "GET /wp-login.php HTTP/2.0" 429 351 "-" "Mozilla/4.0 (compatible; MSIE 7.0; Windows NT 6.2; WOW64; Trident/7.0; .NET4.0C; .NET4.0E; .NET CLR 2.0.50727; .NET CLR 3.0.30729; .NET CLR 3.5.30729; LCTE)" 
98.70.40.140 - - [26/Oct/2025:20:43:40 -0700] "POST /wp-login.php HTTP/2.0" 429 351 "https://www.elconferencista.com/wp-login.php" "Mozilla/4.0 (compatible; MSIE 7.0; Windows NT 6.2; WOW64; Trident/7.0; .NET4.0C; .NET4.0E; .NET CLR 2.0.50727; .NET CLR 3.0.30729; .NET CLR 3.5.30729; LCTE)" 
51.161.37.191 - - [26/Oct/2025:20:46:05 -0700] "GET /?products=4829732 HTTP/2.0" 200 31029 "-" "Mozilla/5.0 (compatible; AhrefsBot/7.0; +http://ahrefs.com/robot/)" 
69.163.179.91 - - [26/Oct/2025:20:46:06 -0700] "POST /wp-cron.php?doing_wp_cron=1761536766.5563559532165527343750 HTTP/1.1" 200 3647 "-" "WordPress/6.8.3; https://www.elconferencista.com" 
142.44.220.252 - - [26/Oct/2025:20:49:37 -0700] "GET /?products=4829698 HTTP/2.0" 200 31029 "-" "Mozilla/5.0 (compatible; AhrefsBot/7.0; +http://ahrefs.com/robot/)" 
69.163.179.91 - - [26/Oct/2025:20:49:38 -0700] "POST /wp-cron.php?doing_wp_cron=1761536978.5009539127349853515625 HTTP/1.1" 200 3647 "-" "WordPress/6.8.3; https://www.elconferencista.com" 
148.113.130.254 - - [26/Oct/2025:20:52:56 -0700] "GET /?products=4829694 HTTP/2.0" 200 31029 "-" "Mozilla/5.0 (compatible; AhrefsBot/7.0; +http://ahrefs.com/robot/)" 
69.163.179.91 - - [26/Oct/2025:20:52:58 -0700] "POST /wp-cron.php?doing_wp_cron=1761537178.4586598873138427734375 HTTP/1.1" 200 3647 "-" "WordPress/6.8.3; https://www.elconferencista.com" 
98.70.40.140 - - [26/Oct/2025:20:55:10 -0700] "GET /wp-login.php HTTP/2.0" 429 351 "-" "Mozilla/5.0 (Windows NT 6.3; WOW64; Trident/7.0; MATMJS; rv:11.0) like Gecko" 
98.70.40.140 - - [26/Oct/2025:20:55:37 -0700] "POST /wp-login.php HTTP/2.0" 429 351 "https://www.elconferencista.com/wp-login.php" "Mozilla/5.0 (Windows NT 6.3; WOW64; Trident/7.0; MATMJS; rv:11.0) like Gecko" 
142.44.228.214 - - [26/Oct/2025:20:56:19 -0700] "GET /?products=4829650 HTTP/2.0" 200 31029 "-" "Mozilla/5.0 (compatible; AhrefsBot/7.0; +http://ahrefs.com/robot/)" 
69.163.179.91 - - [26/Oct/2025:20:56:20 -0700] "POST /wp-cron.php?doing_wp_cron=1761537380.4947760105133056640625 HTTP/1.1" 200 3647 "-" "WordPress/6.8.3; https://www.elconferencista.com" 
142.44.225.57 - - [26/Oct/2025:20:59:42 -0700] "GET /?products=4829454 HTTP/2.0" 200 31029 "-" "Mozilla/5.0 (compatible; AhrefsBot/7.0; +http://ahrefs.com/robot/)" 
69.163.179.91 - - [26/Oct/2025:20:59:44 -0700] "POST /wp-cron.php?doing_wp_cron=1761537584.0705521106719970703125 HTTP/1.1" 200 3647 "-" "WordPress/6.8.3; https://www.elconferencista.com" 
199.16.157.180 - - [26/Oct/2025:21:01:14 -0700] "GET /robots.txt HTTP/1.1" 200 3557 "-" "Twitterbot/1.0" 
199.16.157.180 - - [26/Oct/2025:21:01:14 -0700] "GET / HTTP/1.1" 200 31502 "-" "Twitterbot/1.0" 
69.163.179.91 - - [26/Oct/2025:21:01:15 -0700] "POST /wp-cron.php?doing_wp_cron=1761537675.9034318923950195312500 HTTP/1.1" 200 3647 "-" "WordPress/6.8.3; https://www.elconferencista.com" 
54.39.210.110 - - [26/Oct/2025:21:02:49 -0700] "GET /?products=4829448 HTTP/2.0" 200 31029 "-" "Mozilla/5.0 (compatible; AhrefsBot/7.0; +http://ahrefs.com/robot/)" 
69.163.179.91 - - [26/Oct/2025:21:02:50 -0700] "POST /wp-cron.php?doing_wp_cron=1761537770.7559409141540527343750 HTTP/1.1" 200 3647 "-" "WordPress/6.8.3; https://www.elconferencista.com" 
15.235.96.53 - - [26/Oct/2025:21:06:13 -0700] "GET /?products=4829410 HTTP/2.0" 200 31029 "-" "Mozilla/5.0 (compatible; AhrefsBot/7.0; +http://ahrefs.com/robot/)" 
69.163.179.91 - - [26/Oct/2025:21:06:15 -0700] "POST /wp-cron.php?doing_wp_cron=1761537975.2506430149078369140625 HTTP/1.1" 200 3647 "-" "WordPress/6.8.3; https://www.elconferencista.com" 
54.39.0.153 - - [26/Oct/2025:21:09:20 -0700] "GET /?products=4829400 HTTP/2.0" 200 31029 "-" "Mozilla/5.0 (compatible; AhrefsBot/7.0; +http://ahrefs.com/robot/)" 
69.163.179.91 - - [26/Oct/2025:21:09:22 -0700] "POST /wp-cron.php?doing_wp_cron=1761538162.4936819076538085937500 HTTP/1.1" 200 3647 "-" "WordPress/6.8.3; https://www.elconferencista.com" 
199.16.157.182 - - [26/Oct/2025:21:09:30 -0700] "GET / HTTP/1.1" 200 34625 "-" "Twitterbot/1.0" 
142.44.233.58 - - [26/Oct/2025:21:12:40 -0700] "GET /?products=4829276 HTTP/2.0" 200 31029 "-" "Mozilla/5.0 (compatible; AhrefsBot/7.0; +http://ahrefs.com/robot/)" 
69.163.179.91 - - [26/Oct/2025:21:12:42 -0700] "POST /wp-cron.php?doing_wp_cron=1761538362.1493959426879882812500 HTTP/1.1" 200 3647 "-" "WordPress/6.8.3; https://www.elconferencista.com" 
69.163.179.91 - - [26/Oct/2025:21:13:59 -0700] "POST /wp-cron.php?doing_wp_cron=1761538439.2625529766082763671875 HTTP/1.1" 200 3647 "-" "WordPress/6.8.3; https://www.elconferencista.com" 
146.190.99.230 - - [26/Oct/2025:21:13:58 -0700] "POST /wp-login.php HTTP/1.1" 200 13968 "-" "Mozilla/5.0" 
162.19.25.160 - - [26/Oct/2025:21:14:26 -0700] "POST /xmlrpc.php HTTP/1.1" 429 3633 "-" "Mozilla/5.0 (Windows NT 10.0; Win64; x64; rv:52.0) Gecko/20100101 Firefox/52.0" 
69.163.179.91 - - [26/Oct/2025:21:15:49 -0700] "POST /wp-cron.php?doing_wp_cron=1761538549.5619709491729736328125 HTTP/1.1" 200 3647 "-" "WordPress/6.8.3; https://www.elconferencista.com" 
69.163.179.91 - - [26/Oct/2025:21:15:50 -0700] "POST /wp-cron.php?doing_wp_cron=1761538550.5988569259643554687500 HTTP/1.1" 200 3647 "-" "WordPress/6.8.3; https://www.elconferencista.com" 
54.39.89.144 - - [26/Oct/2025:21:15:48 -0700] "GET /?products=4829214 HTTP/2.0" 200 31029 "-" "Mozilla/5.0 (compatible; AhrefsBot/7.0; +http://ahrefs.com/robot/)" 
161.118.235.111 - - [26/Oct/2025:21:16:45 -0700] "GET /wp-login.php HTTP/1.1" 200 7235 "-" "Mozila/5.0" 
69.163.179.91 - - [26/Oct/2025:21:16:46 -0700] "POST /wp-cron.php?doing_wp_cron=1761538606.3414440155029296875000 HTTP/1.1" 200 3647 "-" "WordPress/6.8.3; https://www.elconferencista.com" 
161.118.235.111 - - [26/Oct/2025:21:16:45 -0700] "GET /wp-login.php HTTP/1.1" 200 7235 "-" "Mozila/5.0" 
161.118.235.111 - - [26/Oct/2025:21:16:46 -0700] "POST /wp-login.php HTTP/1.1" 200 4030 "-" "Mozila/5.0" 
161.118.235.111 - - [26/Oct/2025:21:16:47 -0700] "POST /wp-login.php HTTP/1.1" 200 4030 "-" "Mozila/5.0" 
161.118.235.111 - - [26/Oct/2025:21:16:47 -0700] "GET /wp-admin/ HTTP/1.1" 302 496 "-" "Mozila/5.0" 
161.118.235.111 - - [26/Oct/2025:21:16:48 -0700] "GET /wp-admin/ HTTP/1.1" 302 496 "-" "Mozila/5.0" 
161.118.235.111 - - [26/Oct/2025:21:16:48 -0700] "GET /wp-login.php?redirect_to=https%3A%2F%2Fwww.elconferencista.com%2Fwp-admin%2F&reauth=1 HTTP/1.1" 200 5828 "-" "Mozila/5.0" 
161.118.235.111 - - [26/Oct/2025:21:16:49 -0700] "GET /wp-login.php?redirect_to=https%3A%2F%2Fwww.elconferencista.com%2Fwp-admin%2F&reauth=1 HTTP/1.1" 200 5828 "-" "Mozila/5.0" 
69.163.179.91 - - [26/Oct/2025:21:17:10 -0700] "POST /wp-cron.php?doing_wp_cron=1761538630.3698010444641113281250 HTTP/1.1" 200 3647 "-" "WordPress/6.8.3; https://www.elconferencista.com" 
199.16.157.182 - - [26/Oct/2025:21:17:09 -0700] "GET / HTTP/1.1" 200 34625 "-" "Twitterbot/1.0" 
142.44.225.141 - - [26/Oct/2025:21:18:45 -0700] "GET /?products=4829136 HTTP/2.0" 200 31029 "-" "Mozilla/5.0 (compatible; AhrefsBot/7.0; +http://ahrefs.com/robot/)" 
69.163.179.91 - - [26/Oct/2025:21:18:47 -0700] "POST /wp-cron.php?doing_wp_cron=1761538727.7255001068115234375000 HTTP/1.1" 200 3647 "-" "WordPress/6.8.3; https://www.elconferencista.com" 
148.113.130.62 - - [26/Oct/2025:21:22:04 -0700] "GET /?products=4829050 HTTP/2.0" 200 31029 "-" "Mozilla/5.0 (compatible; AhrefsBot/7.0; +http://ahrefs.com/robot/)" 
69.163.179.91 - - [26/Oct/2025:21:22:05 -0700] "POST /wp-cron.php?doing_wp_cron=1761538925.7208070755004882812500 HTTP/1.1" 200 3647 "-" "WordPress/6.8.3; https://www.elconferencista.com" 
122.8.155.47 - - [26/Oct/2025:21:25:04 -0700] "GET /wp-login.php HTTP/2.0" 200 3583 "-" "Mozilla/5.0 (Windows NT 10.0; Win64; x64) AppleWebKit/537.36 (KHTML, like Gecko) Chrome/64.0.3282.186 Safari/537.36 OPR/51.0.2830.55" 
69.163.179.91 - - [26/Oct/2025:21:25:05 -0700] "POST /wp-cron.php?doing_wp_cron=1761539105.8559980392456054687500 HTTP/1.1" 200 3647 "-" "WordPress/6.8.3; https://www.elconferencista.com" 
122.8.155.47 - - [26/Oct/2025:21:25:15 -0700] "POST /wp-login.php HTTP/2.0" 200 3465 "https://www.elconferencista.com/wp-login.php" "Mozilla/5.0 (Windows NT 10.0; Win64; x64) AppleWebKit/537.36 (KHTML, like Gecko) Chrome/64.0.3282.186 Safari/537.36 OPR/51.0.2830.55" 
54.39.0.150 - - [26/Oct/2025:21:25:22 -0700] "GET /sitemap.xml HTTP/2.0" 200 3368 "-" "Mozilla/5.0 (compatible; AhrefsBot/7.0; +http://ahrefs.com/robot/)" 
66.249.73.165 - - [26/Oct/2025:21:28:27 -0700] "GET /robots.txt HTTP/1.1" 200 3875 "-" "Mozilla/5.0 (compatible; Googlebot/2.1; +http://www.google.com/bot.html)" 
66.249.73.165 - - [26/Oct/2025:21:28:29 -0700] "GET /?212712?products=0000177265 HTTP/1.1" 200 26713 "-" "Mozilla/5.0 (Linux; Android 6.0.1; Nexus 5X Build/MMB29P) AppleWebKit/537.36 (KHTML, like Gecko) Chrome/141.0.7390.122 Mobile Safari/537.36 (compatible; Googlebot/2.1; +http://www.google.com/bot.html)" 
52.167.144.192 - - [26/Oct/2025:21:28:42 -0700] "GET /feature/osu_main/index.html HTTP/2.0" 200 27726 "-" "Mozilla/5.0 AppleWebKit/537.36 (KHTML, like Gecko; compatible; bingbot/2.0; +http://www.bing.com/bingbot.htm) Chrome/116.0.1938.76 Safari/537.36" 
54.39.210.111 - - [26/Oct/2025:21:31:22 -0700] "GET /?products=4828306 HTTP/2.0" 200 31029 "-" "Mozilla/5.0 (compatible; AhrefsBot/7.0; +http://ahrefs.com/robot/)" 
69.163.179.91 - - [26/Oct/2025:21:31:24 -0700] "POST /wp-cron.php?doing_wp_cron=1761539484.1057660579681396484375 HTTP/1.1" 200 3647 "-" "WordPress/6.8.3; https://www.elconferencista.com" 
142.44.233.141 - - [26/Oct/2025:21:35:43 -0700] "GET /?products=4828248 HTTP/2.0" 200 31029 "-" "Mozilla/5.0 (compatible; AhrefsBot/7.0; +http://ahrefs.com/robot/)" 
69.163.179.91 - - [26/Oct/2025:21:35:45 -0700] "POST /wp-cron.php?doing_wp_cron=1761539745.1134300231933593750000 HTTP/1.1" 200 3647 "-" "WordPress/6.8.3; https://www.elconferencista.com" 
43.159.143.187 - - [26/Oct/2025:21:37:33 -0700] "GET / HTTP/1.1" 200 34802 "http://www.elconferencista.com" "Mozilla/5.0 (iPhone; CPU iPhone OS 13_2_3 like Mac OS X) AppleWebKit/605.1.15 (KHTML, like Gecko) Version/13.0.3 Mobile/15E148 Safari/604.1" 
69.163.179.91 - - [26/Oct/2025:21:37:35 -0700] "POST /wp-cron.php?doing_wp_cron=1761539855.1471929550170898437500 HTTP/1.1" 200 3647 "-" "WordPress/6.8.3; https://www.elconferencista.com" 
142.44.233.149 - - [26/Oct/2025:21:39:23 -0700] "GET /?products=4828210 HTTP/2.0" 200 31029 "-" "Mozilla/5.0 (compatible; AhrefsBot/7.0; +http://ahrefs.com/robot/)" 
69.163.179.91 - - [26/Oct/2025:21:39:25 -0700] "POST /wp-cron.php?doing_wp_cron=1761539965.3811419010162353515625 HTTP/1.1" 200 3647 "-" "WordPress/6.8.3; https://www.elconferencista.com" 
34.213.150.120 - - [26/Oct/2025:21:40:48 -0700] "GET /robots.txt HTTP/1.1" 200 3875 "-" "CheckMarkNetwork/1.0 (+http://www.checkmarknetwork.com/spider.html)" 
34.213.150.120 - - [26/Oct/2025:21:40:48 -0700] "HEAD / HTTP/1.1" 200 863 "-" "CheckMarkNetwork/1.0 (+http://www.checkmarknetwork.com/spider.html)" 
69.163.179.91 - - [26/Oct/2025:21:40:50 -0700] "POST /wp-cron.php?doing_wp_cron=1761540050.1727290153503417968750 HTTP/1.1" 200 3647 "-" "WordPress/6.8.3; https://www.elconferencista.com" 
54.39.89.208 - - [26/Oct/2025:21:42:47 -0700] "GET /?products=4831810 HTTP/2.0" 200 31029 "-" "Mozilla/5.0 (compatible; AhrefsBot/7.0; +http://ahrefs.com/robot/)" 
69.163.179.91 - - [26/Oct/2025:21:42:48 -0700] "POST /wp-cron.php?doing_wp_cron=1761540168.5911719799041748046875 HTTP/1.1" 200 3647 "-" "WordPress/6.8.3; https://www.elconferencista.com" 
34.213.150.120 - - [26/Oct/2025:21:42:57 -0700] "GET /robots.txt HTTP/1.1" 200 872 "-" "CheckMarkNetwork/1.0 (+http://www.checkmarknetwork.com/spider.html)" 
34.213.150.120 - - [26/Oct/2025:21:42:57 -0700] "GET / HTTP/1.1" 200 34844 "-" "CheckMarkNetwork/1.0 (+http://www.checkmarknetwork.com/spider.html)" 
34.213.150.120 - - [26/Oct/2025:21:42:58 -0700] "GET /wp-includes/js/jquery/jquery.min.js?ver=3.7.1 HTTP/1.1" 200 31549 "https://www.elconferencista.com/" "CheckMarkNetwork/1.0 (+http://www.checkmarknetwork.com/spider.html)" 
34.213.150.120 - - [26/Oct/2025:21:42:59 -0700] "GET /wp-includes/js/jquery/jquery-migrate.min.js?ver=3.4.1 HTTP/1.1" 200 5340 "https://www.elconferencista.com/" "CheckMarkNetwork/1.0 (+http://www.checkmarknetwork.com/spider.html)" 
34.213.150.120 - - [26/Oct/2025:21:42:59 -0700] "GET /wp-content/plugins/elementor/assets/lib/font-awesome/js/v4-shims.min.js?ver=3.32.5 HTTP/1.1" 200 4686 "https://www.elconferencista.com/" "CheckMarkNetwork/1.0 (+http://www.checkmarknetwork.com/spider.html)" 
34.213.150.120 - - [26/Oct/2025:21:42:59 -0700] "GET /wp-content/themes/astra/assets/js/minified/frontend.min.js?ver=4.9.2 HTTP/1.1" 200 6442 "https://www.elconferencista.com/" "CheckMarkNetwork/1.0 (+http://www.checkmarknetwork.com/spider.html)" 
