216.73.216.27 - - [26/Oct/2025:22:58:18 -0700] "GET /robots.txt HTTP/2.0" 200 278 "-" "Mozilla/5.0 AppleWebKit/537.36 (KHTML, like Gecko; compatible; ClaudeBot/1.0; +claudebot@anthropic.com)" 
216.73.216.27 - - [26/Oct/2025:22:58:18 -0700] "GET /conferencias-edner/7-conferencias-manejo-de-estres-estres-o-es-cuatro HTTP/2.0" 301 177 "-" "Mozilla/5.0 AppleWebKit/537.36 (KHTML, like Gecko; compatible; ClaudeBot/1.0; +claudebot@anthropic.com)" 
69.163.179.91 - - [26/Oct/2025:22:58:19 -0700] "POST /wp-cron.php?doing_wp_cron=1761544699.6150619983673095703125 HTTP/1.1" 200 3647 "-" "WordPress/6.8.3; https://www.elconferencista.com" 
216.73.216.27 - - [26/Oct/2025:22:58:20 -0700] "GET /conferencias-edner/7-conferencias-manejo-de-estres-estres-o-es-cuatro/ HTTP/2.0" 200 24441 "https://www.elconferencista.com/conferencias-edner/7-conferencias-manejo-de-estres-estres-o-es-cuatro" "Mozilla/5.0 AppleWebKit/537.36 (KHTML, like Gecko; compatible; ClaudeBot/1.0; +claudebot@anthropic.com)" 
15.235.96.161 - - [26/Oct/2025:22:58:50 -0700] "GET /?products=4829002 HTTP/2.0" 200 31029 "-" "Mozilla/5.0 (compatible; AhrefsBot/7.0; +http://ahrefs.com/robot/)" 
185.173.93.237 - - [26/Oct/2025:23:01:52 -0700] "POST /xmlrpc.php HTTP/1.1" 429 3623 "-" "Mozilla/5.0 (Windows NT 10.0; Win64; x64; rv:57.0) Gecko/20100101 Firefox/57.0" 
148.113.128.58 - - [26/Oct/2025:23:01:51 -0700] "GET /?products=4828992 HTTP/2.0" 200 31029 "-" "Mozilla/5.0 (compatible; AhrefsBot/7.0; +http://ahrefs.com/robot/)" 
69.163.179.91 - - [26/Oct/2025:23:01:53 -0700] "POST /wp-cron.php?doing_wp_cron=1761544913.1402809619903564453125 HTTP/1.1" 200 3647 "-" "WordPress/6.8.3; https://www.elconferencista.com" 
103.171.180.119 - - [26/Oct/2025:23:03:29 -0700] "GET /wp-login.php HTTP/2.0" 429 361 "-" "Mozilla/5.0 (Windows NT 6.1) AppleWebKit/537.36 (KHTML, like Gecko) Chrome/66.0.3359.117 Safari/537.36" 
103.171.180.119 - - [26/Oct/2025:23:03:30 -0700] "POST /wp-login.php HTTP/2.0" 429 278 "https://www.elconferencista.com/wp-login.php" "Mozilla/5.0 (Windows NT 6.1) AppleWebKit/537.36 (KHTML, like Gecko) Chrome/66.0.3359.117 Safari/537.36" 
54.39.203.211 - - [26/Oct/2025:23:04:39 -0700] "GET /?products=4828848 HTTP/2.0" 200 31029 "-" "Mozilla/5.0 (compatible; AhrefsBot/7.0; +http://ahrefs.com/robot/)" 
69.163.179.91 - - [26/Oct/2025:23:04:40 -0700] "POST /wp-cron.php?doing_wp_cron=1761545080.8001639842987060546875 HTTP/1.1" 200 3647 "-" "WordPress/6.8.3; https://www.elconferencista.com" 
69.163.179.91 - - [26/Oct/2025:23:05:56 -0700] "POST /wp-cron.php?doing_wp_cron=1761545156.8178999423980712890625 HTTP/1.1" 200 3647 "-" "WordPress/6.8.3; https://www.elconferencista.com" 
146.190.99.230 - - [26/Oct/2025:23:05:56 -0700] "POST /wp-login.php HTTP/1.1" 200 13968 "-" "Mozilla/5.0" 
54.39.89.19 - - [26/Oct/2025:23:07:59 -0700] "GET /?products=4828666 HTTP/2.0" 200 31028 "-" "Mozilla/5.0 (compatible; AhrefsBot/7.0; +http://ahrefs.com/robot/)" 
69.163.179.91 - - [26/Oct/2025:23:08:01 -0700] "POST /wp-cron.php?doing_wp_cron=1761545281.1442000865936279296875 HTTP/1.1" 200 3647 "-" "WordPress/6.8.3; https://www.elconferencista.com" 
65.55.210.186 - - [26/Oct/2025:23:10:52 -0700] "GET /?products=16681642 HTTP/2.0" 200 27266 "-" "Mozilla/5.0 AppleWebKit/537.36 (KHTML, like Gecko; compatible; bingbot/2.0; +http://www.bing.com/bingbot.htm) Chrome/136.0.0.0 Safari/537.36" 
142.44.233.229 - - [26/Oct/2025:23:11:24 -0700] "GET /?products=4828642 HTTP/2.0" 200 31028 "-" "Mozilla/5.0 (compatible; AhrefsBot/7.0; +http://ahrefs.com/robot/)" 
69.163.179.91 - - [26/Oct/2025:23:11:26 -0700] "POST /wp-cron.php?doing_wp_cron=1761545486.1505839824676513671875 HTTP/1.1" 200 3647 "-" "WordPress/6.8.3; https://www.elconferencista.com" 
69.163.179.91 - - [26/Oct/2025:23:12:19 -0700] "POST /wp-cron.php?doing_wp_cron=1761545539.8951249122619628906250 HTTP/1.1" 200 3647 "-" "WordPress/6.8.3; https://www.elconferencista.com" 
43.155.195.141 - - [26/Oct/2025:23:12:19 -0700] "GET / HTTP/1.1" 200 34802 "http://elconferencista.com" "Mozilla/5.0 (iPhone; CPU iPhone OS 13_2_3 like Mac OS X) AppleWebKit/605.1.15 (KHTML, like Gecko) Version/13.0.3 Mobile/15E148 Safari/604.1" 
148.113.130.4 - - [26/Oct/2025:23:14:15 -0700] "GET /?products=4828536 HTTP/2.0" 200 31029 "-" "Mozilla/5.0 (compatible; AhrefsBot/7.0; +http://ahrefs.com/robot/)" 
69.163.179.91 - - [26/Oct/2025:23:14:16 -0700] "POST /wp-cron.php?doing_wp_cron=1761545656.7169849872589111328125 HTTP/1.1" 200 3647 "-" "WordPress/6.8.3; https://www.elconferencista.com" 
132.148.74.71 - - [26/Oct/2025:23:14:34 -0700] "GET /wp-login.php HTTP/2.0" 429 362 "-" "Mozilla/4.0 (compatible; MSIE 7.0; Windows NT 6.1; WOW64; Trident/7.0; SLCC2; .NET CLR 2.0.50727; .NET CLR 3.5.30729; .NET CLR 3.0.30729; Media Center PC 6.0; .NET4.0C; .NET4.0E; InfoPath.3; MS-RTC LM 8)" 
132.148.74.71 - - [26/Oct/2025:23:14:34 -0700] "POST /wp-login.php HTTP/2.0" 429 255 "https://www.elconferencista.com/wp-login.php" "Mozilla/4.0 (compatible; MSIE 7.0; Windows NT 6.1; WOW64; Trident/7.0; SLCC2; .NET CLR 2.0.50727; .NET CLR 3.5.30729; .NET CLR 3.0.30729; Media Center PC 6.0; .NET4.0C; .NET4.0E; InfoPath.3; MS-RTC LM 8)" 
142.44.228.243 - - [26/Oct/2025:23:17:06 -0700] "GET /?products=4828450 HTTP/2.0" 200 31029 "-" "Mozilla/5.0 (compatible; AhrefsBot/7.0; +http://ahrefs.com/robot/)" 
69.163.179.91 - - [26/Oct/2025:23:17:07 -0700] "POST /wp-cron.php?doing_wp_cron=1761545827.9369399547576904296875 HTTP/1.1" 200 3647 "-" "WordPress/6.8.3; https://www.elconferencista.com" 
69.163.179.91 - - [26/Oct/2025:23:19:01 -0700] "POST /wp-cron.php?doing_wp_cron=1761545941.3774030208587646484375 HTTP/1.1" 200 3647 "-" "WordPress/6.8.3; https://www.elconferencista.com" 
69.163.179.91 - - [26/Oct/2025:23:19:02 -0700] "POST /wp-cron.php?doing_wp_cron=1761545942.4130930900573730468750 HTTP/1.1" 200 3647 "-" "WordPress/6.8.3; https://www.elconferencista.com" 
170.106.161.78 - - [26/Oct/2025:23:18:59 -0700] "GET / HTTP/1.1" 200 34802 "https://ednergranados.com/" "Mozilla/5.0 (iPhone; CPU iPhone OS 13_2_3 like Mac OS X) AppleWebKit/605.1.15 (KHTML, like Gecko) Version/13.0.3 Mobile/15E148 Safari/604.1" 
69.163.179.91 - - [26/Oct/2025:23:20:07 -0700] "POST /wp-cron.php?doing_wp_cron=1761546007.0855031013488769531250 HTTP/1.1" 200 3647 "-" "WordPress/6.8.3; https://www.elconferencista.com" 
142.44.228.115 - - [26/Oct/2025:23:20:06 -0700] "GET /?products=4828422 HTTP/2.0" 200 31029 "-" "Mozilla/5.0 (compatible; AhrefsBot/7.0; +http://ahrefs.com/robot/)" 
148.113.130.120 - - [26/Oct/2025:23:23:11 -0700] "GET /?products=4828368 HTTP/2.0" 200 31029 "-" "Mozilla/5.0 (compatible; AhrefsBot/7.0; +http://ahrefs.com/robot/)" 
69.163.179.91 - - [26/Oct/2025:23:23:13 -0700] "POST /wp-cron.php?doing_wp_cron=1761546193.3558409214019775390625 HTTP/1.1" 200 3647 "-" "WordPress/6.8.3; https://www.elconferencista.com" 
51.222.168.102 - - [26/Oct/2025:23:26:19 -0700] "GET /?products=4828344 HTTP/2.0" 200 31027 "-" "Mozilla/5.0 (compatible; AhrefsBot/7.0; +http://ahrefs.com/robot/)" 
69.163.179.91 - - [26/Oct/2025:23:26:21 -0700] "POST /wp-cron.php?doing_wp_cron=1761546381.0356390476226806640625 HTTP/1.1" 200 3647 "-" "WordPress/6.8.3; https://www.elconferencista.com" 
65.55.210.186 - - [26/Oct/2025:23:27:06 -0700] "GET /?products=16681642 HTTP/2.0" 200 27266 "-" "Mozilla/5.0 AppleWebKit/537.36 (KHTML, like Gecko; compatible; bingbot/2.0; +http://www.bing.com/bingbot.htm) Chrome/136.0.0.0 Safari/537.36" 
74.7.36.93 - - [26/Oct/2025:23:28:09 -0700] "GET / HTTP/2.0" 301 350 "-" "Mozilla/5.0 AppleWebKit/537.36 (KHTML, like Gecko); compatible; ChatGPT-User/1.0; +https://openai.com/bot" 
74.7.36.88 - - [26/Oct/2025:23:28:09 -0700] "GET / HTTP/2.0" 200 0 "-" "Mozilla/5.0 AppleWebKit/537.36 (KHTML, like Gecko); compatible; ChatGPT-User/1.0; +https://openai.com/bot" 
69.163.179.91 - - [26/Oct/2025:23:28:10 -0700] "POST /wp-cron.php?doing_wp_cron=1761546489.9290649890899658203125 HTTP/1.1" 200 3647 "-" "WordPress/6.8.3; https://www.elconferencista.com" 
69.163.179.91 - - [26/Oct/2025:23:29:11 -0700] "POST /wp-cron.php?doing_wp_cron=1761546551.2380108833312988281250 HTTP/1.1" 200 3647 "-" "WordPress/6.8.3; https://www.elconferencista.com" 
54.39.89.186 - - [26/Oct/2025:23:29:10 -0700] "GET /?products=4828268 HTTP/2.0" 200 31029 "-" "Mozilla/5.0 (compatible; AhrefsBot/7.0; +http://ahrefs.com/robot/)" 
91.242.27.245 - - [26/Oct/2025:23:29:28 -0700] "POST /wp-login.php HTTP/1.1" 200 7394 "-" "Mozilla/5.0 (Windows NT 10.0; Win64; x64) AppleWebKit/537.36" 
142.44.233.31 - - [26/Oct/2025:23:32:09 -0700] "GET /?products=4828176 HTTP/2.0" 200 31029 "-" "Mozilla/5.0 (compatible; AhrefsBot/7.0; +http://ahrefs.com/robot/)" 
69.163.179.91 - - [26/Oct/2025:23:32:11 -0700] "POST /wp-cron.php?doing_wp_cron=1761546731.0652899742126464843750 HTTP/1.1" 200 3647 "-" "WordPress/6.8.3; https://www.elconferencista.com" 
107.21.63.239 - - [26/Oct/2025:23:32:47 -0700] "GET / HTTP/1.1" 301 3857 "-" "Mozilla/5.0 (Windows NT 10.0; Win64; x64) AppleWebKit/537.36 (KHTML, like Gecko) Chrome/58.0.3029.110 Safari/537.3" 
107.21.63.239 - - [26/Oct/2025:23:32:47 -0700] "GET / HTTP/1.1" 200 34859 "-" "Mozilla/5.0 (Windows NT 10.0; Win64; x64) AppleWebKit/537.36 (KHTML, like Gecko) Chrome/58.0.3029.110 Safari/537.3" 
95.108.213.221 - - [26/Oct/2025:23:34:18 -0700] "GET /robots.txt HTTP/1.1" 200 3847 "-" "Mozilla/5.0 (compatible; YandexBot/3.0; +http://yandex.com/bots)" 
213.180.203.195 - - [26/Oct/2025:23:34:19 -0700] "GET /?p=797 HTTP/1.1" 404 113988 "-" "Mozilla/5.0 (compatible; YandexBot/3.0; +http://yandex.com/bots)" 
69.163.179.91 - - [26/Oct/2025:23:34:20 -0700] "POST /wp-cron.php?doing_wp_cron=1761546860.6020369529724121093750 HTTP/1.1" 200 3647 "-" "WordPress/6.8.3; https://www.elconferencista.com" 
69.163.179.91 - - [26/Oct/2025:23:35:13 -0700] "POST /wp-cron.php?doing_wp_cron=1761546913.4801459312438964843750 HTTP/1.1" 200 3647 "-" "WordPress/6.8.3; https://www.elconferencista.com" 
148.113.128.31 - - [26/Oct/2025:23:35:12 -0700] "GET /?products=4828162 HTTP/2.0" 200 31029 "-" "Mozilla/5.0 (compatible; AhrefsBot/7.0; +http://ahrefs.com/robot/)" 
34.77.176.175 - - [26/Oct/2025:23:36:32 -0700] "GET /wp-login.php HTTP/2.0" 429 354 "-" "Mozilla/5.0 (Windows NT 10.0; WOW64; Trident/7.0; EIE10;ENUSMSN; rv:11.0) like Gecko" 
34.77.176.175 - - [26/Oct/2025:23:36:35 -0700] "POST /wp-login.php HTTP/2.0" 429 313 "https://www.elconferencista.com/wp-login.php" "Mozilla/5.0 (Windows NT 10.0; WOW64; Trident/7.0; EIE10;ENUSMSN; rv:11.0) like Gecko" 
54.39.136.88 - - [26/Oct/2025:23:38:09 -0700] "GET /?products=4828134 HTTP/2.0" 200 31029 "-" "Mozilla/5.0 (compatible; AhrefsBot/7.0; +http://ahrefs.com/robot/)" 
69.163.179.91 - - [26/Oct/2025:23:38:10 -0700] "POST /wp-cron.php?doing_wp_cron=1761547090.8019199371337890625000 HTTP/1.1" 200 3647 "-" "WordPress/6.8.3; https://www.elconferencista.com" 
146.190.99.230 - - [26/Oct/2025:23:42:33 -0700] "POST /wp-login.php HTTP/1.1" 200 13968 "-" "Mozilla/5.0" 
69.163.179.91 - - [26/Oct/2025:23:42:35 -0700] "POST /wp-cron.php?doing_wp_cron=1761547355.0532200336456298828125 HTTP/1.1" 200 3647 "-" "WordPress/6.8.3; https://www.elconferencista.com" 
54.39.89.185 - - [26/Oct/2025:23:43:32 -0700] "GET /sitemap.xml HTTP/2.0" 200 3368 "-" "Mozilla/5.0 (compatible; AhrefsBot/7.0; +http://ahrefs.com/robot/)" 
15.235.98.23 - - [26/Oct/2025:23:48:05 -0700] "GET /?products=4828306 HTTP/2.0" 200 31029 "-" "Mozilla/5.0 (compatible; AhrefsBot/7.0; +http://ahrefs.com/robot/)" 
69.163.179.91 - - [26/Oct/2025:23:48:06 -0700] "POST /wp-cron.php?doing_wp_cron=1761547686.5940039157867431640625 HTTP/1.1" 200 3647 "-" "WordPress/6.8.3; https://www.elconferencista.com" 
66.249.65.36 - - [26/Oct/2025:23:51:25 -0700] "GET /ads.txt HTTP/1.1" 301 3856 "-" "Mozilla/5.0 (compatible; Googlebot/2.1; +http://www.google.com/bot.html)" 
66.249.73.167 - - [26/Oct/2025:23:51:26 -0700] "GET /ads.txt HTTP/1.1" 200 32084 "-" "Mozilla/5.0 (compatible; Googlebot/2.1; +http://www.google.com/bot.html)" 
142.44.233.28 - - [26/Oct/2025:23:51:32 -0700] "GET /?products=4828248 HTTP/2.0" 200 31029 "-" "Mozilla/5.0 (compatible; AhrefsBot/7.0; +http://ahrefs.com/robot/)" 
69.163.179.91 - - [26/Oct/2025:23:51:33 -0700] "POST /wp-cron.php?doing_wp_cron=1761547893.5677859783172607421875 HTTP/1.1" 200 3647 "-" "WordPress/6.8.3; https://www.elconferencista.com" 
51.161.65.125 - - [26/Oct/2025:23:54:42 -0700] "GET /?products=4828210 HTTP/2.0" 200 31029 "-" "Mozilla/5.0 (compatible; AhrefsBot/7.0; +http://ahrefs.com/robot/)" 
69.163.179.91 - - [26/Oct/2025:23:54:44 -0700] "POST /wp-cron.php?doing_wp_cron=1761548084.1839239597320556640625 HTTP/1.1" 200 3647 "-" "WordPress/6.8.3; https://www.elconferencista.com" 
167.114.139.65 - - [26/Oct/2025:23:57:35 -0700] "GET /?products=4831810 HTTP/2.0" 200 31029 "-" "Mozilla/5.0 (compatible; AhrefsBot/7.0; +http://ahrefs.com/robot/)" 
69.163.179.91 - - [26/Oct/2025:23:57:36 -0700] "POST /wp-cron.php?doing_wp_cron=1761548256.6468870639801025390625 HTTP/1.1" 200 3647 "-" "WordPress/6.8.3; https://www.elconferencista.com" 
69.171.230.4 - - [26/Oct/2025:23:58:28 -0700] "GET /robots.txt HTTP/2.0" 301 367 "-" "facebookexternalhit/1.1 (+http://www.facebook.com/externalhit_uatext.php)" 
69.171.230.4 - - [26/Oct/2025:23:58:28 -0700] "GET /robots.txt HTTP/2.0" 206 271 "-" "facebookexternalhit/1.1 (+http://www.facebook.com/externalhit_uatext.php)" 
57.141.6.36 - - [26/Oct/2025:23:58:29 -0700] "GET /index.html HTTP/2.0" 301 367 "-" "meta-externalagent/1.1 (+https://developers.facebook.com/docs/sharing/webmasters/crawler)" 
15.235.27.114 - - [27/Oct/2025:00:00:31 -0700] "GET /?products=4831776 HTTP/2.0" 200 31029 "-" "Mozilla/5.0 (compatible; AhrefsBot/7.0; +http://ahrefs.com/robot/)" 
69.163.179.91 - - [27/Oct/2025:00:00:33 -0700] "POST /wp-cron.php?doing_wp_cron=1761548433.6987349987030029296875 HTTP/1.1" 200 3647 "-" "WordPress/6.8.3; https://www.elconferencista.com" 
54.39.210.172 - - [27/Oct/2025:00:03:22 -0700] "GET /?products=4831584 HTTP/2.0" 200 31029 "-" "Mozilla/5.0 (compatible; AhrefsBot/7.0; +http://ahrefs.com/robot/)" 
69.163.179.91 - - [27/Oct/2025:00:03:24 -0700] "POST /wp-cron.php?doing_wp_cron=1761548604.2186419963836669921875 HTTP/1.1" 200 3647 "-" "WordPress/6.8.3; https://www.elconferencista.com" 
54.39.210.135 - - [27/Oct/2025:00:06:26 -0700] "GET /?products=4831522 HTTP/2.0" 200 31029 "-" "Mozilla/5.0 (compatible; AhrefsBot/7.0; +http://ahrefs.com/robot/)" 
69.163.179.91 - - [27/Oct/2025:00:06:28 -0700] "POST /wp-cron.php?doing_wp_cron=1761548787.9956719875335693359375 HTTP/1.1" 200 3647 "-" "WordPress/6.8.3; https://www.elconferencista.com" 
51.161.37.121 - - [27/Oct/2025:00:09:22 -0700] "GET /?products=4831518 HTTP/2.0" 200 31029 "-" "Mozilla/5.0 (compatible; AhrefsBot/7.0; +http://ahrefs.com/robot/)" 
69.163.179.91 - - [27/Oct/2025:00:09:24 -0700] "POST /wp-cron.php?doing_wp_cron=1761548963.9859390258789062500000 HTTP/1.1" 200 3647 "-" "WordPress/6.8.3; https://www.elconferencista.com" 
185.246.164.237 - - [27/Oct/2025:00:11:56 -0700] "POST /xmlrpc.php HTTP/1.1" 429 3633 "-" "Mozilla/5.0 (Windows NT 10.0; Win64; x64; rv:67.0) Gecko/20100101 Firefox/67.0" 
54.39.89.49 - - [27/Oct/2025:00:12:17 -0700] "GET /?products=4831378 HTTP/2.0" 200 31029 "-" "Mozilla/5.0 (compatible; AhrefsBot/7.0; +http://ahrefs.com/robot/)" 
69.163.179.91 - - [27/Oct/2025:00:12:19 -0700] "POST /wp-cron.php?doing_wp_cron=1761549138.9808290004730224609375 HTTP/1.1" 200 3647 "-" "WordPress/6.8.3; https://www.elconferencista.com" 
54.39.210.89 - - [27/Oct/2025:00:15:09 -0700] "GET /?products=4831374 HTTP/2.0" 200 31029 "-" "Mozilla/5.0 (compatible; AhrefsBot/7.0; +http://ahrefs.com/robot/)" 
69.163.179.91 - - [27/Oct/2025:00:15:11 -0700] "POST /wp-cron.php?doing_wp_cron=1761549310.9295320510864257812500 HTTP/1.1" 200 3647 "-" "WordPress/6.8.3; https://www.elconferencista.com" 
54.39.210.219 - - [27/Oct/2025:00:18:15 -0700] "GET /?products=4831268 HTTP/2.0" 200 31027 "-" "Mozilla/5.0 (compatible; AhrefsBot/7.0; +http://ahrefs.com/robot/)" 
69.163.179.91 - - [27/Oct/2025:00:18:17 -0700] "POST /wp-cron.php?doing_wp_cron=1761549497.2353730201721191406250 HTTP/1.1" 200 3647 "-" "WordPress/6.8.3; https://www.elconferencista.com" 
146.190.99.230 - - [27/Oct/2025:00:20:36 -0700] "POST /wp-login.php HTTP/1.1" 200 13968 "-" "Mozilla/5.0" 
69.163.179.91 - - [27/Oct/2025:00:20:38 -0700] "POST /wp-cron.php?doing_wp_cron=1761549637.9435620307922363281250 HTTP/1.1" 200 3647 "-" "WordPress/6.8.3; https://www.elconferencista.com" 
69.163.179.91 - - [27/Oct/2025:00:21:08 -0700] "POST /wp-cron.php?doing_wp_cron=1761549668.3318319320678710937500 HTTP/1.1" 200 3647 "-" "WordPress/6.8.3; https://www.elconferencista.com" 
69.163.179.91 - - [27/Oct/2025:00:21:09 -0700] "POST /wp-cron.php?doing_wp_cron=1761549669.3738000392913818359375 HTTP/1.1" 200 3647 "-" "WordPress/6.8.3; https://www.elconferencista.com" 
54.39.6.181 - - [27/Oct/2025:00:21:07 -0700] "GET /?products=4831206 HTTP/2.0" 200 31029 "-" "Mozilla/5.0 (compatible; AhrefsBot/7.0; +http://ahrefs.com/robot/)" 
54.39.0.158 - - [27/Oct/2025:00:23:42 -0700] "GET /?products=4831104 HTTP/2.0" 200 31029 "-" "Mozilla/5.0 (compatible; AhrefsBot/7.0; +http://ahrefs.com/robot/)" 
69.163.179.91 - - [27/Oct/2025:00:23:43 -0700] "POST /wp-cron.php?doing_wp_cron=1761549823.8625860214233398437500 HTTP/1.1" 200 3647 "-" "WordPress/6.8.3; https://www.elconferencista.com" 
54.39.203.243 - - [27/Oct/2025:00:26:36 -0700] "GET /?products=4831038 HTTP/2.0" 200 31029 "-" "Mozilla/5.0 (compatible; AhrefsBot/7.0; +http://ahrefs.com/robot/)" 
69.163.179.91 - - [27/Oct/2025:00:26:38 -0700] "POST /wp-cron.php?doing_wp_cron=1761549998.1114060878753662109375 HTTP/1.1" 200 3647 "-" "WordPress/6.8.3; https://www.elconferencista.com" 
54.39.136.231 - - [27/Oct/2025:00:29:34 -0700] "GET /?products=4831004 HTTP/2.0" 200 31029 "-" "Mozilla/5.0 (compatible; AhrefsBot/7.0; +http://ahrefs.com/robot/)" 
69.163.179.91 - - [27/Oct/2025:00:29:36 -0700] "POST /wp-cron.php?doing_wp_cron=1761550176.2793350219726562500000 HTTP/1.1" 200 3647 "-" "WordPress/6.8.3; https://www.elconferencista.com" 
54.39.136.157 - - [27/Oct/2025:00:32:19 -0700] "GET /?products=4830966 HTTP/2.0" 200 31029 "-" "Mozilla/5.0 (compatible; AhrefsBot/7.0; +http://ahrefs.com/robot/)" 
69.163.179.91 - - [27/Oct/2025:00:32:21 -0700] "POST /wp-cron.php?doing_wp_cron=1761550341.3217499256134033203125 HTTP/1.1" 200 3647 "-" "WordPress/6.8.3; https://www.elconferencista.com" 
192.36.109.86 - - [27/Oct/2025:00:33:23 -0700] "GET /robots.txt HTTP/1.1" 200 3838 "http://elconferencista.com/robots.txt" "Mozilla/5.0 (Linux; U; Android 13; sk-sk; Xiaomi 11T Pro Build/TKQ1.220829.002) AppleWebKit/537.36 (KHTML, like Gecko) Version/4.0 Chrome/112.0.5615.136 Mobile Safari/537.36 XiaoMi/MiuiBrowser/14.4.0-g" 
69.163.179.91 - - [27/Oct/2025:00:33:25 -0700] "POST /wp-cron.php?doing_wp_cron=1761550405.9174969196319580078125 HTTP/1.1" 200 3647 "-" "WordPress/6.8.3; https://www.elconferencista.com" 
192.36.109.125 - - [27/Oct/2025:00:33:25 -0700] "GET / HTTP/1.1" 200 34802 "http://elconferencista.com/" "Mozilla/5.0 (Linux; U; Android 13; sk-sk; Xiaomi 11T Pro Build/TKQ1.220829.002) AppleWebKit/537.36 (KHTML, like Gecko) Version/4.0 Chrome/112.0.5615.136 Mobile Safari/537.36 XiaoMi/MiuiBrowser/14.4.0-g" 
51.222.168.19 - - [27/Oct/2025:00:35:21 -0700] "GET /?products=4830932 HTTP/2.0" 200 31029 "-" "Mozilla/5.0 (compatible; AhrefsBot/7.0; +http://ahrefs.com/robot/)" 
69.163.179.91 - - [27/Oct/2025:00:35:22 -0700] "POST /wp-cron.php?doing_wp_cron=1761550522.7604870796203613281250 HTTP/1.1" 200 3647 "-" "WordPress/6.8.3; https://www.elconferencista.com" 
51.161.8.73 - - [27/Oct/2025:00:37:45 -0700] "GET / HTTP/1.1" 200 162661 "-" "Mozilla/5.0 (Macintosh; U; Intel Mac OS X 10.4; en-US; rv:1.9.2.2) Gecko/20100316 Firefox/3.6.2" 
69.163.179.91 - - [27/Oct/2025:00:37:47 -0700] "POST /wp-cron.php?doing_wp_cron=1761550666.9730050563812255859375 HTTP/1.1" 200 3647 "-" "WordPress/6.8.3; https://www.elconferencista.com" 
69.163.179.91 - - [27/Oct/2025:00:38:53 -0700] "POST /wp-cron.php?doing_wp_cron=1761550733.7081670761108398437500 HTTP/1.1" 200 3647 "-" "WordPress/6.8.3; https://www.elconferencista.com" 
167.114.139.102 - - [27/Oct/2025:00:38:53 -0700] "GET /?products=4830726 HTTP/2.0" 200 31029 "-" "Mozilla/5.0 (compatible; AhrefsBot/7.0; +http://ahrefs.com/robot/)" 
216.244.66.199 - - [27/Oct/2025:00:39:16 -0700] "GET /robots.txt HTTP/1.1" 200 3586 "-" "Mozilla/5.0 (compatible; DotBot/1.2; +https://opensiteexplorer.org/dotbot; help@moz.com)" 
51.161.37.252 - - [27/Oct/2025:00:41:55 -0700] "GET /?products=4830552 HTTP/2.0" 200 31029 "-" "Mozilla/5.0 (compatible; AhrefsBot/7.0; +http://ahrefs.com/robot/)" 
69.163.179.91 - - [27/Oct/2025:00:41:57 -0700] "POST /wp-cron.php?doing_wp_cron=1761550917.0136959552764892578125 HTTP/1.1" 200 3647 "-" "WordPress/6.8.3; https://www.elconferencista.com" 
5.255.231.183 - - [27/Oct/2025:00:42:46 -0700] "GET /robots.txt HTTP/1.1" 200 3847 "-" "Mozilla/5.0 (compatible; YandexBot/3.0; +http://yandex.com/bots)" 
69.163.179.91 - - [27/Oct/2025:00:42:48 -0700] "POST /wp-cron.php?doing_wp_cron=1761550968.3052139282226562500000 HTTP/1.1" 200 3647 "-" "WordPress/6.8.3; https://www.elconferencista.com" 
5.255.231.104 - - [27/Oct/2025:00:42:47 -0700] "GET /?p=963 HTTP/1.1" 404 113988 "-" "Mozilla/5.0 (compatible; YandexBot/3.0; +http://yandex.com/bots)" 
15.235.98.0 - - [27/Oct/2025:00:45:08 -0700] "GET /?products=4830514 HTTP/2.0" 200 31029 "-" "Mozilla/5.0 (compatible; AhrefsBot/7.0; +http://ahrefs.com/robot/)" 
69.163.179.91 - - [27/Oct/2025:00:45:09 -0700] "POST /wp-cron.php?doing_wp_cron=1761551109.5784730911254882812500 HTTP/1.1" 200 3647 "-" "WordPress/6.8.3; https://www.elconferencista.com" 
5.133.192.167 - - [27/Oct/2025:00:47:28 -0700] "GET / HTTP/1.1" 301 3786 "-" "Mozilla/5.0 (Windows NT 10.0; Win64; x64) AppleWebKit/537.36 (KHTML, like Gecko) Chrome/105.0.0.0 Safari/537.36" 
5.133.192.167 - - [27/Oct/2025:00:47:30 -0700] "GET / HTTP/1.1" 200 34800 "-" "Mozilla/5.0 (Windows NT 10.0; Win64; x64) AppleWebKit/537.36 (KHTML, like Gecko) Chrome/105.0.0.0 Safari/537.36" 
69.163.179.91 - - [27/Oct/2025:00:47:31 -0700] "POST /wp-cron.php?doing_wp_cron=1761551251.6035308837890625000000 HTTP/1.1" 200 3647 "-" "WordPress/6.8.3; https://www.elconferencista.com" 
5.133.192.167 - - [27/Oct/2025:00:47:35 -0700] "GET /wp-content/uploads/2022/09/cropped-logo-edner-granados-rojo-32x32.jpeg HTTP/1.1" 200 60260 "-" "Mozilla/5.0 (Windows NT 10.0; Win64; x64) AppleWebKit/537.36 (KHTML, like Gecko) Chrome/105.0.0.0 Safari/537.36" 
69.163.179.91 - - [27/Oct/2025:00:48:20 -0700] "POST /wp-cron.php?doing_wp_cron=1761551300.3115799427032470703125 HTTP/1.1" 200 3647 "-" "WordPress/6.8.3; https://www.elconferencista.com" 
54.39.89.133 - - [27/Oct/2025:00:48:19 -0700] "GET /?products=4830414 HTTP/2.0" 200 31029 "-" "Mozilla/5.0 (compatible; AhrefsBot/7.0; +http://ahrefs.com/robot/)" 
158.69.225.63 - - [27/Oct/2025:00:50:26 -0700] "GET / HTTP/2.0" 200 31041 "-" "Mozilla/5.0 (X11; Linux x86_64; rv:57.0) Gecko/20100101 Firefox/57.0" 
158.69.225.63 - - [27/Oct/2025:00:50:29 -0700] "GET /wp-content/themes/astra/assets/css/minified/main.min.css?ver=4.9.2 HTTP/2.0" 200 9107 "https://www.elconferencista.com/" "Mozilla/5.0 (X11; Linux x86_64; rv:57.0) Gecko/20100101 Firefox/57.0" 
158.69.225.63 - - [27/Oct/2025:00:50:29 -0700] "GET /wp-content/plugins/jet-engine/assets/css/frontend.css?ver=3.6.6.1 HTTP/2.0" 200 8004 "https://www.elconferencista.com/" "Mozilla/5.0 (X11; Linux x86_64; rv:57.0) Gecko/20100101 Firefox/57.0" 
158.69.225.63 - - [27/Oct/2025:00:50:29 -0700] "GET /wp-content/plugins/elementor/assets/css/frontend.min.css?ver=3.32.5 HTTP/2.0" 200 7475 "https://www.elconferencista.com/" "Mozilla/5.0 (X11; Linux x86_64; rv:57.0) Gecko/20100101 Firefox/57.0" 
158.69.225.63 - - [27/Oct/2025:00:50:29 -0700] "GET /wp-content/plugins/elementor/assets/lib/animations/styles/fadeIn.min.css?ver=3.32.5 HTTP/2.0" 200 156 "https://www.elconferencista.com/" "Mozilla/5.0 (X11; Linux x86_64; rv:57.0) Gecko/20100101 Firefox/57.0" 
158.69.225.63 - - [27/Oct/2025:00:50:29 -0700] "GET /wp-content/plugins/elementor/assets/css/widget-image.min.css?ver=3.32.5 HTTP/2.0" 200 219 "https://www.elconferencista.com/" "Mozilla/5.0 (X11; Linux x86_64; rv:57.0) Gecko/20100101 Firefox/57.0" 
158.69.225.63 - - [27/Oct/2025:00:50:29 -0700] "GET /wp-content/plugins/elementor-pro/assets/css/modules/sticky.min.css?ver=3.32.3 HTTP/2.0" 200 193 "https://www.elconferencista.com/" "Mozilla/5.0 (X11; Linux x86_64; rv:57.0) Gecko/20100101 Firefox/57.0" 
158.69.225.63 - - [27/Oct/2025:00:50:29 -0700] "GET /wp-content/plugins/whatsapp-for-wordpress/assets/dist/css/style.css?ver=6.8.3 HTTP/2.0" 200 5986 "https://www.elconferencista.com/" "Mozilla/5.0 (X11; Linux x86_64; rv:57.0) Gecko/20100101 Firefox/57.0" 
158.69.225.63 - - [27/Oct/2025:00:50:29 -0700] "GET /wp-content/plugins/elementor/assets/css/widget-social-icons.min.css?ver=3.32.5 HTTP/2.0" 200 1226 "https://www.elconferencista.com/" "Mozilla/5.0 (X11; Linux x86_64; rv:57.0) Gecko/20100101 Firefox/57.0" 
158.69.225.63 - - [27/Oct/2025:00:50:29 -0700] "GET /wp-content/plugins/elementor/assets/css/conditionals/apple-webkit.min.css?ver=3.32.5 HTTP/2.0" 200 619 "https://www.elconferencista.com/" "Mozilla/5.0 (X11; Linux x86_64; rv:57.0) Gecko/20100101 Firefox/57.0" 
158.69.225.63 - - [27/Oct/2025:00:50:29 -0700] "GET /wp-content/plugins/elementor/assets/css/widget-heading.min.css?ver=3.32.5 HTTP/2.0" 200 244 "https://www.elconferencista.com/" "Mozilla/5.0 (X11; Linux x86_64; rv:57.0) Gecko/20100101 Firefox/57.0" 
158.69.225.63 - - [27/Oct/2025:00:50:29 -0700] "GET /wp-content/plugins/elementor/assets/lib/animations/styles/fadeInUp.min.css?ver=3.32.5 HTTP/2.0" 200 171 "https://www.elconferencista.com/" "Mozilla/5.0 (X11; Linux x86_64; rv:57.0) Gecko/20100101 Firefox/57.0" 
158.69.225.63 - - [27/Oct/2025:00:50:29 -0700] "GET /wp-content/plugins/elementor/assets/lib/font-awesome/css/v4-shims.min.css?ver=3.32.5 HTTP/2.0" 200 4339 "https://www.elconferencista.com/" "Mozilla/5.0 (X11; Linux x86_64; rv:57.0) Gecko/20100101 Firefox/57.0" 
158.69.225.63 - - [27/Oct/2025:00:50:29 -0700] "GET /wp-content/plugins/elementor/assets/lib/font-awesome/css/all.min.css?ver=3.32.5 HTTP/2.0" 200 12905 "https://www.elconferencista.com/" "Mozilla/5.0 (X11; Linux x86_64; rv:57.0) Gecko/20100101 Firefox/57.0" 
158.69.225.63 - - [27/Oct/2025:00:50:29 -0700] "GET /wp-content/uploads/elementor/css/post-7.css?ver=1761338615 HTTP/2.0" 200 476 "https://www.elconferencista.com/" "Mozilla/5.0 (X11; Linux x86_64; rv:57.0) Gecko/20100101 Firefox/57.0" 
158.69.225.63 - - [27/Oct/2025:00:50:29 -0700] "GET /wp-content/plugins/elementor/assets/lib/animations/styles/fadeInRight.min.css?ver=3.32.5 HTTP/2.0" 200 174 "https://www.elconferencista.com/" "Mozilla/5.0 (X11; Linux x86_64; rv:57.0) Gecko/20100101 Firefox/57.0" 
158.69.225.63 - - [27/Oct/2025:00:50:29 -0700] "GET /wp-content/plugins/elementor/assets/css/conditionals/shapes.min.css?ver=3.32.5 HTTP/2.0" 200 344 "https://www.elconferencista.com/" "Mozilla/5.0 (X11; Linux x86_64; rv:57.0) Gecko/20100101 Firefox/57.0" 
158.69.225.63 - - [27/Oct/2025:00:50:29 -0700] "GET /wp-includes/js/mediaelement/wp-mediaelement.min.js?ver=6.8.3 HTTP/2.0" 200 617 "https://www.elconferencista.com/" "Mozilla/5.0 (X11; Linux x86_64; rv:57.0) Gecko/20100101 Firefox/57.0" 
158.69.225.63 - - [27/Oct/2025:00:50:29 -0700] "GET /wp-includes/js/mediaelement/mediaelementplayer-legacy.min.css?ver=4.2.17 HTTP/2.0" 200 2672 "https://www.elconferencista.com/" "Mozilla/5.0 (X11; Linux x86_64; rv:57.0) Gecko/20100101 Firefox/57.0" 
158.69.225.63 - - [27/Oct/2025:00:50:29 -0700] "GET /wp-content/plugins/elementor/assets/lib/swiper/v8/css/swiper.min.css?ver=8.4.5 HTTP/2.0" 200 4516 "https://www.elconferencista.com/" "Mozilla/5.0 (X11; Linux x86_64; rv:57.0) Gecko/20100101 Firefox/57.0" 
158.69.225.63 - - [27/Oct/2025:00:50:29 -0700] "GET /wp-content/plugins/elementor/assets/css/widget-icon-list.min.css?ver=3.32.5 HTTP/2.0" 200 1168 "https://www.elconferencista.com/" "Mozilla/5.0 (X11; Linux x86_64; rv:57.0) Gecko/20100101 Firefox/57.0" 
158.69.225.63 - - [27/Oct/2025:00:50:29 -0700] "GET /wp-content/plugins/elementor-pro/assets/css/conditionals/transitions.min.css?ver=3.32.3 HTTP/2.0" 200 720 "https://www.elconferencista.com/" "Mozilla/5.0 (X11; Linux x86_64; rv:57.0) Gecko/20100101 Firefox/57.0" 
158.69.225.63 - - [27/Oct/2025:00:50:29 -0700] "GET /wp-content/plugins/elementor/assets/css/widget-icon-box.min.css?ver=3.32.5 HTTP/2.0" 200 567 "https://www.elconferencista.com/" "Mozilla/5.0 (X11; Linux x86_64; rv:57.0) Gecko/20100101 Firefox/57.0" 
158.69.225.63 - - [27/Oct/2025:00:50:29 -0700] "GET /wp-content/plugins/elementor/assets/css/widget-divider.min.css?ver=3.32.5 HTTP/2.0" 200 835 "https://www.elconferencista.com/" "Mozilla/5.0 (X11; Linux x86_64; rv:57.0) Gecko/20100101 Firefox/57.0" 
158.69.225.63 - - [27/Oct/2025:00:50:29 -0700] "GET /wp-content/plugins/elementor-pro/assets/css/widget-gallery.min.css?ver=3.32.3 HTTP/2.0" 200 1198 "https://www.elconferencista.com/" "Mozilla/5.0 (X11; Linux x86_64; rv:57.0) Gecko/20100101 Firefox/57.0" 
158.69.225.63 - - [27/Oct/2025:00:50:29 -0700] "GET /wp-content/plugins/elementor/assets/lib/animations/styles/fadeInDown.min.css?ver=3.32.5 HTTP/2.0" 200 174 "https://www.elconferencista.com/" "Mozilla/5.0 (X11; Linux x86_64; rv:57.0) Gecko/20100101 Firefox/57.0" 
158.69.225.63 - - [27/Oct/2025:00:50:29 -0700] "GET /wp-includes/js/mediaelement/wp-mediaelement.min.css?ver=6.8.3 HTTP/2.0" 200 1240 "https://www.elconferencista.com/" "Mozilla/5.0 (X11; Linux x86_64; rv:57.0) Gecko/20100101 Firefox/57.0" 
158.69.225.63 - - [27/Oct/2025:00:50:29 -0700] "GET /wp-content/plugins/elementor/assets/lib/e-gallery/css/e-gallery.min.css?ver=1.2.0 HTTP/2.0" 200 902 "https://www.elconferencista.com/" "Mozilla/5.0 (X11; Linux x86_64; rv:57.0) Gecko/20100101 Firefox/57.0" 
158.69.225.63 - - [27/Oct/2025:00:50:29 -0700] "GET /wp-content/plugins/elementor/assets/css/conditionals/e-swiper.min.css?ver=3.32.5 HTTP/2.0" 200 859 "https://www.elconferencista.com/" "Mozilla/5.0 (X11; Linux x86_64; rv:57.0) Gecko/20100101 Firefox/57.0" 
158.69.225.63 - - [27/Oct/2025:00:50:29 -0700] "GET /wp-content/uploads/elementor/google-fonts/css/robotoslab.css?ver=1742243104 HTTP/2.0" 200 1027 "https://www.elconferencista.com/" "Mozilla/5.0 (X11; Linux x86_64; rv:57.0) Gecko/20100101 Firefox/57.0" 
158.69.225.63 - - [27/Oct/2025:00:50:29 -0700] "GET /wp-content/plugins/elementor/assets/css/widget-video.min.css?ver=3.32.5 HTTP/2.0" 200 487 "https://www.elconferencista.com/" "Mozilla/5.0 (X11; Linux x86_64; rv:57.0) Gecko/20100101 Firefox/57.0" 
158.69.225.63 - - [27/Oct/2025:00:50:29 -0700] "GET /wp-content/uploads/elementor/css/post-613.css?ver=1761338617 HTTP/2.0" 200 1344 "https://www.elconferencista.com/" "Mozilla/5.0 (X11; Linux x86_64; rv:57.0) Gecko/20100101 Firefox/57.0" 
158.69.225.63 - - [27/Oct/2025:00:50:29 -0700] "GET /wp-content/plugins/elementor-pro/assets/css/widget-form.min.css?ver=3.32.3 HTTP/2.0" 200 1645 "https://www.elconferencista.com/" "Mozilla/5.0 (X11; Linux x86_64; rv:57.0) Gecko/20100101 Firefox/57.0" 
158.69.225.63 - - [27/Oct/2025:00:50:29 -0700] "GET /wp-content/plugins/elementskit-lite/widgets/init/assets/css/responsive.css?ver=3.7.4 HTTP/2.0" 200 3331 "https://www.elconferencista.com/" "Mozilla/5.0 (X11; Linux x86_64; rv:57.0) Gecko/20100101 Firefox/57.0" 
158.69.225.63 - - [27/Oct/2025:00:50:29 -0700] "GET /wp-content/plugins/elementor/assets/css/widget-counter.min.css?ver=3.32.5 HTTP/2.0" 200 361 "https://www.elconferencista.com/" "Mozilla/5.0 (X11; Linux x86_64; rv:57.0) Gecko/20100101 Firefox/57.0" 
158.69.225.63 - - [27/Oct/2025:00:50:29 -0700] "GET /wp-content/plugins/elementskit-lite/modules/elementskit-icon-pack/assets/css/ekiticons.css?ver=3.7.4 HTTP/2.0" 200 13219 "https://www.elconferencista.com/" "Mozilla/5.0 (X11; Linux x86_64; rv:57.0) Gecko/20100101 Firefox/57.0" 
158.69.225.63 - - [27/Oct/2025:00:50:29 -0700] "GET /wp-content/uploads/elementor/css/post-11.css?ver=1761338617 HTTP/2.0" 200 4727 "https://www.elconferencista.com/" "Mozilla/5.0 (X11; Linux x86_64; rv:57.0) Gecko/20100101 Firefox/57.0" 
158.69.225.63 - - [27/Oct/2025:00:50:29 -0700] "GET /wp-content/uploads/elementor/css/post-219.css?ver=1761338617 HTTP/2.0" 200 1792 "https://www.elconferencista.com/" "Mozilla/5.0 (X11; Linux x86_64; rv:57.0) Gecko/20100101 Firefox/57.0" 
158.69.225.63 - - [27/Oct/2025:00:50:29 -0700] "GET /wp-content/plugins/elementor/assets/lib/font-awesome/js/v4-shims.min.js?ver=3.32.5 HTTP/2.0" 200 4309 "https://www.elconferencista.com/" "Mozilla/5.0 (X11; Linux x86_64; rv:57.0) Gecko/20100101 Firefox/57.0" 
158.69.225.63 - - [27/Oct/2025:00:50:29 -0700] "GET /wp-includes/js/jquery/jquery.min.js?ver=3.7.1 HTTP/2.0" 200 30999 "https://www.elconferencista.com/" "Mozilla/5.0 (X11; Linux x86_64; rv:57.0) Gecko/20100101 Firefox/57.0" 
158.69.225.63 - - [27/Oct/2025:00:50:29 -0700] "GET /wp-content/plugins/elementskit-lite/widgets/init/assets/css/widget-styles.css?ver=3.7.4 HTTP/2.0" 200 53683 "https://www.elconferencista.com/" "Mozilla/5.0 (X11; Linux x86_64; rv:57.0) Gecko/20100101 Firefox/57.0" 
158.69.225.63 - - [27/Oct/2025:00:50:29 -0700] "GET /wp-content/uploads/elementor/google-fonts/css/roboto.css?ver=1742243097 HTTP/2.0" 200 3112 "https://www.elconferencista.com/" "Mozilla/5.0 (X11; Linux x86_64; rv:57.0) Gecko/20100101 Firefox/57.0" 
158.69.225.63 - - [27/Oct/2025:00:50:29 -0700] "GET /wp-includes/js/jquery/jquery-migrate.min.js?ver=3.4.1 HTTP/2.0" 200 4986 "https://www.elconferencista.com/" "Mozilla/5.0 (X11; Linux x86_64; rv:57.0) Gecko/20100101 Firefox/57.0" 
158.69.225.63 - - [27/Oct/2025:00:50:29 -0700] "GET /wp-content/themes/astra/assets/js/minified/frontend.min.js?ver=4.9.2 HTTP/2.0" 200 6066 "https://www.elconferencista.com/" "Mozilla/5.0 (X11; Linux x86_64; rv:57.0) Gecko/20100101 Firefox/57.0" 
158.69.225.63 - - [27/Oct/2025:00:50:29 -0700] "GET /wp-content/plugins/whatsapp-for-wordpress/assets/js/whatsapp-button.js?ver=3.1.2 HTTP/2.0" 200 507 "https://www.elconferencista.com/" "Mozilla/5.0 (X11; Linux x86_64; rv:57.0) Gecko/20100101 Firefox/57.0" 
158.69.225.63 - - [27/Oct/2025:00:50:29 -0700] "GET /wp-includes/js/mediaelement/mediaelement-migrate.min.js?ver=6.8.3 HTTP/2.0" 200 619 "https://www.elconferencista.com/" "Mozilla/5.0 (X11; Linux x86_64; rv:57.0) Gecko/20100101 Firefox/57.0" 
158.69.225.63 - - [27/Oct/2025:00:50:29 -0700] "GET /wp-content/plugins/elementor/assets/lib/jquery-numerator/jquery-numerator.min.js?ver=0.2.1 HTTP/2.0" 200 794 "https://www.elconferencista.com/" "Mozilla/5.0 (X11; Linux x86_64; rv:57.0) Gecko/20100101 Firefox/57.0" 
158.69.225.63 - - [27/Oct/2025:00:50:29 -0700] "GET /wp-content/plugins/elementor/assets/js/frontend.min.js?ver=3.32.5 HTTP/2.0" 200 10630 "https://www.elconferencista.com/" "Mozilla/5.0 (X11; Linux x86_64; rv:57.0) Gecko/20100101 Firefox/57.0" 
158.69.225.63 - - [27/Oct/2025:00:50:29 -0700] "GET /wp-content/plugins/elementor/assets/js/webpack.runtime.min.js?ver=3.32.5 HTTP/2.0" 200 2593 "https://www.elconferencista.com/" "Mozilla/5.0 (X11; Linux x86_64; rv:57.0) Gecko/20100101 Firefox/57.0" 
158.69.225.63 - - [27/Oct/2025:00:50:29 -0700] "GET /wp-includes/js/jquery/ui/core.min.js?ver=1.13.3 HTTP/2.0" 200 7227 "https://www.elconferencista.com/" "Mozilla/5.0 (X11; Linux x86_64; rv:57.0) Gecko/20100101 Firefox/57.0" 
158.69.225.63 - - [27/Oct/2025:00:50:29 -0700] "GET /wp-content/plugins/elementor-pro/assets/lib/sticky/jquery.sticky.min.js?ver=3.32.3 HTTP/2.0" 200 1599 "https://www.elconferencista.com/" "Mozilla/5.0 (X11; Linux x86_64; rv:57.0) Gecko/20100101 Firefox/57.0" 
158.69.225.63 - - [27/Oct/2025:00:50:29 -0700] "GET /wp-content/plugins/whatsapp-for-wordpress/assets/js/whatsapp-popup.js?ver=6.8.3 HTTP/2.0" 200 345 "https://www.elconferencista.com/" "Mozilla/5.0 (X11; Linux x86_64; rv:57.0) Gecko/20100101 Firefox/57.0" 
158.69.225.63 - - [27/Oct/2025:00:50:29 -0700] "GET /wp-content/plugins/elementor-pro/assets/js/elements-handlers.min.js?ver=3.32.3 HTTP/2.0" 200 10873 "https://www.elconferencista.com/" "Mozilla/5.0 (X11; Linux x86_64; rv:57.0) Gecko/20100101 Firefox/57.0" 
158.69.225.63 - - [27/Oct/2025:00:50:29 -0700] "GET /wp-content/plugins/whatsapp-for-wordpress/assets/dist/js/njt-whatsapp.js?ver=3.1.2 HTTP/2.0" 200 31364 "https://www.elconferencista.com/" "Mozilla/5.0 (X11; Linux x86_64; rv:57.0) Gecko/20100101 Firefox/57.0" 
158.69.225.63 - - [27/Oct/2025:00:50:29 -0700] "GET /wp-content/plugins/elementor/assets/js/frontend-modules.min.js?ver=3.32.5 HTTP/2.0" 200 19013 "https://www.elconferencista.com/" "Mozilla/5.0 (X11; Linux x86_64; rv:57.0) Gecko/20100101 Firefox/57.0" 
158.69.225.63 - - [27/Oct/2025:00:50:29 -0700] "GET /wp-content/plugins/elementor/assets/lib/swiper/v8/swiper.min.js?ver=8.4.5 HTTP/2.0" 200 40608 "https://www.elconferencista.com/" "Mozilla/5.0 (X11; Linux x86_64; rv:57.0) Gecko/20100101 Firefox/57.0" 
158.69.225.63 - - [27/Oct/2025:00:50:29 -0700] "GET /wp-includes/js/mediaelement/mediaelement-and-player.min.js?ver=4.2.17 HTTP/2.0" 200 39742 "https://www.elconferencista.com/" "Mozilla/5.0 (X11; Linux x86_64; rv:57.0) Gecko/20100101 Firefox/57.0" 
158.69.225.63 - - [27/Oct/2025:00:50:29 -0700] "GET /wp-content/plugins/elementskit-lite/libs/framework/assets/js/frontend-script.js?ver=3.7.4 HTTP/2.0" 200 109 "https://www.elconferencista.com/" "Mozilla/5.0 (X11; Linux x86_64; rv:57.0) Gecko/20100101 Firefox/57.0" 
158.69.225.63 - - [27/Oct/2025:00:50:29 -0700] "GET /wp-content/plugins/elementor/assets/lib/e-gallery/js/e-gallery.min.js?ver=1.2.0 HTTP/2.0" 200 4718 "https://www.elconferencista.com/" "Mozilla/5.0 (X11; Linux x86_64; rv:57.0) Gecko/20100101 Firefox/57.0" 
158.69.225.63 - - [27/Oct/2025:00:50:29 -0700] "GET /wp-content/plugins/elementskit-lite/widgets/init/assets/js/animate-circle.min.js?ver=3.7.4 HTTP/2.0" 200 507 "https://www.elconferencista.com/" "Mozilla/5.0 (X11; Linux x86_64; rv:57.0) Gecko/20100101 Firefox/57.0" 
158.69.225.63 - - [27/Oct/2025:00:50:29 -0700] "GET /wp-includes/js/dist/hooks.min.js?ver=4d63a3d491d11ffd8ac6 HTTP/2.0" 200 1728 "https://www.elconferencista.com/" "Mozilla/5.0 (X11; Linux x86_64; rv:57.0) Gecko/20100101 Firefox/57.0" 
158.69.225.63 - - [27/Oct/2025:00:50:29 -0700] "GET /wp-content/plugins/elementor-pro/assets/js/webpack-pro.runtime.min.js?ver=3.32.3 HTTP/2.0" 200 2904 "https://www.elconferencista.com/" "Mozilla/5.0 (X11; Linux x86_64; rv:57.0) Gecko/20100101 Firefox/57.0" 
158.69.225.63 - - [27/Oct/2025:00:50:29 -0700] "GET /wp-includes/js/dist/i18n.min.js?ver=5e580eb46a90c2b997e6 HTTP/2.0" 200 3772 "https://www.elconferencista.com/" "Mozilla/5.0 (X11; Linux x86_64; rv:57.0) Gecko/20100101 Firefox/57.0" 
158.69.225.63 - - [27/Oct/2025:00:50:29 -0700] "GET /wp-content/plugins/elementor-pro/assets/js/frontend.min.js?ver=3.32.3 HTTP/2.0" 200 6705 "https://www.elconferencista.com/" "Mozilla/5.0 (X11; Linux x86_64; rv:57.0) Gecko/20100101 Firefox/57.0" 
158.69.225.63 - - [27/Oct/2025:00:50:29 -0700] "GET /wp-content/plugins/elementskit-lite/widgets/init/assets/js/elementor.js?ver=3.7.4 HTTP/2.0" 200 6118 "https://www.elconferencista.com/" "Mozilla/5.0 (X11; Linux x86_64; rv:57.0) Gecko/20100101 Firefox/57.0" 
158.69.225.63 - - [27/Oct/2025:00:50:29 -0700] "GET /wp-content/plugins/elementskit-lite/widgets/init/assets/js/widget-scripts.js?ver=3.7.4 HTTP/2.0" 200 42495 "https://www.elconferencista.com/" "Mozilla/5.0 (X11; Linux x86_64; rv:57.0) Gecko/20100101 Firefox/57.0" 
158.69.225.63 - - [27/Oct/2025:00:50:29 -0700] "GET /wp-content/uploads/2022/09/logo-edner-granados-rojo.jpeg HTTP/2.0" 200 90395 "https://www.elconferencista.com/" "Mozilla/5.0 (X11; Linux x86_64; rv:57.0) Gecko/20100101 Firefox/57.0" 
158.69.225.63 - - [27/Oct/2025:00:50:29 -0700] "GET /wp-content/uploads/2022/09/89941859_523545041683207_8273911308307233517_n.jpg HTTP/2.0" 200 152467 "https://www.elconferencista.com/" "Mozilla/5.0 (X11; Linux x86_64; rv:57.0) Gecko/20100101 Firefox/57.0" 
158.69.225.63 - - [27/Oct/2025:00:50:29 -0700] "GET /wp-content/uploads/2022/09/275944674_952978798749881_5870331188178632551_n.jpg HTTP/2.0" 200 266461 "https://www.elconferencista.com/" "Mozilla/5.0 (X11; Linux x86_64; rv:57.0) Gecko/20100101 Firefox/57.0" 
158.69.225.63 - - [27/Oct/2025:00:50:29 -0700] "GET /wp-content/uploads/2022/09/89636034_199205457972115_4256094188653888311_n-1024x1024.jpg HTTP/2.0" 200 279681 "https://www.elconferencista.com/" "Mozilla/5.0 (X11; Linux x86_64; rv:57.0) Gecko/20100101 Firefox/57.0" 
158.69.225.63 - - [27/Oct/2025:00:50:29 -0700] "GET /wp-content/uploads/2022/09/edner-granados.png HTTP/2.0" 200 337329 "https://www.elconferencista.com/" "Mozilla/5.0 (X11; Linux x86_64; rv:57.0) Gecko/20100101 Firefox/57.0" 
158.69.225.63 - - [27/Oct/2025:00:50:29 -0700] "GET /wp-content/uploads/2022/09/MINIATURA-DE-PORQUE-EDNER-GRANADOS.jpg HTTP/2.0" 200 446372 "https://www.elconferencista.com/" "Mozilla/5.0 (X11; Linux x86_64; rv:57.0) Gecko/20100101 Firefox/57.0" 
158.69.225.63 - - [27/Oct/2025:00:50:30 -0700] "GET /wp-content/uploads/2022/09/circle.png HTTP/2.0" 200 11893 "https://www.elconferencista.com/wp-content/uploads/elementor/css/post-11.css?ver=1761338617" "Mozilla/5.0 (X11; Linux x86_64; rv:57.0) Gecko/20100101 Firefox/57.0" 
158.69.225.63 - - [27/Oct/2025:00:50:30 -0700] "GET /wp-content/uploads/2022/09/eventum-img1.jpg HTTP/2.0" 200 203716 "https://www.elconferencista.com/wp-content/uploads/elementor/css/post-11.css?ver=1761338617" "Mozilla/5.0 (X11; Linux x86_64; rv:57.0) Gecko/20100101 Firefox/57.0" 
158.69.225.63 - - [27/Oct/2025:00:50:30 -0700] "GET /wp-content/uploads/elementor/google-fonts/fonts/roboto-kfo7cnqeu92fr1me7ksn66agldtyluama3yuba.woff2 HTTP/2.0" 200 40242 "https://www.elconferencista.com/wp-content/uploads/elementor/google-fonts/css/roboto.css?ver=1742243097" "Mozilla/5.0 (X11; Linux x86_64; rv:57.0) Gecko/20100101 Firefox/57.0" 
158.69.225.63 - - [27/Oct/2025:00:50:30 -0700] "GET /wp-content/uploads/elementor/google-fonts/fonts/robotoslab-bngmuxzytxpivibgjjsb6ufn5qu.woff2 HTTP/2.0" 200 34399 "https://www.elconferencista.com/wp-content/uploads/elementor/google-fonts/css/robotoslab.css?ver=1742243104" "Mozilla/5.0 (X11; Linux x86_64; rv:57.0) Gecko/20100101 Firefox/57.0" 
158.69.225.63 - - [27/Oct/2025:00:50:30 -0700] "GET /wp-content/plugins/elementskit-lite/modules/elementskit-icon-pack/assets/fonts/elementskit.woff?itek3h HTTP/2.0" 200 460630 "https://www.elconferencista.com/wp-content/plugins/elementskit-lite/modules/elementskit-icon-pack/assets/css/ekiticons.css?ver=3.7.4" "Mozilla/5.0 (X11; Linux x86_64; rv:57.0) Gecko/20100101 Firefox/57.0" 
158.69.225.63 - - [27/Oct/2025:00:50:30 -0700] "GET /wp-content/uploads/2022/09/cropped-logo-edner-granados-rojo-192x192.jpeg HTTP/2.0" 200 63294 "-" "Mozilla/5.0 (X11; Linux x86_64; rv:57.0) Gecko/20100101 Firefox/57.0" 
158.69.225.63 - - [27/Oct/2025:00:50:30 -0700] "GET /wp-content/uploads/2022/09/cropped-logo-edner-granados-rojo-32x32.jpeg HTTP/2.0" 200 56496 "-" "Mozilla/5.0 (X11; Linux x86_64; rv:57.0) Gecko/20100101 Firefox/57.0" 
69.163.179.91 - - [27/Oct/2025:00:50:28 -0700] "POST /wp-cron.php?doing_wp_cron=1761551428.0413460731506347656250 HTTP/1.1" 200 3647 "-" "WordPress/6.8.3; https://www.elconferencista.com" 
158.69.225.63 - - [27/Oct/2025:00:50:30 -0700] "GET /wp-includes/js/wp-emoji-release.min.js?ver=6.8.3 HTTP/2.0" 200 5313 "https://www.elconferencista.com/" "Mozilla/5.0 (X11; Linux x86_64; rv:57.0) Gecko/20100101 Firefox/57.0" 
158.69.225.63 - - [27/Oct/2025:00:50:30 -0700] "GET /wp-content/uploads/2022/09/PICH-e1664325490429.png HTTP/2.0" 200 122075 "https://www.elconferencista.com/" "Mozilla/5.0 (X11; Linux x86_64; rv:57.0) Gecko/20100101 Firefox/57.0" 
158.69.225.63 - - [27/Oct/2025:00:50:48 -0700] "GET /wp-content/themes/astra/style.css?wrndsc=798979674 HTTP/1.1" 200 8085 "-" "Mozilla/5.0 (Macintosh; U; Intel Mac OS X 10.4; en-US; rv:1.9.2.2) Gecko/20100316 Firefox/3.6.2" 
69.163.179.91 - - [27/Oct/2025:00:51:28 -0700] "POST /wp-cron.php?doing_wp_cron=1761551488.4673740863800048828125 HTTP/1.1" 200 3647 "-" "WordPress/6.8.3; https://www.elconferencista.com" 
54.39.210.234 - - [27/Oct/2025:00:51:27 -0700] "GET /?products=4830380 HTTP/2.0" 200 31029 "-" "Mozilla/5.0 (compatible; AhrefsBot/7.0; +http://ahrefs.com/robot/)" 
4.215.198.138 - - [27/Oct/2025:00:52:18 -0700] "GET /wp-content/plugins/hellopress/wp_filemanager.php HTTP/1.1" 403 3812 "-" "-" 
4.215.198.138 - - [27/Oct/2025:00:52:18 -0700] "GET /shoha.php HTTP/1.1" 403 485 "-" "-" 
4.215.198.138 - - [27/Oct/2025:00:52:18 -0700] "GET /444.php HTTP/1.1" 403 485 "-" "-" 
4.215.198.138 - - [27/Oct/2025:00:52:19 -0700] "GET /hk.php HTTP/1.1" 403 485 "-" "-" 
4.215.198.138 - - [27/Oct/2025:00:52:19 -0700] "GET /hook.php HTTP/1.1" 403 485 "-" "-" 
4.215.198.138 - - [27/Oct/2025:00:52:19 -0700] "GET /atomlib.php HTTP/1.1" 403 485 "-" "-" 
4.215.198.138 - - [27/Oct/2025:00:52:19 -0700] "GET /geck.php HTTP/1.1" 403 485 "-" "-" 
4.215.198.138 - - [27/Oct/2025:00:52:20 -0700] "GET /file88.php HTTP/1.1" 403 485 "-" "-" 
4.215.198.138 - - [27/Oct/2025:00:52:20 -0700] "GET /gold.php HTTP/1.1" 403 485 "-" "-" 
4.215.198.138 - - [27/Oct/2025:00:52:20 -0700] "GET /moo.php HTTP/1.1" 403 485 "-" "-" 
4.215.198.138 - - [27/Oct/2025:00:52:21 -0700] "GET /file2.php HTTP/1.1" 403 485 "-" "-" 
4.215.198.138 - - [27/Oct/2025:00:52:21 -0700] "GET /afile.php HTTP/1.1" 403 485 "-" "-" 
4.215.198.138 - - [27/Oct/2025:00:52:21 -0700] "GET /1.php HTTP/1.1" 403 485 "-" "-" 
4.215.198.138 - - [27/Oct/2025:00:52:21 -0700] "GET /info.php HTTP/1.1" 403 485 "-" "-" 
4.215.198.138 - - [27/Oct/2025:00:52:22 -0700] "GET /gmo.php HTTP/1.1" 403 485 "-" "-" 
4.215.198.138 - - [27/Oct/2025:00:52:22 -0700] "GET /bless5.php HTTP/1.1" 403 485 "-" "-" 
4.215.198.138 - - [27/Oct/2025:00:52:22 -0700] "GET /te.php HTTP/1.1" 403 485 "-" "-" 
4.215.198.138 - - [27/Oct/2025:00:52:23 -0700] "GET /cccc.php HTTP/1.1" 403 485 "-" "-" 
4.215.198.138 - - [27/Oct/2025:00:52:23 -0700] "GET /usep.php HTTP/1.1" 403 485 "-" "-" 
4.215.198.138 - - [27/Oct/2025:00:52:23 -0700] "GET /fileas.php HTTP/1.1" 403 485 "-" "-" 
4.215.198.138 - - [27/Oct/2025:00:52:24 -0700] "GET /haa.php HTTP/1.1" 403 485 "-" "-" 
4.215.198.138 - - [27/Oct/2025:00:52:24 -0700] "GET /gfile.php HTTP/1.1" 403 485 "-" "-" 
4.215.198.138 - - [27/Oct/2025:00:52:24 -0700] "GET /gelap.php HTTP/1.1" 403 485 "-" "-" 
4.215.198.138 - - [27/Oct/2025:00:52:24 -0700] "GET /a.php HTTP/1.1" 403 485 "-" "-" 
4.215.198.138 - - [27/Oct/2025:00:52:25 -0700] "GET /wpls.php HTTP/1.1" 403 485 "-" "-" 
4.215.198.138 - - [27/Oct/2025:00:52:25 -0700] "GET /wp-aaa.php HTTP/1.1" 403 485 "-" "-" 
4.215.198.138 - - [27/Oct/2025:00:52:25 -0700] "GET /wp.php HTTP/1.1" 403 485 "-" "-" 
4.215.198.138 - - [27/Oct/2025:00:52:26 -0700] "GET /333.php HTTP/1.1" 403 485 "-" "-" 
4.215.198.138 - - [27/Oct/2025:00:52:26 -0700] "GET /class-wp.php HTTP/1.1" 403 485 "-" "-" 
4.215.198.138 - - [27/Oct/2025:00:52:26 -0700] "GET /pp.php HTTP/1.1" 403 485 "-" "-" 
4.215.198.138 - - [27/Oct/2025:00:52:26 -0700] "GET /031.php HTTP/1.1" 403 485 "-" "-" 
4.215.198.138 - - [27/Oct/2025:00:52:27 -0700] "GET /tor.php HTTP/1.1" 403 485 "-" "-" 
4.215.198.138 - - [27/Oct/2025:00:52:27 -0700] "GET /thh.php HTTP/1.1" 403 485 "-" "-" 
4.215.198.138 - - [27/Oct/2025:00:52:27 -0700] "GET /klex.php HTTP/1.1" 403 485 "-" "-" 
4.215.198.138 - - [27/Oct/2025:00:52:28 -0700] "GET /a2.php HTTP/1.1" 403 485 "-" "-" 
4.215.198.138 - - [27/Oct/2025:00:52:28 -0700] "GET /errorfile.php HTTP/1.1" 403 485 "-" "-" 
4.215.198.138 - - [27/Oct/2025:00:52:28 -0700] "GET /error.php HTTP/1.1" 403 485 "-" "-" 
4.215.198.138 - - [27/Oct/2025:00:52:29 -0700] "GET /file15.php HTTP/1.1" 403 485 "-" "-" 
4.215.198.138 - - [27/Oct/2025:00:52:29 -0700] "GET /asas.php HTTP/1.1" 403 485 "-" "-" 
4.215.198.138 - - [27/Oct/2025:00:52:29 -0700] "GET /520.php HTTP/1.1" 403 485 "-" "-" 
4.215.198.138 - - [27/Oct/2025:00:52:29 -0700] "GET /ilex.php HTTP/1.1" 403 485 "-" "-" 
4.215.198.138 - - [27/Oct/2025:00:52:30 -0700] "GET /class20.php HTTP/1.1" 403 485 "-" "-" 
4.215.198.138 - - [27/Oct/2025:00:52:30 -0700] "GET /an.php HTTP/1.1" 403 485 "-" "-" 
4.215.198.138 - - [27/Oct/2025:00:52:30 -0700] "GET /ton.php HTTP/1.1" 403 485 "-" "-" 
4.215.198.138 - - [27/Oct/2025:00:52:31 -0700] "GET /file21.php HTTP/1.1" 403 485 "-" "-" 
4.215.198.138 - - [27/Oct/2025:00:52:31 -0700] "GET /cool.php HTTP/1.1" 403 485 "-" "-" 
4.215.198.138 - - [27/Oct/2025:00:52:31 -0700] "GET /file7.php HTTP/1.1" 403 485 "-" "-" 
4.215.198.138 - - [27/Oct/2025:00:52:31 -0700] "GET /classgoto24.php HTTP/1.1" 403 485 "-" "-" 
4.215.198.138 - - [27/Oct/2025:00:52:32 -0700] "GET /wlex.php HTTP/1.1" 403 485 "-" "-" 
4.215.198.138 - - [27/Oct/2025:00:52:32 -0700] "GET /ahax.php HTTP/1.1" 403 485 "-" "-" 
4.215.198.138 - - [27/Oct/2025:00:52:32 -0700] "GET /gel4y.php HTTP/1.1" 403 485 "-" "-" 
4.215.198.138 - - [27/Oct/2025:00:52:33 -0700] "GET /file1.php HTTP/1.1" 403 485 "-" "-" 
4.215.198.138 - - [27/Oct/2025:00:52:33 -0700] "GET /fffff.php HTTP/1.1" 403 485 "-" "-" 
4.215.198.138 - - [27/Oct/2025:00:52:33 -0700] "GET /2.php HTTP/1.1" 403 485 "-" "-" 
4.215.198.138 - - [27/Oct/2025:00:52:33 -0700] "GET /file4.php HTTP/1.1" 403 485 "-" "-" 
4.215.198.138 - - [27/Oct/2025:00:52:34 -0700] "GET /makeasmtp.php HTTP/1.1" 403 485 "-" "-" 
4.215.198.138 - - [27/Oct/2025:00:52:34 -0700] "GET /des.php HTTP/1.1" 403 485 "-" "-" 
4.215.198.138 - - [27/Oct/2025:00:52:34 -0700] "GET /alfa.php HTTP/1.1" 403 485 "-" "-" 
4.215.198.138 - - [27/Oct/2025:00:52:35 -0700] "GET /222.php HTTP/1.1" 403 485 "-" "-" 
4.215.198.138 - - [27/Oct/2025:00:52:35 -0700] "GET /555.php HTTP/1.1" 403 485 "-" "-" 
4.215.198.138 - - [27/Oct/2025:00:52:35 -0700] "GET /gifclass4.php HTTP/1.1" 403 485 "-" "-" 
4.215.198.138 - - [27/Oct/2025:00:52:36 -0700] "GET /lv.php HTTP/1.1" 403 485 "-" "-" 
