85.208.96.204 - - [26/Oct/2025:07:59:00 -0700] "GET /?products=2509968 HTTP/1.1" 200 34796 "-" "Mozilla/5.0 (compatible; SemrushBot/7~bl; +http://www.semrush.com/bot.html)" 
69.163.179.91 - - [26/Oct/2025:07:59:27 -0700] "POST /wp-cron.php?doing_wp_cron=1761490767.0704801082611083984375 HTTP/1.1" 200 3647 "-" "WordPress/6.8.3; https://www.elconferencista.com" 
185.191.171.11 - - [26/Oct/2025:07:59:26 -0700] "GET /?products=2507732 HTTP/1.1" 200 34796 "-" "Mozilla/5.0 (compatible; SemrushBot/7~bl; +http://www.semrush.com/bot.html)" 
185.191.171.7 - - [26/Oct/2025:07:59:32 -0700] "GET /?products=2505864 HTTP/1.1" 200 34796 "-" "Mozilla/5.0 (compatible; SemrushBot/7~bl; +http://www.semrush.com/bot.html)" 
185.191.171.5 - - [26/Oct/2025:07:59:38 -0700] "GET /?products=2509724 HTTP/1.1" 200 34796 "-" "Mozilla/5.0 (compatible; SemrushBot/7~bl; +http://www.semrush.com/bot.html)" 
85.208.96.208 - - [26/Oct/2025:07:59:42 -0700] "GET /?products=2505840 HTTP/1.1" 200 34796 "-" "Mozilla/5.0 (compatible; SemrushBot/7~bl; +http://www.semrush.com/bot.html)" 
69.163.179.91 - - [26/Oct/2025:08:00:35 -0700] "POST /wp-cron.php?doing_wp_cron=1761490834.9788000583648681640625 HTTP/1.1" 200 3647 "-" "WordPress/6.8.3; https://www.elconferencista.com" 
185.191.171.8 - - [26/Oct/2025:08:00:34 -0700] "GET /?products=2511096 HTTP/1.1" 200 34796 "-" "Mozilla/5.0 (compatible; SemrushBot/7~bl; +http://www.semrush.com/bot.html)" 
69.163.179.91 - - [26/Oct/2025:08:01:37 -0700] "POST /wp-cron.php?doing_wp_cron=1761490897.2944910526275634765625 HTTP/1.1" 200 3647 "-" "WordPress/6.8.3; https://www.elconferencista.com" 
142.44.228.48 - - [26/Oct/2025:08:01:36 -0700] "GET /?products=4831244 HTTP/2.0" 200 31027 "-" "Mozilla/5.0 (compatible; AhrefsBot/7.0; +http://ahrefs.com/robot/)" 
185.191.171.11 - - [26/Oct/2025:08:03:00 -0700] "GET /?products=2509182 HTTP/1.1" 200 34795 "-" "Mozilla/5.0 (compatible; SemrushBot/7~bl; +http://www.semrush.com/bot.html)" 
69.163.179.91 - - [26/Oct/2025:08:03:01 -0700] "POST /wp-cron.php?doing_wp_cron=1761490981.6253309249877929687500 HTTP/1.1" 200 3647 "-" "WordPress/6.8.3; https://www.elconferencista.com" 
185.191.171.12 - - [26/Oct/2025:08:03:30 -0700] "GET /?products=2509964 HTTP/1.1" 200 34796 "-" "Mozilla/5.0 (compatible; SemrushBot/7~bl; +http://www.semrush.com/bot.html)" 
54.39.89.115 - - [26/Oct/2025:08:03:48 -0700] "GET /?products=4831196 HTTP/2.0" 200 31027 "-" "Mozilla/5.0 (compatible; AhrefsBot/7.0; +http://ahrefs.com/robot/)" 
112.213.85.55 - - [26/Oct/2025:08:04:08 -0700] "GET /wp-login.php HTTP/2.0" 429 351 "-" "Mozilla/5.0 (Windows NT 10.0; Win64; x64) AppleWebKit/537.36 (KHTML, like Gecko) Chrome/130.0.0.0 Safari/537.36" 
89.117.74.114 - - [26/Oct/2025:08:05:10 -0700] "GET /wp-login.php HTTP/2.0" 429 351 "-" "Mozilla/5.0 (Windows NT 10.0; Win64; x64) AppleWebKit/537.36 (KHTML, like Gecko) Chrome/130.0.0.0 Safari/537.36" 
85.208.96.200 - - [26/Oct/2025:08:05:50 -0700] "GET /?products=2506134 HTTP/1.1" 200 34796 "-" "Mozilla/5.0 (compatible; SemrushBot/7~bl; +http://www.semrush.com/bot.html)" 
69.163.179.91 - - [26/Oct/2025:08:05:52 -0700] "POST /wp-cron.php?doing_wp_cron=1761491152.4437229633331298828125 HTTP/1.1" 200 3647 "-" "WordPress/6.8.3; https://www.elconferencista.com" 
85.208.96.211 - - [26/Oct/2025:08:05:57 -0700] "GET /?products=2506186 HTTP/1.1" 200 34796 "-" "Mozilla/5.0 (compatible; SemrushBot/7~bl; +http://www.semrush.com/bot.html)" 
45.239.216.2 - - [26/Oct/2025:08:06:16 -0700] "GET /wp-login.php HTTP/2.0" 429 351 "-" "Mozilla/5.0 (Windows NT 10.0; Win64; x64) AppleWebKit/537.36 (KHTML, like Gecko) Chrome/130.0.0.0 Safari/537.36" 
69.163.179.91 - - [26/Oct/2025:08:06:38 -0700] "POST /wp-cron.php?doing_wp_cron=1761491198.5905311107635498046875 HTTP/1.1" 200 3647 "-" "WordPress/6.8.3; https://www.elconferencista.com" 
54.39.210.154 - - [26/Oct/2025:08:06:37 -0700] "GET /?products=4831148 HTTP/2.0" 200 31027 "-" "Mozilla/5.0 (compatible; AhrefsBot/7.0; +http://ahrefs.com/robot/)" 
178.239.147.118 - - [26/Oct/2025:08:06:42 -0700] "GET /wp-login.php HTTP/2.0" 429 351 "-" "Mozilla/5.0 (Windows NT 10.0; Win64; x64) AppleWebKit/537.36 (KHTML, like Gecko) Chrome/130.0.0.0 Safari/537.36" 
185.191.171.7 - - [26/Oct/2025:08:06:58 -0700] "GET /?products=2510160 HTTP/1.1" 200 34796 "-" "Mozilla/5.0 (compatible; SemrushBot/7~bl; +http://www.semrush.com/bot.html)" 
69.163.179.91 - - [26/Oct/2025:08:07:26 -0700] "POST /wp-cron.php?doing_wp_cron=1761491246.7045440673828125000000 HTTP/1.1" 200 3647 "-" "WordPress/6.8.3; https://www.elconferencista.com" 
185.191.171.7 - - [26/Oct/2025:08:07:26 -0700] "GET /?products=2507468 HTTP/1.1" 200 34796 "-" "Mozilla/5.0 (compatible; SemrushBot/7~bl; +http://www.semrush.com/bot.html)" 
185.191.171.8 - - [26/Oct/2025:08:07:31 -0700] "GET /?products=2510204 HTTP/1.1" 200 34796 "-" "Mozilla/5.0 (compatible; SemrushBot/7~bl; +http://www.semrush.com/bot.html)" 
85.208.96.204 - - [26/Oct/2025:08:07:47 -0700] "GET /?products=2507242 HTTP/1.1" 200 34796 "-" "Mozilla/5.0 (compatible; SemrushBot/7~bl; +http://www.semrush.com/bot.html)" 
194.63.239.143 - - [26/Oct/2025:08:07:56 -0700] "GET /wp-login.php HTTP/2.0" 429 362 "-" "Mozilla/5.0 (Windows NT 10.0; Win64; x64) AppleWebKit/537.36 (KHTML, like Gecko) Chrome/130.0.0.0 Safari/537.36" 
92.205.110.219 - - [26/Oct/2025:08:08:55 -0700] "GET /wp-login.php HTTP/2.0" 429 351 "-" "Mozilla/5.0 (Windows NT 10.0; Win64; x64) AppleWebKit/537.36 (KHTML, like Gecko) Chrome/130.0.0.0 Safari/537.36" 
148.113.130.107 - - [26/Oct/2025:08:09:21 -0700] "GET /?products=4831114 HTTP/2.0" 200 31027 "-" "Mozilla/5.0 (compatible; AhrefsBot/7.0; +http://ahrefs.com/robot/)" 
69.163.179.91 - - [26/Oct/2025:08:09:23 -0700] "POST /wp-cron.php?doing_wp_cron=1761491363.2129559516906738281250 HTTP/1.1" 200 3647 "-" "WordPress/6.8.3; https://www.elconferencista.com" 
185.191.171.7 - - [26/Oct/2025:08:09:24 -0700] "GET /?products=2505860 HTTP/1.1" 200 34796 "-" "Mozilla/5.0 (compatible; SemrushBot/7~bl; +http://www.semrush.com/bot.html)" 
69.163.137.216 - - [26/Oct/2025:08:09:31 -0700] "GET /wp-login.php HTTP/2.0" 200 3583 "-" "Mozilla/5.0 (Windows NT 10.0; Win64; x64) AppleWebKit/537.36 (KHTML, like Gecko) Chrome/130.0.0.0 Safari/537.36" 
69.163.137.216 - - [26/Oct/2025:08:09:36 -0700] "POST /wp-login.php HTTP/2.0" 200 3485 "https://www.elconferencista.com/wp-login.php" "Mozilla/5.0 (Windows NT 10.0; Win64; x64) AppleWebKit/537.36 (KHTML, like Gecko) Chrome/130.0.0.0 Safari/537.36" 
185.191.171.7 - - [26/Oct/2025:08:09:43 -0700] "GET /?products=2506158 HTTP/1.1" 200 34796 "-" "Mozilla/5.0 (compatible; SemrushBot/7~bl; +http://www.semrush.com/bot.html)" 
85.208.96.203 - - [26/Oct/2025:08:09:55 -0700] "GET /?products=2507640 HTTP/1.1" 200 34796 "-" "Mozilla/5.0 (compatible; SemrushBot/7~bl; +http://www.semrush.com/bot.html)" 
69.163.179.91 - - [26/Oct/2025:08:10:18 -0700] "POST /wp-cron.php?doing_wp_cron=1761491418.0465250015258789062500 HTTP/1.1" 200 3647 "-" "WordPress/6.8.3; https://www.elconferencista.com" 
185.191.171.18 - - [26/Oct/2025:08:10:17 -0700] "GET /?products=2506440 HTTP/1.1" 200 34796 "-" "Mozilla/5.0 (compatible; SemrushBot/7~bl; +http://www.semrush.com/bot.html)" 
85.208.96.197 - - [26/Oct/2025:08:10:33 -0700] "GET /?products=2509954 HTTP/1.1" 200 34796 "-" "Mozilla/5.0 (compatible; SemrushBot/7~bl; +http://www.semrush.com/bot.html)" 
163.61.112.5 - - [26/Oct/2025:08:10:51 -0700] "GET /wp-login.php HTTP/2.0" 429 351 "-" "Mozilla/5.0 (Windows NT 10.0; Win64; x64) AppleWebKit/537.36 (KHTML, like Gecko) Chrome/130.0.0.0 Safari/537.36" 
85.208.96.208 - - [26/Oct/2025:08:10:51 -0700] "GET /?products=2510184 HTTP/1.1" 200 34796 "-" "Mozilla/5.0 (compatible; SemrushBot/7~bl; +http://www.semrush.com/bot.html)" 
128.199.157.207 - - [26/Oct/2025:08:11:05 -0700] "GET /wp-login.php HTTP/2.0" 429 351 "-" "Mozilla/5.0 (Windows NT 10.0; Win64; x64) AppleWebKit/537.36 (KHTML, like Gecko) Chrome/130.0.0.0 Safari/537.36" 
178.239.147.118 - - [26/Oct/2025:08:11:15 -0700] "GET /wp-login.php HTTP/2.0" 429 351 "-" "Mozilla/5.0 (Windows NT 10.0; Win64; x64) AppleWebKit/537.36 (KHTML, like Gecko) Chrome/130.0.0.0 Safari/537.36" 
185.191.171.17 - - [26/Oct/2025:08:11:44 -0700] "GET /?products=2510708 HTTP/1.1" 200 34796 "-" "Mozilla/5.0 (compatible; SemrushBot/7~bl; +http://www.semrush.com/bot.html)" 
69.163.179.91 - - [26/Oct/2025:08:11:45 -0700] "POST /wp-cron.php?doing_wp_cron=1761491505.4134280681610107421875 HTTP/1.1" 200 3647 "-" "WordPress/6.8.3; https://www.elconferencista.com" 
69.163.179.91 - - [26/Oct/2025:08:12:02 -0700] "POST /wp-cron.php?doing_wp_cron=1761491522.2243709564208984375000 HTTP/1.1" 200 3647 "-" "WordPress/6.8.3; https://www.elconferencista.com" 
51.161.65.213 - - [26/Oct/2025:08:12:01 -0700] "GET /?products=4831080 HTTP/2.0" 200 31027 "-" "Mozilla/5.0 (compatible; AhrefsBot/7.0; +http://ahrefs.com/robot/)" 
45.239.216.2 - - [26/Oct/2025:08:12:16 -0700] "GET /wp-login.php HTTP/2.0" 429 351 "-" "Mozilla/5.0 (Windows NT 10.0; Win64; x64) AppleWebKit/537.36 (KHTML, like Gecko) Chrome/130.0.0.0 Safari/537.36" 
69.163.179.91 - - [26/Oct/2025:08:12:17 -0700] "POST /wp-cron.php?doing_wp_cron=1761491537.2721180915832519531250 HTTP/1.1" 200 3647 "-" "WordPress/6.8.3; https://www.elconferencista.com" 
185.191.171.17 - - [26/Oct/2025:08:12:16 -0700] "GET /?products=2509306 HTTP/1.1" 200 34796 "-" "Mozilla/5.0 (compatible; SemrushBot/7~bl; +http://www.semrush.com/bot.html)" 
178.239.147.118 - - [26/Oct/2025:08:12:24 -0700] "GET /wp-login.php HTTP/2.0" 429 351 "-" "Mozilla/5.0 (Windows NT 10.0; Win64; x64) AppleWebKit/537.36 (KHTML, like Gecko) Chrome/130.0.0.0 Safari/537.36" 
92.205.110.219 - - [26/Oct/2025:08:12:25 -0700] "GET /wp-login.php HTTP/2.0" 429 351 "-" "Mozilla/5.0 (Windows NT 10.0; Win64; x64) AppleWebKit/537.36 (KHTML, like Gecko) Chrome/130.0.0.0 Safari/537.36" 
185.191.171.16 - - [26/Oct/2025:08:13:28 -0700] "GET /?products=2507040 HTTP/1.1" 200 34796 "-" "Mozilla/5.0 (compatible; SemrushBot/7~bl; +http://www.semrush.com/bot.html)" 
92.205.110.219 - - [26/Oct/2025:08:13:31 -0700] "GET /wp-login.php HTTP/2.0" 429 351 "-" "Mozilla/5.0 (Windows NT 10.0; Win64; x64) AppleWebKit/537.36 (KHTML, like Gecko) Chrome/130.0.0.0 Safari/537.36" 
69.163.179.91 - - [26/Oct/2025:08:13:29 -0700] "POST /wp-cron.php?doing_wp_cron=1761491609.7066960334777832031250 HTTP/1.1" 200 3647 "-" "WordPress/6.8.3; https://www.elconferencista.com" 
209.38.73.139 - - [26/Oct/2025:08:13:52 -0700] "GET /wp-login.php HTTP/2.0" 200 3583 "-" "Mozilla/5.0 (Windows NT 10.0; Win64; x64) AppleWebKit/537.36 (KHTML, like Gecko) Chrome/130.0.0.0 Safari/537.36" 
185.191.171.15 - - [26/Oct/2025:08:13:53 -0700] "GET /?products=2508740 HTTP/1.1" 200 34796 "-" "Mozilla/5.0 (compatible; SemrushBot/7~bl; +http://www.semrush.com/bot.html)" 
69.163.179.91 - - [26/Oct/2025:08:14:24 -0700] "POST /wp-cron.php?doing_wp_cron=1761491663.9967210292816162109375 HTTP/1.1" 200 3647 "-" "WordPress/6.8.3; https://www.elconferencista.com" 
85.208.96.207 - - [26/Oct/2025:08:14:23 -0700] "GET /?products=2508682 HTTP/1.1" 200 34796 "-" "Mozilla/5.0 (compatible; SemrushBot/7~bl; +http://www.semrush.com/bot.html)" 
142.44.228.81 - - [26/Oct/2025:08:14:45 -0700] "GET /?products=4831076 HTTP/2.0" 200 31027 "-" "Mozilla/5.0 (compatible; AhrefsBot/7.0; +http://ahrefs.com/robot/)" 
163.61.112.5 - - [26/Oct/2025:08:15:39 -0700] "GET /wp-login.php HTTP/2.0" 429 351 "-" "Mozilla/5.0 (Windows NT 10.0; Win64; x64) AppleWebKit/537.36 (KHTML, like Gecko) Chrome/130.0.0.0 Safari/537.36" 
185.191.171.9 - - [26/Oct/2025:08:15:44 -0700] "GET /?products=2506584 HTTP/1.1" 200 34795 "-" "Mozilla/5.0 (compatible; SemrushBot/7~bl; +http://www.semrush.com/bot.html)" 
69.163.179.91 - - [26/Oct/2025:08:15:44 -0700] "POST /wp-cron.php?doing_wp_cron=1761491744.7315089702606201171875 HTTP/1.1" 200 3647 "-" "WordPress/6.8.3; https://www.elconferencista.com" 
69.163.179.91 - - [26/Oct/2025:08:16:05 -0700] "POST /wp-cron.php?doing_wp_cron=1761491765.7060918807983398437500 HTTP/1.1" 200 3647 "-" "WordPress/6.8.3; https://www.elconferencista.com" 
85.208.96.210 - - [26/Oct/2025:08:16:05 -0700] "GET /?products=2507660 HTTP/1.1" 200 34796 "-" "Mozilla/5.0 (compatible; SemrushBot/7~bl; +http://www.semrush.com/bot.html)" 
103.90.233.75 - - [26/Oct/2025:08:16:31 -0700] "GET /wp-login.php HTTP/2.0" 429 362 "-" "Mozilla/5.0 (Windows NT 10.0; Win64; x64) AppleWebKit/537.36 (KHTML, like Gecko) Chrome/130.0.0.0 Safari/537.36" 
69.57.161.112 - - [26/Oct/2025:08:16:38 -0700] "GET /wp-login.php HTTP/2.0" 429 351 "-" "Mozilla/5.0 (Windows NT 10.0; Win64; x64) AppleWebKit/537.36 (KHTML, like Gecko) Chrome/130.0.0.0 Safari/537.36" 
85.208.96.208 - - [26/Oct/2025:08:16:38 -0700] "GET /?products=2508140 HTTP/1.1" 200 34796 "-" "Mozilla/5.0 (compatible; SemrushBot/7~bl; +http://www.semrush.com/bot.html)" 
185.191.171.3 - - [26/Oct/2025:08:16:57 -0700] "GET /?products=2506632 HTTP/1.1" 200 34796 "-" "Mozilla/5.0 (compatible; SemrushBot/7~bl; +http://www.semrush.com/bot.html)" 
69.163.179.91 - - [26/Oct/2025:08:17:13 -0700] "POST /wp-cron.php?doing_wp_cron=1761491833.5495440959930419921875 HTTP/1.1" 200 3647 "-" "WordPress/6.8.3; https://www.elconferencista.com" 
85.208.96.194 - - [26/Oct/2025:08:17:12 -0700] "GET /?products=2510948 HTTP/1.1" 200 34796 "-" "Mozilla/5.0 (compatible; SemrushBot/7~bl; +http://www.semrush.com/bot.html)" 
142.44.225.215 - - [26/Oct/2025:08:17:24 -0700] "GET /?products=4831066 HTTP/2.0" 200 31027 "-" "Mozilla/5.0 (compatible; AhrefsBot/7.0; +http://ahrefs.com/robot/)" 
69.163.179.91 - - [26/Oct/2025:08:18:11 -0700] "POST /wp-cron.php?doing_wp_cron=1761491891.8802430629730224609375 HTTP/1.1" 200 3647 "-" "WordPress/6.8.3; https://www.elconferencista.com" 
185.191.171.13 - - [26/Oct/2025:08:18:11 -0700] "GET /?products=2506800 HTTP/1.1" 200 34796 "-" "Mozilla/5.0 (compatible; SemrushBot/7~bl; +http://www.semrush.com/bot.html)" 
85.208.96.208 - - [26/Oct/2025:08:18:51 -0700] "GET /?products=2510900 HTTP/1.1" 200 34796 "-" "Mozilla/5.0 (compatible; SemrushBot/7~bl; +http://www.semrush.com/bot.html)" 
74.208.46.181 - - [26/Oct/2025:08:19:33 -0700] "GET /wp-login.php HTTP/2.0" 429 351 "-" "Mozilla/5.0 (Windows NT 10.0; Win64; x64) AppleWebKit/537.36 (KHTML, like Gecko) Chrome/130.0.0.0 Safari/537.36" 
142.44.228.81 - - [26/Oct/2025:08:20:04 -0700] "GET /?products=4830980 HTTP/2.0" 200 31027 "-" "Mozilla/5.0 (compatible; AhrefsBot/7.0; +http://ahrefs.com/robot/)" 
69.163.179.91 - - [26/Oct/2025:08:20:05 -0700] "POST /wp-cron.php?doing_wp_cron=1761492005.4126029014587402343750 HTTP/1.1" 200 3647 "-" "WordPress/6.8.3; https://www.elconferencista.com" 
45.64.185.141 - - [26/Oct/2025:08:20:29 -0700] "GET /wp-login.php HTTP/2.0" 429 351 "-" "Mozilla/5.0 (Windows NT 10.0; Win64; x64) AppleWebKit/537.36 (KHTML, like Gecko) Chrome/130.0.0.0 Safari/537.36" 
15.235.27.208 - - [26/Oct/2025:08:21:06 -0700] "GET /wp-content/uploads/elementor/css/post-295.css?ver=1761356212 HTTP/2.0" 200 1876 "-" "Mozilla/5.0 (compatible; AhrefsBot/7.0; +http://ahrefs.com/robot/)" 
69.163.179.91 - - [26/Oct/2025:08:21:18 -0700] "POST /wp-cron.php?doing_wp_cron=1761492078.1290431022644042968750 HTTP/1.1" 200 3647 "-" "WordPress/6.8.3; https://www.elconferencista.com" 
85.208.96.199 - - [26/Oct/2025:08:21:17 -0700] "GET /?products=2509926 HTTP/1.1" 200 34796 "-" "Mozilla/5.0 (compatible; SemrushBot/7~bl; +http://www.semrush.com/bot.html)" 
85.208.96.206 - - [26/Oct/2025:08:21:41 -0700] "GET /?products=2510530 HTTP/1.1" 200 34796 "-" "Mozilla/5.0 (compatible; SemrushBot/7~bl; +http://www.semrush.com/bot.html)" 
92.205.110.219 - - [26/Oct/2025:08:21:56 -0700] "GET /wp-login.php HTTP/2.0" 429 351 "-" "Mozilla/5.0 (Windows NT 10.0; Win64; x64) AppleWebKit/537.36 (KHTML, like Gecko) Chrome/130.0.0.0 Safari/537.36" 
69.163.179.91 - - [26/Oct/2025:08:22:22 -0700] "POST /wp-cron.php?doing_wp_cron=1761492142.0872449874877929687500 HTTP/1.1" 200 3647 "-" "WordPress/6.8.3; https://www.elconferencista.com" 
85.208.96.196 - - [26/Oct/2025:08:22:21 -0700] "GET /?products=2507996 HTTP/1.1" 200 34795 "-" "Mozilla/5.0 (compatible; SemrushBot/7~bl; +http://www.semrush.com/bot.html)" 
185.191.171.13 - - [26/Oct/2025:08:22:28 -0700] "GET /?products=2508726 HTTP/1.1" 200 34796 "-" "Mozilla/5.0 (compatible; SemrushBot/7~bl; +http://www.semrush.com/bot.html)" 
85.114.135.165 - - [26/Oct/2025:08:22:41 -0700] "GET /wp-login.php HTTP/2.0" 429 351 "-" "Mozilla/5.0 (Windows NT 10.0; Win64; x64) AppleWebKit/537.36 (KHTML, like Gecko) Chrome/130.0.0.0 Safari/537.36" 
54.39.89.4 - - [26/Oct/2025:08:22:43 -0700] "GET /?products=4830908 HTTP/2.0" 200 31027 "-" "Mozilla/5.0 (compatible; AhrefsBot/7.0; +http://ahrefs.com/robot/)" 
185.191.171.13 - - [26/Oct/2025:08:22:54 -0700] "GET /?products=2506244 HTTP/1.1" 200 34796 "-" "Mozilla/5.0 (compatible; SemrushBot/7~bl; +http://www.semrush.com/bot.html)" 
103.171.88.220 - - [26/Oct/2025:08:23:40 -0700] "GET /wp-login.php HTTP/2.0" 429 362 "-" "Mozilla/5.0 (Windows NT 10.0; Win64; x64) AppleWebKit/537.36 (KHTML, like Gecko) Chrome/130.0.0.0 Safari/537.36" 
92.205.110.219 - - [26/Oct/2025:08:24:22 -0700] "GET /wp-login.php HTTP/2.0" 429 351 "-" "Mozilla/5.0 (Windows NT 10.0; Win64; x64) AppleWebKit/537.36 (KHTML, like Gecko) Chrome/130.0.0.0 Safari/537.36" 
148.113.128.116 - - [26/Oct/2025:08:25:18 -0700] "GET /?products=4830846 HTTP/2.0" 200 31026 "-" "Mozilla/5.0 (compatible; AhrefsBot/7.0; +http://ahrefs.com/robot/)" 
69.163.179.91 - - [26/Oct/2025:08:25:19 -0700] "POST /wp-cron.php?doing_wp_cron=1761492319.7718861103057861328125 HTTP/1.1" 200 3647 "-" "WordPress/6.8.3; https://www.elconferencista.com" 
85.208.96.211 - - [26/Oct/2025:08:25:35 -0700] "GET /?products=2508092 HTTP/1.1" 200 34796 "-" "Mozilla/5.0 (compatible; SemrushBot/7~bl; +http://www.semrush.com/bot.html)" 
85.208.96.203 - - [26/Oct/2025:08:25:58 -0700] "GET /?products=2509614 HTTP/1.1" 200 34796 "-" "Mozilla/5.0 (compatible; SemrushBot/7~bl; +http://www.semrush.com/bot.html)" 
69.163.179.91 - - [26/Oct/2025:08:26:21 -0700] "POST /wp-cron.php?doing_wp_cron=1761492381.1891438961029052734375 HTTP/1.1" 200 3647 "-" "WordPress/6.8.3; https://www.elconferencista.com" 
85.208.96.211 - - [26/Oct/2025:08:26:20 -0700] "GET /?products=2507958 HTTP/1.1" 200 34796 "-" "Mozilla/5.0 (compatible; SemrushBot/7~bl; +http://www.semrush.com/bot.html)" 
85.208.96.197 - - [26/Oct/2025:08:26:38 -0700] "GET /?products=2510784 HTTP/1.1" 200 34796 "-" "Mozilla/5.0 (compatible; SemrushBot/7~bl; +http://www.semrush.com/bot.html)" 
85.208.96.207 - - [26/Oct/2025:08:26:42 -0700] "GET /?products=2507410 HTTP/1.1" 200 34796 "-" "Mozilla/5.0 (compatible; SemrushBot/7~bl; +http://www.semrush.com/bot.html)" 
85.208.96.207 - - [26/Oct/2025:08:26:52 -0700] "GET /?products=2505912 HTTP/1.1" 200 34796 "-" "Mozilla/5.0 (compatible; SemrushBot/7~bl; +http://www.semrush.com/bot.html)" 
89.117.74.114 - - [26/Oct/2025:08:27:03 -0700] "GET /wp-login.php HTTP/2.0" 429 351 "-" "Mozilla/5.0 (Windows NT 10.0; Win64; x64) AppleWebKit/537.36 (KHTML, like Gecko) Chrome/130.0.0.0 Safari/537.36" 
85.208.96.195 - - [26/Oct/2025:08:27:10 -0700] "GET /robots.txt HTTP/1.1" 200 3838 "-" "Mozilla/5.0 (compatible; SemrushBot/7~bl; +http://www.semrush.com/bot.html)" 
69.163.179.91 - - [26/Oct/2025:08:27:11 -0700] "POST /wp-cron.php?doing_wp_cron=1761492431.1448810100555419921875 HTTP/1.1" 200 3647 "-" "WordPress/6.8.3; https://www.elconferencista.com" 
85.208.96.199 - - [26/Oct/2025:08:27:10 -0700] "GET /?products=2506580 HTTP/1.1" 200 34796 "-" "Mozilla/5.0 (compatible; SemrushBot/7~bl; +http://www.semrush.com/bot.html)" 
185.191.171.11 - - [26/Oct/2025:08:27:15 -0700] "GET /?products=2510410 HTTP/1.1" 200 34796 "-" "Mozilla/5.0 (compatible; SemrushBot/7~bl; +http://www.semrush.com/bot.html)" 
54.39.89.35 - - [26/Oct/2025:08:27:57 -0700] "GET /?products=4830826 HTTP/2.0" 200 31027 "-" "Mozilla/5.0 (compatible; AhrefsBot/7.0; +http://ahrefs.com/robot/)" 
163.61.112.5 - - [26/Oct/2025:08:28:45 -0700] "GET /wp-login.php HTTP/2.0" 429 351 "-" "Mozilla/5.0 (Windows NT 10.0; Win64; x64) AppleWebKit/537.36 (KHTML, like Gecko) Chrome/130.0.0.0 Safari/537.36" 
185.191.171.10 - - [26/Oct/2025:08:29:53 -0700] "GET /?products=2511102 HTTP/1.1" 200 34796 "-" "Mozilla/5.0 (compatible; SemrushBot/7~bl; +http://www.semrush.com/bot.html)" 
69.163.179.91 - - [26/Oct/2025:08:29:55 -0700] "POST /wp-cron.php?doing_wp_cron=1761492595.0923540592193603515625 HTTP/1.1" 200 3647 "-" "WordPress/6.8.3; https://www.elconferencista.com" 
92.205.110.219 - - [26/Oct/2025:08:30:30 -0700] "GET /wp-login.php HTTP/2.0" 429 351 "-" "Mozilla/5.0 (Windows NT 10.0; Win64; x64) AppleWebKit/537.36 (KHTML, like Gecko) Chrome/130.0.0.0 Safari/537.36" 
163.61.112.5 - - [26/Oct/2025:08:30:40 -0700] "GET /wp-login.php HTTP/2.0" 429 351 "-" "Mozilla/5.0 (Windows NT 10.0; Win64; x64) AppleWebKit/537.36 (KHTML, like Gecko) Chrome/130.0.0.0 Safari/537.36" 
69.163.179.91 - - [26/Oct/2025:08:30:45 -0700] "POST /wp-cron.php?doing_wp_cron=1761492645.5650880336761474609375 HTTP/1.1" 200 3647 "-" "WordPress/6.8.3; https://www.elconferencista.com" 
85.208.96.200 - - [26/Oct/2025:08:30:44 -0700] "GET /?products=2509882 HTTP/1.1" 200 34786 "-" "Mozilla/5.0 (compatible; SemrushBot/7~bl; +http://www.semrush.com/bot.html)" 
148.113.128.178 - - [26/Oct/2025:08:30:46 -0700] "GET /?products=4830816 HTTP/2.0" 200 31027 "-" "Mozilla/5.0 (compatible; AhrefsBot/7.0; +http://ahrefs.com/robot/)" 
185.191.171.1 - - [26/Oct/2025:08:33:32 -0700] "GET /?products=2505918 HTTP/1.1" 200 34796 "-" "Mozilla/5.0 (compatible; SemrushBot/7~bl; +http://www.semrush.com/bot.html)" 
51.222.168.113 - - [26/Oct/2025:08:33:33 -0700] "GET /?products=4830774 HTTP/2.0" 200 31027 "-" "Mozilla/5.0 (compatible; AhrefsBot/7.0; +http://ahrefs.com/robot/)" 
69.163.179.91 - - [26/Oct/2025:08:33:34 -0700] "POST /wp-cron.php?doing_wp_cron=1761492814.3375420570373535156250 HTTP/1.1" 200 3647 "-" "WordPress/6.8.3; https://www.elconferencista.com" 
185.191.171.2 - - [26/Oct/2025:08:33:39 -0700] "GET /?products=2508000 HTTP/1.1" 200 34796 "-" "Mozilla/5.0 (compatible; SemrushBot/7~bl; +http://www.semrush.com/bot.html)" 
128.199.157.207 - - [26/Oct/2025:08:34:04 -0700] "GET /wp-login.php HTTP/2.0" 429 351 "-" "Mozilla/5.0 (Windows NT 10.0; Win64; x64) AppleWebKit/537.36 (KHTML, like Gecko) Chrome/130.0.0.0 Safari/537.36" 
128.199.157.207 - - [26/Oct/2025:08:34:42 -0700] "GET /wp-login.php HTTP/2.0" 429 351 "-" "Mozilla/5.0 (Windows NT 10.0; Win64; x64) AppleWebKit/537.36 (KHTML, like Gecko) Chrome/130.0.0.0 Safari/537.36" 
178.239.147.118 - - [26/Oct/2025:08:34:51 -0700] "GET /wp-login.php HTTP/2.0" 429 351 "-" "Mozilla/5.0 (Windows NT 10.0; Win64; x64) AppleWebKit/537.36 (KHTML, like Gecko) Chrome/130.0.0.0 Safari/537.36" 
85.208.96.208 - - [26/Oct/2025:08:34:50 -0700] "GET /?products=2509518 HTTP/1.1" 200 34796 "-" "Mozilla/5.0 (compatible; SemrushBot/7~bl; +http://www.semrush.com/bot.html)" 
69.163.179.91 - - [26/Oct/2025:08:34:51 -0700] "POST /wp-cron.php?doing_wp_cron=1761492891.6263160705566406250000 HTTP/1.1" 200 3647 "-" "WordPress/6.8.3; https://www.elconferencista.com" 
69.163.179.91 - - [26/Oct/2025:08:35:43 -0700] "POST /wp-cron.php?doing_wp_cron=1761492943.9501280784606933593750 HTTP/1.1" 200 3647 "-" "WordPress/6.8.3; https://www.elconferencista.com" 
85.208.96.203 - - [26/Oct/2025:08:35:43 -0700] "GET /?products=2507314 HTTP/1.1" 200 34796 "-" "Mozilla/5.0 (compatible; SemrushBot/7~bl; +http://www.semrush.com/bot.html)" 
185.191.171.10 - - [26/Oct/2025:08:35:48 -0700] "GET /?products=2509488 HTTP/1.1" 200 34796 "-" "Mozilla/5.0 (compatible; SemrushBot/7~bl; +http://www.semrush.com/bot.html)" 
69.163.179.91 - - [26/Oct/2025:08:36:14 -0700] "POST /wp-cron.php?doing_wp_cron=1761492974.1628060340881347656250 HTTP/1.1" 200 3647 "-" "WordPress/6.8.3; https://www.elconferencista.com" 
51.161.65.72 - - [26/Oct/2025:08:36:13 -0700] "GET /?products=4830716 HTTP/2.0" 200 31027 "-" "Mozilla/5.0 (compatible; AhrefsBot/7.0; +http://ahrefs.com/robot/)" 
185.191.171.1 - - [26/Oct/2025:08:36:49 -0700] "GET /?products=2506494 HTTP/1.1" 200 34796 "-" "Mozilla/5.0 (compatible; SemrushBot/7~bl; +http://www.semrush.com/bot.html)" 
178.239.147.118 - - [26/Oct/2025:08:37:08 -0700] "GET /wp-login.php HTTP/2.0" 429 351 "-" "Mozilla/5.0 (Windows NT 10.0; Win64; x64) AppleWebKit/537.36 (KHTML, like Gecko) Chrome/130.0.0.0 Safari/537.36" 
69.163.179.91 - - [26/Oct/2025:08:37:20 -0700] "POST /wp-cron.php?doing_wp_cron=1761493040.7019660472869873046875 HTTP/1.1" 200 3647 "-" "WordPress/6.8.3; https://www.elconferencista.com" 
85.208.96.204 - - [26/Oct/2025:08:37:20 -0700] "GET /?products=2509570 HTTP/1.1" 200 34796 "-" "Mozilla/5.0 (compatible; SemrushBot/7~bl; +http://www.semrush.com/bot.html)" 
85.208.96.196 - - [26/Oct/2025:08:37:42 -0700] "GET /?products=2509128 HTTP/1.1" 200 34796 "-" "Mozilla/5.0 (compatible; SemrushBot/7~bl; +http://www.semrush.com/bot.html)" 
51.161.65.130 - - [26/Oct/2025:08:38:43 -0700] "GET /?products=4830696 HTTP/2.0" 200 31027 "-" "Mozilla/5.0 (compatible; AhrefsBot/7.0; +http://ahrefs.com/robot/)" 
69.163.179.91 - - [26/Oct/2025:08:38:43 -0700] "POST /wp-cron.php?doing_wp_cron=1761493123.7717800140380859375000 HTTP/1.1" 200 3647 "-" "WordPress/6.8.3; https://www.elconferencista.com" 
69.163.179.91 - - [26/Oct/2025:08:39:09 -0700] "POST /wp-cron.php?doing_wp_cron=1761493149.6760439872741699218750 HTTP/1.1" 200 3647 "-" "WordPress/6.8.3; https://www.elconferencista.com" 
185.191.171.10 - - [26/Oct/2025:08:39:09 -0700] "GET /?products=2509806 HTTP/1.1" 200 34796 "-" "Mozilla/5.0 (compatible; SemrushBot/7~bl; +http://www.semrush.com/bot.html)" 
85.208.96.200 - - [26/Oct/2025:08:39:13 -0700] "GET /?products=2506488 HTTP/1.1" 200 34796 "-" "Mozilla/5.0 (compatible; SemrushBot/7~bl; +http://www.semrush.com/bot.html)" 
85.208.96.208 - - [26/Oct/2025:08:39:53 -0700] "GET /?products=2510664 HTTP/1.1" 200 34796 "-" "Mozilla/5.0 (compatible; SemrushBot/7~bl; +http://www.semrush.com/bot.html)" 
69.163.179.91 - - [26/Oct/2025:08:40:03 -0700] "POST /wp-cron.php?doing_wp_cron=1761493203.3180100917816162109375 HTTP/1.1" 200 3647 "-" "WordPress/6.8.3; https://www.elconferencista.com" 
85.208.96.200 - - [26/Oct/2025:08:40:02 -0700] "GET /?products=2507554 HTTP/1.1" 200 34796 "-" "Mozilla/5.0 (compatible; SemrushBot/7~bl; +http://www.semrush.com/bot.html)" 
185.191.171.19 - - [26/Oct/2025:08:40:36 -0700] "GET /?products=2509584 HTTP/1.1" 200 34796 "-" "Mozilla/5.0 (compatible; SemrushBot/7~bl; +http://www.semrush.com/bot.html)" 
148.113.130.50 - - [26/Oct/2025:08:41:20 -0700] "GET /?products=4830692 HTTP/2.0" 200 31027 "-" "Mozilla/5.0 (compatible; AhrefsBot/7.0; +http://ahrefs.com/robot/)" 
69.163.179.91 - - [26/Oct/2025:08:41:20 -0700] "POST /wp-cron.php?doing_wp_cron=1761493280.8871259689331054687500 HTTP/1.1" 200 3647 "-" "WordPress/6.8.3; https://www.elconferencista.com" 
185.191.171.17 - - [26/Oct/2025:08:41:20 -0700] "GET /?products=2510506 HTTP/1.1" 200 34796 "-" "Mozilla/5.0 (compatible; SemrushBot/7~bl; +http://www.semrush.com/bot.html)" 
85.208.96.202 - - [26/Oct/2025:08:42:54 -0700] "GET /?products=2506182 HTTP/1.1" 200 34796 "-" "Mozilla/5.0 (compatible; SemrushBot/7~bl; +http://www.semrush.com/bot.html)" 
69.163.179.91 - - [26/Oct/2025:08:42:55 -0700] "POST /wp-cron.php?doing_wp_cron=1761493375.6717300415039062500000 HTTP/1.1" 200 3647 "-" "WordPress/6.8.3; https://www.elconferencista.com" 
69.163.179.91 - - [26/Oct/2025:08:43:59 -0700] "POST /wp-cron.php?doing_wp_cron=1761493439.5274240970611572265625 HTTP/1.1" 200 3647 "-" "WordPress/6.8.3; https://www.elconferencista.com" 
148.113.130.47 - - [26/Oct/2025:08:43:58 -0700] "GET /?products=4830648 HTTP/2.0" 200 31027 "-" "Mozilla/5.0 (compatible; AhrefsBot/7.0; +http://ahrefs.com/robot/)" 
69.163.179.91 - - [26/Oct/2025:08:44:06 -0700] "POST /wp-cron.php?doing_wp_cron=1761493446.4147379398345947265625 HTTP/1.1" 200 3647 "-" "WordPress/6.8.3; https://www.elconferencista.com" 
85.208.96.194 - - [26/Oct/2025:08:44:05 -0700] "GET /?products=2506038 HTTP/1.1" 200 34796 "-" "Mozilla/5.0 (compatible; SemrushBot/7~bl; +http://www.semrush.com/bot.html)" 
85.208.96.199 - - [26/Oct/2025:08:44:19 -0700] "GET /?products=2510334 HTTP/1.1" 200 34796 "-" "Mozilla/5.0 (compatible; SemrushBot/7~bl; +http://www.semrush.com/bot.html)" 
69.163.179.91 - - [26/Oct/2025:08:45:07 -0700] "POST /wp-cron.php?doing_wp_cron=1761493507.3758859634399414062500 HTTP/1.1" 200 3647 "-" "WordPress/6.8.3; https://www.elconferencista.com" 
85.208.96.201 - - [26/Oct/2025:08:45:06 -0700] "GET /?products=2507238 HTTP/1.1" 200 34796 "-" "Mozilla/5.0 (compatible; SemrushBot/7~bl; +http://www.semrush.com/bot.html)" 
185.191.171.14 - - [26/Oct/2025:08:45:16 -0700] "GET /?products=2507694 HTTP/1.1" 200 34796 "-" "Mozilla/5.0 (compatible; SemrushBot/7~bl; +http://www.semrush.com/bot.html)" 
51.161.65.163 - - [26/Oct/2025:08:46:28 -0700] "GET /?products=4830644 HTTP/2.0" 200 31027 "-" "Mozilla/5.0 (compatible; AhrefsBot/7.0; +http://ahrefs.com/robot/)" 
69.163.179.91 - - [26/Oct/2025:08:46:30 -0700] "POST /wp-cron.php?doing_wp_cron=1761493590.0011448860168457031250 HTTP/1.1" 200 3647 "-" "WordPress/6.8.3; https://www.elconferencista.com" 
142.44.225.93 - - [26/Oct/2025:08:48:51 -0700] "GET /?products=4830634 HTTP/2.0" 200 31027 "-" "Mozilla/5.0 (compatible; AhrefsBot/7.0; +http://ahrefs.com/robot/)" 
69.163.179.91 - - [26/Oct/2025:08:48:53 -0700] "POST /wp-cron.php?doing_wp_cron=1761493733.4587459564208984375000 HTTP/1.1" 200 3647 "-" "WordPress/6.8.3; https://www.elconferencista.com" 
69.163.179.91 - - [26/Oct/2025:08:49:43 -0700] "POST /wp-cron.php?doing_wp_cron=1761493783.4997770786285400390625 HTTP/1.1" 200 3647 "-" "WordPress/6.8.3; https://www.elconferencista.com" 
85.208.96.198 - - [26/Oct/2025:08:49:42 -0700] "GET /?products=2510598 HTTP/1.1" 200 34796 "-" "Mozilla/5.0 (compatible; SemrushBot/7~bl; +http://www.semrush.com/bot.html)" 
185.191.171.7 - - [26/Oct/2025:08:49:48 -0700] "GET /?products=2508586 HTTP/1.1" 200 34795 "-" "Mozilla/5.0 (compatible; SemrushBot/7~bl; +http://www.semrush.com/bot.html)" 
185.191.171.14 - - [26/Oct/2025:08:49:53 -0700] "GET /?products=2506532 HTTP/1.1" 200 34796 "-" "Mozilla/5.0 (compatible; SemrushBot/7~bl; +http://www.semrush.com/bot.html)" 
85.208.96.205 - - [26/Oct/2025:08:49:58 -0700] "GET /?products=2510276 HTTP/1.1" 200 34796 "-" "Mozilla/5.0 (compatible; SemrushBot/7~bl; +http://www.semrush.com/bot.html)" 
69.163.179.91 - - [26/Oct/2025:08:50:34 -0700] "POST /wp-cron.php?doing_wp_cron=1761493833.9751119613647460937500 HTTP/1.1" 200 3647 "-" "WordPress/6.8.3; https://www.elconferencista.com" 
85.208.96.195 - - [26/Oct/2025:08:50:33 -0700] "GET /?products=2510934 HTTP/1.1" 200 34796 "-" "Mozilla/5.0 (compatible; SemrushBot/7~bl; +http://www.semrush.com/bot.html)" 
210.5.164.50 - - [26/Oct/2025:08:50:55 -0700] "GET /wp-login.php HTTP/2.0" 429 351 "-" "Mozilla/5.0 (Windows NT 6.1; Win64; x64) AppleWebKit/537.36 (KHTML, like Gecko) Chrome/66.0.3359.170 Safari/537.36 OPR/53.0.2907.99" 
210.5.164.50 - - [26/Oct/2025:08:50:58 -0700] "POST /wp-login.php HTTP/2.0" 429 278 "https://www.elconferencista.com/wp-login.php" "Mozilla/5.0 (Windows NT 6.1; Win64; x64) AppleWebKit/537.36 (KHTML, like Gecko) Chrome/66.0.3359.170 Safari/537.36 OPR/53.0.2907.99" 
85.208.96.203 - - [26/Oct/2025:08:50:58 -0700] "GET /?products=2510348 HTTP/1.1" 200 34796 "-" "Mozilla/5.0 (compatible; SemrushBot/7~bl; +http://www.semrush.com/bot.html)" 
69.163.179.91 - - [26/Oct/2025:08:51:18 -0700] "POST /wp-cron.php?doing_wp_cron=1761493878.3070991039276123046875 HTTP/1.1" 200 3647 "-" "WordPress/6.8.3; https://www.elconferencista.com" 
148.113.128.173 - - [26/Oct/2025:08:51:17 -0700] "GET /?products=4830606 HTTP/2.0" 200 31027 "-" "Mozilla/5.0 (compatible; AhrefsBot/7.0; +http://ahrefs.com/robot/)" 
185.191.171.16 - - [26/Oct/2025:08:51:27 -0700] "GET /?products=2507208 HTTP/1.1" 200 34796 "-" "Mozilla/5.0 (compatible; SemrushBot/7~bl; +http://www.semrush.com/bot.html)" 
185.191.171.10 - - [26/Oct/2025:08:52:01 -0700] "GET /?products=2506364 HTTP/1.1" 200 34796 "-" "Mozilla/5.0 (compatible; SemrushBot/7~bl; +http://www.semrush.com/bot.html)" 
69.163.179.91 - - [26/Oct/2025:08:52:24 -0700] "POST /wp-cron.php?doing_wp_cron=1761493944.9555559158325195312500 HTTP/1.1" 200 3647 "-" "WordPress/6.8.3; https://www.elconferencista.com" 
85.208.96.205 - - [26/Oct/2025:08:52:24 -0700] "GET /?products=2508102 HTTP/1.1" 200 34796 "-" "Mozilla/5.0 (compatible; SemrushBot/7~bl; +http://www.semrush.com/bot.html)" 
85.208.96.199 - - [26/Oct/2025:08:52:29 -0700] "GET /?products=2507526 HTTP/1.1" 200 34796 "-" "Mozilla/5.0 (compatible; SemrushBot/7~bl; +http://www.semrush.com/bot.html)" 
69.163.179.91 - - [26/Oct/2025:08:53:09 -0700] "POST /wp-cron.php?doing_wp_cron=1761493989.7383038997650146484375 HTTP/1.1" 200 3647 "-" "WordPress/6.8.3; https://www.elconferencista.com" 
85.208.96.202 - - [26/Oct/2025:08:53:09 -0700] "GET /?products=2507400 HTTP/1.1" 200 34796 "-" "Mozilla/5.0 (compatible; SemrushBot/7~bl; +http://www.semrush.com/bot.html)" 
185.191.171.15 - - [26/Oct/2025:08:53:14 -0700] "GET /?products=2509604 HTTP/1.1" 200 34796 "-" "Mozilla/5.0 (compatible; SemrushBot/7~bl; +http://www.semrush.com/bot.html)" 
148.113.130.8 - - [26/Oct/2025:08:53:39 -0700] "GET /?products=4830596 HTTP/2.0" 200 31027 "-" "Mozilla/5.0 (compatible; AhrefsBot/7.0; +http://ahrefs.com/robot/)" 
185.191.171.1 - - [26/Oct/2025:08:53:39 -0700] "GET /?products=2510670 HTTP/1.1" 200 34796 "-" "Mozilla/5.0 (compatible; SemrushBot/7~bl; +http://www.semrush.com/bot.html)" 
54.39.203.182 - - [26/Oct/2025:08:56:01 -0700] "GET /?products=4830418 HTTP/2.0" 200 31027 "-" "Mozilla/5.0 (compatible; AhrefsBot/7.0; +http://ahrefs.com/robot/)" 
69.163.179.91 - - [26/Oct/2025:08:56:03 -0700] "POST /wp-cron.php?doing_wp_cron=1761494163.2542459964752197265625 HTTP/1.1" 200 3647 "-" "WordPress/6.8.3; https://www.elconferencista.com" 
185.191.171.13 - - [26/Oct/2025:08:56:30 -0700] "GET /?products=2508432 HTTP/1.1" 200 34796 "-" "Mozilla/5.0 (compatible; SemrushBot/7~bl; +http://www.semrush.com/bot.html)" 
185.191.171.11 - - [26/Oct/2025:08:56:36 -0700] "GET /?products=2508154 HTTP/1.1" 200 34796 "-" "Mozilla/5.0 (compatible; SemrushBot/7~bl; +http://www.semrush.com/bot.html)" 
69.163.179.91 - - [26/Oct/2025:08:57:06 -0700] "POST /wp-cron.php?doing_wp_cron=1761494226.7825601100921630859375 HTTP/1.1" 200 3647 "-" "WordPress/6.8.3; https://www.elconferencista.com" 
185.191.171.14 - - [26/Oct/2025:08:57:06 -0700] "GET /?products=2507622 HTTP/1.1" 200 34796 "-" "Mozilla/5.0 (compatible; SemrushBot/7~bl; +http://www.semrush.com/bot.html)" 
13.89.227.44 - - [26/Oct/2025:08:57:16 -0700] "GET /wp-admin/asasx.php HTTP/1.1" 403 3812 "-" "-" 
13.89.227.44 - - [26/Oct/2025:08:57:16 -0700] "GET /wp-content/makeasmtp.php HTTP/1.1" 403 485 "-" "-" 
13.89.227.44 - - [26/Oct/2025:08:57:16 -0700] "GET /wp-content/classwithtostring.php HTTP/1.1" 403 485 "-" "-" 
13.89.227.44 - - [26/Oct/2025:08:57:16 -0700] "GET /wp-admin/alfa.php HTTP/1.1" 403 485 "-" "-" 
13.89.227.44 - - [26/Oct/2025:08:57:16 -0700] "GET /wp-content/function.php HTTP/1.1" 403 485 "-" "-" 
13.89.227.44 - - [26/Oct/2025:08:57:17 -0700] "GET /wp-content/bala.php HTTP/1.1" 403 485 "-" "-" 
13.89.227.44 - - [26/Oct/2025:08:57:17 -0700] "GET /wp-admin/atomlib.php HTTP/1.1" 403 485 "-" "-" 
13.89.227.44 - - [26/Oct/2025:08:57:17 -0700] "GET /wp-content/autoload_classmap/function.php HTTP/1.1" 403 485 "-" "-" 
13.89.227.44 - - [26/Oct/2025:08:57:17 -0700] "GET /wp-content/flower.php HTTP/1.1" 403 485 "-" "-" 
13.89.227.44 - - [26/Oct/2025:08:57:17 -0700] "GET /wp-content/goat.php HTTP/1.1" 403 485 "-" "-" 
13.89.227.44 - - [26/Oct/2025:08:57:17 -0700] "GET /wp-admin/ab.php HTTP/1.1" 403 485 "-" "-" 
13.89.227.44 - - [26/Oct/2025:08:57:17 -0700] "GET /wp-admin/install.php HTTP/1.1" 403 485 "-" "-" 
13.89.227.44 - - [26/Oct/2025:08:57:17 -0700] "GET /wp-admin/akc.php HTTP/1.1" 403 485 "-" "-" 
13.89.227.44 - - [26/Oct/2025:08:57:17 -0700] "GET /wp-content/aa.php HTTP/1.1" 403 485 "-" "-" 
13.89.227.44 - - [26/Oct/2025:08:57:17 -0700] "GET /wp-content/lock360.php HTTP/1.1" 403 485 "-" "-" 
13.89.227.44 - - [26/Oct/2025:08:57:18 -0700] "GET /wp-admin/file2.php HTTP/1.1" 403 485 "-" "-" 
13.89.227.44 - - [26/Oct/2025:08:57:18 -0700] "GET /wp-admin/wsa.php HTTP/1.1" 403 485 "-" "-" 
13.89.227.44 - - [26/Oct/2025:08:57:18 -0700] "GET /wp-admin/mm.php HTTP/1.1" 403 485 "-" "-" 
13.89.227.44 - - [26/Oct/2025:08:57:18 -0700] "GET /wp-admin/wp.php HTTP/1.1" 403 485 "-" "-" 
13.89.227.44 - - [26/Oct/2025:08:57:18 -0700] "GET /wp-admin/abcd.php HTTP/1.1" 403 485 "-" "-" 
13.89.227.44 - - [26/Oct/2025:08:57:18 -0700] "GET /wp-admin/lock360.php HTTP/1.1" 403 485 "-" "-" 
13.89.227.44 - - [26/Oct/2025:08:57:18 -0700] "GET /wp-content/ioxi-o.php HTTP/1.1" 403 485 "-" "-" 
13.89.227.44 - - [26/Oct/2025:08:57:18 -0700] "GET /wp-content/abcd.php HTTP/1.1" 403 485 "-" "-" 
13.89.227.44 - - [26/Oct/2025:08:57:18 -0700] "GET /wp-content/ova.php HTTP/1.1" 403 485 "-" "-" 
13.89.227.44 - - [26/Oct/2025:08:57:19 -0700] "GET /wp-admin/classwithtostring.php HTTP/1.1" 403 485 "-" "-" 
13.89.227.44 - - [26/Oct/2025:08:57:19 -0700] "GET /wp-admin/function.php HTTP/1.1" 403 485 "-" "-" 
13.89.227.44 - - [26/Oct/2025:08:57:19 -0700] "GET /wp-admin/moon.php HTTP/1.1" 403 485 "-" "-" 
13.89.227.44 - - [26/Oct/2025:08:57:19 -0700] "GET /wp-content/wp.php HTTP/1.1" 403 485 "-" "-" 
13.89.227.44 - - [26/Oct/2025:08:57:19 -0700] "GET /wp-content/w.php HTTP/1.1" 403 485 "-" "-" 
13.89.227.44 - - [26/Oct/2025:08:57:19 -0700] "GET /wp-content/moon.php HTTP/1.1" 403 485 "-" "-" 
13.89.227.44 - - [26/Oct/2025:08:57:19 -0700] "GET /wp-content/gecko.php HTTP/1.1" 403 485 "-" "-" 
13.89.227.44 - - [26/Oct/2025:08:57:19 -0700] "GET /wp-admin/flower.php HTTP/1.1" 403 485 "-" "-" 
13.89.227.44 - - [26/Oct/2025:08:57:19 -0700] "GET /wp-admin/buy.php HTTP/1.1" 403 485 "-" "-" 
13.89.227.44 - - [26/Oct/2025:08:57:19 -0700] "GET /wp-content/ab.php HTTP/1.1" 403 485 "-" "-" 
13.89.227.44 - - [26/Oct/2025:08:57:20 -0700] "GET /wp-content/tinyfilemanager.php HTTP/1.1" 403 485 "-" "-" 
13.89.227.44 - - [26/Oct/2025:08:57:20 -0700] "GET /wp-content/edit.php HTTP/1.1" 403 485 "-" "-" 
13.89.227.44 - - [26/Oct/2025:08:57:20 -0700] "GET /wp-content/admin.php HTTP/1.1" 403 485 "-" "-" 
13.89.227.44 - - [26/Oct/2025:08:57:20 -0700] "GET /wp-admin/cong.php HTTP/1.1" 403 485 "-" "-" 
13.89.227.44 - - [26/Oct/2025:08:57:20 -0700] "GET /wp-admin/autoload_classmap.php HTTP/1.1" 403 485 "-" "-" 
13.89.227.44 - - [26/Oct/2025:08:57:20 -0700] "GET /wp-admin/file.php HTTP/1.1" 403 485 "-" "-" 
13.89.227.44 - - [26/Oct/2025:08:57:20 -0700] "GET /wp-content/cong.php HTTP/1.1" 403 485 "-" "-" 
13.89.227.44 - - [26/Oct/2025:08:57:20 -0700] "GET /wp-admin/edit.php HTTP/1.1" 403 485 "-" "-" 
13.89.227.44 - - [26/Oct/2025:08:57:20 -0700] "GET /wp-content/atomlib.php HTTP/1.1" 403 485 "-" "-" 
13.89.227.44 - - [26/Oct/2025:08:57:21 -0700] "GET /wp-admin/users.php HTTP/1.1" 403 485 "-" "-" 
13.89.227.44 - - [26/Oct/2025:08:57:21 -0700] "GET /wp-content/autoload_classmap.php HTTP/1.1" 403 485 "-" "-" 
13.89.227.44 - - [26/Oct/2025:08:57:21 -0700] "GET /wp-admin/makeasmtp.php HTTP/1.1" 403 485 "-" "-" 
13.89.227.44 - - [26/Oct/2025:08:57:21 -0700] "GET /wp-admin/w.php HTTP/1.1" 403 485 "-" "-" 
13.89.227.44 - - [26/Oct/2025:08:57:21 -0700] "GET /wp-content/goods.php HTTP/1.1" 403 485 "-" "-" 
13.89.227.44 - - [26/Oct/2025:08:57:21 -0700] "GET /wp-content/buy.php HTTP/1.1" 403 485 "-" "-" 
13.89.227.44 - - [26/Oct/2025:08:57:21 -0700] "GET /wp-admin/chosen.php HTTP/1.1" 403 485 "-" "-" 
13.89.227.44 - - [26/Oct/2025:08:57:21 -0700] "GET /wp-admin/goat.php HTTP/1.1" 403 485 "-" "-" 
13.89.227.44 - - [26/Oct/2025:08:57:21 -0700] "GET /wp-content/about.php HTTP/1.1" 403 485 "-" "-" 
13.89.227.44 - - [26/Oct/2025:08:57:22 -0700] "GET /wp-admin/index.php HTTP/1.1" 403 485 "-" "-" 
13.89.227.44 - - [26/Oct/2025:08:57:22 -0700] "GET /wp-content/asasx.php HTTP/1.1" 403 485 "-" "-" 
13.89.227.44 - - [26/Oct/2025:08:57:22 -0700] "GET /wp-admin/gecko.php HTTP/1.1" 403 485 "-" "-" 
13.89.227.44 - - [26/Oct/2025:08:57:22 -0700] "GET /wp-content/install.php HTTP/1.1" 403 485 "-" "-" 
13.89.227.44 - - [26/Oct/2025:08:57:22 -0700] "GET /wp-content/users.php HTTP/1.1" 403 485 "-" "-" 
13.89.227.44 - - [26/Oct/2025:08:57:22 -0700] "GET /wp-content/alfa.php HTTP/1.1" 403 485 "-" "-" 
13.89.227.44 - - [26/Oct/2025:08:57:22 -0700] "GET /wp-content/chosen.php HTTP/1.1" 403 485 "-" "-" 
13.89.227.44 - - [26/Oct/2025:08:57:22 -0700] "GET /wp-content/akc.php HTTP/1.1" 403 485 "-" "-" 
13.89.227.44 - - [26/Oct/2025:08:57:22 -0700] "GET /wp-admin/goods.php HTTP/1.1" 403 485 "-" "-" 
13.89.227.44 - - [26/Oct/2025:08:57:23 -0700] "GET /wp-admin/bala.php HTTP/1.1" 403 485 "-" "-" 
13.89.227.44 - - [26/Oct/2025:08:57:23 -0700] "GET /wp-content/file.php HTTP/1.1" 403 485 "-" "-" 
13.89.227.44 - - [26/Oct/2025:08:57:23 -0700] "GET /wp-admin/aa.php HTTP/1.1" 403 485 "-" "-" 
13.89.227.44 - - [26/Oct/2025:08:57:23 -0700] "GET /wp-admin/autoload_classmap/function.php HTTP/1.1" 403 485 "-" "-" 
13.89.227.44 - - [26/Oct/2025:08:57:23 -0700] "GET /wp-admin/about.php HTTP/1.1" 403 485 "-" "-" 
13.89.227.44 - - [26/Oct/2025:08:57:23 -0700] "GET /wp-admin/ioxi-o.php HTTP/1.1" 403 485 "-" "-" 
13.89.227.44 - - [26/Oct/2025:08:57:23 -0700] "GET /wp-admin/ova.php HTTP/1.1" 403 485 "-" "-" 
13.89.227.44 - - [26/Oct/2025:08:57:23 -0700] "GET /wp-content/wsa.php HTTP/1.1" 403 485 "-" "-" 
13.89.227.44 - - [26/Oct/2025:08:57:23 -0700] "GET /wp-content/file2.php HTTP/1.1" 403 485 "-" "-" 
13.89.227.44 - - [26/Oct/2025:08:57:23 -0700] "GET /wp-admin/admin.php HTTP/1.1" 403 485 "-" "-" 
13.89.227.44 - - [26/Oct/2025:08:57:24 -0700] "GET /wp-content/index.php HTTP/1.1" 403 485 "-" "-" 
13.89.227.44 - - [26/Oct/2025:08:57:24 -0700] "GET /wp-content/mm.php HTTP/1.1" 403 485 "-" "-" 
13.89.227.44 - - [26/Oct/2025:08:57:24 -0700] "GET /wp-admin/tinyfilemanager.php HTTP/1.1" 403 485 "-" "-" 
13.89.227.44 - - [26/Oct/2025:08:57:24 -0700] "GET /aa.php HTTP/1.1" 403 485 "-" "-" 
13.89.227.44 - - [26/Oct/2025:08:57:24 -0700] "GET /abcd.php HTTP/1.1" 403 485 "-" "-" 
13.89.227.44 - - [26/Oct/2025:08:57:24 -0700] "GET /about.php HTTP/1.1" 403 485 "-" "-" 
13.89.227.44 - - [26/Oct/2025:08:57:24 -0700] "GET /admin.php HTTP/1.1" 403 485 "-" "-" 
13.89.227.44 - - [26/Oct/2025:08:57:24 -0700] "GET /alfa.php HTTP/1.1" 403 485 "-" "-" 
13.89.227.44 - - [26/Oct/2025:08:57:24 -0700] "GET /chosen.php HTTP/1.1" 403 485 "-" "-" 
13.89.227.44 - - [26/Oct/2025:08:57:25 -0700] "GET /classwithtostring.php HTTP/1.1" 403 485 "-" "-" 
13.89.227.44 - - [26/Oct/2025:08:57:25 -0700] "GET /code.php HTTP/1.1" 403 485 "-" "-" 
13.89.227.44 - - [26/Oct/2025:08:57:25 -0700] "GET /edit.php HTTP/1.1" 403 485 "-" "-" 
13.89.227.44 - - [26/Oct/2025:08:57:25 -0700] "GET /file.php HTTP/1.1" 403 485 "-" "-" 
13.89.227.44 - - [26/Oct/2025:08:57:25 -0700] "GET /flower.php HTTP/1.1" 403 485 "-" "-" 
13.89.227.44 - - [26/Oct/2025:08:57:25 -0700] "GET /goods.php HTTP/1.1" 403 485 "-" "-" 
13.89.227.44 - - [26/Oct/2025:08:57:25 -0700] "GET /ioxi-o.php HTTP/1.1" 403 485 "-" "-" 
13.89.227.44 - - [26/Oct/2025:08:57:25 -0700] "GET /moon.php HTTP/1.1" 403 485 "-" "-" 
13.89.227.44 - - [26/Oct/2025:08:57:25 -0700] "GET /w.php HTTP/1.1" 403 485 "-" "-" 
13.89.227.44 - - [26/Oct/2025:08:57:25 -0700] "GET /wp-admin/css/colors/blue/index.php HTTP/1.1" 403 485 "-" "-" 
13.89.227.44 - - [26/Oct/2025:08:57:26 -0700] "GET /wp-admin/js/widgets/ HTTP/1.1" 403 485 "-" "-" 
13.89.227.44 - - [26/Oct/2025:08:57:26 -0700] "GET /wp-admin/network/chosen.php HTTP/1.1" 403 485 "-" "-" 
13.89.227.44 - - [26/Oct/2025:08:57:26 -0700] "GET /wp-content/code.php HTTP/1.1" 403 485 "-" "-" 
13.89.227.44 - - [26/Oct/2025:08:57:26 -0700] "GET /wp-content/themes/about.php HTTP/1.1" 403 485 "-" "-" 
13.89.227.44 - - [26/Oct/2025:08:57:26 -0700] "GET /wp-content/themes/news-portal/error.php HTTP/1.1" 403 485 "-" "-" 
13.89.227.44 - - [26/Oct/2025:08:57:26 -0700] "GET /wp-content/wp-conflg.php HTTP/1.1" 403 485 "-" "-" 
13.89.227.44 - - [26/Oct/2025:08:57:26 -0700] "GET /wp-includes/blocks/comments/ HTTP/1.1" 403 485 "-" "-" 
13.89.227.44 - - [26/Oct/2025:08:57:26 -0700] "GET /wp-setup.php HTTP/1.1" 403 485 "-" "-" 
13.89.227.44 - - [26/Oct/2025:08:57:26 -0700] "GET /wp.php HTTP/1.1" 403 485 "-" "-" 
13.89.227.44 - - [26/Oct/2025:08:57:27 -0700] "GET /wsa.php HTTP/1.1" 403 485 "-" "-" 
85.208.96.202 - - [26/Oct/2025:08:57:42 -0700] "GET /?products=2505888 HTTP/1.1" 200 34796 "-" "Mozilla/5.0 (compatible; SemrushBot/7~bl; +http://www.semrush.com/bot.html)" 
185.191.171.4 - - [26/Oct/2025:08:57:55 -0700] "GET /?products=2510386 HTTP/1.1" 200 34796 "-" "Mozilla/5.0 (compatible; SemrushBot/7~bl; +http://www.semrush.com/bot.html)" 
69.163.179.91 - - [26/Oct/2025:08:58:29 -0700] "POST /wp-cron.php?doing_wp_cron=1761494309.8947069644927978515625 HTTP/1.1" 200 3647 "-" "WordPress/6.8.3; https://www.elconferencista.com" 
15.235.27.233 - - [26/Oct/2025:08:58:29 -0700] "GET /?products=4830408 HTTP/2.0" 200 31027 "-" "Mozilla/5.0 (compatible; AhrefsBot/7.0; +http://ahrefs.com/robot/)" 
69.163.179.91 - - [26/Oct/2025:09:00:52 -0700] "POST /wp-cron.php?doing_wp_cron=1761494452.2436769008636474609375 HTTP/1.1" 200 3647 "-" "WordPress/6.8.3; https://www.elconferencista.com" 
69.163.179.91 - - [26/Oct/2025:09:00:53 -0700] "POST /wp-cron.php?doing_wp_cron=1761494453.2790648937225341796875 HTTP/1.1" 200 3647 "-" "WordPress/6.8.3; https://www.elconferencista.com" 
85.208.96.197 - - [26/Oct/2025:09:00:50 -0700] "GET /?products=2509378 HTTP/1.1" 200 34796 "-" "Mozilla/5.0 (compatible; SemrushBot/7~bl; +http://www.semrush.com/bot.html)" 
15.235.98.39 - - [26/Oct/2025:09:00:58 -0700] "GET /?products=4830356 HTTP/2.0" 200 31027 "-" "Mozilla/5.0 (compatible; AhrefsBot/7.0; +http://ahrefs.com/robot/)" 
85.208.96.196 - - [26/Oct/2025:09:00:59 -0700] "GET /?products=2510094 HTTP/1.1" 200 34796 "-" "Mozilla/5.0 (compatible; SemrushBot/7~bl; +http://www.semrush.com/bot.html)" 
69.163.179.91 - - [26/Oct/2025:09:01:46 -0700] "POST /wp-cron.php?doing_wp_cron=1761494506.5657100677490234375000 HTTP/1.1" 200 3647 "-" "WordPress/6.8.3; https://www.elconferencista.com" 
43.157.95.239 - - [26/Oct/2025:09:01:45 -0700] "GET / HTTP/1.1" 200 34800 "http://elconferencista.com" "Mozilla/5.0 (iPhone; CPU iPhone OS 13_2_3 like Mac OS X) AppleWebKit/605.1.15 (KHTML, like Gecko) Version/13.0.3 Mobile/15E148 Safari/604.1" 
185.191.171.4 - - [26/Oct/2025:09:01:48 -0700] "GET /?products=2508336 HTTP/1.1" 200 34796 "-" "Mozilla/5.0 (compatible; SemrushBot/7~bl; +http://www.semrush.com/bot.html)" 
185.191.171.2 - - [26/Oct/2025:09:01:59 -0700] "GET /?products=2508418 HTTP/1.1" 200 34796 "-" "Mozilla/5.0 (compatible; SemrushBot/7~bl; +http://www.semrush.com/bot.html)" 
85.208.96.205 - - [26/Oct/2025:09:03:20 -0700] "GET /?products=2509536 HTTP/1.1" 200 34796 "-" "Mozilla/5.0 (compatible; SemrushBot/7~bl; +http://www.semrush.com/bot.html)" 
69.163.179.91 - - [26/Oct/2025:09:03:21 -0700] "POST /wp-cron.php?doing_wp_cron=1761494601.7078890800476074218750 HTTP/1.1" 200 3647 "-" "WordPress/6.8.3; https://www.elconferencista.com" 
51.222.168.80 - - [26/Oct/2025:09:03:30 -0700] "GET /?products=4830298 HTTP/2.0" 200 31027 "-" "Mozilla/5.0 (compatible; AhrefsBot/7.0; +http://ahrefs.com/robot/)" 
69.163.179.91 - - [26/Oct/2025:09:04:26 -0700] "POST /wp-cron.php?doing_wp_cron=1761494666.2110910415649414062500 HTTP/1.1" 200 3647 "-" "WordPress/6.8.3; https://www.elconferencista.com" 
185.191.171.1 - - [26/Oct/2025:09:04:25 -0700] "GET /?products=2506642 HTTP/1.1" 200 34796 "-" "Mozilla/5.0 (compatible; SemrushBot/7~bl; +http://www.semrush.com/bot.html)" 
85.208.96.197 - - [26/Oct/2025:09:04:30 -0700] "GET /?products=2511044 HTTP/1.1" 200 34796 "-" "Mozilla/5.0 (compatible; SemrushBot/7~bl; +http://www.semrush.com/bot.html)" 
142.44.220.17 - - [26/Oct/2025:09:05:46 -0700] "GET /?products=4830212 HTTP/2.0" 200 31027 "-" "Mozilla/5.0 (compatible; AhrefsBot/7.0; +http://ahrefs.com/robot/)" 
69.163.179.91 - - [26/Oct/2025:09:05:47 -0700] "POST /wp-cron.php?doing_wp_cron=1761494747.8486049175262451171875 HTTP/1.1" 200 3647 "-" "WordPress/6.8.3; https://www.elconferencista.com" 
54.36.20.147 - - [26/Oct/2025:09:05:59 -0700] "POST /xmlrpc.php HTTP/1.1" 429 3633 "-" "Mozilla/5.0 (Windows NT 10.0; Win64; x64; rv:71.0) Gecko/20100101 Firefox/71.0" 
69.163.179.91 - - [26/Oct/2025:09:06:39 -0700] "POST /wp-cron.php?doing_wp_cron=1761494799.1104130744934082031250 HTTP/1.1" 200 3647 "-" "WordPress/6.8.3; https://www.elconferencista.com" 
85.208.96.203 - - [26/Oct/2025:09:06:38 -0700] "GET /?products=2510060 HTTP/1.1" 200 34796 "-" "Mozilla/5.0 (compatible; SemrushBot/7~bl; +http://www.semrush.com/bot.html)" 
85.208.96.199 - - [26/Oct/2025:09:06:47 -0700] "GET /?products=2507256 HTTP/1.1" 200 34796 "-" "Mozilla/5.0 (compatible; SemrushBot/7~bl; +http://www.semrush.com/bot.html)" 
69.163.179.91 - - [26/Oct/2025:09:07:40 -0700] "POST /wp-cron.php?doing_wp_cron=1761494860.2418899536132812500000 HTTP/1.1" 200 3647 "-" "WordPress/6.8.3; https://www.elconferencista.com" 
85.208.96.202 - - [26/Oct/2025:09:07:39 -0700] "GET /?products=2507684 HTTP/1.1" 200 34796 "-" "Mozilla/5.0 (compatible; SemrushBot/7~bl; +http://www.semrush.com/bot.html)" 
185.191.171.7 - - [26/Oct/2025:09:07:41 -0700] "GET /robots.txt HTTP/1.1" 200 3838 "-" "Mozilla/5.0 (compatible; SemrushBot/7~bl; +http://www.semrush.com/bot.html)" 
69.163.179.91 - - [26/Oct/2025:09:08:18 -0700] "POST /wp-cron.php?doing_wp_cron=1761494898.5813701152801513671875 HTTP/1.1" 200 3647 "-" "WordPress/6.8.3; https://www.elconferencista.com" 
54.39.136.216 - - [26/Oct/2025:09:08:17 -0700] "GET /?products=4830192 HTTP/2.0" 200 31027 "-" "Mozilla/5.0 (compatible; AhrefsBot/7.0; +http://ahrefs.com/robot/)" 
