167.114.139.255 - - [26/Oct/2025:17:05:49 -0700] "GET /?products=4829400 HTTP/2.0" 200 31028 "-" "Mozilla/5.0 (compatible; AhrefsBot/7.0; +http://ahrefs.com/robot/)" 
69.163.179.91 - - [26/Oct/2025:17:08:56 -0700] "POST /wp-cron.php?doing_wp_cron=1761523736.4915649890899658203125 HTTP/1.1" 200 3647 "-" "WordPress/6.8.3; https://www.elconferencista.com" 
69.163.179.91 - - [26/Oct/2025:17:08:57 -0700] "POST /wp-cron.php?doing_wp_cron=1761523737.5281109809875488281250 HTTP/1.1" 200 3647 "-" "WordPress/6.8.3; https://www.elconferencista.com" 
142.44.220.248 - - [26/Oct/2025:17:08:55 -0700] "GET /?products=4829276 HTTP/2.0" 200 31028 "-" "Mozilla/5.0 (compatible; AhrefsBot/7.0; +http://ahrefs.com/robot/)" 
91.224.92.119 - - [26/Oct/2025:17:11:01 -0700] "GET /wp-login.php HTTP/1.1" 200 7235 "www.google.com" "Mozilla/5.0 (Windows NT 10.0; Win64; x64) AppleWebKit/537.36 (KHTML, like Gecko) Chrome/91.0.4472.124 Safari/537.36" 
69.163.179.91 - - [26/Oct/2025:17:11:02 -0700] "POST /wp-cron.php?doing_wp_cron=1761523862.9209170341491699218750 HTTP/1.1" 200 3647 "-" "WordPress/6.8.3; https://www.elconferencista.com" 
178.63.70.217 - - [26/Oct/2025:17:11:04 -0700] "POST /xmlrpc.php HTTP/1.1" 429 3633 "-" "Mozilla/5.0 (Windows NT 10.0; Win64; x64; rv:43.0) Gecko/20100101 Firefox/43.0" 
91.224.92.119 - - [26/Oct/2025:17:11:04 -0700] "POST /wp-login.php HTTP/1.1" 302 1671 "https://www.elconferencista.com/wp-admin/" "Mozilla/5.0 (Windows NT 10.0; Win64; x64) AppleWebKit/537.36 (KHTML, like Gecko) Chrome/91.0.4472.124 Safari/537.36" 
91.224.92.119 - - [26/Oct/2025:17:11:05 -0700] "GET /wp-login.php?redirect_to=https%3A%2F%2Fwww.elconferencista.com%2Fwp-admin%2F&action=confirm_admin_email&wp_lang=es_ES HTTP/1.1" 200 2473 "https://www.elconferencista.com/wp-admin/" "Mozilla/5.0 (Windows NT 10.0; Win64; x64) AppleWebKit/537.36 (KHTML, like Gecko) Chrome/91.0.4472.124 Safari/537.36" 
91.224.92.119 - - [26/Oct/2025:17:11:06 -0700] "GET /wp-admin/ HTTP/1.1" 200 55728 "www.google.com" "Mozilla/5.0 (Windows NT 10.0; Win64; x64) AppleWebKit/537.36 (KHTML, like Gecko) Chrome/91.0.4472.124 Safari/537.36" 
91.224.92.119 - - [26/Oct/2025:17:11:07 -0700] "GET /wp-admin/plugin-install.php?tab=upload HTTP/1.1" 404 166068 "www.google.com" "Mozilla/5.0 (Windows NT 10.0; Win64; x64) AppleWebKit/537.36 (KHTML, like Gecko) Chrome/91.0.4472.124 Safari/537.36" 
91.224.92.119 - - [26/Oct/2025:17:11:09 -0700] "GET /wp-admin/plugin-install.php?s=File+Manager&tab=search&type=term HTTP/1.1" 404 163045 "www.google.com" "Mozilla/5.0 (Windows NT 10.0; Win64; x64) AppleWebKit/537.36 (KHTML, like Gecko) Chrome/91.0.4472.124 Safari/537.36" 
91.224.92.119 - - [26/Oct/2025:17:11:10 -0700] "GET /wp-admin/theme-install.php?tab=upload HTTP/1.1" 404 162693 "www.google.com" "Mozilla/5.0 (Windows NT 10.0; Win64; x64) AppleWebKit/537.36 (KHTML, like Gecko) Chrome/91.0.4472.124 Safari/537.36" 
91.224.92.119 - - [26/Oct/2025:17:11:12 -0700] "GET /wp-admin/theme-editor.php?file=404.php HTTP/1.1" 404 162703 "www.google.com" "Mozilla/5.0 (Windows NT 10.0; Win64; x64) AppleWebKit/537.36 (KHTML, like Gecko) Chrome/91.0.4472.124 Safari/537.36" 
91.224.92.119 - - [26/Oct/2025:17:11:13 -0700] "GET /wp-admin/plugin-install.php?tab=upload HTTP/1.1" 404 162703 "www.google.com" "Mozilla/5.0 (Windows NT 10.0; Win64; x64) AppleWebKit/537.36 (KHTML, like Gecko) Chrome/91.0.4472.124 Safari/537.36" 
91.224.92.119 - - [26/Oct/2025:17:11:15 -0700] "GET /wp-admin/theme-editor.php?file=404.php HTTP/1.1" 404 162703 "www.google.com" "Mozilla/5.0 (Windows NT 10.0; Win64; x64) AppleWebKit/537.36 (KHTML, like Gecko) Chrome/91.0.4472.124 Safari/537.36" 
54.39.203.166 - - [26/Oct/2025:17:12:09 -0700] "GET /?products=4829214 HTTP/2.0" 200 31029 "-" "Mozilla/5.0 (compatible; AhrefsBot/7.0; +http://ahrefs.com/robot/)" 
69.163.179.91 - - [26/Oct/2025:17:12:10 -0700] "POST /wp-cron.php?doing_wp_cron=1761523930.0070021152496337890625 HTTP/1.1" 200 3647 "-" "WordPress/6.8.3; https://www.elconferencista.com" 
54.39.0.189 - - [26/Oct/2025:17:15:12 -0700] "GET /?products=4829136 HTTP/2.0" 200 31027 "-" "Mozilla/5.0 (compatible; AhrefsBot/7.0; +http://ahrefs.com/robot/)" 
69.163.179.91 - - [26/Oct/2025:17:15:14 -0700] "POST /wp-cron.php?doing_wp_cron=1761524114.3313050270080566406250 HTTP/1.1" 200 3647 "-" "WordPress/6.8.3; https://www.elconferencista.com" 
167.114.139.221 - - [26/Oct/2025:17:18:17 -0700] "GET /?products=4829050 HTTP/2.0" 200 31029 "-" "Mozilla/5.0 (compatible; AhrefsBot/7.0; +http://ahrefs.com/robot/)" 
69.163.179.91 - - [26/Oct/2025:17:18:18 -0700] "POST /wp-cron.php?doing_wp_cron=1761524298.5115170478820800781250 HTTP/1.1" 200 3647 "-" "WordPress/6.8.3; https://www.elconferencista.com" 
51.222.95.211 - - [26/Oct/2025:17:20:58 -0700] "GET /?products=4829002 HTTP/2.0" 200 31029 "-" "Mozilla/5.0 (compatible; AhrefsBot/7.0; +http://ahrefs.com/robot/)" 
69.163.179.91 - - [26/Oct/2025:17:20:59 -0700] "POST /wp-cron.php?doing_wp_cron=1761524459.6394529342651367187500 HTTP/1.1" 200 3647 "-" "WordPress/6.8.3; https://www.elconferencista.com" 
142.44.233.145 - - [26/Oct/2025:17:23:43 -0700] "GET /?products=4828992 HTTP/2.0" 200 31029 "-" "Mozilla/5.0 (compatible; AhrefsBot/7.0; +http://ahrefs.com/robot/)" 
69.163.179.91 - - [26/Oct/2025:17:23:45 -0700] "POST /wp-cron.php?doing_wp_cron=1761524625.0908670425415039062500 HTTP/1.1" 200 3647 "-" "WordPress/6.8.3; https://www.elconferencista.com" 
142.44.220.128 - - [26/Oct/2025:17:26:41 -0700] "GET /?products=4828848 HTTP/2.0" 200 31029 "-" "Mozilla/5.0 (compatible; AhrefsBot/7.0; +http://ahrefs.com/robot/)" 
69.163.179.91 - - [26/Oct/2025:17:26:43 -0700] "POST /wp-cron.php?doing_wp_cron=1761524803.4990999698638916015625 HTTP/1.1" 200 3647 "-" "WordPress/6.8.3; https://www.elconferencista.com" 
74.50.80.136 - - [26/Oct/2025:17:27:20 -0700] "GET /wp-login.php HTTP/2.0" 429 351 "-" "Mozilla/5.0 (Macintosh; Intel Mac OS X 10_13_3) AppleWebKit/537.36 (KHTML, like Gecko) Chrome/66.0.3359.139 Safari/537.36" 
74.50.80.136 - - [26/Oct/2025:17:27:21 -0700] "POST /wp-login.php HTTP/2.0" 429 278 "https://www.elconferencista.com/wp-login.php" "Mozilla/5.0 (Macintosh; Intel Mac OS X 10_13_3) AppleWebKit/537.36 (KHTML, like Gecko) Chrome/66.0.3359.139 Safari/537.36" 
77.75.76.172 - - [26/Oct/2025:17:27:55 -0700] "GET /robots.txt HTTP/1.1" 200 3890 "-" "Mozilla/5.0 (compatible; SeznamBot/4.0; +https://o-seznam.cz/napoveda/vyhledavani/en/seznambot-crawler/)" 
77.75.76.172 - - [26/Oct/2025:17:27:55 -0700] "GET /articulo-3/ HTTP/1.1" 200 31075 "-" "Mozilla/5.0 (compatible; SeznamBot/4.0; +https://o-seznam.cz/napoveda/vyhledavani/en/seznambot-crawler/)" 
69.163.179.91 - - [26/Oct/2025:17:27:57 -0700] "POST /wp-cron.php?doing_wp_cron=1761524877.2749969959259033203125 HTTP/1.1" 200 3647 "-" "WordPress/6.8.3; https://www.elconferencista.com" 
142.44.220.226 - - [26/Oct/2025:17:29:19 -0700] "GET /?products=4828666 HTTP/2.0" 200 31029 "-" "Mozilla/5.0 (compatible; AhrefsBot/7.0; +http://ahrefs.com/robot/)" 
69.163.179.91 - - [26/Oct/2025:17:29:19 -0700] "POST /wp-cron.php?doing_wp_cron=1761524959.8107531070709228515625 HTTP/1.1" 200 3647 "-" "WordPress/6.8.3; https://www.elconferencista.com" 
52.165.22.152 - - [26/Oct/2025:17:31:14 -0700] "GET /aa.php HTTP/1.1" 429 3778 "-" "-" 
52.165.22.152 - - [26/Oct/2025:17:31:14 -0700] "GET /abcd.php HTTP/1.1" 429 451 "-" "-" 
52.165.22.152 - - [26/Oct/2025:17:31:14 -0700] "GET /admin.php HTTP/1.1" 429 451 "-" "-" 
52.165.22.152 - - [26/Oct/2025:17:31:14 -0700] "GET /buy.php HTTP/1.1" 429 451 "-" "-" 
52.165.22.152 - - [26/Oct/2025:17:31:14 -0700] "GET /cgi-bin/ HTTP/1.1" 429 451 "-" "-" 
52.165.22.152 - - [26/Oct/2025:17:31:14 -0700] "GET /edit.php HTTP/1.1" 429 451 "-" "-" 
52.165.22.152 - - [26/Oct/2025:17:31:14 -0700] "GET /file.php HTTP/1.1" 429 451 "-" "-" 
52.165.22.152 - - [26/Oct/2025:17:31:15 -0700] "GET /flower.php HTTP/1.1" 429 451 "-" "-" 
52.165.22.152 - - [26/Oct/2025:17:31:15 -0700] "GET /images/index.php HTTP/1.1" 429 451 "-" "-" 
52.165.22.152 - - [26/Oct/2025:17:31:15 -0700] "GET /info.php HTTP/1.1" 429 451 "-" "-" 
52.165.22.152 - - [26/Oct/2025:17:31:15 -0700] "GET /ioxi-o.php HTTP/1.1" 429 451 "-" "-" 
52.165.22.152 - - [26/Oct/2025:17:31:15 -0700] "GET /nc4.php HTTP/1.1" 429 451 "-" "-" 
52.165.22.152 - - [26/Oct/2025:17:31:15 -0700] "GET /wp-admin/includes/ HTTP/1.1" 429 451 "-" "-" 
52.165.22.152 - - [26/Oct/2025:17:31:15 -0700] "GET /wp-content/upgrade/index.php HTTP/1.1" 429 451 "-" "-" 
52.165.22.152 - - [26/Oct/2025:17:31:15 -0700] "GET /wp-content/uploads/admin.php HTTP/1.1" 429 451 "-" "-" 
52.165.22.152 - - [26/Oct/2025:17:31:15 -0700] "GET /wp-good.php HTTP/1.1" 429 451 "-" "-" 
52.165.22.152 - - [26/Oct/2025:17:31:16 -0700] "GET /wp-includes/Text/Diff/Renderer/ HTTP/1.1" 429 451 "-" "-" 
52.165.22.152 - - [26/Oct/2025:17:31:16 -0700] "GET /wp-includes/style-engine/ HTTP/1.1" 429 451 "-" "-" 
52.165.22.152 - - [26/Oct/2025:17:31:16 -0700] "GET /xmrlpc.php HTTP/1.1" 429 451 "-" "-" 
52.165.22.152 - - [26/Oct/2025:17:31:16 -0700] "GET /about.php HTTP/1.1" 429 451 "-" "-" 
52.165.22.152 - - [26/Oct/2025:17:31:16 -0700] "GET /adminfuns.php HTTP/1.1" 429 451 "-" "-" 
52.165.22.152 - - [26/Oct/2025:17:31:16 -0700] "GET /alfa.php HTTP/1.1" 429 451 "-" "-" 
52.165.22.152 - - [26/Oct/2025:17:31:16 -0700] "GET /asasx.php HTTP/1.1" 429 451 "-" "-" 
52.165.22.152 - - [26/Oct/2025:17:31:16 -0700] "GET /autoload_classmap.php HTTP/1.1" 429 451 "-" "-" 
52.165.22.152 - - [26/Oct/2025:17:31:16 -0700] "GET /classwithtostring.php HTTP/1.1" 429 451 "-" "-" 
52.165.22.152 - - [26/Oct/2025:17:31:17 -0700] "GET /cong.php HTTP/1.1" 429 451 "-" "-" 
52.165.22.152 - - [26/Oct/2025:17:31:17 -0700] "GET /file2.php HTTP/1.1" 429 451 "-" "-" 
52.165.22.152 - - [26/Oct/2025:17:31:17 -0700] "GET /moon.php HTTP/1.1" 429 451 "-" "-" 
52.165.22.152 - - [26/Oct/2025:17:31:17 -0700] "GET /wp-admin/css/colors/blue/index.php HTTP/1.1" 429 451 "-" "-" 
52.165.22.152 - - [26/Oct/2025:17:31:17 -0700] "GET /wp-content/index.php HTTP/1.1" 429 451 "-" "-" 
52.165.22.152 - - [26/Oct/2025:17:31:17 -0700] "GET /wp-content/plugins/yanierin/akcc.php HTTP/1.1" 429 451 "-" "-" 
52.165.22.152 - - [26/Oct/2025:17:31:17 -0700] "GET /wp-content/uploads/index.php HTTP/1.1" 429 451 "-" "-" 
52.165.22.152 - - [26/Oct/2025:17:31:17 -0700] "GET /wp-content/wp-conflg.php HTTP/1.1" 429 451 "-" "-" 
52.165.22.152 - - [26/Oct/2025:17:31:17 -0700] "GET /wp-cron.php HTTP/1.1" 429 451 "-" "-" 
52.165.22.152 - - [26/Oct/2025:17:31:18 -0700] "GET /wp-includes/IXR/ HTTP/1.1" 429 451 "-" "-" 
52.165.22.152 - - [26/Oct/2025:17:31:18 -0700] "GET /wp-includes/block-supports/ HTTP/1.1" 429 451 "-" "-" 
52.165.22.152 - - [26/Oct/2025:17:31:18 -0700] "GET /wp-includes/fonts/ HTTP/1.1" 429 451 "-" "-" 
52.165.22.152 - - [26/Oct/2025:17:31:18 -0700] "GET /wp-includes/fonts/index.php HTTP/1.1" 429 451 "-" "-" 
52.165.22.152 - - [26/Oct/2025:17:31:18 -0700] "GET /wp-includes/js/crop/ HTTP/1.1" 429 451 "-" "-" 
52.165.22.152 - - [26/Oct/2025:17:31:18 -0700] "GET /wp-includes/rest-api/ HTTP/1.1" 429 451 "-" "-" 
52.165.22.152 - - [26/Oct/2025:17:31:18 -0700] "GET /wp-includes/widgets/ HTTP/1.1" 429 451 "-" "-" 
51.161.65.211 - - [26/Oct/2025:17:32:12 -0700] "GET /?products=4828642 HTTP/2.0" 200 31029 "-" "Mozilla/5.0 (compatible; AhrefsBot/7.0; +http://ahrefs.com/robot/)" 
69.163.179.91 - - [26/Oct/2025:17:32:14 -0700] "POST /wp-cron.php?doing_wp_cron=1761525134.3884029388427734375000 HTTP/1.1" 200 3647 "-" "WordPress/6.8.3; https://www.elconferencista.com" 
51.161.65.120 - - [26/Oct/2025:17:35:05 -0700] "GET /?products=4828536 HTTP/2.0" 200 31029 "-" "Mozilla/5.0 (compatible; AhrefsBot/7.0; +http://ahrefs.com/robot/)" 
69.163.179.91 - - [26/Oct/2025:17:35:07 -0700] "POST /wp-cron.php?doing_wp_cron=1761525307.1922669410705566406250 HTTP/1.1" 200 3647 "-" "WordPress/6.8.3; https://www.elconferencista.com" 
142.44.228.121 - - [26/Oct/2025:17:37:55 -0700] "GET /?products=4828450 HTTP/2.0" 200 31029 "-" "Mozilla/5.0 (compatible; AhrefsBot/7.0; +http://ahrefs.com/robot/)" 
69.163.179.91 - - [26/Oct/2025:17:37:56 -0700] "POST /wp-cron.php?doing_wp_cron=1761525476.7312219142913818359375 HTTP/1.1" 200 3647 "-" "WordPress/6.8.3; https://www.elconferencista.com" 
54.39.203.36 - - [26/Oct/2025:17:42:48 -0700] "GET /sitemap.xml HTTP/2.0" 200 3393 "-" "Mozilla/5.0 (compatible; AhrefsBot/7.0; +http://ahrefs.com/robot/)" 
41.216.188.194 - - [26/Oct/2025:17:44:31 -0700] "GET /wp-login.php HTTP/1.1" 200 7235 "www.google.com" "Mozilla/5.0 (Windows NT 10.0; Win64; x64) AppleWebKit/537.36 (KHTML, like Gecko) Chrome/91.0.4472.124 Safari/537.36" 
69.163.179.91 - - [26/Oct/2025:17:44:32 -0700] "POST /wp-cron.php?doing_wp_cron=1761525872.3419649600982666015625 HTTP/1.1" 200 3647 "-" "WordPress/6.8.3; https://www.elconferencista.com" 
41.216.188.194 - - [26/Oct/2025:17:44:33 -0700] "POST /wp-login.php HTTP/1.1" 302 1671 "https://www.elconferencista.com/wp-admin/" "Mozilla/5.0 (Windows NT 10.0; Win64; x64) AppleWebKit/537.36 (KHTML, like Gecko) Chrome/91.0.4472.124 Safari/537.36" 
41.216.188.194 - - [26/Oct/2025:17:44:35 -0700] "GET /wp-login.php?redirect_to=https%3A%2F%2Fwww.elconferencista.com%2Fwp-admin%2F&action=confirm_admin_email&wp_lang=es_ES HTTP/1.1" 200 2474 "https://www.elconferencista.com/wp-admin/" "Mozilla/5.0 (Windows NT 10.0; Win64; x64) AppleWebKit/537.36 (KHTML, like Gecko) Chrome/91.0.4472.124 Safari/537.36" 
41.216.188.194 - - [26/Oct/2025:17:44:35 -0700] "GET /wp-admin/ HTTP/1.1" 200 55734 "www.google.com" "Mozilla/5.0 (Windows NT 10.0; Win64; x64) AppleWebKit/537.36 (KHTML, like Gecko) Chrome/91.0.4472.124 Safari/537.36" 
41.216.188.194 - - [26/Oct/2025:17:44:37 -0700] "GET /wp-admin/plugin-install.php?tab=upload HTTP/1.1" 404 166068 "www.google.com" "Mozilla/5.0 (Windows NT 10.0; Win64; x64) AppleWebKit/537.36 (KHTML, like Gecko) Chrome/91.0.4472.124 Safari/537.36" 
41.216.188.194 - - [26/Oct/2025:17:44:39 -0700] "GET /wp-admin/plugin-install.php?s=File+Manager&tab=search&type=term HTTP/1.1" 404 163045 "www.google.com" "Mozilla/5.0 (Windows NT 10.0; Win64; x64) AppleWebKit/537.36 (KHTML, like Gecko) Chrome/91.0.4472.124 Safari/537.36" 
41.216.188.194 - - [26/Oct/2025:17:44:39 -0700] "GET /wp-login.php HTTP/1.1" 200 7235 "www.google.com" "Mozilla/5.0 (Windows NT 10.0; Win64; x64) AppleWebKit/537.36 (KHTML, like Gecko) Chrome/91.0.4472.124 Safari/537.36" 
41.216.188.194 - - [26/Oct/2025:17:44:40 -0700] "POST /wp-login.php HTTP/1.1" 302 1671 "https://www.elconferencista.com/wp-admin/" "Mozilla/5.0 (Windows NT 10.0; Win64; x64) AppleWebKit/537.36 (KHTML, like Gecko) Chrome/91.0.4472.124 Safari/537.36" 
41.216.188.194 - - [26/Oct/2025:17:44:40 -0700] "GET /wp-admin/theme-install.php?tab=upload HTTP/1.1" 404 162693 "www.google.com" "Mozilla/5.0 (Windows NT 10.0; Win64; x64) AppleWebKit/537.36 (KHTML, like Gecko) Chrome/91.0.4472.124 Safari/537.36" 
41.216.188.194 - - [26/Oct/2025:17:44:41 -0700] "GET /wp-login.php?redirect_to=https%3A%2F%2Fwww.elconferencista.com%2Fwp-admin%2F&action=confirm_admin_email&wp_lang=es_ES HTTP/1.1" 200 2471 "https://www.elconferencista.com/wp-admin/" "Mozilla/5.0 (Windows NT 10.0; Win64; x64) AppleWebKit/537.36 (KHTML, like Gecko) Chrome/91.0.4472.124 Safari/537.36" 
41.216.188.194 - - [26/Oct/2025:17:44:43 -0700] "GET /wp-admin/ HTTP/1.1" 200 55730 "www.google.com" "Mozilla/5.0 (Windows NT 10.0; Win64; x64) AppleWebKit/537.36 (KHTML, like Gecko) Chrome/91.0.4472.124 Safari/537.36" 
41.216.188.194 - - [26/Oct/2025:17:44:42 -0700] "GET /wp-admin/theme-editor.php?file=404.php HTTP/1.1" 404 162703 "www.google.com" "Mozilla/5.0 (Windows NT 10.0; Win64; x64) AppleWebKit/537.36 (KHTML, like Gecko) Chrome/91.0.4472.124 Safari/537.36" 
41.216.188.194 - - [26/Oct/2025:17:44:45 -0700] "GET /wp-admin/plugin-install.php?tab=upload HTTP/1.1" 404 162703 "www.google.com" "Mozilla/5.0 (Windows NT 10.0; Win64; x64) AppleWebKit/537.36 (KHTML, like Gecko) Chrome/91.0.4472.124 Safari/537.36" 
41.216.188.194 - - [26/Oct/2025:17:44:44 -0700] "GET /wp-admin/plugin-install.php?tab=upload HTTP/1.1" 404 166068 "www.google.com" "Mozilla/5.0 (Windows NT 10.0; Win64; x64) AppleWebKit/537.36 (KHTML, like Gecko) Chrome/91.0.4472.124 Safari/537.36" 
41.216.188.194 - - [26/Oct/2025:17:44:47 -0700] "GET /wp-admin/theme-editor.php?file=404.php HTTP/1.1" 404 162703 "www.google.com" "Mozilla/5.0 (Windows NT 10.0; Win64; x64) AppleWebKit/537.36 (KHTML, like Gecko) Chrome/91.0.4472.124 Safari/537.36" 
41.216.188.194 - - [26/Oct/2025:17:44:48 -0700] "GET /wp-admin/plugin-install.php?s=File+Manager&tab=search&type=term HTTP/1.1" 404 163045 "www.google.com" "Mozilla/5.0 (Windows NT 10.0; Win64; x64) AppleWebKit/537.36 (KHTML, like Gecko) Chrome/91.0.4472.124 Safari/537.36" 
41.216.188.194 - - [26/Oct/2025:17:44:49 -0700] "GET /wp-admin/theme-install.php?tab=upload HTTP/1.1" 404 162693 "www.google.com" "Mozilla/5.0 (Windows NT 10.0; Win64; x64) AppleWebKit/537.36 (KHTML, like Gecko) Chrome/91.0.4472.124 Safari/537.36" 
41.216.188.194 - - [26/Oct/2025:17:44:51 -0700] "GET /wp-admin/theme-editor.php?file=404.php HTTP/1.1" 404 162703 "www.google.com" "Mozilla/5.0 (Windows NT 10.0; Win64; x64) AppleWebKit/537.36 (KHTML, like Gecko) Chrome/91.0.4472.124 Safari/537.36" 
41.216.188.194 - - [26/Oct/2025:17:44:52 -0700] "GET /wp-admin/plugin-install.php?tab=upload HTTP/1.1" 404 162703 "www.google.com" "Mozilla/5.0 (Windows NT 10.0; Win64; x64) AppleWebKit/537.36 (KHTML, like Gecko) Chrome/91.0.4472.124 Safari/537.36" 
41.216.188.194 - - [26/Oct/2025:17:44:54 -0700] "GET /wp-admin/theme-editor.php?file=404.php HTTP/1.1" 404 162703 "www.google.com" "Mozilla/5.0 (Windows NT 10.0; Win64; x64) AppleWebKit/537.36 (KHTML, like Gecko) Chrome/91.0.4472.124 Safari/537.36" 
142.44.220.146 - - [26/Oct/2025:17:46:55 -0700] "GET /?products=4828494 HTTP/2.0" 200 31029 "-" "Mozilla/5.0 (compatible; AhrefsBot/7.0; +http://ahrefs.com/robot/)" 
69.163.179.91 - - [26/Oct/2025:17:46:56 -0700] "POST /wp-cron.php?doing_wp_cron=1761526016.5455989837646484375000 HTTP/1.1" 200 3647 "-" "WordPress/6.8.3; https://www.elconferencista.com" 
146.190.99.230 - - [26/Oct/2025:17:48:32 -0700] "GET /wp-login.php HTTP/1.1" 200 6989 "-" "Mozilla/5.0" 
69.163.179.91 - - [26/Oct/2025:17:48:33 -0700] "POST /wp-cron.php?doing_wp_cron=1761526113.2944760322570800781250 HTTP/1.1" 200 3647 "-" "WordPress/6.8.3; https://www.elconferencista.com" 
146.190.99.230 - - [26/Oct/2025:17:48:34 -0700] "GET /?author=1 HTTP/1.1" 404 112658 "-" "Mozilla/5.0" 
146.190.99.230 - - [26/Oct/2025:17:48:37 -0700] "GET /?feed=rss2 HTTP/1.1" 301 612 "-" "Mozilla/5.0" 
146.190.99.230 - - [26/Oct/2025:17:48:38 -0700] "GET /feed/ HTTP/1.1" 200 1566 "-" "Mozilla/5.0" 
142.44.220.178 - - [26/Oct/2025:17:50:37 -0700] "GET /?products=4828306 HTTP/2.0" 200 31029 "-" "Mozilla/5.0 (compatible; AhrefsBot/7.0; +http://ahrefs.com/robot/)" 
69.163.179.91 - - [26/Oct/2025:17:50:38 -0700] "POST /wp-cron.php?doing_wp_cron=1761526238.6734681129455566406250 HTTP/1.1" 200 3647 "-" "WordPress/6.8.3; https://www.elconferencista.com" 
15.235.98.184 - - [26/Oct/2025:17:54:11 -0700] "GET /?products=4828248 HTTP/2.0" 200 31029 "-" "Mozilla/5.0 (compatible; AhrefsBot/7.0; +http://ahrefs.com/robot/)" 
69.163.179.91 - - [26/Oct/2025:17:54:13 -0700] "POST /wp-cron.php?doing_wp_cron=1761526453.5183970928192138671875 HTTP/1.1" 200 3647 "-" "WordPress/6.8.3; https://www.elconferencista.com" 
51.161.65.196 - - [26/Oct/2025:17:57:26 -0700] "GET /?products=4828210 HTTP/2.0" 200 31029 "-" "Mozilla/5.0 (compatible; AhrefsBot/7.0; +http://ahrefs.com/robot/)" 
69.163.179.91 - - [26/Oct/2025:17:57:28 -0700] "POST /wp-cron.php?doing_wp_cron=1761526647.9673540592193603515625 HTTP/1.1" 200 3647 "-" "WordPress/6.8.3; https://www.elconferencista.com" 
142.44.228.147 - - [26/Oct/2025:18:01:13 -0700] "GET /?products=4831810 HTTP/2.0" 200 31027 "-" "Mozilla/5.0 (compatible; AhrefsBot/7.0; +http://ahrefs.com/robot/)" 
69.163.179.91 - - [26/Oct/2025:18:01:15 -0700] "POST /wp-cron.php?doing_wp_cron=1761526875.0547900199890136718750 HTTP/1.1" 200 3647 "-" "WordPress/6.8.3; https://www.elconferencista.com" 
15.235.27.65 - - [26/Oct/2025:18:04:32 -0700] "GET /?products=4831776 HTTP/2.0" 200 31029 "-" "Mozilla/5.0 (compatible; AhrefsBot/7.0; +http://ahrefs.com/robot/)" 
69.163.179.91 - - [26/Oct/2025:18:04:33 -0700] "POST /wp-cron.php?doing_wp_cron=1761527073.7200698852539062500000 HTTP/1.1" 200 3647 "-" "WordPress/6.8.3; https://www.elconferencista.com" 
54.39.0.216 - - [26/Oct/2025:18:07:41 -0700] "GET /?products=4831584 HTTP/2.0" 200 31029 "-" "Mozilla/5.0 (compatible; AhrefsBot/7.0; +http://ahrefs.com/robot/)" 
69.163.179.91 - - [26/Oct/2025:18:07:43 -0700] "POST /wp-cron.php?doing_wp_cron=1761527263.3532249927520751953125 HTTP/1.1" 200 3647 "-" "WordPress/6.8.3; https://www.elconferencista.com" 
69.163.179.91 - - [26/Oct/2025:18:10:54 -0700] "POST /wp-cron.php?doing_wp_cron=1761527454.6919500827789306640625 HTTP/1.1" 200 3647 "-" "WordPress/6.8.3; https://www.elconferencista.com" 
69.163.179.91 - - [26/Oct/2025:18:10:55 -0700] "POST /wp-cron.php?doing_wp_cron=1761527455.7272980213165283203125 HTTP/1.1" 200 3647 "-" "WordPress/6.8.3; https://www.elconferencista.com" 
54.39.6.135 - - [26/Oct/2025:18:10:53 -0700] "GET /?products=4831522 HTTP/2.0" 200 31029 "-" "Mozilla/5.0 (compatible; AhrefsBot/7.0; +http://ahrefs.com/robot/)" 
146.190.99.230 - - [26/Oct/2025:18:13:04 -0700] "POST /wp-login.php HTTP/1.1" 200 13968 "-" "Mozilla/5.0" 
69.163.179.91 - - [26/Oct/2025:18:13:05 -0700] "POST /wp-cron.php?doing_wp_cron=1761527585.5623788833618164062500 HTTP/1.1" 200 3647 "-" "WordPress/6.8.3; https://www.elconferencista.com" 
142.44.220.230 - - [26/Oct/2025:18:14:01 -0700] "GET /?products=4831518 HTTP/2.0" 200 31029 "-" "Mozilla/5.0 (compatible; AhrefsBot/7.0; +http://ahrefs.com/robot/)" 
69.163.179.91 - - [26/Oct/2025:18:14:02 -0700] "POST /wp-cron.php?doing_wp_cron=1761527642.0540049076080322265625 HTTP/1.1" 200 3647 "-" "WordPress/6.8.3; https://www.elconferencista.com" 
85.174.193.163 - - [26/Oct/2025:18:15:01 -0700] "GET /wp-content/themes/alone/css/sermone.css HTTP/1.1" 404 114037 "-" "Mozilla/5.0 (Macintosh; Intel Mac OS X 10_15_7) AppleWebKit/537.36 (KHTML, like Gecko) Chrome/136.0.0.0 Safari/537.36" 
15.235.96.128 - - [26/Oct/2025:18:16:51 -0700] "GET /?products=4831378 HTTP/2.0" 200 31029 "-" "Mozilla/5.0 (compatible; AhrefsBot/7.0; +http://ahrefs.com/robot/)" 
69.163.179.91 - - [26/Oct/2025:18:16:52 -0700] "POST /wp-cron.php?doing_wp_cron=1761527812.8997108936309814453125 HTTP/1.1" 200 3647 "-" "WordPress/6.8.3; https://www.elconferencista.com" 
213.87.195.209 - - [26/Oct/2025:18:19:01 -0700] "GET /wp-content/themes/alone/css/sermone.css HTTP/1.1" 404 114037 "-" "Mozilla/5.0 (Macintosh; Intel Mac OS X 10_15_7) AppleWebKit/537.36 (KHTML, like Gecko) Chrome/139.0.0.0 Safari/537.36 Edg/139.0.0.0" 
69.163.179.91 - - [26/Oct/2025:18:19:02 -0700] "POST /wp-cron.php?doing_wp_cron=1761527942.7650229930877685546875 HTTP/1.1" 200 3647 "-" "WordPress/6.8.3; https://www.elconferencista.com" 
54.39.0.147 - - [26/Oct/2025:18:19:41 -0700] "GET /robots.txt HTTP/2.0" 200 278 "-" "Mozilla/5.0 (compatible; AhrefsBot/7.0; +http://ahrefs.com/robot/)" 
148.113.128.210 - - [26/Oct/2025:18:19:44 -0700] "GET /?products=4831374 HTTP/2.0" 200 31029 "-" "Mozilla/5.0 (compatible; AhrefsBot/7.0; +http://ahrefs.com/robot/)" 
51.77.116.174 - - [26/Oct/2025:18:19:52 -0700] "POST /xmlrpc.php HTTP/1.1" 200 3692 "-" "Mozilla/5.0 (Windows NT 10.0; Win64; x64; rv:69.0) Gecko/20100101 Firefox/69.0" 
142.44.233.199 - - [26/Oct/2025:18:22:42 -0700] "GET /?products=4831268 HTTP/2.0" 200 31029 "-" "Mozilla/5.0 (compatible; AhrefsBot/7.0; +http://ahrefs.com/robot/)" 
69.163.179.91 - - [26/Oct/2025:18:22:43 -0700] "POST /wp-cron.php?doing_wp_cron=1761528163.5220189094543457031250 HTTP/1.1" 200 3647 "-" "WordPress/6.8.3; https://www.elconferencista.com" 
142.44.225.174 - - [26/Oct/2025:18:25:36 -0700] "GET /?products=4831206 HTTP/2.0" 200 31029 "-" "Mozilla/5.0 (compatible; AhrefsBot/7.0; +http://ahrefs.com/robot/)" 
69.163.179.91 - - [26/Oct/2025:18:25:38 -0700] "POST /wp-cron.php?doing_wp_cron=1761528338.2298560142517089843750 HTTP/1.1" 200 3647 "-" "WordPress/6.8.3; https://www.elconferencista.com" 
51.161.65.16 - - [26/Oct/2025:18:28:31 -0700] "GET /?products=4831104 HTTP/2.0" 200 31029 "-" "Mozilla/5.0 (compatible; AhrefsBot/7.0; +http://ahrefs.com/robot/)" 
69.163.179.91 - - [26/Oct/2025:18:28:32 -0700] "POST /wp-cron.php?doing_wp_cron=1761528512.8860349655151367187500 HTTP/1.1" 200 3647 "-" "WordPress/6.8.3; https://www.elconferencista.com" 
54.39.210.37 - - [26/Oct/2025:18:31:31 -0700] "GET /?products=4831038 HTTP/2.0" 200 31027 "-" "Mozilla/5.0 (compatible; AhrefsBot/7.0; +http://ahrefs.com/robot/)" 
69.163.179.91 - - [26/Oct/2025:18:31:33 -0700] "POST /wp-cron.php?doing_wp_cron=1761528693.3352069854736328125000 HTTP/1.1" 200 3647 "-" "WordPress/6.8.3; https://www.elconferencista.com" 
15.235.27.203 - - [26/Oct/2025:18:34:29 -0700] "GET /?products=4831004 HTTP/2.0" 200 31029 "-" "Mozilla/5.0 (compatible; AhrefsBot/7.0; +http://ahrefs.com/robot/)" 
69.163.179.91 - - [26/Oct/2025:18:34:30 -0700] "POST /wp-cron.php?doing_wp_cron=1761528870.8815040588378906250000 HTTP/1.1" 200 3647 "-" "WordPress/6.8.3; https://www.elconferencista.com" 
91.242.83.203 - - [26/Oct/2025:18:34:35 -0700] "GET / HTTP/2.0" 200 31041 "-" "Mozilla/5.0 (Macintosh; Intel Mac OS X 10_15_7) AppleWebKit/537.36 (KHTML, like Gecko) Chrome/131.0.0.0 Safari/537.36" 
91.242.83.203 - - [26/Oct/2025:18:34:36 -0700] "GET /conferencias/ HTTP/2.0" 200 28896 "-" "Mozilla/5.0 (Macintosh; Intel Mac OS X 10_15_7) AppleWebKit/537.36 (KHTML, like Gecko) Chrome/131.0.0.0 Safari/537.36" 
91.242.83.203 - - [26/Oct/2025:18:34:37 -0700] "GET /wp-content/themes/astra/assets/js/minified/frontend.min.js?ver=4.9.2 HTTP/2.0" 200 6164 "-" "Mozilla/5.0 (Macintosh; Intel Mac OS X 10_15_7) AppleWebKit/537.36 (KHTML, like Gecko) Chrome/131.0.0.0 Safari/537.36" 
91.242.83.203 - - [26/Oct/2025:18:34:38 -0700] "GET /wp-content/plugins/whatsapp-for-wordpress/assets/dist/js/njt-whatsapp.js?ver=3.1.2 HTTP/2.0" 200 31442 "-" "Mozilla/5.0 (Macintosh; Intel Mac OS X 10_15_7) AppleWebKit/537.36 (KHTML, like Gecko) Chrome/131.0.0.0 Safari/537.36" 
91.242.83.203 - - [26/Oct/2025:18:34:38 -0700] "GET /wp-content/plugins/whatsapp-for-wordpress/assets/js/whatsapp-button.js?ver=3.1.2 HTTP/2.0" 200 507 "-" "Mozilla/5.0 (Macintosh; Intel Mac OS X 10_15_7) AppleWebKit/537.36 (KHTML, like Gecko) Chrome/131.0.0.0 Safari/537.36" 
91.242.83.203 - - [26/Oct/2025:18:34:38 -0700] "GET /wp-content/plugins/elementor/assets/js/webpack.runtime.min.js?ver=3.32.5 HTTP/2.0" 200 2616 "-" "Mozilla/5.0 (Macintosh; Intel Mac OS X 10_15_7) AppleWebKit/537.36 (KHTML, like Gecko) Chrome/131.0.0.0 Safari/537.36" 
91.242.83.203 - - [26/Oct/2025:18:34:38 -0700] "GET /wp-content/plugins/elementor/assets/js/frontend-modules.min.js?ver=3.32.5 HTTP/2.0" 200 19036 "-" "Mozilla/5.0 (Macintosh; Intel Mac OS X 10_15_7) AppleWebKit/537.36 (KHTML, like Gecko) Chrome/131.0.0.0 Safari/537.36" 
69.163.179.91 - - [26/Oct/2025:18:35:13 -0700] "POST /wp-cron.php?doing_wp_cron=1761528913.2022609710693359375000 HTTP/1.1" 200 3647 "-" "WordPress/6.8.3; https://www.elconferencista.com" 
23.81.60.178 - - [26/Oct/2025:18:35:12 -0700] "GET / HTTP/2.0" 200 31041 "https://ednergranados.com" "Mozilla/5.0 (Macintosh; Intel Mac OS X 10_15_7) AppleWebKit/537.36 (KHTML, like Gecko) Chrome/131.0.0.0 Safari/537.36" 
15.235.96.148 - - [26/Oct/2025:18:37:25 -0700] "GET /?products=4830966 HTTP/2.0" 200 31029 "-" "Mozilla/5.0 (compatible; AhrefsBot/7.0; +http://ahrefs.com/robot/)" 
69.163.179.91 - - [26/Oct/2025:18:37:27 -0700] "POST /wp-cron.php?doing_wp_cron=1761529047.3470830917358398437500 HTTP/1.1" 200 3647 "-" "WordPress/6.8.3; https://www.elconferencista.com" 
34.202.83.109 - - [26/Oct/2025:18:37:56 -0700] "GET /wp-login.php HTTP/2.0" 429 354 "-" "Mozilla/5.0 (Windows NT 10.0; WOW64; Trident/7.0; MANM; rv:11.0) like Gecko" 
15.235.27.77 - - [26/Oct/2025:18:40:25 -0700] "GET /?products=4830932 HTTP/2.0" 200 31029 "-" "Mozilla/5.0 (compatible; AhrefsBot/7.0; +http://ahrefs.com/robot/)" 
69.163.179.91 - - [26/Oct/2025:18:40:27 -0700] "POST /wp-cron.php?doing_wp_cron=1761529227.6511769294738769531250 HTTP/1.1" 200 3647 "-" "WordPress/6.8.3; https://www.elconferencista.com" 
142.44.228.166 - - [26/Oct/2025:18:43:19 -0700] "GET /?products=4830726 HTTP/2.0" 200 31029 "-" "Mozilla/5.0 (compatible; AhrefsBot/7.0; +http://ahrefs.com/robot/)" 
69.163.179.91 - - [26/Oct/2025:18:43:20 -0700] "POST /wp-cron.php?doing_wp_cron=1761529400.8624069690704345703125 HTTP/1.1" 200 3647 "-" "WordPress/6.8.3; https://www.elconferencista.com" 
148.113.128.1 - - [26/Oct/2025:18:46:06 -0700] "GET /?products=4830552 HTTP/2.0" 200 31029 "-" "Mozilla/5.0 (compatible; AhrefsBot/7.0; +http://ahrefs.com/robot/)" 
69.163.179.91 - - [26/Oct/2025:18:46:08 -0700] "POST /wp-cron.php?doing_wp_cron=1761529568.0118150711059570312500 HTTP/1.1" 200 3647 "-" "WordPress/6.8.3; https://www.elconferencista.com" 
146.190.99.230 - - [26/Oct/2025:18:46:45 -0700] "POST /wp-login.php HTTP/1.1" 200 13968 "-" "Mozilla/5.0" 
54.39.6.144 - - [26/Oct/2025:18:48:53 -0700] "GET /?products=4830514 HTTP/2.0" 200 31029 "-" "Mozilla/5.0 (compatible; AhrefsBot/7.0; +http://ahrefs.com/robot/)" 
69.163.179.91 - - [26/Oct/2025:18:48:55 -0700] "POST /wp-cron.php?doing_wp_cron=1761529735.1894459724426269531250 HTTP/1.1" 200 3647 "-" "WordPress/6.8.3; https://www.elconferencista.com" 
178.157.64.145 - - [26/Oct/2025:18:51:45 -0700] "GET / HTTP/2.0" 301 350 "-" "Mozilla/5.0 (Macintosh; Intel Mac OS X 10_15_7) AppleWebKit/537.36 (KHTML, like Gecko) Chrome/131.0.0.0 Safari/537.36" 
15.235.98.45 - - [26/Oct/2025:18:51:43 -0700] "GET /?products=4830414 HTTP/2.0" 200 31029 "-" "Mozilla/5.0 (compatible; AhrefsBot/7.0; +http://ahrefs.com/robot/)" 
69.163.179.91 - - [26/Oct/2025:18:51:45 -0700] "POST /wp-cron.php?doing_wp_cron=1761529905.1214659214019775390625 HTTP/1.1" 200 3647 "-" "WordPress/6.8.3; https://www.elconferencista.com" 
178.157.64.145 - - [26/Oct/2025:18:51:46 -0700] "GET / HTTP/2.0" 200 31032 "https://elconferencista.com" "Mozilla/5.0 (Macintosh; Intel Mac OS X 10_15_7) AppleWebKit/537.36 (KHTML, like Gecko) Chrome/131.0.0.0 Safari/537.36" 
158.160.109.116 - - [26/Oct/2025:18:54:05 -0700] "POST /xmlrpc.php HTTP/1.1" 429 3633 "-" "Mozilla/5.0 (Windows NT 10.0; Win64; x64; rv:54.0) Gecko/20100101 Firefox/54.0" 
51.161.37.141 - - [26/Oct/2025:18:54:32 -0700] "GET /?products=4830380 HTTP/2.0" 200 31029 "-" "Mozilla/5.0 (compatible; AhrefsBot/7.0; +http://ahrefs.com/robot/)" 
69.163.179.91 - - [26/Oct/2025:18:54:33 -0700] "POST /wp-cron.php?doing_wp_cron=1761530073.8247430324554443359375 HTTP/1.1" 200 3647 "-" "WordPress/6.8.3; https://www.elconferencista.com" 
142.44.225.44 - - [26/Oct/2025:18:57:46 -0700] "GET /?products=4830370 HTTP/2.0" 200 31029 "-" "Mozilla/5.0 (compatible; AhrefsBot/7.0; +http://ahrefs.com/robot/)" 
69.163.179.91 - - [26/Oct/2025:18:57:48 -0700] "POST /wp-cron.php?doing_wp_cron=1761530268.3085780143737792968750 HTTP/1.1" 200 3647 "-" "WordPress/6.8.3; https://www.elconferencista.com" 
15.235.96.4 - - [26/Oct/2025:19:00:36 -0700] "GET /?products=4830288 HTTP/2.0" 200 31029 "-" "Mozilla/5.0 (compatible; AhrefsBot/7.0; +http://ahrefs.com/robot/)" 
69.163.179.91 - - [26/Oct/2025:19:00:37 -0700] "POST /wp-cron.php?doing_wp_cron=1761530437.8303680419921875000000 HTTP/1.1" 200 3647 "-" "WordPress/6.8.3; https://www.elconferencista.com" 
142.44.220.248 - - [26/Oct/2025:19:03:42 -0700] "GET /?products=4830168 HTTP/2.0" 200 31029 "-" "Mozilla/5.0 (compatible; AhrefsBot/7.0; +http://ahrefs.com/robot/)" 
69.163.179.91 - - [26/Oct/2025:19:03:44 -0700] "POST /wp-cron.php?doing_wp_cron=1761530624.2156479358673095703125 HTTP/1.1" 200 3647 "-" "WordPress/6.8.3; https://www.elconferencista.com" 
54.39.89.80 - - [26/Oct/2025:19:06:46 -0700] "GET /?products=4830140 HTTP/2.0" 200 31029 "-" "Mozilla/5.0 (compatible; AhrefsBot/7.0; +http://ahrefs.com/robot/)" 
69.163.179.91 - - [26/Oct/2025:19:06:48 -0700] "POST /wp-cron.php?doing_wp_cron=1761530808.0346529483795166015625 HTTP/1.1" 200 3647 "-" "WordPress/6.8.3; https://www.elconferencista.com" 
15.235.27.217 - - [26/Oct/2025:19:09:32 -0700] "GET /?products=4830130 HTTP/2.0" 200 31029 "-" "Mozilla/5.0 (compatible; AhrefsBot/7.0; +http://ahrefs.com/robot/)" 
69.163.179.91 - - [26/Oct/2025:19:09:33 -0700] "POST /wp-cron.php?doing_wp_cron=1761530973.8898849487304687500000 HTTP/1.1" 200 3647 "-" "WordPress/6.8.3; https://www.elconferencista.com" 
69.163.179.91 - - [26/Oct/2025:19:12:43 -0700] "POST /wp-cron.php?doing_wp_cron=1761531163.6568338871002197265625 HTTP/1.1" 200 3647 "-" "WordPress/6.8.3; https://www.elconferencista.com" 
69.163.179.91 - - [26/Oct/2025:19:12:44 -0700] "POST /wp-cron.php?doing_wp_cron=1761531164.6973350048065185546875 HTTP/1.1" 200 3647 "-" "WordPress/6.8.3; https://www.elconferencista.com" 
51.161.65.249 - - [26/Oct/2025:19:12:42 -0700] "GET /?products=4830082 HTTP/2.0" 200 31029 "-" "Mozilla/5.0 (compatible; AhrefsBot/7.0; +http://ahrefs.com/robot/)" 
142.44.233.208 - - [26/Oct/2025:19:15:42 -0700] "GET /?products=4828422 HTTP/2.0" 200 31029 "-" "Mozilla/5.0 (compatible; AhrefsBot/7.0; +http://ahrefs.com/robot/)" 
69.163.179.91 - - [26/Oct/2025:19:15:43 -0700] "POST /wp-cron.php?doing_wp_cron=1761531343.8362510204315185546875 HTTP/1.1" 200 3647 "-" "WordPress/6.8.3; https://www.elconferencista.com" 
196.251.84.213 - - [26/Oct/2025:19:17:56 -0700] "GET /.env HTTP/1.1" 301 3850 "-" "Mozilla/5.0 (X11; Linux x86_64) AppleWebKit/537.36 (KHTML, like Gecko) Chrome/81.0.4044.129 Safari/537.36" 
196.251.84.213 - - [26/Oct/2025:19:17:57 -0700] "POST / HTTP/1.1" 301 3842 "-" "Mozilla/5.0 (X11; Linux x86_64) AppleWebKit/537.36 (KHTML, like Gecko) Chrome/81.0.4044.129 Safari/537.36" 
15.235.27.80 - - [26/Oct/2025:19:18:45 -0700] "GET /?products=4828368 HTTP/2.0" 200 31029 "-" "Mozilla/5.0 (compatible; AhrefsBot/7.0; +http://ahrefs.com/robot/)" 
69.163.179.91 - - [26/Oct/2025:19:18:47 -0700] "POST /wp-cron.php?doing_wp_cron=1761531527.4060668945312500000000 HTTP/1.1" 200 3647 "-" "WordPress/6.8.3; https://www.elconferencista.com" 
128.199.157.207 - - [26/Oct/2025:19:20:30 -0700] "GET /wp-login.php HTTP/2.0" 429 351 "-" "Mozilla/4.0 (compatible; MSIE 7.0; Windows NT 6.2; WOW64; Trident/7.0; .NET4.0E; .NET4.0C; Tablet PC 2.0; .NET CLR 3.5.30729; .NET CLR 2.0.50727; .NET CLR 3.0.30729; McAfee; LCJB)" 
128.199.157.207 - - [26/Oct/2025:19:20:30 -0700] "POST /wp-login.php HTTP/2.0" 429 255 "https://www.elconferencista.com/wp-login.php" "Mozilla/4.0 (compatible; MSIE 7.0; Windows NT 6.2; WOW64; Trident/7.0; .NET4.0E; .NET4.0C; Tablet PC 2.0; .NET CLR 3.5.30729; .NET CLR 2.0.50727; .NET CLR 3.0.30729; McAfee; LCJB)" 
51.222.168.145 - - [26/Oct/2025:19:21:37 -0700] "GET /?products=4828344 HTTP/2.0" 200 31029 "-" "Mozilla/5.0 (compatible; AhrefsBot/7.0; +http://ahrefs.com/robot/)" 
69.163.179.91 - - [26/Oct/2025:19:21:39 -0700] "POST /wp-cron.php?doing_wp_cron=1761531699.2545011043548583984375 HTTP/1.1" 200 3647 "-" "WordPress/6.8.3; https://www.elconferencista.com" 
146.190.99.230 - - [26/Oct/2025:19:23:16 -0700] "POST /wp-login.php HTTP/1.1" 200 13968 "-" "Mozilla/5.0" 
69.163.179.91 - - [26/Oct/2025:19:23:17 -0700] "POST /wp-cron.php?doing_wp_cron=1761531797.6625640392303466796875 HTTP/1.1" 200 3647 "-" "WordPress/6.8.3; https://www.elconferencista.com" 
51.222.168.72 - - [26/Oct/2025:19:24:45 -0700] "GET /?products=4828268 HTTP/2.0" 200 31029 "-" "Mozilla/5.0 (compatible; AhrefsBot/7.0; +http://ahrefs.com/robot/)" 
69.163.179.91 - - [26/Oct/2025:19:24:47 -0700] "POST /wp-cron.php?doing_wp_cron=1761531887.0696959495544433593750 HTTP/1.1" 200 3647 "-" "WordPress/6.8.3; https://www.elconferencista.com" 
23.137.105.250 - - [26/Oct/2025:19:25:25 -0700] "GET /wp-login.php HTTP/1.1" 429 3855 "http://elconferencista.com/wp-admin/" "Mozilla/5.0 (Windows NT 10.0; Win64; x64) AppleWebKit/537.36 (KHTML, like Gecko) Chrome/90.0.4430.85 Safari/537.36" 
23.137.105.250 - - [26/Oct/2025:19:25:33 -0700] "POST /wp-login.php HTTP/1.1" 429 3865 "http://elconferencista.com/wp-admin/" "Mozilla/5.0 (Windows NT 10.0; Win64; x64) AppleWebKit/537.36 (KHTML, like Gecko) Chrome/90.0.4430.85 Safari/537.36" 
23.137.105.250 - - [26/Oct/2025:19:25:33 -0700] "GET /wp-admin/ HTTP/1.1" 429 522 "https://www.google.com" "Mozilla/5.0 (Windows NT 10.0; Win64; x64) AppleWebKit/537.36 (KHTML, like Gecko) Chrome/90.0.4430.85 Safari/537.36" 
142.44.225.40 - - [26/Oct/2025:19:27:52 -0700] "GET /?products=4828176 HTTP/2.0" 200 31029 "-" "Mozilla/5.0 (compatible; AhrefsBot/7.0; +http://ahrefs.com/robot/)" 
69.163.179.91 - - [26/Oct/2025:19:27:54 -0700] "POST /wp-cron.php?doing_wp_cron=1761532074.0525751113891601562500 HTTP/1.1" 200 3647 "-" "WordPress/6.8.3; https://www.elconferencista.com" 
34.202.83.109 - - [26/Oct/2025:19:29:43 -0700] "GET /wp-login.php HTTP/2.0" 200 3583 "-" "Mozilla/5.0 (compatible; MSIE 10.0; Windows NT 6.2; WOW64; Trident/7.0)" 
69.163.179.91 - - [26/Oct/2025:19:29:44 -0700] "POST /wp-cron.php?doing_wp_cron=1761532184.2827939987182617187500 HTTP/1.1" 200 3647 "-" "WordPress/6.8.3; https://www.elconferencista.com" 
34.202.83.109 - - [26/Oct/2025:19:29:49 -0700] "POST /wp-login.php HTTP/2.0" 200 3465 "https://www.elconferencista.com/wp-login.php" "Mozilla/5.0 (compatible; MSIE 10.0; Windows NT 6.2; WOW64; Trident/7.0)" 
103.204.169.198 - - [26/Oct/2025:19:29:53 -0700] "POST /xmlrpc.php HTTP/1.1" 429 3633 "-" "Mozilla/5.0 (Windows NT 10.0; Win64; x64; rv:100.0) Gecko/20100101 Firefox/100.0" 
54.39.136.212 - - [26/Oct/2025:19:30:58 -0700] "GET /?products=4828162 HTTP/2.0" 200 31029 "-" "Mozilla/5.0 (compatible; AhrefsBot/7.0; +http://ahrefs.com/robot/)" 
69.163.179.91 - - [26/Oct/2025:19:30:59 -0700] "POST /wp-cron.php?doing_wp_cron=1761532259.3700349330902099609375 HTTP/1.1" 200 3647 "-" "WordPress/6.8.3; https://www.elconferencista.com" 
142.44.220.25 - - [26/Oct/2025:19:33:57 -0700] "GET /?products=4828134 HTTP/2.0" 200 31029 "-" "Mozilla/5.0 (compatible; AhrefsBot/7.0; +http://ahrefs.com/robot/)" 
69.163.179.91 - - [26/Oct/2025:19:33:59 -0700] "POST /wp-cron.php?doing_wp_cron=1761532439.4890480041503906250000 HTTP/1.1" 200 3647 "-" "WordPress/6.8.3; https://www.elconferencista.com" 
54.39.0.88 - - [26/Oct/2025:19:38:31 -0700] "GET /sitemap.xml HTTP/2.0" 200 3385 "-" "Mozilla/5.0 (compatible; AhrefsBot/7.0; +http://ahrefs.com/robot/)" 
181.31.202.136 - - [26/Oct/2025:19:41:48 -0700] "GET / HTTP/1.1" 301 3857 "-" "Mozilla/5.0 (Windows NT 10.0; Win64; x64) AppleWebKit/537.36 (KHTML, like Gecko) Chrome/131.0.6778.86 Safari/537.36" 
143.0.189.66 - - [26/Oct/2025:19:41:49 -0700] "GET / HTTP/1.1" 301 3857 "-" "Mozilla/5.0 (Windows NT 10.0; Win64; x64) AppleWebKit/537.36 (KHTML, like Gecko) Chrome/131.0.6778.86 Safari/537.36" 
187.161.143.113 - - [26/Oct/2025:19:41:50 -0700] "GET / HTTP/1.1" 200 34859 "-" "Mozilla/5.0 (Windows NT 10.0; Win64; x64) AppleWebKit/537.36 (KHTML, like Gecko) Chrome/131.0.6778.86 Safari/537.36" 
168.232.13.32 - - [26/Oct/2025:19:41:51 -0700] "GET / HTTP/1.1" 200 34859 "-" "Mozilla/5.0 (Windows NT 10.0; Win64; x64) AppleWebKit/537.36 (KHTML, like Gecko) Chrome/131.0.6778.86 Safari/537.36" 
69.163.179.91 - - [26/Oct/2025:19:41:52 -0700] "POST /wp-cron.php?doing_wp_cron=1761532912.5455560684204101562500 HTTP/1.1" 200 3647 "-" "WordPress/6.8.3; https://www.elconferencista.com" 
15.235.96.199 - - [26/Oct/2025:19:43:16 -0700] "GET /?products=4828306 HTTP/2.0" 200 31029 "-" "Mozilla/5.0 (compatible; AhrefsBot/7.0; +http://ahrefs.com/robot/)" 
69.163.179.91 - - [26/Oct/2025:19:43:18 -0700] "POST /wp-cron.php?doing_wp_cron=1761532998.0686149597167968750000 HTTP/1.1" 200 3647 "-" "WordPress/6.8.3; https://www.elconferencista.com" 
178.20.44.140 - - [26/Oct/2025:19:43:46 -0700] "GET / HTTP/1.0" 200 162370 "https://www.elconferencista.com/" "Mozilla/5.0 (Windows NT 10.0; Win64; x64) AppleWebKit/537.36 (KHTML, like Gecko) Chrome/130.0.0.0 Safari/537.36" 
212.32.50.13 - - [26/Oct/2025:19:44:37 -0700] "GET /.env HTTP/1.1" 429 3850 "-" "Mozilla/5.0 (Macintosh; Intel Mac OS X 10.15; rv:77.0) Gecko/20100101 Firefox/77.0" 
185.117.225.163 - - [26/Oct/2025:19:46:01 -0700] "GET /robots.txt HTTP/1.1" 200 3890 "-" "python-requests/2.31.0" 
185.117.225.163 - - [26/Oct/2025:19:46:01 -0700] "GET / HTTP/2.0" 200 31041 "-" "Mozilla/5.0 (compatible; BitSightBot/1.0)" 
69.163.179.91 - - [26/Oct/2025:19:46:03 -0700] "POST /wp-cron.php?doing_wp_cron=1761533163.3090860843658447265625 HTTP/1.1" 200 3647 "-" "WordPress/6.8.3; https://www.elconferencista.com" 
185.117.225.163 - - [26/Oct/2025:19:46:07 -0700] "GET /wp-content/themes/astra/assets/css/minified/main.min.css?ver=4.9.2 HTTP/2.0" 200 9107 "https://www.elconferencista.com/" "Mozilla/5.0 (X11; Linux x86_64) AppleWebKit/537.36 (KHTML, like Gecko) HeadlessChrome/123.0.6312.86 Safari/537.36" 
185.117.225.163 - - [26/Oct/2025:19:46:07 -0700] "GET /wp-content/plugins/elementor/assets/css/frontend.min.css?ver=3.32.5 HTTP/2.0" 200 7475 "https://www.elconferencista.com/" "Mozilla/5.0 (X11; Linux x86_64) AppleWebKit/537.36 (KHTML, like Gecko) HeadlessChrome/123.0.6312.86 Safari/537.36" 
185.117.225.163 - - [26/Oct/2025:19:46:07 -0700] "GET /wp-content/plugins/jet-engine/assets/css/frontend.css?ver=3.6.6.1 HTTP/2.0" 200 8004 "https://www.elconferencista.com/" "Mozilla/5.0 (X11; Linux x86_64) AppleWebKit/537.36 (KHTML, like Gecko) HeadlessChrome/123.0.6312.86 Safari/537.36" 
185.117.225.163 - - [26/Oct/2025:19:46:07 -0700] "GET /wp-content/plugins/elementor/assets/css/widget-image.min.css?ver=3.32.5 HTTP/2.0" 200 219 "https://www.elconferencista.com/" "Mozilla/5.0 (X11; Linux x86_64) AppleWebKit/537.36 (KHTML, like Gecko) HeadlessChrome/123.0.6312.86 Safari/537.36" 
185.117.225.163 - - [26/Oct/2025:19:46:07 -0700] "GET /wp-content/plugins/whatsapp-for-wordpress/assets/dist/css/style.css?ver=6.8.3 HTTP/2.0" 200 5986 "https://www.elconferencista.com/" "Mozilla/5.0 (X11; Linux x86_64) AppleWebKit/537.36 (KHTML, like Gecko) HeadlessChrome/123.0.6312.86 Safari/537.36" 
185.117.225.163 - - [26/Oct/2025:19:46:07 -0700] "GET /wp-content/plugins/elementor-pro/assets/css/modules/sticky.min.css?ver=3.32.3 HTTP/2.0" 200 193 "https://www.elconferencista.com/" "Mozilla/5.0 (X11; Linux x86_64) AppleWebKit/537.36 (KHTML, like Gecko) HeadlessChrome/123.0.6312.86 Safari/537.36" 
185.117.225.163 - - [26/Oct/2025:19:46:07 -0700] "GET /wp-content/plugins/elementor/assets/lib/animations/styles/fadeIn.min.css?ver=3.32.5 HTTP/2.0" 200 156 "https://www.elconferencista.com/" "Mozilla/5.0 (X11; Linux x86_64) AppleWebKit/537.36 (KHTML, like Gecko) HeadlessChrome/123.0.6312.86 Safari/537.36" 
185.117.225.163 - - [26/Oct/2025:19:46:07 -0700] "GET /wp-content/plugins/elementor/assets/css/widget-heading.min.css?ver=3.32.5 HTTP/2.0" 200 244 "https://www.elconferencista.com/" "Mozilla/5.0 (X11; Linux x86_64) AppleWebKit/537.36 (KHTML, like Gecko) HeadlessChrome/123.0.6312.86 Safari/537.36" 
185.117.225.163 - - [26/Oct/2025:19:46:07 -0700] "GET /wp-content/plugins/elementor/assets/css/widget-social-icons.min.css?ver=3.32.5 HTTP/2.0" 200 1226 "https://www.elconferencista.com/" "Mozilla/5.0 (X11; Linux x86_64) AppleWebKit/537.36 (KHTML, like Gecko) HeadlessChrome/123.0.6312.86 Safari/537.36" 
185.117.225.163 - - [26/Oct/2025:19:46:07 -0700] "GET /wp-content/plugins/elementor/assets/css/conditionals/apple-webkit.min.css?ver=3.32.5 HTTP/2.0" 200 619 "https://www.elconferencista.com/" "Mozilla/5.0 (X11; Linux x86_64) AppleWebKit/537.36 (KHTML, like Gecko) HeadlessChrome/123.0.6312.86 Safari/537.36" 
185.117.225.163 - - [26/Oct/2025:19:46:07 -0700] "GET /wp-content/plugins/elementor/assets/lib/font-awesome/css/all.min.css?ver=3.32.5 HTTP/2.0" 200 12905 "https://www.elconferencista.com/" "Mozilla/5.0 (X11; Linux x86_64) AppleWebKit/537.36 (KHTML, like Gecko) HeadlessChrome/123.0.6312.86 Safari/537.36" 
185.117.225.163 - - [26/Oct/2025:19:46:07 -0700] "GET /wp-content/plugins/elementor/assets/lib/animations/styles/fadeInUp.min.css?ver=3.32.5 HTTP/2.0" 200 171 "https://www.elconferencista.com/" "Mozilla/5.0 (X11; Linux x86_64) AppleWebKit/537.36 (KHTML, like Gecko) HeadlessChrome/123.0.6312.86 Safari/537.36" 
185.117.225.163 - - [26/Oct/2025:19:46:07 -0700] "GET /wp-includes/js/mediaelement/wp-mediaelement.min.css?ver=6.8.3 HTTP/2.0" 200 1240 "https://www.elconferencista.com/" "Mozilla/5.0 (X11; Linux x86_64) AppleWebKit/537.36 (KHTML, like Gecko) HeadlessChrome/123.0.6312.86 Safari/537.36" 
185.117.225.163 - - [26/Oct/2025:19:46:07 -0700] "GET /wp-content/uploads/elementor/css/post-7.css?ver=1761338615 HTTP/2.0" 200 476 "https://www.elconferencista.com/" "Mozilla/5.0 (X11; Linux x86_64) AppleWebKit/537.36 (KHTML, like Gecko) HeadlessChrome/123.0.6312.86 Safari/537.36" 
185.117.225.163 - - [26/Oct/2025:19:46:07 -0700] "GET /wp-content/plugins/elementor/assets/lib/font-awesome/css/v4-shims.min.css?ver=3.32.5 HTTP/2.0" 200 4339 "https://www.elconferencista.com/" "Mozilla/5.0 (X11; Linux x86_64) AppleWebKit/537.36 (KHTML, like Gecko) HeadlessChrome/123.0.6312.86 Safari/537.36" 
134.122.49.125 - - [26/Oct/2025:19:46:07 -0700] "GET / HTTP/1.1" 429 3648 "-" "Mozilla/5.0 (Windows NT 10.0; Win64; x64) AppleWebKit/537.36 (KHTML, like Gecko) Chrome/78.0.3904.108 Safari/537.36" 
185.117.225.163 - - [26/Oct/2025:19:46:07 -0700] "GET /wp-content/plugins/elementor/assets/css/widget-icon-box.min.css?ver=3.32.5 HTTP/2.0" 200 567 "https://www.elconferencista.com/" "Mozilla/5.0 (X11; Linux x86_64) AppleWebKit/537.36 (KHTML, like Gecko) HeadlessChrome/123.0.6312.86 Safari/537.36" 
185.117.225.163 - - [26/Oct/2025:19:46:07 -0700] "GET /wp-includes/js/mediaelement/mediaelementplayer-legacy.min.css?ver=4.2.17 HTTP/2.0" 200 2672 "https://www.elconferencista.com/" "Mozilla/5.0 (X11; Linux x86_64) AppleWebKit/537.36 (KHTML, like Gecko) HeadlessChrome/123.0.6312.86 Safari/537.36" 
185.117.225.163 - - [26/Oct/2025:19:46:07 -0700] "GET /wp-content/plugins/elementor/assets/css/widget-icon-list.min.css?ver=3.32.5 HTTP/2.0" 200 1168 "https://www.elconferencista.com/" "Mozilla/5.0 (X11; Linux x86_64) AppleWebKit/537.36 (KHTML, like Gecko) HeadlessChrome/123.0.6312.86 Safari/537.36" 
185.117.225.163 - - [26/Oct/2025:19:46:07 -0700] "GET /wp-content/plugins/elementor/assets/lib/animations/styles/fadeInDown.min.css?ver=3.32.5 HTTP/2.0" 200 174 "https://www.elconferencista.com/" "Mozilla/5.0 (X11; Linux x86_64) AppleWebKit/537.36 (KHTML, like Gecko) HeadlessChrome/123.0.6312.86 Safari/537.36" 
185.117.225.163 - - [26/Oct/2025:19:46:07 -0700] "GET /wp-content/plugins/elementor/assets/lib/animations/styles/fadeInRight.min.css?ver=3.32.5 HTTP/2.0" 200 174 "https://www.elconferencista.com/" "Mozilla/5.0 (X11; Linux x86_64) AppleWebKit/537.36 (KHTML, like Gecko) HeadlessChrome/123.0.6312.86 Safari/537.36" 
185.117.225.163 - - [26/Oct/2025:19:46:07 -0700] "GET /wp-content/plugins/elementor/assets/css/conditionals/shapes.min.css?ver=3.32.5 HTTP/2.0" 200 344 "https://www.elconferencista.com/" "Mozilla/5.0 (X11; Linux x86_64) AppleWebKit/537.36 (KHTML, like Gecko) HeadlessChrome/123.0.6312.86 Safari/537.36" 
185.117.225.163 - - [26/Oct/2025:19:46:07 -0700] "GET /wp-content/plugins/elementor/assets/lib/swiper/v8/css/swiper.min.css?ver=8.4.5 HTTP/2.0" 200 4516 "https://www.elconferencista.com/" "Mozilla/5.0 (X11; Linux x86_64) AppleWebKit/537.36 (KHTML, like Gecko) HeadlessChrome/123.0.6312.86 Safari/537.36" 
185.117.225.163 - - [26/Oct/2025:19:46:07 -0700] "GET /wp-content/plugins/elementor-pro/assets/css/widget-gallery.min.css?ver=3.32.3 HTTP/2.0" 200 1198 "https://www.elconferencista.com/" "Mozilla/5.0 (X11; Linux x86_64) AppleWebKit/537.36 (KHTML, like Gecko) HeadlessChrome/123.0.6312.86 Safari/537.36" 
185.117.225.163 - - [26/Oct/2025:19:46:07 -0700] "GET /wp-content/plugins/elementor/assets/css/widget-counter.min.css?ver=3.32.5 HTTP/2.0" 200 361 "https://www.elconferencista.com/" "Mozilla/5.0 (X11; Linux x86_64) AppleWebKit/537.36 (KHTML, like Gecko) HeadlessChrome/123.0.6312.86 Safari/537.36" 
185.117.225.163 - - [26/Oct/2025:19:46:07 -0700] "GET /wp-content/plugins/elementor/assets/css/conditionals/e-swiper.min.css?ver=3.32.5 HTTP/2.0" 200 859 "https://www.elconferencista.com/" "Mozilla/5.0 (X11; Linux x86_64) AppleWebKit/537.36 (KHTML, like Gecko) HeadlessChrome/123.0.6312.86 Safari/537.36" 
185.117.225.163 - - [26/Oct/2025:19:46:07 -0700] "GET /wp-content/plugins/elementor/assets/css/widget-divider.min.css?ver=3.32.5 HTTP/2.0" 200 835 "https://www.elconferencista.com/" "Mozilla/5.0 (X11; Linux x86_64) AppleWebKit/537.36 (KHTML, like Gecko) HeadlessChrome/123.0.6312.86 Safari/537.36" 
185.117.225.163 - - [26/Oct/2025:19:46:07 -0700] "GET /wp-content/plugins/elementor/assets/lib/e-gallery/css/e-gallery.min.css?ver=1.2.0 HTTP/2.0" 200 902 "https://www.elconferencista.com/" "Mozilla/5.0 (X11; Linux x86_64) AppleWebKit/537.36 (KHTML, like Gecko) HeadlessChrome/123.0.6312.86 Safari/537.36" 
185.117.225.163 - - [26/Oct/2025:19:46:07 -0700] "GET /wp-content/uploads/elementor/css/post-11.css?ver=1761338617 HTTP/2.0" 200 4750 "https://www.elconferencista.com/" "Mozilla/5.0 (X11; Linux x86_64) AppleWebKit/537.36 (KHTML, like Gecko) HeadlessChrome/123.0.6312.86 Safari/537.36" 
185.117.225.163 - - [26/Oct/2025:19:46:07 -0700] "GET /wp-content/plugins/elementor-pro/assets/css/conditionals/transitions.min.css?ver=3.32.3 HTTP/2.0" 200 720 "https://www.elconferencista.com/" "Mozilla/5.0 (X11; Linux x86_64) AppleWebKit/537.36 (KHTML, like Gecko) HeadlessChrome/123.0.6312.86 Safari/537.36" 
185.117.225.163 - - [26/Oct/2025:19:46:07 -0700] "GET /wp-content/plugins/elementor/assets/css/widget-video.min.css?ver=3.32.5 HTTP/2.0" 200 487 "https://www.elconferencista.com/" "Mozilla/5.0 (X11; Linux x86_64) AppleWebKit/537.36 (KHTML, like Gecko) HeadlessChrome/123.0.6312.86 Safari/537.36" 
