185.245.104.75 - - [26/Oct/2025:11:56:06 -0700] "GET / HTTP/2.0" 200 31008 "-" "\"Mozilla/5.0 (Macintosh; Intel Mac OS X 10_15_7) AppleWebKit/537.36 (KHTML, like Gecko) Chrome/134.0.0.0 Safari/537.36\"" 
185.245.104.75 - - [26/Oct/2025:11:56:10 -0700] "GET /wp-includes/js/jquery/jquery-migrate.min.js?ver=3.4.1 HTTP/2.0" 200 5061 "https://www.elconferencista.com/" "\"Mozilla/5.0 (Macintosh; Intel Mac OS X 10_15_7) AppleWebKit/537.36 (KHTML, like Gecko) Chrome/134.0.0.0 Safari/537.36\"" 
185.245.104.75 - - [26/Oct/2025:11:56:10 -0700] "GET /wp-content/plugins/elementor/assets/lib/font-awesome/js/v4-shims.min.js?ver=3.32.5 HTTP/2.0" 200 4332 "https://www.elconferencista.com/" "\"Mozilla/5.0 (Macintosh; Intel Mac OS X 10_15_7) AppleWebKit/537.36 (KHTML, like Gecko) Chrome/134.0.0.0 Safari/537.36\"" 
185.245.104.75 - - [26/Oct/2025:11:56:10 -0700] "GET /wp-includes/js/jquery/jquery.min.js?ver=3.7.1 HTTP/2.0" 200 30987 "https://www.elconferencista.com/" "\"Mozilla/5.0 (Macintosh; Intel Mac OS X 10_15_7) AppleWebKit/537.36 (KHTML, like Gecko) Chrome/134.0.0.0 Safari/537.36\"" 
185.245.104.75 - - [26/Oct/2025:11:56:10 -0700] "GET /wp-content/themes/astra/assets/js/minified/frontend.min.js?ver=4.9.2 HTTP/2.0" 200 6089 "https://www.elconferencista.com/" "\"Mozilla/5.0 (Macintosh; Intel Mac OS X 10_15_7) AppleWebKit/537.36 (KHTML, like Gecko) Chrome/134.0.0.0 Safari/537.36\"" 
185.245.104.75 - - [26/Oct/2025:11:56:10 -0700] "GET /wp-content/plugins/whatsapp-for-wordpress/assets/dist/js/njt-whatsapp.js?ver=3.1.2 HTTP/2.0" 200 31387 "https://www.elconferencista.com/" "\"Mozilla/5.0 (Macintosh; Intel Mac OS X 10_15_7) AppleWebKit/537.36 (KHTML, like Gecko) Chrome/134.0.0.0 Safari/537.36\"" 
69.163.179.91 - - [26/Oct/2025:11:56:08 -0700] "POST /wp-cron.php?doing_wp_cron=1761504968.1309089660644531250000 HTTP/1.1" 200 3647 "-" "WordPress/6.8.3; https://www.elconferencista.com" 
185.245.104.75 - - [26/Oct/2025:11:56:10 -0700] "GET /wp-content/plugins/whatsapp-for-wordpress/assets/js/whatsapp-button.js?ver=3.1.2 HTTP/2.0" 200 507 "https://www.elconferencista.com/" "\"Mozilla/5.0 (Macintosh; Intel Mac OS X 10_15_7) AppleWebKit/537.36 (KHTML, like Gecko) Chrome/134.0.0.0 Safari/537.36\"" 
185.245.104.75 - - [26/Oct/2025:11:56:10 -0700] "GET /wp-content/plugins/elementor/assets/js/webpack.runtime.min.js?ver=3.32.5 HTTP/2.0" 200 2593 "https://www.elconferencista.com/" "\"Mozilla/5.0 (Macintosh; Intel Mac OS X 10_15_7) AppleWebKit/537.36 (KHTML, like Gecko) Chrome/134.0.0.0 Safari/537.36\"" 
185.245.104.75 - - [26/Oct/2025:11:56:10 -0700] "GET /wp-content/plugins/elementor/assets/js/frontend-modules.min.js?ver=3.32.5 HTTP/2.0" 200 19036 "https://www.elconferencista.com/" "\"Mozilla/5.0 (Macintosh; Intel Mac OS X 10_15_7) AppleWebKit/537.36 (KHTML, like Gecko) Chrome/134.0.0.0 Safari/537.36\"" 
185.245.104.75 - - [26/Oct/2025:11:56:11 -0700] "GET /wp-includes/js/jquery/ui/core.min.js?ver=1.13.3 HTTP/2.0" 200 7273 "https://www.elconferencista.com/" "\"Mozilla/5.0 (Macintosh; Intel Mac OS X 10_15_7) AppleWebKit/537.36 (KHTML, like Gecko) Chrome/134.0.0.0 Safari/537.36\"" 
185.245.104.75 - - [26/Oct/2025:11:56:11 -0700] "GET /wp-content/plugins/elementor/assets/js/frontend.min.js?ver=3.32.5 HTTP/2.0" 200 10630 "https://www.elconferencista.com/" "\"Mozilla/5.0 (Macintosh; Intel Mac OS X 10_15_7) AppleWebKit/537.36 (KHTML, like Gecko) Chrome/134.0.0.0 Safari/537.36\"" 
185.245.104.75 - - [26/Oct/2025:11:56:11 -0700] "GET /wp-content/plugins/elementor-pro/assets/lib/sticky/jquery.sticky.min.js?ver=3.32.3 HTTP/2.0" 200 1622 "https://www.elconferencista.com/" "\"Mozilla/5.0 (Macintosh; Intel Mac OS X 10_15_7) AppleWebKit/537.36 (KHTML, like Gecko) Chrome/134.0.0.0 Safari/537.36\"" 
185.245.104.75 - - [26/Oct/2025:11:56:11 -0700] "GET /wp-includes/js/mediaelement/mediaelement-and-player.min.js?ver=4.2.17 HTTP/2.0" 200 39751 "https://www.elconferencista.com/" "\"Mozilla/5.0 (Macintosh; Intel Mac OS X 10_15_7) AppleWebKit/537.36 (KHTML, like Gecko) Chrome/134.0.0.0 Safari/537.36\"" 
185.245.104.75 - - [26/Oct/2025:11:56:11 -0700] "GET /wp-includes/js/mediaelement/mediaelement-migrate.min.js?ver=6.8.3 HTTP/2.0" 200 619 "https://www.elconferencista.com/" "\"Mozilla/5.0 (Macintosh; Intel Mac OS X 10_15_7) AppleWebKit/537.36 (KHTML, like Gecko) Chrome/134.0.0.0 Safari/537.36\"" 
185.245.104.75 - - [26/Oct/2025:11:56:12 -0700] "GET /wp-includes/js/mediaelement/wp-mediaelement.min.js?ver=6.8.3 HTTP/2.0" 200 663 "https://www.elconferencista.com/" "\"Mozilla/5.0 (Macintosh; Intel Mac OS X 10_15_7) AppleWebKit/537.36 (KHTML, like Gecko) Chrome/134.0.0.0 Safari/537.36\"" 
185.245.104.75 - - [26/Oct/2025:11:56:12 -0700] "GET /wp-content/plugins/elementor/assets/lib/jquery-numerator/jquery-numerator.min.js?ver=0.2.1 HTTP/2.0" 200 794 "https://www.elconferencista.com/" "\"Mozilla/5.0 (Macintosh; Intel Mac OS X 10_15_7) AppleWebKit/537.36 (KHTML, like Gecko) Chrome/134.0.0.0 Safari/537.36\"" 
185.245.104.75 - - [26/Oct/2025:11:56:13 -0700] "GET /wp-content/plugins/elementor/assets/lib/swiper/v8/swiper.min.js?ver=8.4.5 HTTP/2.0" 200 40672 "https://www.elconferencista.com/" "\"Mozilla/5.0 (Macintosh; Intel Mac OS X 10_15_7) AppleWebKit/537.36 (KHTML, like Gecko) Chrome/134.0.0.0 Safari/537.36\"" 
185.245.104.75 - - [26/Oct/2025:11:56:13 -0700] "GET /wp-content/plugins/elementskit-lite/libs/framework/assets/js/frontend-script.js?ver=3.7.4 HTTP/2.0" 200 132 "https://www.elconferencista.com/" "\"Mozilla/5.0 (Macintosh; Intel Mac OS X 10_15_7) AppleWebKit/537.36 (KHTML, like Gecko) Chrome/134.0.0.0 Safari/537.36\"" 
185.245.104.75 - - [26/Oct/2025:11:56:13 -0700] "GET /wp-content/plugins/elementor/assets/lib/e-gallery/js/e-gallery.min.js?ver=1.2.0 HTTP/2.0" 200 4718 "https://www.elconferencista.com/" "\"Mozilla/5.0 (Macintosh; Intel Mac OS X 10_15_7) AppleWebKit/537.36 (KHTML, like Gecko) Chrome/134.0.0.0 Safari/537.36\"" 
185.245.104.75 - - [26/Oct/2025:11:56:14 -0700] "GET /wp-content/plugins/whatsapp-for-wordpress/assets/js/whatsapp-popup.js?ver=6.8.3 HTTP/2.0" 200 476 "https://www.elconferencista.com/" "\"Mozilla/5.0 (Macintosh; Intel Mac OS X 10_15_7) AppleWebKit/537.36 (KHTML, like Gecko) Chrome/134.0.0.0 Safari/537.36\"" 
185.245.104.75 - - [26/Oct/2025:11:56:14 -0700] "GET /wp-content/plugins/elementskit-lite/widgets/init/assets/js/widget-scripts.js?ver=3.7.4 HTTP/2.0" 200 42527 "https://www.elconferencista.com/" "\"Mozilla/5.0 (Macintosh; Intel Mac OS X 10_15_7) AppleWebKit/537.36 (KHTML, like Gecko) Chrome/134.0.0.0 Safari/537.36\"" 
185.245.104.75 - - [26/Oct/2025:11:56:14 -0700] "GET /wp-content/plugins/elementor-pro/assets/js/webpack-pro.runtime.min.js?ver=3.32.3 HTTP/2.0" 200 2927 "https://www.elconferencista.com/" "\"Mozilla/5.0 (Macintosh; Intel Mac OS X 10_15_7) AppleWebKit/537.36 (KHTML, like Gecko) Chrome/134.0.0.0 Safari/537.36\"" 
185.245.104.75 - - [26/Oct/2025:11:56:14 -0700] "GET /wp-includes/js/dist/hooks.min.js?ver=4d63a3d491d11ffd8ac6 HTTP/2.0" 200 1728 "https://www.elconferencista.com/" "\"Mozilla/5.0 (Macintosh; Intel Mac OS X 10_15_7) AppleWebKit/537.36 (KHTML, like Gecko) Chrome/134.0.0.0 Safari/537.36\"" 
185.245.104.75 - - [26/Oct/2025:11:56:14 -0700] "GET /wp-includes/js/dist/i18n.min.js?ver=5e580eb46a90c2b997e6 HTTP/2.0" 200 3772 "https://www.elconferencista.com/" "\"Mozilla/5.0 (Macintosh; Intel Mac OS X 10_15_7) AppleWebKit/537.36 (KHTML, like Gecko) Chrome/134.0.0.0 Safari/537.36\"" 
185.245.104.75 - - [26/Oct/2025:11:56:14 -0700] "GET /wp-content/plugins/elementor-pro/assets/js/frontend.min.js?ver=3.32.3 HTTP/2.0" 200 6705 "https://www.elconferencista.com/" "\"Mozilla/5.0 (Macintosh; Intel Mac OS X 10_15_7) AppleWebKit/537.36 (KHTML, like Gecko) Chrome/134.0.0.0 Safari/537.36\"" 
185.245.104.75 - - [26/Oct/2025:11:56:14 -0700] "GET /wp-content/plugins/elementor-pro/assets/js/elements-handlers.min.js?ver=3.32.3 HTTP/2.0" 200 10873 "https://www.elconferencista.com/" "\"Mozilla/5.0 (Macintosh; Intel Mac OS X 10_15_7) AppleWebKit/537.36 (KHTML, like Gecko) Chrome/134.0.0.0 Safari/537.36\"" 
185.245.104.75 - - [26/Oct/2025:11:56:14 -0700] "GET /wp-content/plugins/elementskit-lite/widgets/init/assets/js/elementor.js?ver=3.7.4 HTTP/2.0" 200 6118 "https://www.elconferencista.com/" "\"Mozilla/5.0 (Macintosh; Intel Mac OS X 10_15_7) AppleWebKit/537.36 (KHTML, like Gecko) Chrome/134.0.0.0 Safari/537.36\"" 
185.245.104.75 - - [26/Oct/2025:11:56:14 -0700] "GET /wp-content/plugins/elementskit-lite/widgets/init/assets/js/animate-circle.min.js?ver=3.7.4 HTTP/2.0" 200 507 "https://www.elconferencista.com/" "\"Mozilla/5.0 (Macintosh; Intel Mac OS X 10_15_7) AppleWebKit/537.36 (KHTML, like Gecko) Chrome/134.0.0.0 Safari/537.36\"" 
185.245.104.75 - - [26/Oct/2025:11:56:15 -0700] "GET /wp-content/plugins/elementor/assets/js/lightbox.408665be3d65f6ab17f0.bundle.min.js HTTP/2.0" 200 9573 "https://www.elconferencista.com/" "\"Mozilla/5.0 (Macintosh; Intel Mac OS X 10_15_7) AppleWebKit/537.36 (KHTML, like Gecko) Chrome/134.0.0.0 Safari/537.36\"" 
185.245.104.75 - - [26/Oct/2025:11:56:15 -0700] "GET /wp-includes/js/wp-emoji-release.min.js?ver=6.8.3 HTTP/2.0" 200 5313 "https://www.elconferencista.com/" "\"Mozilla/5.0 (Macintosh; Intel Mac OS X 10_15_7) AppleWebKit/537.36 (KHTML, like Gecko) Chrome/134.0.0.0 Safari/537.36\"" 
185.245.104.75 - - [26/Oct/2025:11:56:15 -0700] "GET /wp-content/plugins/elementor/assets/lib/share-link/share-link.min.js?ver=3.32.5 HTTP/2.0" 200 1247 "https://www.elconferencista.com/" "\"Mozilla/5.0 (Macintosh; Intel Mac OS X 10_15_7) AppleWebKit/537.36 (KHTML, like Gecko) Chrome/134.0.0.0 Safari/537.36\"" 
185.245.104.75 - - [26/Oct/2025:11:56:15 -0700] "GET /wp-content/plugins/elementor/assets/lib/dialog/dialog.min.js?ver=4.9.3 HTTP/2.0" 200 3864 "https://www.elconferencista.com/" "\"Mozilla/5.0 (Macintosh; Intel Mac OS X 10_15_7) AppleWebKit/537.36 (KHTML, like Gecko) Chrome/134.0.0.0 Safari/537.36\"" 
185.245.104.75 - - [26/Oct/2025:11:56:16 -0700] "GET /wp-content/plugins/elementor/assets/js/shared-frontend-handlers.4c8abccc3e268b0767b2.bundle.min.js HTTP/2.0" 200 2801 "https://www.elconferencista.com/" "\"Mozilla/5.0 (Macintosh; Intel Mac OS X 10_15_7) AppleWebKit/537.36 (KHTML, like Gecko) Chrome/134.0.0.0 Safari/537.36\"" 
185.245.104.75 - - [26/Oct/2025:11:56:16 -0700] "GET /wp-content/plugins/elementor/assets/js/section-frontend-handlers.d85ab872da118940910d.bundle.min.js HTTP/2.0" 200 354 "https://www.elconferencista.com/" "\"Mozilla/5.0 (Macintosh; Intel Mac OS X 10_15_7) AppleWebKit/537.36 (KHTML, like Gecko) Chrome/134.0.0.0 Safari/537.36\"" 
185.245.104.75 - - [26/Oct/2025:11:56:16 -0700] "GET /wp-content/plugins/elementor/assets/js/counter.12335f45aaa79d244f24.bundle.min.js HTTP/2.0" 200 562 "https://www.elconferencista.com/" "\"Mozilla/5.0 (Macintosh; Intel Mac OS X 10_15_7) AppleWebKit/537.36 (KHTML, like Gecko) Chrome/134.0.0.0 Safari/537.36\"" 
185.245.104.75 - - [26/Oct/2025:11:56:16 -0700] "GET /wp-content/plugins/elementor/assets/js/text-editor.abc8f59c62f2820dc25a.bundle.min.js HTTP/2.0" 200 739 "https://www.elconferencista.com/" "\"Mozilla/5.0 (Macintosh; Intel Mac OS X 10_15_7) AppleWebKit/537.36 (KHTML, like Gecko) Chrome/134.0.0.0 Safari/537.36\"" 
185.245.104.75 - - [26/Oct/2025:11:56:17 -0700] "GET /wp-content/plugins/elementor-pro/assets/js/gallery.1628df47530ab42dafba.bundle.min.js HTTP/2.0" 200 1905 "https://www.elconferencista.com/" "\"Mozilla/5.0 (Macintosh; Intel Mac OS X 10_15_7) AppleWebKit/537.36 (KHTML, like Gecko) Chrome/134.0.0.0 Safari/537.36\"" 
185.245.104.75 - - [26/Oct/2025:11:56:17 -0700] "GET /wp-content/plugins/elementor-pro/assets/js/form.5fb35271b8ba3fb1e7d6.bundle.min.js HTTP/2.0" 200 5329 "https://www.elconferencista.com/" "\"Mozilla/5.0 (Macintosh; Intel Mac OS X 10_15_7) AppleWebKit/537.36 (KHTML, like Gecko) Chrome/134.0.0.0 Safari/537.36\"" 
185.245.104.75 - - [26/Oct/2025:11:56:17 -0700] "GET /wp-content/plugins/elementor/assets/js/video.87291d1f5076f8939c18.bundle.min.js HTTP/2.0" 200 1374 "https://www.elconferencista.com/" "\"Mozilla/5.0 (Macintosh; Intel Mac OS X 10_15_7) AppleWebKit/537.36 (KHTML, like Gecko) Chrome/134.0.0.0 Safari/537.36\"" 
185.245.104.75 - - [26/Oct/2025:11:56:16 -0700] "POST / HTTP/2.0" 200 30924 "https://www.elconferencista.com/" "\"Mozilla/5.0 (Macintosh; Intel Mac OS X 10_15_7) AppleWebKit/537.36 (KHTML, like Gecko) Chrome/134.0.0.0 Safari/537.36\"" 
185.245.104.75 - - [26/Oct/2025:11:56:18 -0700] "GET /wp-content/plugins/elementor-pro/assets/js/popup.f7b15b2ca565b152bf98.bundle.min.js HTTP/2.0" 200 546 "https://www.elconferencista.com/" "\"Mozilla/5.0 (Macintosh; Intel Mac OS X 10_15_7) AppleWebKit/537.36 (KHTML, like Gecko) Chrome/134.0.0.0 Safari/537.36\"" 
185.245.104.75 - - [26/Oct/2025:11:56:34 -0700] "GET / HTTP/2.0" 200 31040 "-" "\"Mozilla/5.0 (Macintosh; Intel Mac OS X 10_15_7) AppleWebKit/537.36 (KHTML, like Gecko) Chrome/134.0.0.0 Safari/537.36\"" 
15.235.27.117 - - [26/Oct/2025:11:58:08 -0700] "GET /?products=4831080 HTTP/2.0" 200 31027 "-" "Mozilla/5.0 (compatible; AhrefsBot/7.0; +http://ahrefs.com/robot/)" 
69.163.179.91 - - [26/Oct/2025:11:58:10 -0700] "POST /wp-cron.php?doing_wp_cron=1761505089.9814538955688476562500 HTTP/1.1" 200 3647 "-" "WordPress/6.8.3; https://www.elconferencista.com" 
178.128.242.128 - - [26/Oct/2025:11:58:36 -0700] "POST /xmlrpc.php HTTP/1.1" 200 3692 "-" "Mozilla/5.0 (Windows NT 10.0; Win64; x64; rv:65.0) Gecko/20100101 Firefox/65.0" 
148.113.128.45 - - [26/Oct/2025:12:01:39 -0700] "GET /?products=4830908 HTTP/2.0" 200 31027 "-" "Mozilla/5.0 (compatible; AhrefsBot/7.0; +http://ahrefs.com/robot/)" 
69.163.179.91 - - [26/Oct/2025:12:01:40 -0700] "POST /wp-cron.php?doing_wp_cron=1761505300.7640159130096435546875 HTTP/1.1" 200 3647 "-" "WordPress/6.8.3; https://www.elconferencista.com" 
69.163.179.91 - - [26/Oct/2025:12:04:49 -0700] "POST /wp-cron.php?doing_wp_cron=1761505489.2633988857269287109375 HTTP/1.1" 200 3647 "-" "WordPress/6.8.3; https://www.elconferencista.com" 
69.163.179.91 - - [26/Oct/2025:12:04:50 -0700] "POST /wp-cron.php?doing_wp_cron=1761505490.3152060508728027343750 HTTP/1.1" 200 3647 "-" "WordPress/6.8.3; https://www.elconferencista.com" 
51.161.37.32 - - [26/Oct/2025:12:04:47 -0700] "GET /?products=4830846 HTTP/2.0" 200 31027 "-" "Mozilla/5.0 (compatible; AhrefsBot/7.0; +http://ahrefs.com/robot/)" 
148.113.130.180 - - [26/Oct/2025:12:07:54 -0700] "GET /?products=4830826 HTTP/2.0" 200 31027 "-" "Mozilla/5.0 (compatible; AhrefsBot/7.0; +http://ahrefs.com/robot/)" 
69.163.179.91 - - [26/Oct/2025:12:07:56 -0700] "POST /wp-cron.php?doing_wp_cron=1761505676.5429339408874511718750 HTTP/1.1" 200 3647 "-" "WordPress/6.8.3; https://www.elconferencista.com" 
142.44.225.98 - - [26/Oct/2025:12:11:12 -0700] "GET /?products=4830816 HTTP/2.0" 200 31027 "-" "Mozilla/5.0 (compatible; AhrefsBot/7.0; +http://ahrefs.com/robot/)" 
69.163.179.91 - - [26/Oct/2025:12:11:14 -0700] "POST /wp-cron.php?doing_wp_cron=1761505874.5108509063720703125000 HTTP/1.1" 200 3647 "-" "WordPress/6.8.3; https://www.elconferencista.com" 
151.80.33.134 - - [26/Oct/2025:12:11:33 -0700] "GET /wp-login.php HTTP/2.0" 429 362 "-" "Mozilla/5.0 (Windows NT 10.0; WOW64; Trident/7.0; MALNJS; rv:11.0) like Gecko" 
151.80.33.134 - - [26/Oct/2025:12:11:38 -0700] "POST /wp-login.php HTTP/2.0" 429 278 "https://www.elconferencista.com/wp-login.php" "Mozilla/5.0 (Windows NT 10.0; WOW64; Trident/7.0; MALNJS; rv:11.0) like Gecko" 
142.44.220.41 - - [26/Oct/2025:12:14:18 -0700] "GET /?products=4830774 HTTP/2.0" 200 31027 "-" "Mozilla/5.0 (compatible; AhrefsBot/7.0; +http://ahrefs.com/robot/)" 
69.163.179.91 - - [26/Oct/2025:12:14:19 -0700] "POST /wp-cron.php?doing_wp_cron=1761506059.5951108932495117187500 HTTP/1.1" 200 3647 "-" "WordPress/6.8.3; https://www.elconferencista.com" 
148.113.130.111 - - [26/Oct/2025:12:17:28 -0700] "GET /?products=4830716 HTTP/2.0" 200 31026 "-" "Mozilla/5.0 (compatible; AhrefsBot/7.0; +http://ahrefs.com/robot/)" 
69.163.179.91 - - [26/Oct/2025:12:17:30 -0700] "POST /wp-cron.php?doing_wp_cron=1761506250.2678229808807373046875 HTTP/1.1" 200 3647 "-" "WordPress/6.8.3; https://www.elconferencista.com" 
51.161.37.160 - - [26/Oct/2025:12:20:25 -0700] "GET /?products=4830696 HTTP/2.0" 200 31027 "-" "Mozilla/5.0 (compatible; AhrefsBot/7.0; +http://ahrefs.com/robot/)" 
69.163.179.91 - - [26/Oct/2025:12:20:26 -0700] "POST /wp-cron.php?doing_wp_cron=1761506426.4597959518432617187500 HTTP/1.1" 200 3647 "-" "WordPress/6.8.3; https://www.elconferencista.com" 
15.235.98.163 - - [26/Oct/2025:12:23:24 -0700] "GET /?products=4830692 HTTP/2.0" 200 31027 "-" "Mozilla/5.0 (compatible; AhrefsBot/7.0; +http://ahrefs.com/robot/)" 
69.163.179.91 - - [26/Oct/2025:12:23:25 -0700] "POST /wp-cron.php?doing_wp_cron=1761506605.8600668907165527343750 HTTP/1.1" 200 3647 "-" "WordPress/6.8.3; https://www.elconferencista.com" 
15.235.27.253 - - [26/Oct/2025:12:26:38 -0700] "GET /?products=4830648 HTTP/2.0" 200 31027 "-" "Mozilla/5.0 (compatible; AhrefsBot/7.0; +http://ahrefs.com/robot/)" 
69.163.179.91 - - [26/Oct/2025:12:26:40 -0700] "POST /wp-cron.php?doing_wp_cron=1761506800.4195950031280517578125 HTTP/1.1" 200 3647 "-" "WordPress/6.8.3; https://www.elconferencista.com" 
142.44.220.225 - - [26/Oct/2025:12:29:32 -0700] "GET /?products=4830634 HTTP/2.0" 200 31027 "-" "Mozilla/5.0 (compatible; AhrefsBot/7.0; +http://ahrefs.com/robot/)" 
69.163.179.91 - - [26/Oct/2025:12:29:33 -0700] "POST /wp-cron.php?doing_wp_cron=1761506973.8241140842437744140625 HTTP/1.1" 200 3647 "-" "WordPress/6.8.3; https://www.elconferencista.com" 
148.113.128.112 - - [26/Oct/2025:12:32:26 -0700] "GET /?products=4830606 HTTP/2.0" 200 31027 "-" "Mozilla/5.0 (compatible; AhrefsBot/7.0; +http://ahrefs.com/robot/)" 
69.163.179.91 - - [26/Oct/2025:12:32:28 -0700] "POST /wp-cron.php?doing_wp_cron=1761507148.2061929702758789062500 HTTP/1.1" 200 3647 "-" "WordPress/6.8.3; https://www.elconferencista.com" 
152.42.245.234 - - [26/Oct/2025:12:34:53 -0700] "GET /wp-login.php HTTP/2.0" 200 3583 "-" "Mozilla/4.0 (compatible; MSIE 7.0; Windows NT 6.2; Trident/7.0; .NET4.0C; .NET4.0E; .NET CLR 2.0.50727; .NET CLR 3.0.30729; .NET CLR 3.5.30729; SLCC2; Media Center PC 6.0)" 
69.163.179.91 - - [26/Oct/2025:12:34:54 -0700] "POST /wp-cron.php?doing_wp_cron=1761507294.7390460968017578125000 HTTP/1.1" 200 3647 "-" "WordPress/6.8.3; https://www.elconferencista.com" 
142.44.233.133 - - [26/Oct/2025:12:35:42 -0700] "GET /?products=4830596 HTTP/2.0" 200 31027 "-" "Mozilla/5.0 (compatible; AhrefsBot/7.0; +http://ahrefs.com/robot/)" 
69.163.179.91 - - [26/Oct/2025:12:35:43 -0700] "POST /wp-cron.php?doing_wp_cron=1761507343.2713589668273925781250 HTTP/1.1" 200 3647 "-" "WordPress/6.8.3; https://www.elconferencista.com" 
69.163.179.91 - - [26/Oct/2025:12:36:06 -0700] "POST /wp-cron.php?doing_wp_cron=1761507366.8201849460601806640625 HTTP/1.1" 200 3647 "-" "WordPress/6.8.3; https://www.elconferencista.com" 
152.42.245.234 - - [26/Oct/2025:12:36:06 -0700] "GET /wp-login.php HTTP/2.0" 200 0 "-" "Mozilla/4.0 (compatible; MSIE 7.0; Windows NT 6.2; Trident/7.0; .NET4.0C; .NET4.0E; .NET CLR 2.0.50727; .NET CLR 3.0.30729; .NET CLR 3.5.30729; SLCC2; Media Center PC 6.0)" 
148.113.128.82 - - [26/Oct/2025:12:38:47 -0700] "GET /?products=4830418 HTTP/2.0" 200 31027 "-" "Mozilla/5.0 (compatible; AhrefsBot/7.0; +http://ahrefs.com/robot/)" 
69.163.179.91 - - [26/Oct/2025:12:38:48 -0700] "POST /wp-cron.php?doing_wp_cron=1761507528.6308178901672363281250 HTTP/1.1" 200 3647 "-" "WordPress/6.8.3; https://www.elconferencista.com" 
173.245.207.246 - - [26/Oct/2025:12:40:39 -0700] "GET / HTTP/1.0" 200 162370 "https://www.elconferencista.com/" "Mozilla/5.0 (Windows NT 10.0; Win64; x64) AppleWebKit/537.36 (KHTML, like Gecko) Chrome/130.0.0.0 Safari/537.36" 
69.163.179.91 - - [26/Oct/2025:12:40:40 -0700] "POST /wp-cron.php?doing_wp_cron=1761507640.9345600605010986328125 HTTP/1.1" 200 3647 "-" "WordPress/6.8.3; https://www.elconferencista.com" 
173.245.207.246 - - [26/Oct/2025:12:40:45 -0700] "POST /wp-admin/admin-ajax.php HTTP/1.0" 200 3771 "https://www.elconferencista.com/" "Mozilla/5.0 (Windows NT 10.0; Win64; x64) AppleWebKit/537.36 (KHTML, like Gecko) Chrome/130.0.0.0 Safari/537.36" 
69.163.179.91 - - [26/Oct/2025:12:41:48 -0700] "POST /wp-cron.php?doing_wp_cron=1761507708.8060610294342041015625 HTTP/1.1" 200 3647 "-" "WordPress/6.8.3; https://www.elconferencista.com" 
148.113.128.153 - - [26/Oct/2025:12:41:48 -0700] "GET /?products=4830408 HTTP/2.0" 200 31027 "-" "Mozilla/5.0 (compatible; AhrefsBot/7.0; +http://ahrefs.com/robot/)" 
54.39.0.58 - - [26/Oct/2025:12:44:33 -0700] "GET /?products=4830356 HTTP/2.0" 200 31027 "-" "Mozilla/5.0 (compatible; AhrefsBot/7.0; +http://ahrefs.com/robot/)" 
69.163.179.91 - - [26/Oct/2025:12:44:35 -0700] "POST /wp-cron.php?doing_wp_cron=1761507875.2540140151977539062500 HTTP/1.1" 200 3647 "-" "WordPress/6.8.3; https://www.elconferencista.com" 
54.39.210.174 - - [26/Oct/2025:12:47:34 -0700] "GET /?products=4830298 HTTP/2.0" 200 31027 "-" "Mozilla/5.0 (compatible; AhrefsBot/7.0; +http://ahrefs.com/robot/)" 
69.163.179.91 - - [26/Oct/2025:12:47:35 -0700] "POST /wp-cron.php?doing_wp_cron=1761508055.6955249309539794921875 HTTP/1.1" 200 3647 "-" "WordPress/6.8.3; https://www.elconferencista.com" 
51.222.95.51 - - [26/Oct/2025:12:50:38 -0700] "GET /?products=4830212 HTTP/2.0" 200 31027 "-" "Mozilla/5.0 (compatible; AhrefsBot/7.0; +http://ahrefs.com/robot/)" 
69.163.179.91 - - [26/Oct/2025:12:50:39 -0700] "POST /wp-cron.php?doing_wp_cron=1761508239.8629899024963378906250 HTTP/1.1" 200 3647 "-" "WordPress/6.8.3; https://www.elconferencista.com" 
54.39.0.232 - - [26/Oct/2025:12:53:20 -0700] "GET /?products=4830192 HTTP/2.0" 200 31027 "-" "Mozilla/5.0 (compatible; AhrefsBot/7.0; +http://ahrefs.com/robot/)" 
69.163.179.91 - - [26/Oct/2025:12:53:22 -0700] "POST /wp-cron.php?doing_wp_cron=1761508402.1403150558471679687500 HTTP/1.1" 200 3647 "-" "WordPress/6.8.3; https://www.elconferencista.com" 
142.44.220.161 - - [26/Oct/2025:12:56:11 -0700] "GET /?products=4830154 HTTP/2.0" 200 31027 "-" "Mozilla/5.0 (compatible; AhrefsBot/7.0; +http://ahrefs.com/robot/)" 
69.163.179.91 - - [26/Oct/2025:12:56:12 -0700] "POST /wp-cron.php?doing_wp_cron=1761508572.9416530132293701171875 HTTP/1.1" 200 3647 "-" "WordPress/6.8.3; https://www.elconferencista.com" 
54.39.203.118 - - [26/Oct/2025:12:58:50 -0700] "GET /?products=4830116 HTTP/2.0" 200 31027 "-" "Mozilla/5.0 (compatible; AhrefsBot/7.0; +http://ahrefs.com/robot/)" 
69.163.179.91 - - [26/Oct/2025:12:58:52 -0700] "POST /wp-cron.php?doing_wp_cron=1761508732.1061079502105712890625 HTTP/1.1" 200 3647 "-" "WordPress/6.8.3; https://www.elconferencista.com" 
172.200.226.194 - - [26/Oct/2025:13:00:36 -0700] "HEAD /wordpress HTTP/1.1" 429 3301 "http://elconferencista.com/wordpress" "Mozilla/5.0 (Windows NT 10.0; Win64; x64) AppleWebKit/537.36 (KHTML, like Gecko) Chrome/74.0.3729.169 Safari/537.36" 
172.200.226.194 - - [26/Oct/2025:13:00:36 -0700] "HEAD / HTTP/1.1" 429 212 "http://elconferencista.com/" "Mozilla/5.0 (Windows NT 10.0; Win64; x64) AppleWebKit/537.36 (KHTML, like Gecko) Chrome/74.0.3729.169 Safari/537.36" 
172.200.226.194 - - [26/Oct/2025:13:00:37 -0700] "HEAD /wp HTTP/1.1" 429 212 "http://elconferencista.com/wp" "Mozilla/5.0 (Windows NT 10.0; Win64; x64) AppleWebKit/537.36 (KHTML, like Gecko) Chrome/74.0.3729.169 Safari/537.36" 
172.200.226.194 - - [26/Oct/2025:13:00:37 -0700] "HEAD /bc HTTP/1.1" 429 212 "http://elconferencista.com/bc" "Mozilla/5.0 (Windows NT 10.0; Win64; x64) AppleWebKit/537.36 (KHTML, like Gecko) Chrome/74.0.3729.169 Safari/537.36" 
172.200.226.194 - - [26/Oct/2025:13:00:37 -0700] "HEAD /bk HTTP/1.1" 429 212 "http://elconferencista.com/bk" "Mozilla/5.0 (Windows NT 10.0; Win64; x64) AppleWebKit/537.36 (KHTML, like Gecko) Chrome/74.0.3729.169 Safari/537.36" 
172.200.226.194 - - [26/Oct/2025:13:00:37 -0700] "HEAD /backup HTTP/1.1" 429 212 "http://elconferencista.com/backup" "Mozilla/5.0 (Windows NT 10.0; Win64; x64) AppleWebKit/537.36 (KHTML, like Gecko) Chrome/74.0.3729.169 Safari/537.36" 
172.200.226.194 - - [26/Oct/2025:13:00:37 -0700] "HEAD /old HTTP/1.1" 429 212 "http://elconferencista.com/old" "Mozilla/5.0 (Windows NT 10.0; Win64; x64) AppleWebKit/537.36 (KHTML, like Gecko) Chrome/74.0.3729.169 Safari/537.36" 
172.200.226.194 - - [26/Oct/2025:13:00:37 -0700] "HEAD /new HTTP/1.1" 429 212 "http://elconferencista.com/new" "Mozilla/5.0 (Windows NT 10.0; Win64; x64) AppleWebKit/537.36 (KHTML, like Gecko) Chrome/74.0.3729.169 Safari/537.36" 
172.200.226.194 - - [26/Oct/2025:13:00:38 -0700] "HEAD /main HTTP/1.1" 429 212 "http://elconferencista.com/main" "Mozilla/5.0 (Windows NT 10.0; Win64; x64) AppleWebKit/537.36 (KHTML, like Gecko) Chrome/74.0.3729.169 Safari/537.36" 
172.200.226.194 - - [26/Oct/2025:13:00:38 -0700] "HEAD /home HTTP/1.1" 429 212 "http://elconferencista.com/home" "Mozilla/5.0 (Windows NT 10.0; Win64; x64) AppleWebKit/537.36 (KHTML, like Gecko) Chrome/74.0.3729.169 Safari/537.36" 
51.161.37.41 - - [26/Oct/2025:13:01:39 -0700] "GET /?products=4830068 HTTP/2.0" 200 31026 "-" "Mozilla/5.0 (compatible; AhrefsBot/7.0; +http://ahrefs.com/robot/)" 
69.163.179.91 - - [26/Oct/2025:13:01:41 -0700] "POST /wp-cron.php?doing_wp_cron=1761508901.1618518829345703125000 HTTP/1.1" 200 3647 "-" "WordPress/6.8.3; https://www.elconferencista.com" 
51.222.168.190 - - [26/Oct/2025:13:04:24 -0700] "GET /?products=4830054 HTTP/2.0" 200 31026 "-" "Mozilla/5.0 (compatible; AhrefsBot/7.0; +http://ahrefs.com/robot/)" 
69.163.179.91 - - [26/Oct/2025:13:04:26 -0700] "POST /wp-cron.php?doing_wp_cron=1761509066.4014410972595214843750 HTTP/1.1" 200 3647 "-" "WordPress/6.8.3; https://www.elconferencista.com" 
69.163.179.91 - - [26/Oct/2025:13:04:56 -0700] "POST /wp-cron.php?doing_wp_cron=1761509096.7253201007843017578125 HTTP/1.1" 200 3647 "-" "WordPress/6.8.3; https://www.elconferencista.com" 
62.140.249.96 - - [26/Oct/2025:13:04:56 -0700] "GET /wp-content/plugins/WordPressCore/include.php HTTP/1.1" 404 114037 "-" "Mozilla/5.0 (X11; Linux x86_64) AppleWebKit/537.36 (KHTML, like Gecko) Chrome/140.0.0.0 Safari/537.36" 
167.114.139.29 - - [26/Oct/2025:13:07:15 -0700] "GET /?products=4830030 HTTP/2.0" 200 31026 "-" "Mozilla/5.0 (compatible; AhrefsBot/7.0; +http://ahrefs.com/robot/)" 
69.163.179.91 - - [26/Oct/2025:13:07:17 -0700] "POST /wp-cron.php?doing_wp_cron=1761509237.4774479866027832031250 HTTP/1.1" 200 3647 "-" "WordPress/6.8.3; https://www.elconferencista.com" 
159.69.59.98 - - [26/Oct/2025:13:07:44 -0700] "POST /xmlrpc.php HTTP/1.1" 200 3692 "-" "Mozilla/5.0 (Windows NT 10.0; Win64; x64; rv:93.0) Gecko/20100101 Firefox/93.0" 
15.235.98.176 - - [26/Oct/2025:13:10:01 -0700] "GET /?products=4829958 HTTP/2.0" 200 31026 "-" "Mozilla/5.0 (compatible; AhrefsBot/7.0; +http://ahrefs.com/robot/)" 
69.163.179.91 - - [26/Oct/2025:13:10:03 -0700] "POST /wp-cron.php?doing_wp_cron=1761509402.9787170886993408203125 HTTP/1.1" 200 3647 "-" "WordPress/6.8.3; https://www.elconferencista.com" 
142.44.225.133 - - [26/Oct/2025:13:12:51 -0700] "GET /?products=4829938 HTTP/2.0" 200 31026 "-" "Mozilla/5.0 (compatible; AhrefsBot/7.0; +http://ahrefs.com/robot/)" 
69.163.179.91 - - [26/Oct/2025:13:12:53 -0700] "POST /wp-cron.php?doing_wp_cron=1761509573.4536890983581542968750 HTTP/1.1" 200 3647 "-" "WordPress/6.8.3; https://www.elconferencista.com" 
54.39.89.79 - - [26/Oct/2025:13:15:52 -0700] "GET /?products=4829934 HTTP/2.0" 200 31026 "-" "Mozilla/5.0 (compatible; AhrefsBot/7.0; +http://ahrefs.com/robot/)" 
69.163.179.91 - - [26/Oct/2025:13:15:54 -0700] "POST /wp-cron.php?doing_wp_cron=1761509754.3514389991760253906250 HTTP/1.1" 200 3647 "-" "WordPress/6.8.3; https://www.elconferencista.com" 
51.161.37.158 - - [26/Oct/2025:13:18:56 -0700] "GET /?products=4829838 HTTP/2.0" 200 31026 "-" "Mozilla/5.0 (compatible; AhrefsBot/7.0; +http://ahrefs.com/robot/)" 
69.163.179.91 - - [26/Oct/2025:13:18:57 -0700] "POST /wp-cron.php?doing_wp_cron=1761509937.5093240737915039062500 HTTP/1.1" 200 3647 "-" "WordPress/6.8.3; https://www.elconferencista.com" 
147.135.22.97 - - [26/Oct/2025:13:19:31 -0700] "GET /wp-login.php HTTP/2.0" 429 362 "-" "Mozilla/5.0 (Windows NT 6.2; ARM; Trident/7.0; Touch; rv:11.0; WPDesktop; NOKIA; Lumia 630) like Gecko" 
223.74.239.205 - - [26/Oct/2025:13:21:43 -0700] "GET / HTTP/2.0" 200 31036 "https://www.elconferencista.com/" "Mozilla/5.0 (Windows NT 6.1; WOW64) AppleWebKit/537.36 (KHTML, like Gecko) Chrome/50.0.2661.102 Safari/537.36" 
69.163.179.91 - - [26/Oct/2025:13:21:45 -0700] "POST /wp-cron.php?doing_wp_cron=1761510105.1673460006713867187500 HTTP/1.1" 200 3647 "-" "WordPress/6.8.3; https://www.elconferencista.com" 
51.161.65.192 - - [26/Oct/2025:13:21:50 -0700] "GET /?products=4829766 HTTP/2.0" 200 31026 "-" "Mozilla/5.0 (compatible; AhrefsBot/7.0; +http://ahrefs.com/robot/)" 
54.39.136.141 - - [26/Oct/2025:13:24:42 -0700] "GET /?products=4829670 HTTP/2.0" 200 31026 "-" "Mozilla/5.0 (compatible; AhrefsBot/7.0; +http://ahrefs.com/robot/)" 
69.163.179.91 - - [26/Oct/2025:13:24:44 -0700] "POST /wp-cron.php?doing_wp_cron=1761510284.5483629703521728515625 HTTP/1.1" 200 3647 "-" "WordPress/6.8.3; https://www.elconferencista.com" 
142.44.220.236 - - [26/Oct/2025:13:27:31 -0700] "GET /?products=4829626 HTTP/2.0" 200 31026 "-" "Mozilla/5.0 (compatible; AhrefsBot/7.0; +http://ahrefs.com/robot/)" 
69.163.179.91 - - [26/Oct/2025:13:27:33 -0700] "POST /wp-cron.php?doing_wp_cron=1761510453.0097639560699462890625 HTTP/1.1" 200 3647 "-" "WordPress/6.8.3; https://www.elconferencista.com" 
54.39.136.137 - - [26/Oct/2025:13:30:32 -0700] "GET /?products=4828532 HTTP/2.0" 200 31025 "-" "Mozilla/5.0 (compatible; AhrefsBot/7.0; +http://ahrefs.com/robot/)" 
69.163.179.91 - - [26/Oct/2025:13:30:34 -0700] "POST /wp-cron.php?doing_wp_cron=1761510634.2987470626831054687500 HTTP/1.1" 200 3647 "-" "WordPress/6.8.3; https://www.elconferencista.com" 
142.44.233.19 - - [26/Oct/2025:13:33:18 -0700] "GET /?products=4828508 HTTP/2.0" 200 31026 "-" "Mozilla/5.0 (compatible; AhrefsBot/7.0; +http://ahrefs.com/robot/)" 
69.163.179.91 - - [26/Oct/2025:13:33:20 -0700] "POST /wp-cron.php?doing_wp_cron=1761510800.4265439510345458984375 HTTP/1.1" 200 3647 "-" "WordPress/6.8.3; https://www.elconferencista.com" 
45.3.45.67 - - [26/Oct/2025:13:35:49 -0700] "GET / HTTP/1.1" 200 162602 "https://www.elconferencista.com/" "Mozilla/5.0 (Windows NT 6.1) AppleWebKit/537.36 (KHTML, like Gecko) Chrome/40.0.2201.2 Safari/537.36" 
69.163.179.91 - - [26/Oct/2025:13:35:51 -0700] "POST /wp-cron.php?doing_wp_cron=1761510951.2836349010467529296875 HTTP/1.1" 200 3647 "-" "WordPress/6.8.3; https://www.elconferencista.com" 
45.3.45.67 - - [26/Oct/2025:13:35:57 -0700] "GET /wp-login.php HTTP/1.1" 200 13727 "https://www.elconferencista.com/wp-login.php" "Mozilla/5.0 (Windows NT 6.1) AppleWebKit/537.36 (KHTML, like Gecko) Chrome/40.0.2201.2 Safari/537.36" 
45.3.45.67 - - [26/Oct/2025:13:36:01 -0700] "POST /wp-login.php HTTP/1.1" 200 14171 "https://www.elconferencista.com/wp-login.php" "Mozilla/5.0 (Windows NT 6.1) AppleWebKit/537.36 (KHTML, like Gecko) Chrome/40.0.2201.2 Safari/537.36" 
142.44.228.54 - - [26/Oct/2025:13:39:10 -0700] "GET /sitemap.xml HTTP/2.0" 200 3389 "-" "Mozilla/5.0 (compatible; AhrefsBot/7.0; +http://ahrefs.com/robot/)" 
87.106.229.106 - - [26/Oct/2025:13:41:23 -0700] "POST /xmlrpc.php HTTP/1.1" 429 3633 "-" "Mozilla/5.0 (Windows NT 10.0; Win64; x64; rv:82.0) Gecko/20100101 Firefox/82.0" 
15.235.98.233 - - [26/Oct/2025:13:43:02 -0700] "GET /?products=4830826 HTTP/2.0" 200 31026 "-" "Mozilla/5.0 (compatible; AhrefsBot/7.0; +http://ahrefs.com/robot/)" 
69.163.179.91 - - [26/Oct/2025:13:43:04 -0700] "POST /wp-cron.php?doing_wp_cron=1761511384.6056261062622070312500 HTTP/1.1" 200 3647 "-" "WordPress/6.8.3; https://www.elconferencista.com" 
54.39.6.7 - - [26/Oct/2025:13:46:50 -0700] "GET /?products=4830716 HTTP/2.0" 200 31026 "-" "Mozilla/5.0 (compatible; AhrefsBot/7.0; +http://ahrefs.com/robot/)" 
89.187.162.107 - - [26/Oct/2025:13:46:53 -0700] "HEAD / HTTP/1.1" 301 3596 "-" "python-requests/2.32.4" 
69.163.179.91 - - [26/Oct/2025:13:46:52 -0700] "POST /wp-cron.php?doing_wp_cron=1761511612.0316588878631591796875 HTTP/1.1" 200 3647 "-" "WordPress/6.8.3; https://www.elconferencista.com" 
89.187.162.107 - - [26/Oct/2025:13:46:55 -0700] "HEAD / HTTP/1.1" 429 3607 "-" "python-requests/2.32.4" 
89.187.162.107 - - [26/Oct/2025:13:46:57 -0700] "HEAD / HTTP/1.1" 429 3617 "-" "python-requests/2.32.4" 
148.113.130.0 - - [26/Oct/2025:13:49:53 -0700] "GET /?products=4829574 HTTP/2.0" 200 31026 "-" "Mozilla/5.0 (compatible; AhrefsBot/7.0; +http://ahrefs.com/robot/)" 
69.163.179.91 - - [26/Oct/2025:13:49:54 -0700] "POST /wp-cron.php?doing_wp_cron=1761511794.7929830551147460937500 HTTP/1.1" 200 3647 "-" "WordPress/6.8.3; https://www.elconferencista.com" 
142.44.233.28 - - [26/Oct/2025:13:53:11 -0700] "GET /?products=4829526 HTTP/2.0" 200 31026 "-" "Mozilla/5.0 (compatible; AhrefsBot/7.0; +http://ahrefs.com/robot/)" 
69.163.179.91 - - [26/Oct/2025:13:53:12 -0700] "POST /wp-cron.php?doing_wp_cron=1761511992.5855960845947265625000 HTTP/1.1" 200 3647 "-" "WordPress/6.8.3; https://www.elconferencista.com" 
51.222.95.54 - - [26/Oct/2025:13:56:02 -0700] "GET /?products=4829516 HTTP/2.0" 200 31026 "-" "Mozilla/5.0 (compatible; AhrefsBot/7.0; +http://ahrefs.com/robot/)" 
69.163.179.91 - - [26/Oct/2025:13:56:03 -0700] "POST /wp-cron.php?doing_wp_cron=1761512163.7485170364379882812500 HTTP/1.1" 200 3647 "-" "WordPress/6.8.3; https://www.elconferencista.com" 
54.39.136.167 - - [26/Oct/2025:13:58:47 -0700] "GET /?products=4829382 HTTP/2.0" 200 31026 "-" "Mozilla/5.0 (compatible; AhrefsBot/7.0; +http://ahrefs.com/robot/)" 
69.163.179.91 - - [26/Oct/2025:13:58:49 -0700] "POST /wp-cron.php?doing_wp_cron=1761512329.4572010040283203125000 HTTP/1.1" 200 3647 "-" "WordPress/6.8.3; https://www.elconferencista.com" 
142.44.228.141 - - [26/Oct/2025:14:01:33 -0700] "GET /?products=4829348 HTTP/2.0" 200 31027 "-" "Mozilla/5.0 (compatible; AhrefsBot/7.0; +http://ahrefs.com/robot/)" 
69.163.179.91 - - [26/Oct/2025:14:01:35 -0700] "POST /wp-cron.php?doing_wp_cron=1761512495.0545349121093750000000 HTTP/1.1" 200 3647 "-" "WordPress/6.8.3; https://www.elconferencista.com" 
148.113.130.102 - - [26/Oct/2025:14:04:23 -0700] "GET /?products=4829286 HTTP/2.0" 200 31027 "-" "Mozilla/5.0 (compatible; AhrefsBot/7.0; +http://ahrefs.com/robot/)" 
69.163.179.91 - - [26/Oct/2025:14:04:24 -0700] "POST /wp-cron.php?doing_wp_cron=1761512664.7441189289093017578125 HTTP/1.1" 200 3647 "-" "WordPress/6.8.3; https://www.elconferencista.com" 
69.163.179.91 - - [26/Oct/2025:14:07:06 -0700] "POST /wp-cron.php?doing_wp_cron=1761512826.2840509414672851562500 HTTP/1.1" 200 3647 "-" "WordPress/6.8.3; https://www.elconferencista.com" 
69.163.179.91 - - [26/Oct/2025:14:07:07 -0700] "POST /wp-cron.php?doing_wp_cron=1761512827.3203430175781250000000 HTTP/1.1" 200 3647 "-" "WordPress/6.8.3; https://www.elconferencista.com" 
15.235.98.107 - - [26/Oct/2025:14:07:04 -0700] "GET /?products=4829242 HTTP/2.0" 200 31027 "-" "Mozilla/5.0 (compatible; AhrefsBot/7.0; +http://ahrefs.com/robot/)" 
69.163.179.91 - - [26/Oct/2025:14:08:11 -0700] "POST /wp-cron.php?doing_wp_cron=1761512891.9315381050109863281250 HTTP/1.1" 200 3647 "-" "WordPress/6.8.3; https://www.elconferencista.com" 
38.47.35.246 - - [26/Oct/2025:14:08:11 -0700] "GET /wp-login.php HTTP/1.1" 200 6989 "-" "Mozilla/5.0 (Windows NT 10.0) AppleWebKit/537.36 (KHTML, like Gecko) Chrome/107.0.5304.66 Safari/537.36" 
114.119.153.131 - - [26/Oct/2025:14:08:45 -0700] "GET / HTTP/1.1" 200 34800 "-" "Mozilla/5.0 (Linux; Android 7.0;) AppleWebKit/537.36 (KHTML, like Gecko) Mobile Safari/537.36 (compatible; PetalBot;+https://webmaster.petalsearch.com/site/petalbot)" 
51.222.95.196 - - [26/Oct/2025:14:09:52 -0700] "GET /?products=4828998 HTTP/2.0" 200 31027 "-" "Mozilla/5.0 (compatible; AhrefsBot/7.0; +http://ahrefs.com/robot/)" 
69.163.179.91 - - [26/Oct/2025:14:09:53 -0700] "POST /wp-cron.php?doing_wp_cron=1761512993.7543048858642578125000 HTTP/1.1" 200 3647 "-" "WordPress/6.8.3; https://www.elconferencista.com" 
15.235.27.239 - - [26/Oct/2025:14:12:47 -0700] "GET /?products=4828974 HTTP/2.0" 200 31027 "-" "Mozilla/5.0 (compatible; AhrefsBot/7.0; +http://ahrefs.com/robot/)" 
69.163.179.91 - - [26/Oct/2025:14:12:49 -0700] "POST /wp-cron.php?doing_wp_cron=1761513168.9767560958862304687500 HTTP/1.1" 200 3647 "-" "WordPress/6.8.3; https://www.elconferencista.com" 
15.235.98.184 - - [26/Oct/2025:14:15:20 -0700] "GET /?products=4828868 HTTP/2.0" 200 31027 "-" "Mozilla/5.0 (compatible; AhrefsBot/7.0; +http://ahrefs.com/robot/)" 
69.163.179.91 - - [26/Oct/2025:14:15:22 -0700] "POST /wp-cron.php?doing_wp_cron=1761513322.3396461009979248046875 HTTP/1.1" 200 3647 "-" "WordPress/6.8.3; https://www.elconferencista.com" 
64.71.131.248 - - [26/Oct/2025:14:16:52 -0700] "GET /robots.txt HTTP/1.1" 200 3788 "http://elconferencista.com/robots.txt" "-" 
64.71.131.248 - - [26/Oct/2025:14:17:04 -0700] "GET / HTTP/2.0" 301 350 "-" "Mozilla/5.0 (compatible; ev-crawler/1.0; +https://headline.com/legal/crawler)" 
64.71.131.248 - - [26/Oct/2025:14:17:04 -0700] "GET / HTTP/2.0" 200 0 "-" "Mozilla/5.0 (compatible; ev-crawler/1.0; +https://headline.com/legal/crawler)" 
69.163.179.91 - - [26/Oct/2025:14:17:06 -0700] "POST /wp-cron.php?doing_wp_cron=1761513426.4030919075012207031250 HTTP/1.1" 200 3647 "-" "WordPress/6.8.3; https://www.elconferencista.com" 
64.71.131.248 - - [26/Oct/2025:14:17:07 -0700] "GET / HTTP/2.0" 200 31031 "-" "Mozilla/5.0 (compatible; ev-crawler/1.0; +https://headline.com/legal/crawler)" 
64.71.131.248 - - [26/Oct/2025:14:17:09 -0700] "GET /wp-content/themes/astra/assets/css/minified/main.min.css?ver=4.9.2 HTTP/2.0" 200 9107 "https://www.elconferencista.com/" "Mozilla/5.0 (compatible; ev-crawler/1.0; +https://headline.com/legal/crawler)" 
64.71.131.248 - - [26/Oct/2025:14:17:09 -0700] "GET /wp-content/plugins/whatsapp-for-wordpress/assets/dist/css/style.css?ver=6.8.3 HTTP/2.0" 200 5986 "https://www.elconferencista.com/" "Mozilla/5.0 (compatible; ev-crawler/1.0; +https://headline.com/legal/crawler)" 
64.71.131.248 - - [26/Oct/2025:14:17:09 -0700] "GET /wp-content/plugins/jet-engine/assets/css/frontend.css?ver=3.6.6.1 HTTP/2.0" 200 8004 "https://www.elconferencista.com/" "Mozilla/5.0 (compatible; ev-crawler/1.0; +https://headline.com/legal/crawler)" 
64.71.131.248 - - [26/Oct/2025:14:17:09 -0700] "GET /wp-content/plugins/elementor/assets/css/frontend.min.css?ver=3.32.5 HTTP/2.0" 200 7475 "https://www.elconferencista.com/" "Mozilla/5.0 (compatible; ev-crawler/1.0; +https://headline.com/legal/crawler)" 
64.71.131.248 - - [26/Oct/2025:14:17:09 -0700] "GET /wp-content/plugins/elementor/assets/css/widget-image.min.css?ver=3.32.5 HTTP/2.0" 200 219 "https://www.elconferencista.com/" "Mozilla/5.0 (compatible; ev-crawler/1.0; +https://headline.com/legal/crawler)" 
64.71.131.248 - - [26/Oct/2025:14:17:10 -0700] "GET /wp-content/plugins/elementor-pro/assets/css/modules/sticky.min.css?ver=3.32.3 HTTP/2.0" 200 193 "https://www.elconferencista.com/" "Mozilla/5.0 (compatible; ev-crawler/1.0; +https://headline.com/legal/crawler)" 
64.71.131.248 - - [26/Oct/2025:14:17:10 -0700] "GET /wp-content/plugins/elementor/assets/lib/animations/styles/fadeIn.min.css?ver=3.32.5 HTTP/2.0" 200 202 "https://www.elconferencista.com/" "Mozilla/5.0 (compatible; ev-crawler/1.0; +https://headline.com/legal/crawler)" 
64.71.131.248 - - [26/Oct/2025:14:17:10 -0700] "GET /wp-content/plugins/elementor/assets/css/widget-heading.min.css?ver=3.32.5 HTTP/2.0" 200 244 "https://www.elconferencista.com/" "Mozilla/5.0 (compatible; ev-crawler/1.0; +https://headline.com/legal/crawler)" 
64.71.131.248 - - [26/Oct/2025:14:17:10 -0700] "GET /wp-content/plugins/elementor/assets/css/widget-social-icons.min.css?ver=3.32.5 HTTP/2.0" 200 1226 "https://www.elconferencista.com/" "Mozilla/5.0 (compatible; ev-crawler/1.0; +https://headline.com/legal/crawler)" 
64.71.131.248 - - [26/Oct/2025:14:17:10 -0700] "GET /wp-content/plugins/elementor/assets/css/conditionals/apple-webkit.min.css?ver=3.32.5 HTTP/2.0" 200 619 "https://www.elconferencista.com/" "Mozilla/5.0 (compatible; ev-crawler/1.0; +https://headline.com/legal/crawler)" 
64.71.131.248 - - [26/Oct/2025:14:17:10 -0700] "GET /wp-content/uploads/elementor/css/post-7.css?ver=1761338615 HTTP/2.0" 200 476 "https://www.elconferencista.com/" "Mozilla/5.0 (compatible; ev-crawler/1.0; +https://headline.com/legal/crawler)" 
64.71.131.248 - - [26/Oct/2025:14:17:10 -0700] "GET /wp-content/plugins/elementor/assets/lib/font-awesome/css/v4-shims.min.css?ver=3.32.5 HTTP/2.0" 200 4339 "https://www.elconferencista.com/" "Mozilla/5.0 (compatible; ev-crawler/1.0; +https://headline.com/legal/crawler)" 
64.71.131.248 - - [26/Oct/2025:14:17:10 -0700] "GET /wp-content/plugins/elementor/assets/lib/animations/styles/fadeInUp.min.css?ver=3.32.5 HTTP/2.0" 200 171 "https://www.elconferencista.com/" "Mozilla/5.0 (compatible; ev-crawler/1.0; +https://headline.com/legal/crawler)" 
64.71.131.248 - - [26/Oct/2025:14:17:10 -0700] "GET /wp-includes/js/mediaelement/mediaelementplayer-legacy.min.css?ver=4.2.17 HTTP/2.0" 200 2672 "https://www.elconferencista.com/" "Mozilla/5.0 (compatible; ev-crawler/1.0; +https://headline.com/legal/crawler)" 
64.71.131.248 - - [26/Oct/2025:14:17:10 -0700] "GET /wp-includes/js/mediaelement/wp-mediaelement.min.css?ver=6.8.3 HTTP/2.0" 200 1240 "https://www.elconferencista.com/" "Mozilla/5.0 (compatible; ev-crawler/1.0; +https://headline.com/legal/crawler)" 
64.71.131.248 - - [26/Oct/2025:14:17:10 -0700] "GET /wp-content/plugins/elementor/assets/lib/font-awesome/css/all.min.css?ver=3.32.5 HTTP/2.0" 200 12905 "https://www.elconferencista.com/" "Mozilla/5.0 (compatible; ev-crawler/1.0; +https://headline.com/legal/crawler)" 
64.71.131.248 - - [26/Oct/2025:14:17:10 -0700] "GET /wp-content/plugins/elementor/assets/css/widget-icon-box.min.css?ver=3.32.5 HTTP/2.0" 200 567 "https://www.elconferencista.com/" "Mozilla/5.0 (compatible; ev-crawler/1.0; +https://headline.com/legal/crawler)" 
64.71.131.248 - - [26/Oct/2025:14:17:10 -0700] "GET /wp-content/plugins/elementor/assets/css/widget-icon-list.min.css?ver=3.32.5 HTTP/2.0" 200 1168 "https://www.elconferencista.com/" "Mozilla/5.0 (compatible; ev-crawler/1.0; +https://headline.com/legal/crawler)" 
64.71.131.248 - - [26/Oct/2025:14:17:10 -0700] "GET /wp-content/plugins/elementor/assets/lib/animations/styles/fadeInRight.min.css?ver=3.32.5 HTTP/2.0" 200 174 "https://www.elconferencista.com/" "Mozilla/5.0 (compatible; ev-crawler/1.0; +https://headline.com/legal/crawler)" 
64.71.131.248 - - [26/Oct/2025:14:17:10 -0700] "GET /wp-content/plugins/elementor/assets/lib/animations/styles/fadeInDown.min.css?ver=3.32.5 HTTP/2.0" 200 174 "https://www.elconferencista.com/" "Mozilla/5.0 (compatible; ev-crawler/1.0; +https://headline.com/legal/crawler)" 
64.71.131.248 - - [26/Oct/2025:14:17:10 -0700] "GET /wp-content/plugins/elementor/assets/css/conditionals/shapes.min.css?ver=3.32.5 HTTP/2.0" 200 344 "https://www.elconferencista.com/" "Mozilla/5.0 (compatible; ev-crawler/1.0; +https://headline.com/legal/crawler)" 
64.71.131.248 - - [26/Oct/2025:14:17:10 -0700] "GET /wp-content/plugins/elementor/assets/css/widget-counter.min.css?ver=3.32.5 HTTP/2.0" 200 361 "https://www.elconferencista.com/" "Mozilla/5.0 (compatible; ev-crawler/1.0; +https://headline.com/legal/crawler)" 
64.71.131.248 - - [26/Oct/2025:14:17:10 -0700] "GET /wp-content/plugins/elementor/assets/lib/swiper/v8/css/swiper.min.css?ver=8.4.5 HTTP/2.0" 200 4516 "https://www.elconferencista.com/" "Mozilla/5.0 (compatible; ev-crawler/1.0; +https://headline.com/legal/crawler)" 
64.71.131.248 - - [26/Oct/2025:14:17:10 -0700] "GET /wp-content/plugins/elementor/assets/css/conditionals/e-swiper.min.css?ver=3.32.5 HTTP/2.0" 200 859 "https://www.elconferencista.com/" "Mozilla/5.0 (compatible; ev-crawler/1.0; +https://headline.com/legal/crawler)" 
64.71.131.248 - - [26/Oct/2025:14:17:10 -0700] "GET /wp-content/plugins/elementor/assets/lib/e-gallery/css/e-gallery.min.css?ver=1.2.0 HTTP/2.0" 200 902 "https://www.elconferencista.com/" "Mozilla/5.0 (compatible; ev-crawler/1.0; +https://headline.com/legal/crawler)" 
64.71.131.248 - - [26/Oct/2025:14:17:10 -0700] "GET /wp-content/plugins/elementor-pro/assets/css/conditionals/transitions.min.css?ver=3.32.3 HTTP/2.0" 200 720 "https://www.elconferencista.com/" "Mozilla/5.0 (compatible; ev-crawler/1.0; +https://headline.com/legal/crawler)" 
64.71.131.248 - - [26/Oct/2025:14:17:10 -0700] "GET /wp-content/plugins/elementor-pro/assets/css/widget-gallery.min.css?ver=3.32.3 HTTP/2.0" 200 1198 "https://www.elconferencista.com/" "Mozilla/5.0 (compatible; ev-crawler/1.0; +https://headline.com/legal/crawler)" 
64.71.131.248 - - [26/Oct/2025:14:17:10 -0700] "GET /wp-content/plugins/elementor/assets/css/widget-divider.min.css?ver=3.32.5 HTTP/2.0" 200 835 "https://www.elconferencista.com/" "Mozilla/5.0 (compatible; ev-crawler/1.0; +https://headline.com/legal/crawler)" 
64.71.131.248 - - [26/Oct/2025:14:17:10 -0700] "GET /wp-content/plugins/elementor/assets/css/widget-video.min.css?ver=3.32.5 HTTP/2.0" 200 487 "https://www.elconferencista.com/" "Mozilla/5.0 (compatible; ev-crawler/1.0; +https://headline.com/legal/crawler)" 
64.71.131.248 - - [26/Oct/2025:14:17:10 -0700] "GET /wp-content/plugins/elementor-pro/assets/css/widget-form.min.css?ver=3.32.3 HTTP/2.0" 200 1645 "https://www.elconferencista.com/" "Mozilla/5.0 (compatible; ev-crawler/1.0; +https://headline.com/legal/crawler)" 
64.71.131.248 - - [26/Oct/2025:14:17:10 -0700] "GET /wp-content/uploads/elementor/css/post-11.css?ver=1761338617 HTTP/2.0" 200 4727 "https://www.elconferencista.com/" "Mozilla/5.0 (compatible; ev-crawler/1.0; +https://headline.com/legal/crawler)" 
64.71.131.248 - - [26/Oct/2025:14:17:10 -0700] "GET /wp-content/uploads/elementor/css/post-219.css?ver=1761338617 HTTP/2.0" 200 1815 "https://www.elconferencista.com/" "Mozilla/5.0 (compatible; ev-crawler/1.0; +https://headline.com/legal/crawler)" 
64.71.131.248 - - [26/Oct/2025:14:17:10 -0700] "GET /wp-content/uploads/elementor/css/post-613.css?ver=1761338617 HTTP/2.0" 200 1321 "https://www.elconferencista.com/" "Mozilla/5.0 (compatible; ev-crawler/1.0; +https://headline.com/legal/crawler)" 
64.71.131.248 - - [26/Oct/2025:14:17:10 -0700] "GET /wp-content/uploads/elementor/google-fonts/css/roboto.css?ver=1742243097 HTTP/2.0" 200 3112 "https://www.elconferencista.com/" "Mozilla/5.0 (compatible; ev-crawler/1.0; +https://headline.com/legal/crawler)" 
64.71.131.248 - - [26/Oct/2025:14:17:10 -0700] "GET /wp-content/uploads/elementor/google-fonts/css/robotoslab.css?ver=1742243104 HTTP/2.0" 200 1027 "https://www.elconferencista.com/" "Mozilla/5.0 (compatible; ev-crawler/1.0; +https://headline.com/legal/crawler)" 
64.71.131.248 - - [26/Oct/2025:14:17:10 -0700] "GET /wp-content/plugins/elementskit-lite/widgets/init/assets/css/widget-styles.css?ver=3.7.4 HTTP/2.0" 200 53683 "https://www.elconferencista.com/" "Mozilla/5.0 (compatible; ev-crawler/1.0; +https://headline.com/legal/crawler)" 
64.71.131.248 - - [26/Oct/2025:14:17:10 -0700] "GET /wp-content/plugins/elementskit-lite/widgets/init/assets/css/responsive.css?ver=3.7.4 HTTP/2.0" 200 3331 "https://www.elconferencista.com/" "Mozilla/5.0 (compatible; ev-crawler/1.0; +https://headline.com/legal/crawler)" 
64.71.131.248 - - [26/Oct/2025:14:17:10 -0700] "GET /wp-content/plugins/elementskit-lite/modules/elementskit-icon-pack/assets/css/ekiticons.css?ver=3.7.4 HTTP/2.0" 200 13219 "https://www.elconferencista.com/" "Mozilla/5.0 (compatible; ev-crawler/1.0; +https://headline.com/legal/crawler)" 
64.71.131.248 - - [26/Oct/2025:14:17:10 -0700] "GET /wp-includes/js/jquery/jquery.min.js?ver=3.7.1 HTTP/2.0" 200 30987 "https://www.elconferencista.com/" "Mozilla/5.0 (compatible; ev-crawler/1.0; +https://headline.com/legal/crawler)" 
64.71.131.248 - - [26/Oct/2025:14:17:10 -0700] "GET /wp-includes/js/jquery/jquery-migrate.min.js?ver=3.4.1 HTTP/2.0" 200 4998 "https://www.elconferencista.com/" "Mozilla/5.0 (compatible; ev-crawler/1.0; +https://headline.com/legal/crawler)" 
64.71.131.248 - - [26/Oct/2025:14:17:10 -0700] "GET /wp-content/plugins/elementor/assets/lib/font-awesome/js/v4-shims.min.js?ver=3.32.5 HTTP/2.0" 200 4309 "https://www.elconferencista.com/" "Mozilla/5.0 (compatible; ev-crawler/1.0; +https://headline.com/legal/crawler)" 
64.71.131.248 - - [26/Oct/2025:14:17:10 -0700] "GET /wp-content/uploads/2022/09/logo-edner-granados-rojo.jpeg HTTP/2.0" 200 90395 "https://www.elconferencista.com/" "Mozilla/5.0 (compatible; ev-crawler/1.0; +https://headline.com/legal/crawler)" 
64.71.131.248 - - [26/Oct/2025:14:17:11 -0700] "GET /wp-content/uploads/2022/09/89941859_523545041683207_8273911308307233517_n-1024x1024.jpg HTTP/2.0" 200 123914 "https://www.elconferencista.com/" "Mozilla/5.0 (compatible; ev-crawler/1.0; +https://headline.com/legal/crawler)" 
64.71.131.248 - - [26/Oct/2025:14:17:11 -0700] "GET /wp-content/uploads/2022/09/edner-granados.png HTTP/2.0" 200 337349 "https://www.elconferencista.com/" "Mozilla/5.0 (compatible; ev-crawler/1.0; +https://headline.com/legal/crawler)" 
64.71.131.248 - - [26/Oct/2025:14:17:12 -0700] "GET /wp-content/themes/astra/assets/js/minified/frontend.min.js?ver=4.9.2 HTTP/2.0" 200 6112 "https://www.elconferencista.com/" "Mozilla/5.0 (compatible; ev-crawler/1.0; +https://headline.com/legal/crawler)" 
64.71.131.248 - - [26/Oct/2025:14:17:12 -0700] "GET /wp-content/plugins/whatsapp-for-wordpress/assets/js/whatsapp-button.js?ver=3.1.2 HTTP/2.0" 200 507 "https://www.elconferencista.com/" "Mozilla/5.0 (compatible; ev-crawler/1.0; +https://headline.com/legal/crawler)" 
64.71.131.248 - - [26/Oct/2025:14:17:12 -0700] "GET /wp-content/plugins/whatsapp-for-wordpress/assets/dist/js/njt-whatsapp.js?ver=3.1.2 HTTP/2.0" 200 31373 "https://www.elconferencista.com/" "Mozilla/5.0 (compatible; ev-crawler/1.0; +https://headline.com/legal/crawler)" 
