18.216.26.252 - - [25/Oct/2025:12:20:58 -0700] "GET /vendor/.env.bak HTTP/1.1" 404 110623 "https://www.google.com/" "Mozilla/5.0 (Windows NT 5.1; WOW64) AppleWebKit/535.27 (KHTML, like Gecko) Chrome/9.0.1420.39 Safari/536.12"
18.216.26.252 - - [25/Oct/2025:12:21:00 -0700] "GET /vendor/.env.old HTTP/1.1" 404 110623 "https://www.google.com/" "Mozilla/5.0 (Windows NT 5.1; WOW64) AppleWebKit/535.27 (KHTML, like Gecko) Chrome/9.0.1420.39 Safari/536.12"
18.216.26.252 - - [25/Oct/2025:12:21:01 -0700] "GET /storage/.env HTTP/1.1" 404 110623 "https://www.google.com/" "Mozilla/5.0 (Windows NT 5.1; WOW64) AppleWebKit/535.27 (KHTML, like Gecko) Chrome/9.0.1420.39 Safari/536.12"
69.163.179.91 - - [25/Oct/2025:12:21:03 -0700] "POST /wp-cron.php?doing_wp_cron=1761420063.1041879653930664062500 HTTP/1.1" 200 3647 "-" "WordPress/6.8.3; https://www.elconferencista.com"
18.216.26.252 - - [25/Oct/2025:12:21:02 -0700] "GET /storage/.env.save HTTP/1.1" 404 110623 "https://www.google.com/" "Mozilla/5.0 (Windows NT 5.1; WOW64) AppleWebKit/535.27 (KHTML, like Gecko) Chrome/9.0.1420.39 Safari/536.12"
18.216.26.252 - - [25/Oct/2025:12:21:04 -0700] "GET /storage/.env.bak HTTP/1.1" 404 110623 "https://www.google.com/" "Mozilla/5.0 (Windows NT 5.1; WOW64) AppleWebKit/535.27 (KHTML, like Gecko) Chrome/9.0.1420.39 Safari/536.12"
18.216.26.252 - - [25/Oct/2025:12:21:05 -0700] "GET /storage/.env.old HTTP/1.1" 404 110623 "https://www.google.com/" "Mozilla/5.0 (Windows NT 5.1; WOW64) AppleWebKit/535.27 (KHTML, like Gecko) Chrome/9.0.1420.39 Safari/536.12"
18.216.26.252 - - [25/Oct/2025:12:21:07 -0700] "GET /phpinfo.php HTTP/1.1" 404 110623 "https://www.google.com/" "Mozilla/5.0 (Windows NT 5.1; WOW64) AppleWebKit/535.27 (KHTML, like Gecko) Chrome/9.0.1420.39 Safari/536.12"
18.216.26.252 - - [25/Oct/2025:12:21:08 -0700] "GET /info.php HTTP/1.1" 404 110623 "https://www.google.com/" "Mozilla/5.0 (Windows NT 5.1; WOW64) AppleWebKit/535.27 (KHTML, like Gecko) Chrome/9.0.1420.39 Safari/536.12"
18.216.26.252 - - [25/Oct/2025:12:21:09 -0700] "GET /php_info.php HTTP/1.1" 404 110623 "https://www.google.com/" "Mozilla/5.0 (Windows NT 5.1; WOW64) AppleWebKit/535.27 (KHTML, like Gecko) Chrome/9.0.1420.39 Safari/536.12"
18.216.26.252 - - [25/Oct/2025:12:21:10 -0700] "GET /phpinfo HTTP/1.1" 404 110623 "https://www.google.com/" "Mozilla/5.0 (Windows NT 5.1; WOW64) AppleWebKit/535.27 (KHTML, like Gecko) Chrome/9.0.1420.39 Safari/536.12"
18.216.26.252 - - [25/Oct/2025:12:21:12 -0700] "GET /test.php HTTP/1.1" 404 110622 "https://www.google.com/" "Mozilla/5.0 (Windows NT 5.1; WOW64) AppleWebKit/535.27 (KHTML, like Gecko) Chrome/9.0.1420.39 Safari/536.12"
18.216.26.252 - - [25/Oct/2025:12:21:13 -0700] "GET /info1.php HTTP/1.1" 404 110622 "https://www.google.com/" "Mozilla/5.0 (Windows NT 5.1; WOW64) AppleWebKit/535.27 (KHTML, like Gecko) Chrome/9.0.1420.39 Safari/536.12"
18.216.26.252 - - [25/Oct/2025:12:21:15 -0700] "GET /info2.php HTTP/1.1" 404 110622 "https://www.google.com/" "Mozilla/5.0 (Windows NT 5.1; WOW64) AppleWebKit/535.27 (KHTML, like Gecko) Chrome/9.0.1420.39 Safari/536.12"
18.216.26.252 - - [25/Oct/2025:12:21:19 -0700] "GET /php.php HTTP/1.1" 404 110622 "https://www.google.com/" "Mozilla/5.0 (Windows NT 5.1; WOW64) AppleWebKit/535.27 (KHTML, like Gecko) Chrome/9.0.1420.39 Safari/536.12"
18.216.26.252 - - [25/Oct/2025:12:21:34 -0700] "GET /pi.php HTTP/1.1" 404 113988 "https://www.google.com/" "Mozilla/5.0 (Windows NT 5.1; WOW64) AppleWebKit/535.27 (KHTML, like Gecko) Chrome/9.0.1420.39 Safari/536.12"
18.216.26.252 - - [25/Oct/2025:12:21:35 -0700] "GET /i.php HTTP/1.1" 404 110623 "https://www.google.com/" "Mozilla/5.0 (Windows NT 5.1; WOW64) AppleWebKit/535.27 (KHTML, like Gecko) Chrome/9.0.1420.39 Safari/536.12"
18.216.26.252 - - [25/Oct/2025:12:21:40 -0700] "GET /phpversion.php HTTP/1.1" 404 110623 "https://www.google.com/" "Mozilla/5.0 (Windows NT 5.1; WOW64) AppleWebKit/535.27 (KHTML, like Gecko) Chrome/9.0.1420.39 Safari/536.12"
18.216.26.252 - - [25/Oct/2025:12:21:42 -0700] "GET /php_version.php HTTP/1.1" 404 110623 "https://www.google.com/" "Mozilla/5.0 (Windows NT 5.1; WOW64) AppleWebKit/535.27 (KHTML, like Gecko) Chrome/9.0.1420.39 Safari/536.12"
18.216.26.252 - - [25/Oct/2025:12:21:43 -0700] "GET /serverinfo.php HTTP/1.1" 404 110623 "https://www.google.com/" "Mozilla/5.0 (Windows NT 5.1; WOW64) AppleWebKit/535.27 (KHTML, like Gecko) Chrome/9.0.1420.39 Safari/536.12"
18.216.26.252 - - [25/Oct/2025:12:21:44 -0700] "GET /server.php HTTP/1.1" 404 110623 "https://www.google.com/" "Mozilla/5.0 (Windows NT 5.1; WOW64) AppleWebKit/535.27 (KHTML, like Gecko) Chrome/9.0.1420.39 Safari/536.12"
18.216.26.252 - - [25/Oct/2025:12:21:45 -0700] "GET /debug.php HTTP/1.1" 404 110623 "https://www.google.com/" "Mozilla/5.0 (Windows NT 5.1; WOW64) AppleWebKit/535.27 (KHTML, like Gecko) Chrome/9.0.1420.39 Safari/536.12"
18.216.26.252 - - [25/Oct/2025:12:21:47 -0700] "GET /diagnostic.php HTTP/1.1" 404 110623 "https://www.google.com/" "Mozilla/5.0 (Windows NT 5.1; WOW64) AppleWebKit/535.27 (KHTML, like Gecko) Chrome/9.0.1420.39 Safari/536.12"
18.216.26.252 - - [25/Oct/2025:12:21:48 -0700] "GET /phptest.php HTTP/1.1" 404 110623 "https://www.google.com/" "Mozilla/5.0 (Windows NT 5.1; WOW64) AppleWebKit/535.27 (KHTML, like Gecko) Chrome/9.0.1420.39 Safari/536.12"
87.98.128.54 - - [25/Oct/2025:12:21:49 -0700] "GET /wp-login.php HTTP/2.0" 429 351 "-" "Mozilla/5.0 (Windows NT 10.0; Win64; x64) AppleWebKit/537.36 (KHTML, like Gecko) Chrome/130.0.0.0 Safari/537.36"
18.216.26.252 - - [25/Oct/2025:12:21:49 -0700] "GET /check.php HTTP/1.1" 404 110623 "https://www.google.com/" "Mozilla/5.0 (Windows NT 5.1; WOW64) AppleWebKit/535.27 (KHTML, like Gecko) Chrome/9.0.1420.39 Safari/536.12"
18.216.26.252 - - [25/Oct/2025:12:21:50 -0700] "GET /phpinfo.php.save HTTP/1.1" 404 110623 "https://www.google.com/" "Mozilla/5.0 (Windows NT 5.1; WOW64) AppleWebKit/535.27 (KHTML, like Gecko) Chrome/9.0.1420.39 Safari/536.12"
18.216.26.252 - - [25/Oct/2025:12:21:51 -0700] "GET /info.php.save HTTP/1.1" 404 110623 "https://www.google.com/" "Mozilla/5.0 (Windows NT 5.1; WOW64) AppleWebKit/535.27 (KHTML, like Gecko) Chrome/9.0.1420.39 Safari/536.12"
87.98.128.54 - - [25/Oct/2025:12:21:52 -0700] "GET /wp-login.php HTTP/2.0" 429 351 "-" "Mozilla/5.0 (Windows NT 10.0; Win64; x64) AppleWebKit/537.36 (KHTML, like Gecko) Chrome/130.0.0.0 Safari/537.36"
18.216.26.252 - - [25/Oct/2025:12:21:52 -0700] "GET /php_info.php.save HTTP/1.1" 404 110623 "https://www.google.com/" "Mozilla/5.0 (Windows NT 5.1; WOW64) AppleWebKit/535.27 (KHTML, like Gecko) Chrome/9.0.1420.39 Safari/536.12"
18.216.26.252 - - [25/Oct/2025:12:21:53 -0700] "GET /test.php.save HTTP/1.1" 404 110623 "https://www.google.com/" "Mozilla/5.0 (Windows NT 5.1; WOW64) AppleWebKit/535.27 (KHTML, like Gecko) Chrome/9.0.1420.39 Safari/536.12"
18.216.26.252 - - [25/Oct/2025:12:21:54 -0700] "GET /phpinfo.php.bak HTTP/1.1" 404 110623 "https://www.google.com/" "Mozilla/5.0 (Windows NT 5.1; WOW64) AppleWebKit/535.27 (KHTML, like Gecko) Chrome/9.0.1420.39 Safari/536.12"
18.216.26.252 - - [25/Oct/2025:12:21:56 -0700] "GET /info.php.bak HTTP/1.1" 404 110623 "https://www.google.com/" "Mozilla/5.0 (Windows NT 5.1; WOW64) AppleWebKit/535.27 (KHTML, like Gecko) Chrome/9.0.1420.39 Safari/536.12"
18.216.26.252 - - [25/Oct/2025:12:21:57 -0700] "GET /php_info.php.bak HTTP/1.1" 404 110623 "https://www.google.com/" "Mozilla/5.0 (Windows NT 5.1; WOW64) AppleWebKit/535.27 (KHTML, like Gecko) Chrome/9.0.1420.39 Safari/536.12"
18.216.26.252 - - [25/Oct/2025:12:21:58 -0700] "GET /test.php.bak HTTP/1.1" 404 110623 "https://www.google.com/" "Mozilla/5.0 (Windows NT 5.1; WOW64) AppleWebKit/535.27 (KHTML, like Gecko) Chrome/9.0.1420.39 Safari/536.12"
18.216.26.252 - - [25/Oct/2025:12:21:59 -0700] "GET /phpinfo.php.old HTTP/1.1" 404 110623 "https://www.google.com/" "Mozilla/5.0 (Windows NT 5.1; WOW64) AppleWebKit/535.27 (KHTML, like Gecko) Chrome/9.0.1420.39 Safari/536.12"
18.216.26.252 - - [25/Oct/2025:12:22:00 -0700] "GET /info.php.old HTTP/1.1" 404 110623 "https://www.google.com/" "Mozilla/5.0 (Windows NT 5.1; WOW64) AppleWebKit/535.27 (KHTML, like Gecko) Chrome/9.0.1420.39 Safari/536.12"
69.163.179.91 - - [25/Oct/2025:12:22:02 -0700] "POST /wp-cron.php?doing_wp_cron=1761420122.4662580490112304687500 HTTP/1.1" 200 3647 "-" "WordPress/6.8.3; https://www.elconferencista.com"
18.216.26.252 - - [25/Oct/2025:12:22:01 -0700] "GET /php_info.php.old HTTP/1.1" 404 110623 "https://www.google.com/" "Mozilla/5.0 (Windows NT 5.1; WOW64) AppleWebKit/535.27 (KHTML, like Gecko) Chrome/9.0.1420.39 Safari/536.12"
69.163.179.91 - - [25/Oct/2025:12:22:03 -0700] "POST /wp-cron.php?doing_wp_cron=1761420123.9492640495300292968750 HTTP/1.1" 200 3647 "-" "WordPress/6.8.3; https://www.elconferencista.com"
18.216.26.252 - - [25/Oct/2025:12:22:03 -0700] "GET /test.php.old HTTP/1.1" 404 110623 "https://www.google.com/" "Mozilla/5.0 (Windows NT 5.1; WOW64) AppleWebKit/535.27 (KHTML, like Gecko) Chrome/9.0.1420.39 Safari/536.12"
18.216.26.252 - - [25/Oct/2025:12:22:05 -0700] "GET /phpinfo.php.orig HTTP/1.1" 404 110623 "https://www.google.com/" "Mozilla/5.0 (Windows NT 5.1; WOW64) AppleWebKit/535.27 (KHTML, like Gecko) Chrome/9.0.1420.39 Safari/536.12"
18.216.26.252 - - [25/Oct/2025:12:22:06 -0700] "GET /info.php.orig HTTP/1.1" 404 110623 "https://www.google.com/" "Mozilla/5.0 (Windows NT 5.1; WOW64) AppleWebKit/535.27 (KHTML, like Gecko) Chrome/9.0.1420.39 Safari/536.12"
18.216.26.252 - - [25/Oct/2025:12:22:07 -0700] "GET /php_info.php.orig HTTP/1.1" 404 110623 "https://www.google.com/" "Mozilla/5.0 (Windows NT 5.1; WOW64) AppleWebKit/535.27 (KHTML, like Gecko) Chrome/9.0.1420.39 Safari/536.12"
18.216.26.252 - - [25/Oct/2025:12:22:08 -0700] "GET /test.php.orig HTTP/1.1" 404 110623 "https://www.google.com/" "Mozilla/5.0 (Windows NT 5.1; WOW64) AppleWebKit/535.27 (KHTML, like Gecko) Chrome/9.0.1420.39 Safari/536.12"
18.216.26.252 - - [25/Oct/2025:12:22:09 -0700] "GET /phpinfo.php.backup HTTP/1.1" 404 110623 "https://www.google.com/" "Mozilla/5.0 (Windows NT 5.1; WOW64) AppleWebKit/535.27 (KHTML, like Gecko) Chrome/9.0.1420.39 Safari/536.12"
18.216.26.252 - - [25/Oct/2025:12:22:10 -0700] "GET /info.php.backup HTTP/1.1" 404 110623 "https://www.google.com/" "Mozilla/5.0 (Windows NT 5.1; WOW64) AppleWebKit/535.27 (KHTML, like Gecko) Chrome/9.0.1420.39 Safari/536.12"
18.216.26.252 - - [25/Oct/2025:12:22:11 -0700] "GET /php_info.php.backup HTTP/1.1" 404 110623 "https://www.google.com/" "Mozilla/5.0 (Windows NT 5.1; WOW64) AppleWebKit/535.27 (KHTML, like Gecko) Chrome/9.0.1420.39 Safari/536.12"
18.216.26.252 - - [25/Oct/2025:12:22:12 -0700] "GET /test.php.backup HTTP/1.1" 404 110623 "https://www.google.com/" "Mozilla/5.0 (Windows NT 5.1; WOW64) AppleWebKit/535.27 (KHTML, like Gecko) Chrome/9.0.1420.39 Safari/536.12"
18.216.26.252 - - [25/Oct/2025:12:22:14 -0700] "GET /phpinfo.php~ HTTP/1.1" 404 110623 "https://www.google.com/" "Mozilla/5.0 (Windows NT 5.1; WOW64) AppleWebKit/535.27 (KHTML, like Gecko) Chrome/9.0.1420.39 Safari/536.12"
18.216.26.252 - - [25/Oct/2025:12:22:15 -0700] "GET /info.php~ HTTP/1.1" 404 110623 "https://www.google.com/" "Mozilla/5.0 (Windows NT 5.1; WOW64) AppleWebKit/535.27 (KHTML, like Gecko) Chrome/9.0.1420.39 Safari/536.12"
18.216.26.252 - - [25/Oct/2025:12:22:16 -0700] "GET /php_info.php~ HTTP/1.1" 404 110623 "https://www.google.com/" "Mozilla/5.0 (Windows NT 5.1; WOW64) AppleWebKit/535.27 (KHTML, like Gecko) Chrome/9.0.1420.39 Safari/536.12"
18.216.26.252 - - [25/Oct/2025:12:22:17 -0700] "GET /test.php~ HTTP/1.1" 404 110623 "https://www.google.com/" "Mozilla/5.0 (Windows NT 5.1; WOW64) AppleWebKit/535.27 (KHTML, like Gecko) Chrome/9.0.1420.39 Safari/536.12"
18.216.26.252 - - [25/Oct/2025:12:22:18 -0700] "GET /phpinfo.php.swp HTTP/1.1" 404 110623 "https://www.google.com/" "Mozilla/5.0 (Windows NT 5.1; WOW64) AppleWebKit/535.27 (KHTML, like Gecko) Chrome/9.0.1420.39 Safari/536.12"
18.216.26.252 - - [25/Oct/2025:12:22:19 -0700] "GET /info.php.swp HTTP/1.1" 404 110623 "https://www.google.com/" "Mozilla/5.0 (Windows NT 5.1; WOW64) AppleWebKit/535.27 (KHTML, like Gecko) Chrome/9.0.1420.39 Safari/536.12"
18.216.26.252 - - [25/Oct/2025:12:22:21 -0700] "GET /php_info.php.swp HTTP/1.1" 404 110623 "https://www.google.com/" "Mozilla/5.0 (Windows NT 5.1; WOW64) AppleWebKit/535.27 (KHTML, like Gecko) Chrome/9.0.1420.39 Safari/536.12"
18.216.26.252 - - [25/Oct/2025:12:22:22 -0700] "GET /test.php.swp HTTP/1.1" 404 110623 "https://www.google.com/" "Mozilla/5.0 (Windows NT 5.1; WOW64) AppleWebKit/535.27 (KHTML, like Gecko) Chrome/9.0.1420.39 Safari/536.12"
18.216.26.252 - - [25/Oct/2025:12:22:23 -0700] "GET /phpinfo.php.tmp HTTP/1.1" 404 110623 "https://www.google.com/" "Mozilla/5.0 (Windows NT 5.1; WOW64) AppleWebKit/535.27 (KHTML, like Gecko) Chrome/9.0.1420.39 Safari/536.12"
18.216.26.252 - - [25/Oct/2025:12:22:24 -0700] "GET /info.php.tmp HTTP/1.1" 404 110623 "https://www.google.com/" "Mozilla/5.0 (Windows NT 5.1; WOW64) AppleWebKit/535.27 (KHTML, like Gecko) Chrome/9.0.1420.39 Safari/536.12"
18.216.26.252 - - [25/Oct/2025:12:22:25 -0700] "GET /php_info.php.tmp HTTP/1.1" 404 110623 "https://www.google.com/" "Mozilla/5.0 (Windows NT 5.1; WOW64) AppleWebKit/535.27 (KHTML, like Gecko) Chrome/9.0.1420.39 Safari/536.12"
18.216.26.252 - - [25/Oct/2025:12:22:26 -0700] "GET /test.php.tmp HTTP/1.1" 404 110623 "https://www.google.com/" "Mozilla/5.0 (Windows NT 5.1; WOW64) AppleWebKit/535.27 (KHTML, like Gecko) Chrome/9.0.1420.39 Safari/536.12"
18.216.26.252 - - [25/Oct/2025:12:22:27 -0700] "GET /admin/phpinfo.php HTTP/1.1" 404 110623 "https://www.google.com/" "Mozilla/5.0 (Windows NT 5.1; WOW64) AppleWebKit/535.27 (KHTML, like Gecko) Chrome/9.0.1420.39 Safari/536.12"
18.216.26.252 - - [25/Oct/2025:12:22:28 -0700] "GET /admin/info.php HTTP/1.1" 404 110623 "https://www.google.com/" "Mozilla/5.0 (Windows NT 5.1; WOW64) AppleWebKit/535.27 (KHTML, like Gecko) Chrome/9.0.1420.39 Safari/536.12"
18.216.26.252 - - [25/Oct/2025:12:22:29 -0700] "GET /admin/phpinfo.php.save HTTP/1.1" 404 110623 "https://www.google.com/" "Mozilla/5.0 (Windows NT 5.1; WOW64) AppleWebKit/535.27 (KHTML, like Gecko) Chrome/9.0.1420.39 Safari/536.12"
18.216.26.252 - - [25/Oct/2025:12:22:31 -0700] "GET /admin/info.php.save HTTP/1.1" 404 110623 "https://www.google.com/" "Mozilla/5.0 (Windows NT 5.1; WOW64) AppleWebKit/535.27 (KHTML, like Gecko) Chrome/9.0.1420.39 Safari/536.12"
18.216.26.252 - - [25/Oct/2025:12:22:32 -0700] "GET /test/phpinfo.php HTTP/1.1" 404 110623 "https://www.google.com/" "Mozilla/5.0 (Windows NT 5.1; WOW64) AppleWebKit/535.27 (KHTML, like Gecko) Chrome/9.0.1420.39 Safari/536.12"
18.216.26.252 - - [25/Oct/2025:12:22:33 -0700] "GET /test/info.php HTTP/1.1" 404 110623 "https://www.google.com/" "Mozilla/5.0 (Windows NT 5.1; WOW64) AppleWebKit/535.27 (KHTML, like Gecko) Chrome/9.0.1420.39 Safari/536.12"
18.216.26.252 - - [25/Oct/2025:12:22:35 -0700] "GET /test/phpinfo.php.save HTTP/1.1" 404 110623 "https://www.google.com/" "Mozilla/5.0 (Windows NT 5.1; WOW64) AppleWebKit/535.27 (KHTML, like Gecko) Chrome/9.0.1420.39 Safari/536.12"
18.216.26.252 - - [25/Oct/2025:12:22:36 -0700] "GET /test/info.php.save HTTP/1.1" 404 110623 "https://www.google.com/" "Mozilla/5.0 (Windows NT 5.1; WOW64) AppleWebKit/535.27 (KHTML, like Gecko) Chrome/9.0.1420.39 Safari/536.12"
18.216.26.252 - - [25/Oct/2025:12:22:37 -0700] "GET /dev/phpinfo.php HTTP/1.1" 404 110623 "https://www.google.com/" "Mozilla/5.0 (Windows NT 5.1; WOW64) AppleWebKit/535.27 (KHTML, like Gecko) Chrome/9.0.1420.39 Safari/536.12"
18.216.26.252 - - [25/Oct/2025:12:22:38 -0700] "GET /dev/info.php HTTP/1.1" 404 110623 "https://www.google.com/" "Mozilla/5.0 (Windows NT 5.1; WOW64) AppleWebKit/535.27 (KHTML, like Gecko) Chrome/9.0.1420.39 Safari/536.12"
18.216.26.252 - - [25/Oct/2025:12:22:40 -0700] "GET /dev/phpinfo.php.save HTTP/1.1" 404 110623 "https://www.google.com/" "Mozilla/5.0 (Windows NT 5.1; WOW64) AppleWebKit/535.27 (KHTML, like Gecko) Chrome/9.0.1420.39 Safari/536.12"
18.216.26.252 - - [25/Oct/2025:12:22:42 -0700] "GET /dev/info.php.save HTTP/1.1" 404 110623 "https://www.google.com/" "Mozilla/5.0 (Windows NT 5.1; WOW64) AppleWebKit/535.27 (KHTML, like Gecko) Chrome/9.0.1420.39 Safari/536.12"
18.216.26.252 - - [25/Oct/2025:12:22:43 -0700] "GET /tmp/phpinfo.php HTTP/1.1" 404 110623 "https://www.google.com/" "Mozilla/5.0 (Windows NT 5.1; WOW64) AppleWebKit/535.27 (KHTML, like Gecko) Chrome/9.0.1420.39 Safari/536.12"
18.216.26.252 - - [25/Oct/2025:12:22:45 -0700] "GET /tmp/info.php HTTP/1.1" 404 110623 "https://www.google.com/" "Mozilla/5.0 (Windows NT 5.1; WOW64) AppleWebKit/535.27 (KHTML, like Gecko) Chrome/9.0.1420.39 Safari/536.12"
18.216.26.252 - - [25/Oct/2025:12:22:46 -0700] "GET /tmp/phpinfo.php.save HTTP/1.1" 404 110623 "https://www.google.com/" "Mozilla/5.0 (Windows NT 5.1; WOW64) AppleWebKit/535.27 (KHTML, like Gecko) Chrome/9.0.1420.39 Safari/536.12"
18.216.26.252 - - [25/Oct/2025:12:22:47 -0700] "GET /tmp/info.php.save HTTP/1.1" 404 110623 "https://www.google.com/" "Mozilla/5.0 (Windows NT 5.1; WOW64) AppleWebKit/535.27 (KHTML, like Gecko) Chrome/9.0.1420.39 Safari/536.12"
18.216.26.252 - - [25/Oct/2025:12:22:49 -0700] "GET /includes/phpinfo.php HTTP/1.1" 404 110623 "https://www.google.com/" "Mozilla/5.0 (Windows NT 5.1; WOW64) AppleWebKit/535.27 (KHTML, like Gecko) Chrome/9.0.1420.39 Safari/536.12"
18.216.26.252 - - [25/Oct/2025:12:22:50 -0700] "GET /includes/info.php HTTP/1.1" 404 110623 "https://www.google.com/" "Mozilla/5.0 (Windows NT 5.1; WOW64) AppleWebKit/535.27 (KHTML, like Gecko) Chrome/9.0.1420.39 Safari/536.12"
18.216.26.252 - - [25/Oct/2025:12:22:51 -0700] "GET /includes/phpinfo.php.save HTTP/1.1" 404 110623 "https://www.google.com/" "Mozilla/5.0 (Windows NT 5.1; WOW64) AppleWebKit/535.27 (KHTML, like Gecko) Chrome/9.0.1420.39 Safari/536.12"
18.216.26.252 - - [25/Oct/2025:12:22:53 -0700] "GET /includes/info.php.save HTTP/1.1" 404 110623 "https://www.google.com/" "Mozilla/5.0 (Windows NT 5.1; WOW64) AppleWebKit/535.27 (KHTML, like Gecko) Chrome/9.0.1420.39 Safari/536.12"
18.216.26.252 - - [25/Oct/2025:12:22:54 -0700] "GET /scripts/phpinfo.php HTTP/1.1" 404 110623 "https://www.google.com/" "Mozilla/5.0 (Windows NT 5.1; WOW64) AppleWebKit/535.27 (KHTML, like Gecko) Chrome/9.0.1420.39 Safari/536.12"
18.216.26.252 - - [25/Oct/2025:12:22:58 -0700] "GET /scripts/info.php HTTP/1.1" 404 110623 "https://www.google.com/" "Mozilla/5.0 (Windows NT 5.1; WOW64) AppleWebKit/535.27 (KHTML, like Gecko) Chrome/9.0.1420.39 Safari/536.12"
18.216.26.252 - - [25/Oct/2025:12:23:01 -0700] "GET /scripts/phpinfo.php.save HTTP/1.1" 404 110623 "https://www.google.com/" "Mozilla/5.0 (Windows NT 5.1; WOW64) AppleWebKit/535.27 (KHTML, like Gecko) Chrome/9.0.1420.39 Safari/536.12"
69.163.179.91 - - [25/Oct/2025:12:23:04 -0700] "POST /wp-cron.php?doing_wp_cron=1761420184.6426041126251220703125 HTTP/1.1" 200 3647 "-" "WordPress/6.8.3; https://www.elconferencista.com"
18.216.26.252 - - [25/Oct/2025:12:23:04 -0700] "GET /scripts/info.php.save HTTP/1.1" 404 110623 "https://www.google.com/" "Mozilla/5.0 (Windows NT 5.1; WOW64) AppleWebKit/535.27 (KHTML, like Gecko) Chrome/9.0.1420.39 Safari/536.12"
18.216.26.252 - - [25/Oct/2025:12:23:06 -0700] "GET /cgi-bin/phpinfo.php HTTP/1.1" 404 110623 "https://www.google.com/" "Mozilla/5.0 (Windows NT 5.1; WOW64) AppleWebKit/535.27 (KHTML, like Gecko) Chrome/9.0.1420.39 Safari/536.12"
18.216.26.252 - - [25/Oct/2025:12:23:09 -0700] "GET /cgi-bin/info.php HTTP/1.1" 404 110623 "https://www.google.com/" "Mozilla/5.0 (Windows NT 5.1; WOW64) AppleWebKit/535.27 (KHTML, like Gecko) Chrome/9.0.1420.39 Safari/536.12"
18.216.26.252 - - [25/Oct/2025:12:23:12 -0700] "GET /cgi-bin/phpinfo.php.save HTTP/1.1" 404 110623 "https://www.google.com/" "Mozilla/5.0 (Windows NT 5.1; WOW64) AppleWebKit/535.27 (KHTML, like Gecko) Chrome/9.0.1420.39 Safari/536.12"
18.216.26.252 - - [25/Oct/2025:12:23:17 -0700] "GET /cgi-bin/info.php.save HTTP/1.1" 404 110623 "https://www.google.com/" "Mozilla/5.0 (Windows NT 5.1; WOW64) AppleWebKit/535.27 (KHTML, like Gecko) Chrome/9.0.1420.39 Safari/536.12"
18.216.26.252 - - [25/Oct/2025:12:23:21 -0700] "GET /public/phpinfo.php HTTP/1.1" 404 110623 "https://www.google.com/" "Mozilla/5.0 (Windows NT 5.1; WOW64) AppleWebKit/535.27 (KHTML, like Gecko) Chrome/9.0.1420.39 Safari/536.12"
18.216.26.252 - - [25/Oct/2025:12:23:23 -0700] "GET /public/info.php HTTP/1.1" 404 110623 "https://www.google.com/" "Mozilla/5.0 (Windows NT 5.1; WOW64) AppleWebKit/535.27 (KHTML, like Gecko) Chrome/9.0.1420.39 Safari/536.12"
18.216.26.252 - - [25/Oct/2025:12:23:26 -0700] "GET /public/phpinfo.php.save HTTP/1.1" 404 110623 "https://www.google.com/" "Mozilla/5.0 (Windows NT 5.1; WOW64) AppleWebKit/535.27 (KHTML, like Gecko) Chrome/9.0.1420.39 Safari/536.12"
18.216.26.252 - - [25/Oct/2025:12:23:28 -0700] "GET /public/info.php.save HTTP/1.1" 404 110623 "https://www.google.com/" "Mozilla/5.0 (Windows NT 5.1; WOW64) AppleWebKit/535.27 (KHTML, like Gecko) Chrome/9.0.1420.39 Safari/536.12"
18.216.26.252 - - [25/Oct/2025:12:23:29 -0700] "GET /web/phpinfo.php HTTP/1.1" 404 110623 "https://www.google.com/" "Mozilla/5.0 (Windows NT 5.1; WOW64) AppleWebKit/535.27 (KHTML, like Gecko) Chrome/9.0.1420.39 Safari/536.12"
18.216.26.252 - - [25/Oct/2025:12:23:30 -0700] "GET /web/info.php HTTP/1.1" 404 110623 "https://www.google.com/" "Mozilla/5.0 (Windows NT 5.1; WOW64) AppleWebKit/535.27 (KHTML, like Gecko) Chrome/9.0.1420.39 Safari/536.12"
69.163.179.91 - - [25/Oct/2025:12:23:32 -0700] "POST /wp-cron.php?doing_wp_cron=1761420212.1997809410095214843750 HTTP/1.1" 200 3647 "-" "WordPress/6.8.3; https://www.elconferencista.com"
18.216.26.252 - - [25/Oct/2025:12:23:31 -0700] "GET /web/phpinfo.php.save HTTP/1.1" 404 110623 "https://www.google.com/" "Mozilla/5.0 (Windows NT 5.1; WOW64) AppleWebKit/535.27 (KHTML, like Gecko) Chrome/9.0.1420.39 Safari/536.12"
18.216.26.252 - - [25/Oct/2025:12:23:33 -0700] "GET /web/info.php.save HTTP/1.1" 404 110623 "https://www.google.com/" "Mozilla/5.0 (Windows NT 5.1; WOW64) AppleWebKit/535.27 (KHTML, like Gecko) Chrome/9.0.1420.39 Safari/536.12"
18.216.26.252 - - [25/Oct/2025:12:23:34 -0700] "GET /www/phpinfo.php HTTP/1.1" 404 110623 "https://www.google.com/" "Mozilla/5.0 (Windows NT 5.1; WOW64) AppleWebKit/535.27 (KHTML, like Gecko) Chrome/9.0.1420.39 Safari/536.12"
18.216.26.252 - - [25/Oct/2025:12:23:35 -0700] "GET /www/info.php HTTP/1.1" 404 110623 "https://www.google.com/" "Mozilla/5.0 (Windows NT 5.1; WOW64) AppleWebKit/535.27 (KHTML, like Gecko) Chrome/9.0.1420.39 Safari/536.12"
18.216.26.252 - - [25/Oct/2025:12:23:37 -0700] "GET /www/phpinfo.php.save HTTP/1.1" 404 110623 "https://www.google.com/" "Mozilla/5.0 (Windows NT 5.1; WOW64) AppleWebKit/535.27 (KHTML, like Gecko) Chrome/9.0.1420.39 Safari/536.12"
18.216.26.252 - - [25/Oct/2025:12:23:38 -0700] "GET /www/info.php.save HTTP/1.1" 404 110623 "https://www.google.com/" "Mozilla/5.0 (Windows NT 5.1; WOW64) AppleWebKit/535.27 (KHTML, like Gecko) Chrome/9.0.1420.39 Safari/536.12"
18.216.26.252 - - [25/Oct/2025:12:23:39 -0700] "GET /site/phpinfo.php HTTP/1.1" 404 110623 "https://www.google.com/" "Mozilla/5.0 (Windows NT 5.1; WOW64) AppleWebKit/535.27 (KHTML, like Gecko) Chrome/9.0.1420.39 Safari/536.12"
18.216.26.252 - - [25/Oct/2025:12:23:40 -0700] "GET /site/info.php HTTP/1.1" 404 110623 "https://www.google.com/" "Mozilla/5.0 (Windows NT 5.1; WOW64) AppleWebKit/535.27 (KHTML, like Gecko) Chrome/9.0.1420.39 Safari/536.12"
18.216.26.252 - - [25/Oct/2025:12:23:42 -0700] "GET /site/phpinfo.php.save HTTP/1.1" 404 110623 "https://www.google.com/" "Mozilla/5.0 (Windows NT 5.1; WOW64) AppleWebKit/535.27 (KHTML, like Gecko) Chrome/9.0.1420.39 Safari/536.12"
18.216.26.252 - - [25/Oct/2025:12:23:46 -0700] "GET /site/info.php.save HTTP/1.1" 404 110623 "https://www.google.com/" "Mozilla/5.0 (Windows NT 5.1; WOW64) AppleWebKit/535.27 (KHTML, like Gecko) Chrome/9.0.1420.39 Safari/536.12"
18.216.26.252 - - [25/Oct/2025:12:23:48 -0700] "GET /.git/config HTTP/1.1" 404 110623 "https://www.google.com/" "Mozilla/5.0 (Windows NT 5.1; WOW64) AppleWebKit/535.27 (KHTML, like Gecko) Chrome/9.0.1420.39 Safari/536.12"
18.216.26.252 - - [25/Oct/2025:12:23:50 -0700] "GET / HTTP/1.1" 200 34859 "https://www.google.com/" "Mozilla/5.0 (Windows NT 5.1; WOW64) AppleWebKit/535.27 (KHTML, like Gecko) Chrome/9.0.1420.39 Safari/536.12"
66.249.73.166 - - [25/Oct/2025:12:25:28 -0700] "GET /conferencias/ HTTP/1.1" 200 32277 "-" "Mozilla/5.0 (Linux; Android 6.0.1; Nexus 5X Build/MMB29P) AppleWebKit/537.36 (KHTML, like Gecko) Chrome/141.0.7390.122 Mobile Safari/537.36 (compatible; GoogleOther)"
178.239.147.118 - - [25/Oct/2025:12:25:44 -0700] "GET /wp-login.php HTTP/2.0" 429 351 "-" "Mozilla/5.0 (Windows NT 10.0; Win64; x64) AppleWebKit/537.36 (KHTML, like Gecko) Chrome/130.0.0.0 Safari/537.36"
89.252.164.140 - - [25/Oct/2025:12:27:29 -0700] "GET /wp-login.php HTTP/2.0" 429 351 "-" "Mozilla/5.0 (X11; Linux x86_64) AppleWebKit/537.36 (KHTML, like Gecko) Chrome/67.0.3396.62 Safari/537.36"
89.252.164.140 - - [25/Oct/2025:12:27:32 -0700] "POST /wp-login.php HTTP/2.0" 429 278 "https://www.elconferencista.com/wp-login.php" "Mozilla/5.0 (X11; Linux x86_64) AppleWebKit/537.36 (KHTML, like Gecko) Chrome/67.0.3396.62 Safari/537.36"
142.44.228.51 - - [25/Oct/2025:12:28:13 -0700] "GET /sitemap.xml HTTP/2.0" 200 3385 "-" "Mozilla/5.0 (compatible; AhrefsBot/7.0; +http://ahrefs.com/robot/)"
45.119.81.168 - - [25/Oct/2025:12:28:48 -0700] "GET /wp-login.php HTTP/2.0" 429 351 "-" "Mozilla/5.0 (Windows NT 10.0; Win64; x64) AppleWebKit/537.36 (KHTML, like Gecko) Chrome/130.0.0.0 Safari/537.36"
88.99.242.20 - - [25/Oct/2025:12:29:16 -0700] "GET /wp-login.php HTTP/2.0" 429 351 "-" "Mozilla/5.0 (Windows NT 10.0; Win64; x64) AppleWebKit/537.36 (KHTML, like Gecko) Chrome/130.0.0.0 Safari/537.36"
87.98.128.54 - - [25/Oct/2025:12:29:18 -0700] "GET /wp-login.php HTTP/2.0" 429 351 "-" "Mozilla/5.0 (Windows NT 10.0; Win64; x64) AppleWebKit/537.36 (KHTML, like Gecko) Chrome/130.0.0.0 Safari/537.36"
92.205.110.219 - - [25/Oct/2025:12:29:40 -0700] "GET /wp-login.php HTTP/2.0" 429 362 "-" "Mozilla/5.0 (Windows NT 10.0; Win64; x64) AppleWebKit/537.36 (KHTML, like Gecko) Chrome/130.0.0.0 Safari/537.36"
162.0.232.28 - - [25/Oct/2025:12:29:43 -0700] "GET /wp-login.php HTTP/2.0" 200 3583 "-" "Mozilla/5.0 (Windows NT 10.0; Win64; x64) AppleWebKit/537.36 (KHTML, like Gecko) Chrome/130.0.0.0 Safari/537.36"
69.163.179.91 - - [25/Oct/2025:12:29:45 -0700] "POST /wp-cron.php?doing_wp_cron=1761420585.1824429035186767578125 HTTP/1.1" 200 3647 "-" "WordPress/6.8.3; https://www.elconferencista.com"
162.0.232.28 - - [25/Oct/2025:12:29:47 -0700] "POST /wp-login.php HTTP/2.0" 200 3485 "https://www.elconferencista.com/wp-login.php" "Mozilla/5.0 (Windows NT 10.0; Win64; x64) AppleWebKit/537.36 (KHTML, like Gecko) Chrome/130.0.0.0 Safari/537.36"
178.33.109.193 - - [25/Oct/2025:12:29:49 -0700] "GET /wp-login.php HTTP/2.0" 429 351 "-" "Mozilla/5.0 (Windows NT 10.0; Win64; x64) AppleWebKit/537.36 (KHTML, like Gecko) Chrome/130.0.0.0 Safari/537.36"
92.205.110.219 - - [25/Oct/2025:12:30:08 -0700] "GET /wp-login.php HTTP/2.0" 429 362 "-" "Mozilla/5.0 (Windows NT 10.0; Win64; x64) AppleWebKit/537.36 (KHTML, like Gecko) Chrome/130.0.0.0 Safari/537.36"
92.205.110.219 - - [25/Oct/2025:12:30:09 -0700] "GET /wp-login.php HTTP/2.0" 429 362 "-" "Mozilla/5.0 (Windows NT 10.0; Win64; x64) AppleWebKit/537.36 (KHTML, like Gecko) Chrome/130.0.0.0 Safari/537.36"
74.208.92.227 - - [25/Oct/2025:12:30:34 -0700] "GET /wp-login.php HTTP/2.0" 429 351 "-" "Mozilla/5.0 (Windows NT 10.0; Win64; x64) AppleWebKit/537.36 (KHTML, like Gecko) Chrome/130.0.0.0 Safari/537.36"
167.172.159.207 - - [25/Oct/2025:12:31:33 -0700] "GET /wp-login.php HTTP/2.0" 429 351 "-" "Mozilla/5.0 (Windows NT 10.0; Win64; x64) AppleWebKit/537.36 (KHTML, like Gecko) Chrome/130.0.0.0 Safari/537.36"
210.5.164.50 - - [25/Oct/2025:12:31:45 -0700] "GET /wp-login.php HTTP/2.0" 429 351 "-" "Mozilla/5.0 (Windows NT 10.0; Win64; x64) AppleWebKit/537.36 (KHTML, like Gecko) Chrome/130.0.0.0 Safari/537.36"
103.152.12.27 - - [25/Oct/2025:12:32:22 -0700] "GET /wp-login.php HTTP/2.0" 429 351 "-" "Mozilla/5.0 (Windows NT 10.0; Win64; x64) AppleWebKit/537.36 (KHTML, like Gecko) Chrome/130.0.0.0 Safari/537.36"
64.176.38.62 - - [25/Oct/2025:12:33:02 -0700] "GET /wp-login.php HTTP/2.0" 429 362 "-" "Mozilla/5.0 (Windows NT 10.0; Win64; x64) AppleWebKit/537.36 (KHTML, like Gecko) Chrome/130.0.0.0 Safari/537.36"
85.114.135.165 - - [25/Oct/2025:12:33:16 -0700] "GET /wp-login.php HTTP/2.0" 429 351 "-" "Mozilla/5.0 (Windows NT 10.0; Win64; x64) AppleWebKit/537.36 (KHTML, like Gecko) Chrome/130.0.0.0 Safari/537.36"
163.61.112.5 - - [25/Oct/2025:12:33:45 -0700] "GET /wp-login.php HTTP/2.0" 429 351 "-" "Mozilla/5.0 (Windows NT 10.0; Win64; x64) AppleWebKit/537.36 (KHTML, like Gecko) Chrome/130.0.0.0 Safari/537.36"
87.98.128.54 - - [25/Oct/2025:12:35:06 -0700] "GET /wp-login.php HTTP/2.0" 429 351 "-" "Mozilla/5.0 (Windows NT 10.0; Win64; x64) AppleWebKit/537.36 (KHTML, like Gecko) Chrome/130.0.0.0 Safari/537.36"
69.163.179.91 - - [25/Oct/2025:12:36:35 -0700] "POST /wp-cron.php?doing_wp_cron=1761420995.1896378993988037109375 HTTP/1.1" 200 3647 "-" "WordPress/6.8.3; https://www.elconferencista.com"
69.163.179.91 - - [25/Oct/2025:12:36:36 -0700] "POST /wp-cron.php?doing_wp_cron=1761420996.2255489826202392578125 HTTP/1.1" 200 3647 "-" "WordPress/6.8.3; https://www.elconferencista.com"
45.94.31.238 - - [25/Oct/2025:12:36:33 -0700] "GET /style.php HTTP/2.0" 404 109988 "http://elconferencista.com/style.php" "Go-http-client/2.0"
45.94.31.238 - - [25/Oct/2025:12:36:39 -0700] "GET /wp-content/style.php HTTP/2.0" 404 109813 "http://elconferencista.com/wp-content/style.php" "Go-http-client/2.0"
45.94.31.238 - - [25/Oct/2025:12:36:41 -0700] "GET /wp-content/themes/style.php HTTP/2.0" 404 109924 "http://elconferencista.com/wp-content/themes/style.php" "Go-http-client/2.0"
45.94.31.238 - - [25/Oct/2025:12:36:43 -0700] "GET /wp-admin/style.php HTTP/2.0" 404 109822 "http://elconferencista.com/wp-admin/style.php" "Go-http-client/2.0"
45.94.31.238 - - [25/Oct/2025:12:36:45 -0700] "GET /wp-includes/style.php HTTP/2.0" 404 109822 "http://elconferencista.com/wp-includes/style.php" "Go-http-client/2.0"
45.94.31.238 - - [25/Oct/2025:12:36:47 -0700] "GET /chosen.php?p= HTTP/2.0" 301 100 "http://elconferencista.com/chosen.php?p=" "Go-http-client/2.0"
45.94.31.238 - - [25/Oct/2025:12:36:48 -0700] "GET /chosen.php HTTP/2.0" 404 109822 "https://www.elconferencista.com/chosen.php?p=" "Go-http-client/2.0"
45.94.31.238 - - [25/Oct/2025:12:36:50 -0700] "GET /file.php HTTP/2.0" 404 109822 "http://elconferencista.com/file.php" "Go-http-client/2.0"
45.94.31.238 - - [25/Oct/2025:12:36:52 -0700] "GET /flower.php HTTP/2.0" 404 109822 "http://elconferencista.com/flower.php" "Go-http-client/2.0"
45.94.31.238 - - [25/Oct/2025:12:36:54 -0700] "GET /gifclass.php HTTP/2.0" 404 109822 "http://elconferencista.com/gifclass.php#888xyz999" "Go-http-client/2.0"
45.94.31.238 - - [25/Oct/2025:12:36:56 -0700] "GET /bless.php HTTP/2.0" 404 109822 "http://elconferencista.com/bless.php#888xyz999" "Go-http-client/2.0"
45.94.31.238 - - [25/Oct/2025:12:36:58 -0700] "GET /class-t.api.php HTTP/2.0" 404 109822 "http://elconferencista.com/class-t.api.php#888xyz999" "Go-http-client/2.0"
45.94.31.238 - - [25/Oct/2025:12:36:59 -0700] "GET /blurbs.php HTTP/2.0" 404 109822 "http://elconferencista.com/blurbs.php#888xyz999" "Go-http-client/2.0"
69.163.179.91 - - [25/Oct/2025:12:37:02 -0700] "POST /wp-cron.php?doing_wp_cron=1761421022.7864210605621337890625 HTTP/1.1" 200 3647 "-" "WordPress/6.8.3; https://www.elconferencista.com"
45.94.31.238 - - [25/Oct/2025:12:37:02 -0700] "GET /akcc.php HTTP/2.0" 404 109822 "http://elconferencista.com/akcc.php" "Go-http-client/2.0"
45.94.31.238 - - [25/Oct/2025:12:37:04 -0700] "GET /abcd.php HTTP/2.0" 404 109822 "http://elconferencista.com/abcd.php" "Go-http-client/2.0"
45.94.31.238 - - [25/Oct/2025:12:37:06 -0700] "GET /aku.php HTTP/2.0" 404 109813 "http://elconferencista.com/aku.php" "Go-http-client/2.0"
45.94.31.238 - - [25/Oct/2025:12:37:09 -0700] "GET /cord.php HTTP/2.0" 404 109822 "http://elconferencista.com/cord.php" "Go-http-client/2.0"
45.94.31.238 - - [25/Oct/2025:12:37:11 -0700] "GET /dex.php HTTP/2.0" 404 109822 "http://elconferencista.com/dex.php" "Go-http-client/2.0"
31.220.92.9 - - [25/Oct/2025:12:39:23 -0700] "GET /wp-login.php HTTP/2.0" 429 351 "-" "Mozilla/5.0 (Windows NT 10.0; Win64; x64) AppleWebKit/537.36 (KHTML, like Gecko) Chrome/130.0.0.0 Safari/537.36"
45.94.31.238 - - [25/Oct/2025:12:39:20 -0700] "GET /style.php HTTP/2.0" 404 109997 "https://ednergranados.com/style.php" "Go-http-client/2.0"
69.163.179.91 - - [25/Oct/2025:12:39:22 -0700] "POST /wp-cron.php?doing_wp_cron=1761421162.7138860225677490234375 HTTP/1.1" 200 3647 "-" "WordPress/6.8.3; https://www.elconferencista.com"
45.94.31.238 - - [25/Oct/2025:12:39:25 -0700] "GET /wp-content/style.php HTTP/2.0" 404 109822 "https://ednergranados.com/wp-content/style.php" "Go-http-client/2.0"
45.94.31.238 - - [25/Oct/2025:12:39:28 -0700] "GET /wp-content/themes/style.php HTTP/2.0" 404 109915 "https://ednergranados.com/wp-content/themes/style.php" "Go-http-client/2.0"
45.94.31.238 - - [25/Oct/2025:12:39:31 -0700] "GET /wp-admin/style.php HTTP/2.0" 404 109822 "https://ednergranados.com/wp-admin/style.php" "Go-http-client/2.0"
45.94.31.238 - - [25/Oct/2025:12:39:34 -0700] "GET /wp-includes/style.php HTTP/2.0" 404 109822 "https://ednergranados.com/wp-includes/style.php" "Go-http-client/2.0"
45.94.31.238 - - [25/Oct/2025:12:39:36 -0700] "GET /chosen.php?p= HTTP/2.0" 301 100 "https://ednergranados.com/chosen.php?p=" "Go-http-client/2.0"
45.94.31.238 - - [25/Oct/2025:12:39:37 -0700] "GET /chosen.php HTTP/2.0" 404 109822 "https://www.elconferencista.com/chosen.php?p=" "Go-http-client/2.0"
45.94.31.238 - - [25/Oct/2025:12:39:40 -0700] "GET /file.php HTTP/2.0" 404 109813 "https://ednergranados.com/file.php" "Go-http-client/2.0"
45.94.31.238 - - [25/Oct/2025:12:39:42 -0700] "GET /flower.php HTTP/2.0" 404 109822 "https://ednergranados.com/flower.php" "Go-http-client/2.0"
45.94.31.238 - - [25/Oct/2025:12:39:45 -0700] "GET /gifclass.php HTTP/2.0" 404 109822 "https://ednergranados.com/gifclass.php" "Go-http-client/2.0"
45.94.31.238 - - [25/Oct/2025:12:39:47 -0700] "GET /bless.php HTTP/2.0" 404 109822 "https://ednergranados.com/bless.php" "Go-http-client/2.0"
45.94.31.238 - - [25/Oct/2025:12:39:50 -0700] "GET /class-t.api.php HTTP/2.0" 404 109822 "https://ednergranados.com/class-t.api.php" "Go-http-client/2.0"
45.94.31.238 - - [25/Oct/2025:12:39:53 -0700] "GET /blurbs.php HTTP/2.0" 404 109822 "https://ednergranados.com/blurbs.php" "Go-http-client/2.0"
45.94.31.238 - - [25/Oct/2025:12:39:55 -0700] "GET /akcc.php HTTP/2.0" 404 109822 "https://ednergranados.com/akcc.php" "Go-http-client/2.0"
45.94.31.238 - - [25/Oct/2025:12:39:58 -0700] "GET /abcd.php HTTP/2.0" 404 109822 "https://ednergranados.com/abcd.php" "Go-http-client/2.0"
45.94.31.238 - - [25/Oct/2025:12:40:00 -0700] "GET /aku.php HTTP/2.0" 404 109822 "https://ednergranados.com/aku.php" "Go-http-client/2.0"
69.163.179.91 - - [25/Oct/2025:12:40:04 -0700] "POST /wp-cron.php?doing_wp_cron=1761421204.2422170639038085937500 HTTP/1.1" 200 3647 "-" "WordPress/6.8.3; https://www.elconferencista.com"
45.94.31.238 - - [25/Oct/2025:12:40:03 -0700] "GET /cord.php HTTP/2.0" 404 109822 "https://ednergranados.com/cord.php" "Go-http-client/2.0"
178.239.147.118 - - [25/Oct/2025:12:40:41 -0700] "GET /wp-login.php HTTP/2.0" 429 351 "-" "Mozilla/5.0 (Windows NT 10.0; Win64; x64) AppleWebKit/537.36 (KHTML, like Gecko) Chrome/130.0.0.0 Safari/537.36"
31.220.92.9 - - [25/Oct/2025:12:41:39 -0700] "GET /wp-login.php HTTP/2.0" 429 351 "-" "Mozilla/5.0 (Windows NT 10.0; Win64; x64) AppleWebKit/537.36 (KHTML, like Gecko) Chrome/130.0.0.0 Safari/537.36"
198.204.247.74 - - [25/Oct/2025:12:41:52 -0700] "GET /wp-login.php HTTP/2.0" 200 3583 "-" "Mozilla/5.0 (Windows NT 10.0; Win64; x64) AppleWebKit/537.36 (KHTML, like Gecko) Chrome/130.0.0.0 Safari/537.36"
69.163.179.91 - - [25/Oct/2025:12:41:53 -0700] "POST /wp-cron.php?doing_wp_cron=1761421313.7928299903869628906250 HTTP/1.1" 200 3647 "-" "WordPress/6.8.3; https://www.elconferencista.com"
198.204.247.74 - - [25/Oct/2025:12:41:55 -0700] "POST /wp-login.php HTTP/2.0" 200 3485 "https://www.elconferencista.com/wp-login.php" "Mozilla/5.0 (Windows NT 10.0; Win64; x64) AppleWebKit/537.36 (KHTML, like Gecko) Chrome/130.0.0.0 Safari/537.36"
45.87.42.68 - - [25/Oct/2025:12:42:12 -0700] "GET /wp-login.php HTTP/2.0" 429 352 "-" "Mozilla/5.0 (Windows NT 10.0; Win64; x64) AppleWebKit/537.36 (KHTML, like Gecko) Chrome/130.0.0.0 Safari/537.36"
162.241.153.13 - - [25/Oct/2025:12:43:28 -0700] "GET /wp-login.php HTTP/2.0" 429 363 "-" "Mozilla/5.0 (Windows NT 10.0; Win64; x64) AppleWebKit/537.36 (KHTML, like Gecko) Chrome/130.0.0.0 Safari/537.36"
128.199.157.207 - - [25/Oct/2025:12:44:05 -0700] "GET /wp-login.php HTTP/2.0" 429 362 "-" "Mozilla/5.0 (Windows NT 10.0; Win64; x64) AppleWebKit/537.36 (KHTML, like Gecko) Chrome/130.0.0.0 Safari/537.36"
205.196.221.238 - - [25/Oct/2025:12:44:07 -0700] "GET /wp-login.php HTTP/2.0" 200 3583 "-" "Mozilla/5.0 (Windows NT 10.0; Win64; x64) AppleWebKit/537.36 (KHTML, like Gecko) Chrome/130.0.0.0 Safari/537.36"
69.163.179.91 - - [25/Oct/2025:12:44:08 -0700] "POST /wp-cron.php?doing_wp_cron=1761421448.7410490512847900390625 HTTP/1.1" 200 3647 "-" "WordPress/6.8.3; https://www.elconferencista.com"
205.196.221.238 - - [25/Oct/2025:12:44:10 -0700] "POST /wp-login.php HTTP/2.0" 200 3486 "https://www.elconferencista.com/wp-login.php" "Mozilla/5.0 (Windows NT 10.0; Win64; x64) AppleWebKit/537.36 (KHTML, like Gecko) Chrome/130.0.0.0 Safari/537.36"
103.90.233.75 - - [25/Oct/2025:12:44:22 -0700] "GET /wp-login.php HTTP/2.0" 429 351 "-" "Mozilla/5.0 (Windows NT 10.0; Win64; x64) AppleWebKit/537.36 (KHTML, like Gecko) Chrome/130.0.0.0 Safari/537.36"
35.77.213.191 - - [25/Oct/2025:12:45:08 -0700] "GET /wp-login.php HTTP/2.0" 429 362 "-" "Mozilla/5.0 (Windows NT 10.0; Win64; x64) AppleWebKit/537.36 (KHTML, like Gecko) Chrome/130.0.0.0 Safari/537.36"
163.223.13.96 - - [25/Oct/2025:12:46:37 -0700] "GET /wp-login.php HTTP/2.0" 429 351 "-" "Mozilla/5.0 (Windows NT 10.0; Win64; x64) AppleWebKit/537.36 (KHTML, like Gecko) Chrome/130.0.0.0 Safari/537.36"
89.252.164.140 - - [25/Oct/2025:12:50:23 -0700] "GET /wp-login.php HTTP/2.0" 429 351 "-" "Mozilla/5.0 (Windows NT 10.0; Win64; x64) AppleWebKit/537.36 (KHTML, like Gecko) Chrome/130.0.0.0 Safari/537.36"
38.146.27.78 - - [25/Oct/2025:12:50:39 -0700] "GET /wp-login.php HTTP/2.0" 429 351 "-" "Mozilla/5.0 (Windows NT 10.0; Win64; x64) AppleWebKit/537.36 (KHTML, like Gecko) Chrome/130.0.0.0 Safari/537.36"
74.208.46.181 - - [25/Oct/2025:12:51:05 -0700] "GET /wp-login.php HTTP/2.0" 429 351 "-" "Mozilla/5.0 (Windows NT 10.0; Win64; x64) AppleWebKit/537.36 (KHTML, like Gecko) Chrome/130.0.0.0 Safari/537.36"
92.205.110.219 - - [25/Oct/2025:12:51:06 -0700] "GET /wp-login.php HTTP/2.0" 429 362 "-" "Mozilla/5.0 (Windows NT 10.0; Win64; x64) AppleWebKit/537.36 (KHTML, like Gecko) Chrome/130.0.0.0 Safari/537.36"
103.26.10.125 - - [25/Oct/2025:12:51:07 -0700] "GET /wp-login.php HTTP/2.0" 429 351 "-" "Mozilla/5.0 (Windows NT 10.0; Win64; x64) AppleWebKit/537.36 (KHTML, like Gecko) Chrome/130.0.0.0 Safari/537.36"
35.205.83.41 - - [25/Oct/2025:12:51:19 -0700] "GET /wp-login.php HTTP/2.0" 429 351 "-" "Mozilla/5.0 (Windows NT 10.0; Win64; x64) AppleWebKit/537.36 (KHTML, like Gecko) Chrome/130.0.0.0 Safari/537.36"
92.205.110.219 - - [25/Oct/2025:12:51:30 -0700] "GET /wp-login.php HTTP/2.0" 429 362 "-" "Mozilla/5.0 (Windows NT 10.0; Win64; x64) AppleWebKit/537.36 (KHTML, like Gecko) Chrome/130.0.0.0 Safari/537.36"
188.132.179.144 - - [25/Oct/2025:12:51:55 -0700] "GET /wp-login.php HTTP/2.0" 200 3583 "-" "Mozilla/5.0 (Windows NT 10.0; Win64; x64) AppleWebKit/537.36 (KHTML, like Gecko) Chrome/130.0.0.0 Safari/537.36"
69.163.179.91 - - [25/Oct/2025:12:51:56 -0700] "POST /wp-cron.php?doing_wp_cron=1761421916.6349420547485351562500 HTTP/1.1" 200 3647 "-" "WordPress/6.8.3; https://www.elconferencista.com"
188.132.179.144 - - [25/Oct/2025:12:51:58 -0700] "POST /wp-login.php HTTP/2.0" 200 3458 "https://www.elconferencista.com/wp-login.php" "Mozilla/5.0 (Windows NT 10.0; Win64; x64) AppleWebKit/537.36 (KHTML, like Gecko) Chrome/130.0.0.0 Safari/537.36"
31.220.92.9 - - [25/Oct/2025:12:52:11 -0700] "GET /wp-login.php HTTP/2.0" 429 351 "-" "Mozilla/5.0 (Windows NT 10.0; Win64; x64) AppleWebKit/537.36 (KHTML, like Gecko) Chrome/130.0.0.0 Safari/537.36"
132.148.73.213 - - [25/Oct/2025:12:53:49 -0700] "GET /wp-login.php HTTP/2.0" 429 351 "-" "Mozilla/5.0 (Windows NT 10.0; Win64; x64) AppleWebKit/537.36 (KHTML, like Gecko) Chrome/130.0.0.0 Safari/537.36"
85.114.135.165 - - [25/Oct/2025:12:53:52 -0700] "GET /wp-login.php HTTP/2.0" 429 351 "-" "Mozilla/5.0 (Windows NT 10.0; Win64; x64) AppleWebKit/537.36 (KHTML, like Gecko) Chrome/130.0.0.0 Safari/537.36"
3.212.219.113 - - [25/Oct/2025:12:54:17 -0700] "GET /robots.txt HTTP/1.1" 301 3627 "-" "Mozilla/5.0 AppleWebKit/537.36 (KHTML, like Gecko; compatible; Amazonbot/0.1; +https://developer.amazon.com/support/amazonbot) Chrome/119.0.6045.214 Safari/537.36"
3.89.170.186 - - [25/Oct/2025:12:54:17 -0700] "GET /robots.txt HTTP/1.1" 200 3640 "-" "Mozilla/5.0 AppleWebKit/537.36 (KHTML, like Gecko; compatible; Amazonbot/0.1; +https://developer.amazon.com/support/amazonbot) Chrome/119.0.6045.214 Safari/537.36"
52.45.29.57 - - [25/Oct/2025:12:54:18 -0700] "GET / HTTP/1.1" 301 3607 "-" "Mozilla/5.0 AppleWebKit/537.36 (KHTML, like Gecko; compatible; Amazonbot/0.1; +https://developer.amazon.com/support/amazonbot) Chrome/119.0.6045.214 Safari/537.36"
34.194.95.99 - - [25/Oct/2025:12:54:18 -0700] "GET /robots.txt HTTP/1.1" 200 3640 "-" "Mozilla/5.0 AppleWebKit/537.36 (KHTML, like Gecko; compatible; Amazonbot/0.1; +https://developer.amazon.com/support/amazonbot) Chrome/119.0.6045.214 Safari/537.36"
52.45.29.57 - - [25/Oct/2025:12:54:19 -0700] "GET / HTTP/1.1" 200 34665 "-" "Mozilla/5.0 AppleWebKit/537.36 (KHTML, like Gecko; compatible; Amazonbot/0.1; +https://developer.amazon.com/support/amazonbot) Chrome/119.0.6045.214 Safari/537.36"
69.163.179.91 - - [25/Oct/2025:12:54:20 -0700] "POST /wp-cron.php?doing_wp_cron=1761422060.7649910449981689453125 HTTP/1.1" 200 3647 "-" "WordPress/6.8.3; https://www.elconferencista.com"
69.163.179.91 - - [25/Oct/2025:12:55:06 -0700] "POST /wp-cron.php?doing_wp_cron=1761422105.8875329494476318359375 HTTP/1.1" 200 3647 "-" "WordPress/6.8.3; https://www.elconferencista.com"
162.0.232.166 - - [25/Oct/2025:12:55:05 -0700] "GET /wp-login.php HTTP/2.0" 200 3583 "-" "Mozilla/5.0 (Windows NT 10.0; Win64; x64) AppleWebKit/537.36 (KHTML, like Gecko) Chrome/130.0.0.0 Safari/537.36"
162.0.232.166 - - [25/Oct/2025:12:55:07 -0700] "POST /wp-login.php HTTP/2.0" 200 3458 "https://www.elconferencista.com/wp-login.php" "Mozilla/5.0 (Windows NT 10.0; Win64; x64) AppleWebKit/537.36 (KHTML, like Gecko) Chrome/130.0.0.0 Safari/537.36"
89.252.164.140 - - [25/Oct/2025:12:55:26 -0700] "GET /wp-login.php HTTP/2.0" 429 351 "-" "Mozilla/5.0 (Windows NT 10.0; Win64; x64) AppleWebKit/537.36 (KHTML, like Gecko) Chrome/130.0.0.0 Safari/537.36"
89.252.164.140 - - [25/Oct/2025:12:56:39 -0700] "GET /wp-login.php HTTP/2.0" 429 351 "-" "Mozilla/5.0 (Windows NT 10.0; Win64; x64) AppleWebKit/537.36 (KHTML, like Gecko) Chrome/130.0.0.0 Safari/537.36"
62.171.139.181 - - [25/Oct/2025:12:56:50 -0700] "GET /wp-login.php HTTP/2.0" 429 351 "-" "Mozilla/5.0 (Windows NT 10.0; Win64; x64) AppleWebKit/537.36 (KHTML, like Gecko) Chrome/130.0.0.0 Safari/537.36"
31.220.92.9 - - [25/Oct/2025:12:56:52 -0700] "GET /wp-login.php HTTP/2.0" 429 351 "-" "Mozilla/5.0 (Windows NT 10.0; Win64; x64) AppleWebKit/537.36 (KHTML, like Gecko) Chrome/130.0.0.0 Safari/537.36"
89.252.164.140 - - [25/Oct/2025:12:57:06 -0700] "GET /wp-login.php HTTP/2.0" 429 351 "-" "Mozilla/5.0 (Windows NT 10.0; Win64; x64) AppleWebKit/537.36 (KHTML, like Gecko) Chrome/130.0.0.0 Safari/537.36"
132.148.73.213 - - [25/Oct/2025:12:57:43 -0700] "GET /wp-login.php HTTP/2.0" 429 351 "-" "Mozilla/5.0 (Windows NT 10.0; Win64; x64) AppleWebKit/537.36 (KHTML, like Gecko) Chrome/130.0.0.0 Safari/537.36"
163.61.112.5 - - [25/Oct/2025:12:57:48 -0700] "GET /wp-login.php HTTP/2.0" 429 351 "-" "Mozilla/5.0 (Windows NT 10.0; Win64; x64) AppleWebKit/537.36 (KHTML, like Gecko) Chrome/130.0.0.0 Safari/537.36"
162.0.232.239 - - [25/Oct/2025:12:59:57 -0700] "GET /wp-login.php HTTP/2.0" 200 3583 "-" "Mozilla/5.0 (Windows NT 10.0; Win64; x64) AppleWebKit/537.36 (KHTML, like Gecko) Chrome/130.0.0.0 Safari/537.36"
69.163.179.91 - - [25/Oct/2025:12:59:58 -0700] "POST /wp-cron.php?doing_wp_cron=1761422398.8241579532623291015625 HTTP/1.1" 200 3647 "-" "WordPress/6.8.3; https://www.elconferencista.com"
162.0.232.239 - - [25/Oct/2025:13:00:00 -0700] "POST /wp-login.php HTTP/2.0" 200 3458 "https://www.elconferencista.com/wp-login.php" "Mozilla/5.0 (Windows NT 10.0; Win64; x64) AppleWebKit/537.36 (KHTML, like Gecko) Chrome/130.0.0.0 Safari/537.36"
178.239.147.118 - - [25/Oct/2025:13:00:03 -0700] "GET /wp-login.php HTTP/2.0" 429 351 "-" "Mozilla/5.0 (Windows NT 10.0; Win64; x64) AppleWebKit/537.36 (KHTML, like Gecko) Chrome/130.0.0.0 Safari/537.36"
69.57.161.112 - - [25/Oct/2025:13:00:05 -0700] "GET /wp-login.php HTTP/2.0" 429 351 "-" "Mozilla/5.0 (Windows NT 10.0; Win64; x64) AppleWebKit/537.36 (KHTML, like Gecko) Chrome/130.0.0.0 Safari/537.36"
132.148.73.213 - - [25/Oct/2025:13:00:09 -0700] "GET /wp-login.php HTTP/2.0" 429 351 "-" "Mozilla/5.0 (Windows NT 10.0; Win64; x64) AppleWebKit/537.36 (KHTML, like Gecko) Chrome/130.0.0.0 Safari/537.36"
167.71.249.66 - - [25/Oct/2025:13:02:21 -0700] "GET / HTTP/1.1" 200 34844 "-" "Mozilla/5.0 (X11; Linux x86_64) AppleWebKit/537.36 (KHTML, like Gecko) Chrome/139.0.0.0 Safari/537.36"
69.163.179.91 - - [25/Oct/2025:13:02:22 -0700] "POST /wp-cron.php?doing_wp_cron=1761422542.8954429626464843750000 HTTP/1.1" 200 3647 "-" "WordPress/6.8.3; https://www.elconferencista.com"
87.98.128.54 - - [25/Oct/2025:13:03:46 -0700] "GET /wp-login.php HTTP/2.0" 429 351 "-" "Mozilla/5.0 (Windows NT 10.0; Win64; x64) AppleWebKit/537.36 (KHTML, like Gecko) Chrome/130.0.0.0 Safari/537.36"
103.90.233.75 - - [25/Oct/2025:13:03:52 -0700] "GET /wp-login.php HTTP/2.0" 429 351 "-" "Mozilla/5.0 (Windows NT 10.0; Win64; x64) AppleWebKit/537.36 (KHTML, like Gecko) Chrome/130.0.0.0 Safari/537.36"
78.129.221.43 - - [25/Oct/2025:13:04:42 -0700] "GET /wp-json/wp/v2/users HTTP/1.1" 200 6265 "https://www.google.com" "Mozilla/5.0 (X11; Linux x86_64) AppleWebKit/537.36 (KHTML, like Gecko) Chrome/119.0.0.0 Safari/537.36"
69.163.179.91 - - [25/Oct/2025:13:04:43 -0700] "POST /wp-cron.php?doing_wp_cron=1761422683.9665379524230957031250 HTTP/1.1" 200 3647 "-" "WordPress/6.8.3; https://www.elconferencista.com"
78.129.221.43 - - [25/Oct/2025:13:04:56 -0700] "GET /wp-login.php HTTP/1.1" 200 6989 "https://www.google.com" "Mozilla/5.0 (X11; Linux x86_64) AppleWebKit/537.36 (KHTML, like Gecko) Chrome/119.0.0.0 Safari/537.36"
46.62.228.9 - - [25/Oct/2025:13:05:00 -0700] "GET /wp-login.php HTTP/2.0" 429 351 "-" "Mozilla/5.0 (Windows NT 10.0; Win64; x64) AppleWebKit/537.36 (KHTML, like Gecko) Chrome/130.0.0.0 Safari/537.36"
132.148.73.213 - - [25/Oct/2025:13:06:04 -0700] "GET /wp-login.php HTTP/2.0" 429 351 "-" "Mozilla/5.0 (Windows NT 10.0; Win64; x64) AppleWebKit/537.36 (KHTML, like Gecko) Chrome/130.0.0.0 Safari/537.36"
162.241.153.13 - - [25/Oct/2025:13:06:35 -0700] "GET /wp-login.php HTTP/2.0" 200 3583 "-" "Mozilla/5.0 (Windows NT 10.0; Win64; x64) AppleWebKit/537.36 (KHTML, like Gecko) Chrome/130.0.0.0 Safari/537.36"
69.163.179.91 - - [25/Oct/2025:13:06:36 -0700] "POST /wp-cron.php?doing_wp_cron=1761422796.6492509841918945312500 HTTP/1.1" 200 3647 "-" "WordPress/6.8.3; https://www.elconferencista.com"
162.241.153.13 - - [25/Oct/2025:13:06:41 -0700] "POST /wp-login.php HTTP/2.0" 200 3458 "https://www.elconferencista.com/wp-login.php" "Mozilla/5.0 (Windows NT 10.0; Win64; x64) AppleWebKit/537.36 (KHTML, like Gecko) Chrome/130.0.0.0 Safari/537.36"
132.148.73.213 - - [25/Oct/2025:13:06:49 -0700] "GET /wp-login.php HTTP/2.0" 429 351 "-" "Mozilla/5.0 (Windows NT 10.0; Win64; x64) AppleWebKit/537.36 (KHTML, like Gecko) Chrome/130.0.0.0 Safari/537.36"
46.62.228.9 - - [25/Oct/2025:13:06:51 -0700] "GET /wp-login.php HTTP/2.0" 429 351 "-" "Mozilla/5.0 (Windows NT 10.0; Win64; x64) AppleWebKit/537.36 (KHTML, like Gecko) Chrome/130.0.0.0 Safari/537.36"
103.184.125.73 - - [25/Oct/2025:13:07:12 -0700] "GET /wp-login.php HTTP/2.0" 429 342 "-" "Mozilla/5.0 (Windows NT 10.0; Win64; x64) AppleWebKit/537.36 (KHTML, like Gecko) Chrome/130.0.0.0 Safari/537.36"
178.239.147.118 - - [25/Oct/2025:13:07:14 -0700] "GET /wp-login.php HTTP/2.0" 429 351 "-" "Mozilla/5.0 (Windows NT 10.0; Win64; x64) AppleWebKit/537.36 (KHTML, like Gecko) Chrome/130.0.0.0 Safari/537.36"
178.239.147.118 - - [25/Oct/2025:13:08:10 -0700] "GET /wp-login.php HTTP/2.0" 429 351 "-" "Mozilla/5.0 (Windows NT 10.0; Win64; x64) AppleWebKit/537.36 (KHTML, like Gecko) Chrome/130.0.0.0 Safari/537.36"
46.62.228.9 - - [25/Oct/2025:13:08:27 -0700] "GET /wp-login.php HTTP/2.0" 429 351 "-" "Mozilla/5.0 (Windows NT 10.0; Win64; x64) AppleWebKit/537.36 (KHTML, like Gecko) Chrome/130.0.0.0 Safari/537.36"
85.114.135.165 - - [25/Oct/2025:13:08:31 -0700] "GET /wp-login.php HTTP/2.0" 429 351 "-" "Mozilla/5.0 (Windows NT 10.0; Win64; x64) AppleWebKit/537.36 (KHTML, like Gecko) Chrome/130.0.0.0 Safari/537.36"
172.104.166.226 - - [25/Oct/2025:13:10:28 -0700] "GET /wp-login.php HTTP/2.0" 200 3583 "-" "Mozilla/5.0 (Windows NT 10.0; Win64; x64) AppleWebKit/537.36 (KHTML, like Gecko) Chrome/130.0.0.0 Safari/537.36"
