69.171.249.16 - - [25/Oct/2025:11:56:31 -0700] "GET /robots.txt HTTP/2.0" 206 271 "-" "facebookexternalhit/1.1 (+http://www.facebook.com/externalhit_uatext.php)"
69.171.249.112 - - [25/Oct/2025:11:56:32 -0700] "GET /robots.txt HTTP/2.0" 206 271 "-" "facebookexternalhit/1.1 (+http://www.facebook.com/externalhit_uatext.php)"
162.0.235.164 - - [25/Oct/2025:11:57:57 -0700] "GET /wp-login.php HTTP/2.0" 200 3583 "-" "Mozilla/5.0 (Windows NT 10.0; Win64; x64) AppleWebKit/537.36 (KHTML, like Gecko) Chrome/130.0.0.0 Safari/537.36"
69.163.179.91 - - [25/Oct/2025:11:57:58 -0700] "POST /wp-cron.php?doing_wp_cron=1761418678.8190729618072509765625 HTTP/1.1" 200 3647 "-" "WordPress/6.8.3; https://www.elconferencista.com"
85.208.96.200 - - [25/Oct/2025:11:58:01 -0700] "GET /robots.txt HTTP/1.1" 200 3838 "-" "Mozilla/5.0 (compatible; SemrushBot/7~bl; +http://www.semrush.com/bot.html)"
162.0.235.164 - - [25/Oct/2025:11:58:00 -0700] "POST /wp-login.php HTTP/2.0" 200 3458 "https://www.elconferencista.com/wp-login.php" "Mozilla/5.0 (Windows NT 10.0; Win64; x64) AppleWebKit/537.36 (KHTML, like Gecko) Chrome/130.0.0.0 Safari/537.36"
85.208.96.197 - - [25/Oct/2025:11:58:03 -0700] "GET /robots.txt HTTP/1.1" 200 3838 "-" "Mozilla/5.0 (compatible; SemrushBot/7~bl; +http://www.semrush.com/bot.html)"
69.163.179.91 - - [25/Oct/2025:11:58:02 -0700] "POST /wp-cron.php?doing_wp_cron=1761418682.0017280578613281250000 HTTP/1.1" 200 3647 "-" "WordPress/6.8.3; https://www.elconferencista.com"
85.208.96.197 - - [25/Oct/2025:11:58:04 -0700] "GET /robots.txt HTTP/1.1" 200 3838 "-" "Mozilla/5.0 (compatible; SemrushBot/7~bl; +http://www.semrush.com/bot.html)"
185.191.171.3 - - [25/Oct/2025:11:58:05 -0700] "GET / HTTP/1.1" 200 34807 "-" "Mozilla/5.0 (compatible; SemrushBot/7~bl; +http://www.semrush.com/bot.html)"
89.252.164.140 - - [25/Oct/2025:11:59:19 -0700] "GET /wp-login.php HTTP/2.0" 429 351 "-" "Mozilla/5.0 (Windows NT 10.0; Win64; x64) AppleWebKit/537.36 (KHTML, like Gecko) Chrome/130.0.0.0 Safari/537.36"
89.252.164.140 - - [25/Oct/2025:11:59:20 -0700] "GET /wp-login.php HTTP/2.0" 429 351 "-" "Mozilla/5.0 (Windows NT 10.0; Win64; x64) AppleWebKit/537.36 (KHTML, like Gecko) Chrome/130.0.0.0 Safari/537.36"
178.239.147.118 - - [25/Oct/2025:11:59:21 -0700] "GET /wp-login.php HTTP/2.0" 429 351 "-" "Mozilla/5.0 (Windows NT 10.0; Win64; x64) AppleWebKit/537.36 (KHTML, like Gecko) Chrome/130.0.0.0 Safari/537.36"
87.98.128.54 - - [25/Oct/2025:11:59:47 -0700] "GET /wp-login.php HTTP/2.0" 429 351 "-" "Mozilla/5.0 (Windows NT 10.0; Win64; x64) AppleWebKit/537.36 (KHTML, like Gecko) Chrome/130.0.0.0 Safari/537.36"
85.114.135.165 - - [25/Oct/2025:11:59:56 -0700] "GET /wp-login.php HTTP/2.0" 429 351 "-" "Mozilla/5.0 (Windows NT 10.0; Win64; x64) AppleWebKit/537.36 (KHTML, like Gecko) Chrome/130.0.0.0 Safari/537.36"
128.199.157.207 - - [25/Oct/2025:12:01:16 -0700] "GET /wp-login.php HTTP/2.0" 200 3583 "-" "Mozilla/5.0 (Windows NT 10.0; Win64; x64) AppleWebKit/537.36 (KHTML, like Gecko) Chrome/130.0.0.0 Safari/537.36"
69.163.179.91 - - [25/Oct/2025:12:01:18 -0700] "POST /wp-cron.php?doing_wp_cron=1761418878.1443939208984375000000 HTTP/1.1" 200 3647 "-" "WordPress/6.8.3; https://www.elconferencista.com"
128.199.157.207 - - [25/Oct/2025:12:01:20 -0700] "POST /wp-login.php HTTP/2.0" 200 3458 "https://www.elconferencista.com/wp-login.php" "Mozilla/5.0 (Windows NT 10.0; Win64; x64) AppleWebKit/537.36 (KHTML, like Gecko) Chrome/130.0.0.0 Safari/537.36"
173.231.249.1 - - [25/Oct/2025:12:02:21 -0700] "GET /wp-login.php HTTP/2.0" 429 363 "-" "Mozilla/5.0 (Windows NT 10.0; Win64; x64) AppleWebKit/537.36 (KHTML, like Gecko) Chrome/130.0.0.0 Safari/537.36"
89.117.74.114 - - [25/Oct/2025:12:02:49 -0700] "GET /wp-login.php HTTP/2.0" 429 351 "-" "Mozilla/5.0 (Windows NT 10.0; Win64; x64) AppleWebKit/537.36 (KHTML, like Gecko) Chrome/130.0.0.0 Safari/537.36"
128.199.157.207 - - [25/Oct/2025:12:03:10 -0700] "GET /wp-login.php HTTP/2.0" 200 3583 "-" "Mozilla/5.0 (Windows NT 10.0; Win64; x64) AppleWebKit/537.36 (KHTML, like Gecko) Chrome/130.0.0.0 Safari/537.36"
69.163.179.91 - - [25/Oct/2025:12:03:12 -0700] "POST /wp-cron.php?doing_wp_cron=1761418992.0108900070190429687500 HTTP/1.1" 200 3647 "-" "WordPress/6.8.3; https://www.elconferencista.com"
128.199.157.207 - - [25/Oct/2025:12:03:14 -0700] "POST /wp-login.php HTTP/2.0" 200 3458 "https://www.elconferencista.com/wp-login.php" "Mozilla/5.0 (Windows NT 10.0; Win64; x64) AppleWebKit/537.36 (KHTML, like Gecko) Chrome/130.0.0.0 Safari/537.36"
36.255.98.220 - - [25/Oct/2025:12:04:21 -0700] "GET / HTTP/1.1" 301 3805 "-" "Mozilla/5.0 (Macintosh; Intel Mac OS X 10_14_5) AppleWebKit/537.36 (KHTML, like Gecko) Chrome/69.0.3497.100 Safari/537.36"
74.208.92.227 - - [25/Oct/2025:12:04:22 -0700] "GET /wp-login.php HTTP/2.0" 429 351 "-" "Mozilla/4.0 (compatible; MSIE 7.0; Windows NT 10.0; WOW64; Trident/7.0; .NET4.0C; .NET4.0E; .NET CLR 2.0.50727; .NET CLR 3.0.30729; .NET CLR 3.5.30729)"
74.208.92.227 - - [25/Oct/2025:12:04:24 -0700] "POST /wp-login.php HTTP/2.0" 429 278 "https://www.elconferencista.com/wp-login.php" "Mozilla/4.0 (compatible; MSIE 7.0; Windows NT 10.0; WOW64; Trident/7.0; .NET4.0C; .NET4.0E; .NET CLR 2.0.50727; .NET CLR 3.0.30729; .NET CLR 3.5.30729)"
103.152.12.27 - - [25/Oct/2025:12:05:01 -0700] "GET /wp-login.php HTTP/2.0" 429 351 "-" "Mozilla/5.0 (Windows NT 10.0; Win64; x64) AppleWebKit/537.36 (KHTML, like Gecko) Chrome/130.0.0.0 Safari/537.36"
89.117.74.114 - - [25/Oct/2025:12:05:04 -0700] "GET /wp-login.php HTTP/2.0" 429 351 "-" "Mozilla/5.0 (Windows NT 10.0; Win64; x64) AppleWebKit/537.36 (KHTML, like Gecko) Chrome/130.0.0.0 Safari/537.36"
62.171.139.181 - - [25/Oct/2025:12:05:06 -0700] "GET /wp-login.php HTTP/2.0" 429 351 "-" "Mozilla/5.0 (Windows NT 10.0; Win64; x64) AppleWebKit/537.36 (KHTML, like Gecko) Chrome/130.0.0.0 Safari/537.36"
103.90.233.75 - - [25/Oct/2025:12:07:36 -0700] "GET /wp-login.php HTTP/2.0" 429 351 "-" "Mozilla/5.0 (Windows NT 10.0; Win64; x64) AppleWebKit/537.36 (KHTML, like Gecko) Chrome/130.0.0.0 Safari/537.36"
128.199.157.207 - - [25/Oct/2025:12:07:54 -0700] "GET /wp-login.php HTTP/2.0" 429 362 "-" "Mozilla/5.0 (Windows NT 10.0; Win64; x64) AppleWebKit/537.36 (KHTML, like Gecko) Chrome/130.0.0.0 Safari/537.36"
128.199.157.207 - - [25/Oct/2025:12:08:21 -0700] "GET /wp-login.php HTTP/2.0" 429 362 "-" "Mozilla/5.0 (Windows NT 10.0; Win64; x64) AppleWebKit/537.36 (KHTML, like Gecko) Chrome/130.0.0.0 Safari/537.36"
35.205.83.41 - - [25/Oct/2025:12:09:26 -0700] "GET /wp-login.php HTTP/2.0" 429 354 "-" "Mozilla/5.0 (Windows NT 10.0; Win64; x64) AppleWebKit/537.36 (KHTML, like Gecko) Chrome/130.0.0.0 Safari/537.36"
45.64.185.141 - - [25/Oct/2025:12:09:29 -0700] "GET /wp-login.php HTTP/2.0" 429 343 "-" "Mozilla/5.0 (Windows NT 10.0; Win64; x64) AppleWebKit/537.36 (KHTML, like Gecko) Chrome/130.0.0.0 Safari/537.36"
178.239.147.118 - - [25/Oct/2025:12:10:27 -0700] "GET /wp-login.php HTTP/2.0" 429 351 "-" "Mozilla/5.0 (Windows NT 10.0; Win64; x64) AppleWebKit/537.36 (KHTML, like Gecko) Chrome/130.0.0.0 Safari/537.36"
128.199.157.207 - - [25/Oct/2025:12:10:28 -0700] "GET /wp-login.php HTTP/2.0" 429 362 "-" "Mozilla/5.0 (Windows NT 10.0; Win64; x64) AppleWebKit/537.36 (KHTML, like Gecko) Chrome/130.0.0.0 Safari/537.36"
89.252.164.140 - - [25/Oct/2025:12:10:32 -0700] "GET /wp-login.php HTTP/2.0" 429 351 "-" "Mozilla/5.0 (Windows NT 10.0; Win64; x64) AppleWebKit/537.36 (KHTML, like Gecko) Chrome/130.0.0.0 Safari/537.36"
128.199.157.207 - - [25/Oct/2025:12:10:48 -0700] "GET /wp-login.php HTTP/2.0" 429 362 "-" "Mozilla/5.0 (Windows NT 10.0; Win64; x64) AppleWebKit/537.36 (KHTML, like Gecko) Chrome/130.0.0.0 Safari/537.36"
178.239.147.118 - - [25/Oct/2025:12:10:51 -0700] "GET /wp-login.php HTTP/2.0" 429 351 "-" "Mozilla/5.0 (Windows NT 10.0; Win64; x64) AppleWebKit/537.36 (KHTML, like Gecko) Chrome/130.0.0.0 Safari/537.36"
43.224.34.83 - - [25/Oct/2025:12:13:51 -0700] "GET /wp-login.php HTTP/2.0" 429 351 "-" "Mozilla/5.0 (Windows NT 10.0; Win64; x64) AppleWebKit/537.36 (KHTML, like Gecko) Chrome/130.0.0.0 Safari/537.36"
173.252.70.5 - - [25/Oct/2025:12:14:26 -0700] "GET /robots.txt HTTP/2.0" 206 271 "-" "facebookexternalhit/1.1 (+http://www.facebook.com/externalhit_uatext.php)"
69.171.249.117 - - [25/Oct/2025:12:14:26 -0700] "GET /robots.txt HTTP/2.0" 206 271 "-" "facebookexternalhit/1.1 (+http://www.facebook.com/externalhit_uatext.php)"
89.117.74.114 - - [25/Oct/2025:12:14:55 -0700] "GET /wp-login.php HTTP/2.0" 429 351 "-" "Mozilla/5.0 (Windows NT 10.0; Win64; x64) AppleWebKit/537.36 (KHTML, like Gecko) Chrome/130.0.0.0 Safari/537.36"
178.239.147.118 - - [25/Oct/2025:12:14:58 -0700] "GET /wp-login.php HTTP/2.0" 429 351 "-" "Mozilla/5.0 (Windows NT 10.0; Win64; x64) AppleWebKit/537.36 (KHTML, like Gecko) Chrome/130.0.0.0 Safari/537.36"
89.252.164.140 - - [25/Oct/2025:12:15:00 -0700] "GET /wp-login.php HTTP/2.0" 429 351 "-" "Mozilla/5.0 (Windows NT 10.0; Win64; x64) AppleWebKit/537.36 (KHTML, like Gecko) Chrome/130.0.0.0 Safari/537.36"
173.239.224.41 - - [25/Oct/2025:12:15:22 -0700] "GET / HTTP/1.1" 200 34843 "-" "Mozilla/5.0 (Windows NT 10.0; WOW64; x64) AppleWebKit/537.36 (KHTML, like Gecko) Chrome/114.0.0.0 Safari/537.36 OPR/89.0.4447.51"
69.163.179.91 - - [25/Oct/2025:12:15:23 -0700] "POST /wp-cron.php?doing_wp_cron=1761419723.8831241130828857421875 HTTP/1.1" 200 3647 "-" "WordPress/6.8.3; https://www.elconferencista.com"
64.38.145.230 - - [25/Oct/2025:12:16:01 -0700] "GET /wp-login.php HTTP/2.0" 429 351 "-" "Mozilla/5.0 (Windows NT 10.0; Win64; x64) AppleWebKit/537.36 (KHTML, like Gecko) Chrome/130.0.0.0 Safari/537.36"
62.171.139.181 - - [25/Oct/2025:12:16:03 -0700] "GET /wp-login.php HTTP/2.0" 429 351 "-" "Mozilla/5.0 (Windows NT 10.0; Win64; x64) AppleWebKit/537.36 (KHTML, like Gecko) Chrome/130.0.0.0 Safari/537.36"
69.163.179.91 - - [25/Oct/2025:12:16:43 -0700] "POST /wp-cron.php?doing_wp_cron=1761419803.6775848865509033203125 HTTP/1.1" 200 3647 "-" "WordPress/6.8.3; https://www.elconferencista.com"
18.216.26.252 - - [25/Oct/2025:12:16:42 -0700] "GET / HTTP/1.1" 200 34859 "https://www.google.com/" "Mozilla/5.0 (Windows NT 5.1; WOW64) AppleWebKit/535.27 (KHTML, like Gecko) Chrome/9.0.1420.39 Safari/536.12"
18.216.26.252 - - [25/Oct/2025:12:16:45 -0700] "GET /.env HTTP/1.1" 404 113988 "https://www.google.com/" "Mozilla/5.0 (Windows NT 5.1; WOW64) AppleWebKit/535.27 (KHTML, like Gecko) Chrome/9.0.1420.39 Safari/536.12"
18.216.26.252 - - [25/Oct/2025:12:16:47 -0700] "GET /.env.local HTTP/1.1" 404 110623 "https://www.google.com/" "Mozilla/5.0 (Windows NT 5.1; WOW64) AppleWebKit/535.27 (KHTML, like Gecko) Chrome/9.0.1420.39 Safari/536.12"
18.216.26.252 - - [25/Oct/2025:12:16:49 -0700] "GET /.env.dev HTTP/1.1" 404 110623 "https://www.google.com/" "Mozilla/5.0 (Windows NT 5.1; WOW64) AppleWebKit/535.27 (KHTML, like Gecko) Chrome/9.0.1420.39 Safari/536.12"
18.216.26.252 - - [25/Oct/2025:12:16:50 -0700] "GET /.env.prod HTTP/1.1" 404 110623 "https://www.google.com/" "Mozilla/5.0 (Windows NT 5.1; WOW64) AppleWebKit/535.27 (KHTML, like Gecko) Chrome/9.0.1420.39 Safari/536.12"
18.216.26.252 - - [25/Oct/2025:12:16:52 -0700] "GET /.env.staging HTTP/1.1" 404 110623 "https://www.google.com/" "Mozilla/5.0 (Windows NT 5.1; WOW64) AppleWebKit/535.27 (KHTML, like Gecko) Chrome/9.0.1420.39 Safari/536.12"
18.216.26.252 - - [25/Oct/2025:12:16:55 -0700] "GET /.env.development HTTP/1.1" 404 110623 "https://www.google.com/" "Mozilla/5.0 (Windows NT 5.1; WOW64) AppleWebKit/535.27 (KHTML, like Gecko) Chrome/9.0.1420.39 Safari/536.12"
18.216.26.252 - - [25/Oct/2025:12:16:57 -0700] "GET /.env.production HTTP/1.1" 404 110623 "https://www.google.com/" "Mozilla/5.0 (Windows NT 5.1; WOW64) AppleWebKit/535.27 (KHTML, like Gecko) Chrome/9.0.1420.39 Safari/536.12"
18.216.26.252 - - [25/Oct/2025:12:16:59 -0700] "GET /.env.test HTTP/1.1" 404 110623 "https://www.google.com/" "Mozilla/5.0 (Windows NT 5.1; WOW64) AppleWebKit/535.27 (KHTML, like Gecko) Chrome/9.0.1420.39 Safari/536.12"
69.163.179.91 - - [25/Oct/2025:12:17:03 -0700] "POST /wp-cron.php?doing_wp_cron=1761419823.4029889106750488281250 HTTP/1.1" 200 3647 "-" "WordPress/6.8.3; https://www.elconferencista.com"
18.216.26.252 - - [25/Oct/2025:12:17:01 -0700] "GET /.env.backup HTTP/1.1" 404 110623 "https://www.google.com/" "Mozilla/5.0 (Windows NT 5.1; WOW64) AppleWebKit/535.27 (KHTML, like Gecko) Chrome/9.0.1420.39 Safari/536.12"
18.216.26.252 - - [25/Oct/2025:12:17:05 -0700] "GET /.env.example HTTP/1.1" 404 110623 "https://www.google.com/" "Mozilla/5.0 (Windows NT 5.1; WOW64) AppleWebKit/535.27 (KHTML, like Gecko) Chrome/9.0.1420.39 Safari/536.12"
18.216.26.252 - - [25/Oct/2025:12:17:08 -0700] "GET /.env.sample HTTP/1.1" 404 110623 "https://www.google.com/" "Mozilla/5.0 (Windows NT 5.1; WOW64) AppleWebKit/535.27 (KHTML, like Gecko) Chrome/9.0.1420.39 Safari/536.12"
18.216.26.252 - - [25/Oct/2025:12:17:10 -0700] "GET /.env.old HTTP/1.1" 404 110623 "https://www.google.com/" "Mozilla/5.0 (Windows NT 5.1; WOW64) AppleWebKit/535.27 (KHTML, like Gecko) Chrome/9.0.1420.39 Safari/536.12"
18.216.26.252 - - [25/Oct/2025:12:17:12 -0700] "GET /.env.bak HTTP/1.1" 404 110623 "https://www.google.com/" "Mozilla/5.0 (Windows NT 5.1; WOW64) AppleWebKit/535.27 (KHTML, like Gecko) Chrome/9.0.1420.39 Safari/536.12"
18.216.26.252 - - [25/Oct/2025:12:17:13 -0700] "GET /.env.save HTTP/1.1" 404 110623 "https://www.google.com/" "Mozilla/5.0 (Windows NT 5.1; WOW64) AppleWebKit/535.27 (KHTML, like Gecko) Chrome/9.0.1420.39 Safari/536.12"
3.34.183.174 - - [25/Oct/2025:12:17:15 -0700] "GET /wp-login.php HTTP/2.0" 429 351 "-" "Mozilla/5.0 (Windows NT 10.0; Win64; x64) AppleWebKit/537.36 (KHTML, like Gecko) Chrome/130.0.0.0 Safari/537.36"
18.216.26.252 - - [25/Oct/2025:12:17:15 -0700] "GET /.env.orig HTTP/1.1" 404 110623 "https://www.google.com/" "Mozilla/5.0 (Windows NT 5.1; WOW64) AppleWebKit/535.27 (KHTML, like Gecko) Chrome/9.0.1420.39 Safari/536.12"
18.216.26.252 - - [25/Oct/2025:12:17:16 -0700] "GET /.env.swp HTTP/1.1" 404 110623 "https://www.google.com/" "Mozilla/5.0 (Windows NT 5.1; WOW64) AppleWebKit/535.27 (KHTML, like Gecko) Chrome/9.0.1420.39 Safari/536.12"
18.216.26.252 - - [25/Oct/2025:12:17:18 -0700] "GET /.env~ HTTP/1.1" 404 110623 "https://www.google.com/" "Mozilla/5.0 (Windows NT 5.1; WOW64) AppleWebKit/535.27 (KHTML, like Gecko) Chrome/9.0.1420.39 Safari/536.12"
18.216.26.252 - - [25/Oct/2025:12:17:20 -0700] "GET /.env.tmp HTTP/1.1" 404 110623 "https://www.google.com/" "Mozilla/5.0 (Windows NT 5.1; WOW64) AppleWebKit/535.27 (KHTML, like Gecko) Chrome/9.0.1420.39 Safari/536.12"
18.216.26.252 - - [25/Oct/2025:12:17:21 -0700] "GET /.env.dist HTTP/1.1" 404 110623 "https://www.google.com/" "Mozilla/5.0 (Windows NT 5.1; WOW64) AppleWebKit/535.27 (KHTML, like Gecko) Chrome/9.0.1420.39 Safari/536.12"
18.216.26.252 - - [25/Oct/2025:12:17:23 -0700] "GET /admin/.env HTTP/1.1" 404 110623 "https://www.google.com/" "Mozilla/5.0 (Windows NT 5.1; WOW64) AppleWebKit/535.27 (KHTML, like Gecko) Chrome/9.0.1420.39 Safari/536.12"
18.216.26.252 - - [25/Oct/2025:12:17:24 -0700] "GET /admin/.env.save HTTP/1.1" 404 110623 "https://www.google.com/" "Mozilla/5.0 (Windows NT 5.1; WOW64) AppleWebKit/535.27 (KHTML, like Gecko) Chrome/9.0.1420.39 Safari/536.12"
18.216.26.252 - - [25/Oct/2025:12:17:26 -0700] "GET /admin/.env.bak HTTP/1.1" 404 110623 "https://www.google.com/" "Mozilla/5.0 (Windows NT 5.1; WOW64) AppleWebKit/535.27 (KHTML, like Gecko) Chrome/9.0.1420.39 Safari/536.12"
18.216.26.252 - - [25/Oct/2025:12:17:27 -0700] "GET /admin/.env.old HTTP/1.1" 404 110623 "https://www.google.com/" "Mozilla/5.0 (Windows NT 5.1; WOW64) AppleWebKit/535.27 (KHTML, like Gecko) Chrome/9.0.1420.39 Safari/536.12"
18.216.26.252 - - [25/Oct/2025:12:17:29 -0700] "GET /api/.env HTTP/1.1" 404 110623 "https://www.google.com/" "Mozilla/5.0 (Windows NT 5.1; WOW64) AppleWebKit/535.27 (KHTML, like Gecko) Chrome/9.0.1420.39 Safari/536.12"
18.216.26.252 - - [25/Oct/2025:12:17:30 -0700] "GET /api/.env.save HTTP/1.1" 404 110623 "https://www.google.com/" "Mozilla/5.0 (Windows NT 5.1; WOW64) AppleWebKit/535.27 (KHTML, like Gecko) Chrome/9.0.1420.39 Safari/536.12"
88.99.242.20 - - [25/Oct/2025:12:17:32 -0700] "GET /wp-login.php HTTP/2.0" 429 351 "-" "Mozilla/5.0 (Windows NT 10.0; Win64; x64) AppleWebKit/537.36 (KHTML, like Gecko) Chrome/130.0.0.0 Safari/537.36"
18.216.26.252 - - [25/Oct/2025:12:17:32 -0700] "GET /api/.env.bak HTTP/1.1" 404 110623 "https://www.google.com/" "Mozilla/5.0 (Windows NT 5.1; WOW64) AppleWebKit/535.27 (KHTML, like Gecko) Chrome/9.0.1420.39 Safari/536.12"
18.216.26.252 - - [25/Oct/2025:12:17:33 -0700] "GET /api/.env.old HTTP/1.1" 404 110623 "https://www.google.com/" "Mozilla/5.0 (Windows NT 5.1; WOW64) AppleWebKit/535.27 (KHTML, like Gecko) Chrome/9.0.1420.39 Safari/536.12"
18.216.26.252 - - [25/Oct/2025:12:17:34 -0700] "GET /app/.env HTTP/1.1" 404 110623 "https://www.google.com/" "Mozilla/5.0 (Windows NT 5.1; WOW64) AppleWebKit/535.27 (KHTML, like Gecko) Chrome/9.0.1420.39 Safari/536.12"
18.216.26.252 - - [25/Oct/2025:12:17:36 -0700] "GET /app/.env.save HTTP/1.1" 404 110623 "https://www.google.com/" "Mozilla/5.0 (Windows NT 5.1; WOW64) AppleWebKit/535.27 (KHTML, like Gecko) Chrome/9.0.1420.39 Safari/536.12"
18.216.26.252 - - [25/Oct/2025:12:17:37 -0700] "GET /app/.env.bak HTTP/1.1" 404 110623 "https://www.google.com/" "Mozilla/5.0 (Windows NT 5.1; WOW64) AppleWebKit/535.27 (KHTML, like Gecko) Chrome/9.0.1420.39 Safari/536.12"
128.199.157.207 - - [25/Oct/2025:12:17:39 -0700] "GET /wp-login.php HTTP/2.0" 429 362 "-" "Mozilla/5.0 (Windows NT 10.0; Win64; x64) AppleWebKit/537.36 (KHTML, like Gecko) Chrome/130.0.0.0 Safari/537.36"
18.216.26.252 - - [25/Oct/2025:12:17:38 -0700] "GET /app/.env.old HTTP/1.1" 404 110623 "https://www.google.com/" "Mozilla/5.0 (Windows NT 5.1; WOW64) AppleWebKit/535.27 (KHTML, like Gecko) Chrome/9.0.1420.39 Safari/536.12"
89.252.164.140 - - [25/Oct/2025:12:17:41 -0700] "GET /wp-login.php HTTP/2.0" 429 351 "-" "Mozilla/5.0 (Windows NT 10.0; Win64; x64) AppleWebKit/537.36 (KHTML, like Gecko) Chrome/130.0.0.0 Safari/537.36"
18.216.26.252 - - [25/Oct/2025:12:17:40 -0700] "GET /config/.env HTTP/1.1" 404 110623 "https://www.google.com/" "Mozilla/5.0 (Windows NT 5.1; WOW64) AppleWebKit/535.27 (KHTML, like Gecko) Chrome/9.0.1420.39 Safari/536.12"
92.205.110.219 - - [25/Oct/2025:12:17:42 -0700] "GET /wp-login.php HTTP/2.0" 429 362 "-" "Mozilla/5.0 (Windows NT 10.0; Win64; x64) AppleWebKit/537.36 (KHTML, like Gecko) Chrome/130.0.0.0 Safari/537.36"
18.216.26.252 - - [25/Oct/2025:12:17:41 -0700] "GET /config/.env.save HTTP/1.1" 404 110623 "https://www.google.com/" "Mozilla/5.0 (Windows NT 5.1; WOW64) AppleWebKit/535.27 (KHTML, like Gecko) Chrome/9.0.1420.39 Safari/536.12"
18.216.26.252 - - [25/Oct/2025:12:17:43 -0700] "GET /config/.env.bak HTTP/1.1" 404 110623 "https://www.google.com/" "Mozilla/5.0 (Windows NT 5.1; WOW64) AppleWebKit/535.27 (KHTML, like Gecko) Chrome/9.0.1420.39 Safari/536.12"
18.216.26.252 - - [25/Oct/2025:12:17:44 -0700] "GET /config/.env.old HTTP/1.1" 404 110623 "https://www.google.com/" "Mozilla/5.0 (Windows NT 5.1; WOW64) AppleWebKit/535.27 (KHTML, like Gecko) Chrome/9.0.1420.39 Safari/536.12"
18.216.26.252 - - [25/Oct/2025:12:17:46 -0700] "GET /src/.env HTTP/1.1" 404 110623 "https://www.google.com/" "Mozilla/5.0 (Windows NT 5.1; WOW64) AppleWebKit/535.27 (KHTML, like Gecko) Chrome/9.0.1420.39 Safari/536.12"
18.216.26.252 - - [25/Oct/2025:12:17:47 -0700] "GET /src/.env.save HTTP/1.1" 404 110623 "https://www.google.com/" "Mozilla/5.0 (Windows NT 5.1; WOW64) AppleWebKit/535.27 (KHTML, like Gecko) Chrome/9.0.1420.39 Safari/536.12"
18.216.26.252 - - [25/Oct/2025:12:17:49 -0700] "GET /src/.env.bak HTTP/1.1" 404 110623 "https://www.google.com/" "Mozilla/5.0 (Windows NT 5.1; WOW64) AppleWebKit/535.27 (KHTML, like Gecko) Chrome/9.0.1420.39 Safari/536.12"
18.216.26.252 - - [25/Oct/2025:12:17:50 -0700] "GET /src/.env.old HTTP/1.1" 404 110623 "https://www.google.com/" "Mozilla/5.0 (Windows NT 5.1; WOW64) AppleWebKit/535.27 (KHTML, like Gecko) Chrome/9.0.1420.39 Safari/536.12"
18.216.26.252 - - [25/Oct/2025:12:17:51 -0700] "GET /public/.env HTTP/1.1" 404 110623 "https://www.google.com/" "Mozilla/5.0 (Windows NT 5.1; WOW64) AppleWebKit/535.27 (KHTML, like Gecko) Chrome/9.0.1420.39 Safari/536.12"
18.216.26.252 - - [25/Oct/2025:12:17:52 -0700] "GET /public/.env.save HTTP/1.1" 404 110623 "https://www.google.com/" "Mozilla/5.0 (Windows NT 5.1; WOW64) AppleWebKit/535.27 (KHTML, like Gecko) Chrome/9.0.1420.39 Safari/536.12"
18.216.26.252 - - [25/Oct/2025:12:17:54 -0700] "GET /public/.env.bak HTTP/1.1" 404 110623 "https://www.google.com/" "Mozilla/5.0 (Windows NT 5.1; WOW64) AppleWebKit/535.27 (KHTML, like Gecko) Chrome/9.0.1420.39 Safari/536.12"
18.216.26.252 - - [25/Oct/2025:12:17:56 -0700] "GET /public/.env.old HTTP/1.1" 404 110623 "https://www.google.com/" "Mozilla/5.0 (Windows NT 5.1; WOW64) AppleWebKit/535.27 (KHTML, like Gecko) Chrome/9.0.1420.39 Safari/536.12"
18.216.26.252 - - [25/Oct/2025:12:17:57 -0700] "GET /assets/.env HTTP/1.1" 404 110601 "https://www.google.com/" "Mozilla/5.0 (Windows NT 5.1; WOW64) AppleWebKit/535.27 (KHTML, like Gecko) Chrome/9.0.1420.39 Safari/536.12"
18.216.26.252 - - [25/Oct/2025:12:17:58 -0700] "GET /assets/.env.save HTTP/1.1" 404 110623 "https://www.google.com/" "Mozilla/5.0 (Windows NT 5.1; WOW64) AppleWebKit/535.27 (KHTML, like Gecko) Chrome/9.0.1420.39 Safari/536.12"
18.216.26.252 - - [25/Oct/2025:12:18:00 -0700] "GET /assets/.env.bak HTTP/1.1" 404 110623 "https://www.google.com/" "Mozilla/5.0 (Windows NT 5.1; WOW64) AppleWebKit/535.27 (KHTML, like Gecko) Chrome/9.0.1420.39 Safari/536.12"
18.216.26.252 - - [25/Oct/2025:12:18:01 -0700] "GET /assets/.env.old HTTP/1.1" 404 110623 "https://www.google.com/" "Mozilla/5.0 (Windows NT 5.1; WOW64) AppleWebKit/535.27 (KHTML, like Gecko) Chrome/9.0.1420.39 Safari/536.12"
69.163.179.91 - - [25/Oct/2025:12:18:03 -0700] "POST /wp-cron.php?doing_wp_cron=1761419883.2794139385223388671875 HTTP/1.1" 200 3647 "-" "WordPress/6.8.3; https://www.elconferencista.com"
18.216.26.252 - - [25/Oct/2025:12:18:02 -0700] "GET /includes/.env HTTP/1.1" 404 110623 "https://www.google.com/" "Mozilla/5.0 (Windows NT 5.1; WOW64) AppleWebKit/535.27 (KHTML, like Gecko) Chrome/9.0.1420.39 Safari/536.12"
18.216.26.252 - - [25/Oct/2025:12:18:04 -0700] "GET /includes/.env.save HTTP/1.1" 404 110623 "https://www.google.com/" "Mozilla/5.0 (Windows NT 5.1; WOW64) AppleWebKit/535.27 (KHTML, like Gecko) Chrome/9.0.1420.39 Safari/536.12"
18.216.26.252 - - [25/Oct/2025:12:18:05 -0700] "GET /includes/.env.bak HTTP/1.1" 404 110623 "https://www.google.com/" "Mozilla/5.0 (Windows NT 5.1; WOW64) AppleWebKit/535.27 (KHTML, like Gecko) Chrome/9.0.1420.39 Safari/536.12"
18.216.26.252 - - [25/Oct/2025:12:18:07 -0700] "GET /includes/.env.old HTTP/1.1" 404 110623 "https://www.google.com/" "Mozilla/5.0 (Windows NT 5.1; WOW64) AppleWebKit/535.27 (KHTML, like Gecko) Chrome/9.0.1420.39 Safari/536.12"
18.216.26.252 - - [25/Oct/2025:12:18:08 -0700] "GET /lib/.env HTTP/1.1" 404 110623 "https://www.google.com/" "Mozilla/5.0 (Windows NT 5.1; WOW64) AppleWebKit/535.27 (KHTML, like Gecko) Chrome/9.0.1420.39 Safari/536.12"
18.216.26.252 - - [25/Oct/2025:12:18:09 -0700] "GET /lib/.env.save HTTP/1.1" 404 110601 "https://www.google.com/" "Mozilla/5.0 (Windows NT 5.1; WOW64) AppleWebKit/535.27 (KHTML, like Gecko) Chrome/9.0.1420.39 Safari/536.12"
18.216.26.252 - - [25/Oct/2025:12:18:10 -0700] "GET /lib/.env.bak HTTP/1.1" 404 110623 "https://www.google.com/" "Mozilla/5.0 (Windows NT 5.1; WOW64) AppleWebKit/535.27 (KHTML, like Gecko) Chrome/9.0.1420.39 Safari/536.12"
18.216.26.252 - - [25/Oct/2025:12:18:12 -0700] "GET /lib/.env.old HTTP/1.1" 404 110623 "https://www.google.com/" "Mozilla/5.0 (Windows NT 5.1; WOW64) AppleWebKit/535.27 (KHTML, like Gecko) Chrome/9.0.1420.39 Safari/536.12"
18.216.26.252 - - [25/Oct/2025:12:18:13 -0700] "GET /application/.env HTTP/1.1" 404 110623 "https://www.google.com/" "Mozilla/5.0 (Windows NT 5.1; WOW64) AppleWebKit/535.27 (KHTML, like Gecko) Chrome/9.0.1420.39 Safari/536.12"
18.216.26.252 - - [25/Oct/2025:12:18:14 -0700] "GET /application/.env.save HTTP/1.1" 404 110623 "https://www.google.com/" "Mozilla/5.0 (Windows NT 5.1; WOW64) AppleWebKit/535.27 (KHTML, like Gecko) Chrome/9.0.1420.39 Safari/536.12"
18.216.26.252 - - [25/Oct/2025:12:18:16 -0700] "GET /application/.env.bak HTTP/1.1" 404 110623 "https://www.google.com/" "Mozilla/5.0 (Windows NT 5.1; WOW64) AppleWebKit/535.27 (KHTML, like Gecko) Chrome/9.0.1420.39 Safari/536.12"
18.216.26.252 - - [25/Oct/2025:12:18:17 -0700] "GET /application/.env.old HTTP/1.1" 404 110601 "https://www.google.com/" "Mozilla/5.0 (Windows NT 5.1; WOW64) AppleWebKit/535.27 (KHTML, like Gecko) Chrome/9.0.1420.39 Safari/536.12"
18.216.26.252 - - [25/Oct/2025:12:18:19 -0700] "GET /system/.env HTTP/1.1" 404 110623 "https://www.google.com/" "Mozilla/5.0 (Windows NT 5.1; WOW64) AppleWebKit/535.27 (KHTML, like Gecko) Chrome/9.0.1420.39 Safari/536.12"
18.216.26.252 - - [25/Oct/2025:12:18:20 -0700] "GET /system/.env.save HTTP/1.1" 404 110623 "https://www.google.com/" "Mozilla/5.0 (Windows NT 5.1; WOW64) AppleWebKit/535.27 (KHTML, like Gecko) Chrome/9.0.1420.39 Safari/536.12"
18.216.26.252 - - [25/Oct/2025:12:18:22 -0700] "GET /system/.env.bak HTTP/1.1" 404 110623 "https://www.google.com/" "Mozilla/5.0 (Windows NT 5.1; WOW64) AppleWebKit/535.27 (KHTML, like Gecko) Chrome/9.0.1420.39 Safari/536.12"
18.216.26.252 - - [25/Oct/2025:12:18:24 -0700] "GET /system/.env.old HTTP/1.1" 404 110623 "https://www.google.com/" "Mozilla/5.0 (Windows NT 5.1; WOW64) AppleWebKit/535.27 (KHTML, like Gecko) Chrome/9.0.1420.39 Safari/536.12"
18.216.26.252 - - [25/Oct/2025:12:18:25 -0700] "GET /core/.env HTTP/1.1" 404 110623 "https://www.google.com/" "Mozilla/5.0 (Windows NT 5.1; WOW64) AppleWebKit/535.27 (KHTML, like Gecko) Chrome/9.0.1420.39 Safari/536.12"
18.216.26.252 - - [25/Oct/2025:12:18:26 -0700] "GET /core/.env.save HTTP/1.1" 404 110623 "https://www.google.com/" "Mozilla/5.0 (Windows NT 5.1; WOW64) AppleWebKit/535.27 (KHTML, like Gecko) Chrome/9.0.1420.39 Safari/536.12"
18.216.26.252 - - [25/Oct/2025:12:18:28 -0700] "GET /core/.env.bak HTTP/1.1" 404 110623 "https://www.google.com/" "Mozilla/5.0 (Windows NT 5.1; WOW64) AppleWebKit/535.27 (KHTML, like Gecko) Chrome/9.0.1420.39 Safari/536.12"
18.216.26.252 - - [25/Oct/2025:12:18:29 -0700] "GET /core/.env.old HTTP/1.1" 404 110623 "https://www.google.com/" "Mozilla/5.0 (Windows NT 5.1; WOW64) AppleWebKit/535.27 (KHTML, like Gecko) Chrome/9.0.1420.39 Safari/536.12"
18.216.26.252 - - [25/Oct/2025:12:18:30 -0700] "GET /modules/.env HTTP/1.1" 404 110623 "https://www.google.com/" "Mozilla/5.0 (Windows NT 5.1; WOW64) AppleWebKit/535.27 (KHTML, like Gecko) Chrome/9.0.1420.39 Safari/536.12"
18.216.26.252 - - [25/Oct/2025:12:18:32 -0700] "GET /modules/.env.save HTTP/1.1" 404 110623 "https://www.google.com/" "Mozilla/5.0 (Windows NT 5.1; WOW64) AppleWebKit/535.27 (KHTML, like Gecko) Chrome/9.0.1420.39 Safari/536.12"
18.216.26.252 - - [25/Oct/2025:12:18:33 -0700] "GET /modules/.env.bak HTTP/1.1" 404 110623 "https://www.google.com/" "Mozilla/5.0 (Windows NT 5.1; WOW64) AppleWebKit/535.27 (KHTML, like Gecko) Chrome/9.0.1420.39 Safari/536.12"
18.216.26.252 - - [25/Oct/2025:12:18:35 -0700] "GET /modules/.env.old HTTP/1.1" 404 110623 "https://www.google.com/" "Mozilla/5.0 (Windows NT 5.1; WOW64) AppleWebKit/535.27 (KHTML, like Gecko) Chrome/9.0.1420.39 Safari/536.12"
18.216.26.252 - - [25/Oct/2025:12:18:36 -0700] "GET /plugins/.env HTTP/1.1" 404 110623 "https://www.google.com/" "Mozilla/5.0 (Windows NT 5.1; WOW64) AppleWebKit/535.27 (KHTML, like Gecko) Chrome/9.0.1420.39 Safari/536.12"
18.216.26.252 - - [25/Oct/2025:12:18:38 -0700] "GET /plugins/.env.save HTTP/1.1" 404 110623 "https://www.google.com/" "Mozilla/5.0 (Windows NT 5.1; WOW64) AppleWebKit/535.27 (KHTML, like Gecko) Chrome/9.0.1420.39 Safari/536.12"
18.216.26.252 - - [25/Oct/2025:12:18:39 -0700] "GET /plugins/.env.bak HTTP/1.1" 404 110623 "https://www.google.com/" "Mozilla/5.0 (Windows NT 5.1; WOW64) AppleWebKit/535.27 (KHTML, like Gecko) Chrome/9.0.1420.39 Safari/536.12"
18.216.26.252 - - [25/Oct/2025:12:18:40 -0700] "GET /plugins/.env.old HTTP/1.1" 404 110623 "https://www.google.com/" "Mozilla/5.0 (Windows NT 5.1; WOW64) AppleWebKit/535.27 (KHTML, like Gecko) Chrome/9.0.1420.39 Safari/536.12"
18.216.26.252 - - [25/Oct/2025:12:18:42 -0700] "GET /themes/.env HTTP/1.1" 404 110623 "https://www.google.com/" "Mozilla/5.0 (Windows NT 5.1; WOW64) AppleWebKit/535.27 (KHTML, like Gecko) Chrome/9.0.1420.39 Safari/536.12"
18.216.26.252 - - [25/Oct/2025:12:18:43 -0700] "GET /themes/.env.save HTTP/1.1" 404 110623 "https://www.google.com/" "Mozilla/5.0 (Windows NT 5.1; WOW64) AppleWebKit/535.27 (KHTML, like Gecko) Chrome/9.0.1420.39 Safari/536.12"
18.216.26.252 - - [25/Oct/2025:12:18:45 -0700] "GET /themes/.env.bak HTTP/1.1" 404 110623 "https://www.google.com/" "Mozilla/5.0 (Windows NT 5.1; WOW64) AppleWebKit/535.27 (KHTML, like Gecko) Chrome/9.0.1420.39 Safari/536.12"
18.216.26.252 - - [25/Oct/2025:12:18:47 -0700] "GET /themes/.env.old HTTP/1.1" 404 110623 "https://www.google.com/" "Mozilla/5.0 (Windows NT 5.1; WOW64) AppleWebKit/535.27 (KHTML, like Gecko) Chrome/9.0.1420.39 Safari/536.12"
18.216.26.252 - - [25/Oct/2025:12:18:48 -0700] "GET /vendor/.env HTTP/1.1" 404 110623 "https://www.google.com/" "Mozilla/5.0 (Windows NT 5.1; WOW64) AppleWebKit/535.27 (KHTML, like Gecko) Chrome/9.0.1420.39 Safari/536.12"
18.216.26.252 - - [25/Oct/2025:12:18:49 -0700] "GET /vendor/.env.save HTTP/1.1" 404 110623 "https://www.google.com/" "Mozilla/5.0 (Windows NT 5.1; WOW64) AppleWebKit/535.27 (KHTML, like Gecko) Chrome/9.0.1420.39 Safari/536.12"
18.216.26.252 - - [25/Oct/2025:12:18:51 -0700] "GET /vendor/.env.bak HTTP/1.1" 404 110623 "https://www.google.com/" "Mozilla/5.0 (Windows NT 5.1; WOW64) AppleWebKit/535.27 (KHTML, like Gecko) Chrome/9.0.1420.39 Safari/536.12"
18.216.26.252 - - [25/Oct/2025:12:18:52 -0700] "GET /vendor/.env.old HTTP/1.1" 404 110623 "https://www.google.com/" "Mozilla/5.0 (Windows NT 5.1; WOW64) AppleWebKit/535.27 (KHTML, like Gecko) Chrome/9.0.1420.39 Safari/536.12"
18.216.26.252 - - [25/Oct/2025:12:18:53 -0700] "GET /storage/.env HTTP/1.1" 404 110601 "https://www.google.com/" "Mozilla/5.0 (Windows NT 5.1; WOW64) AppleWebKit/535.27 (KHTML, like Gecko) Chrome/9.0.1420.39 Safari/536.12"
18.216.26.252 - - [25/Oct/2025:12:18:55 -0700] "GET /storage/.env.save HTTP/1.1" 404 110623 "https://www.google.com/" "Mozilla/5.0 (Windows NT 5.1; WOW64) AppleWebKit/535.27 (KHTML, like Gecko) Chrome/9.0.1420.39 Safari/536.12"
18.216.26.252 - - [25/Oct/2025:12:18:56 -0700] "GET /storage/.env.bak HTTP/1.1" 404 110623 "https://www.google.com/" "Mozilla/5.0 (Windows NT 5.1; WOW64) AppleWebKit/535.27 (KHTML, like Gecko) Chrome/9.0.1420.39 Safari/536.12"
18.216.26.252 - - [25/Oct/2025:12:18:58 -0700] "GET /storage/.env.old HTTP/1.1" 404 110623 "https://www.google.com/" "Mozilla/5.0 (Windows NT 5.1; WOW64) AppleWebKit/535.27 (KHTML, like Gecko) Chrome/9.0.1420.39 Safari/536.12"
18.216.26.252 - - [25/Oct/2025:12:19:00 -0700] "GET /.env HTTP/1.1" 404 113988 "https://www.google.com/" "Mozilla/5.0 (Windows NT 5.1; WOW64) AppleWebKit/535.27 (KHTML, like Gecko) Chrome/9.0.1420.39 Safari/536.12"
69.163.179.91 - - [25/Oct/2025:12:19:03 -0700] "POST /wp-cron.php?doing_wp_cron=1761419943.1924989223480224609375 HTTP/1.1" 200 3647 "-" "WordPress/6.8.3; https://www.elconferencista.com"
18.216.26.252 - - [25/Oct/2025:12:19:02 -0700] "GET /.env.local HTTP/1.1" 404 110623 "https://www.google.com/" "Mozilla/5.0 (Windows NT 5.1; WOW64) AppleWebKit/535.27 (KHTML, like Gecko) Chrome/9.0.1420.39 Safari/536.12"
18.216.26.252 - - [25/Oct/2025:12:19:04 -0700] "GET /.env.dev HTTP/1.1" 404 110623 "https://www.google.com/" "Mozilla/5.0 (Windows NT 5.1; WOW64) AppleWebKit/535.27 (KHTML, like Gecko) Chrome/9.0.1420.39 Safari/536.12"
18.216.26.252 - - [25/Oct/2025:12:19:05 -0700] "GET /.env.prod HTTP/1.1" 404 110623 "https://www.google.com/" "Mozilla/5.0 (Windows NT 5.1; WOW64) AppleWebKit/535.27 (KHTML, like Gecko) Chrome/9.0.1420.39 Safari/536.12"
18.216.26.252 - - [25/Oct/2025:12:19:07 -0700] "GET /.env.staging HTTP/1.1" 404 110623 "https://www.google.com/" "Mozilla/5.0 (Windows NT 5.1; WOW64) AppleWebKit/535.27 (KHTML, like Gecko) Chrome/9.0.1420.39 Safari/536.12"
18.216.26.252 - - [25/Oct/2025:12:19:08 -0700] "GET /.env.development HTTP/1.1" 404 110623 "https://www.google.com/" "Mozilla/5.0 (Windows NT 5.1; WOW64) AppleWebKit/535.27 (KHTML, like Gecko) Chrome/9.0.1420.39 Safari/536.12"
18.216.26.252 - - [25/Oct/2025:12:19:10 -0700] "GET /.env.production HTTP/1.1" 404 110623 "https://www.google.com/" "Mozilla/5.0 (Windows NT 5.1; WOW64) AppleWebKit/535.27 (KHTML, like Gecko) Chrome/9.0.1420.39 Safari/536.12"
18.216.26.252 - - [25/Oct/2025:12:19:12 -0700] "GET /.env.test HTTP/1.1" 404 110623 "https://www.google.com/" "Mozilla/5.0 (Windows NT 5.1; WOW64) AppleWebKit/535.27 (KHTML, like Gecko) Chrome/9.0.1420.39 Safari/536.12"
18.216.26.252 - - [25/Oct/2025:12:19:14 -0700] "GET /.env.backup HTTP/1.1" 404 110623 "https://www.google.com/" "Mozilla/5.0 (Windows NT 5.1; WOW64) AppleWebKit/535.27 (KHTML, like Gecko) Chrome/9.0.1420.39 Safari/536.12"
18.216.26.252 - - [25/Oct/2025:12:19:16 -0700] "GET /.env.example HTTP/1.1" 404 110623 "https://www.google.com/" "Mozilla/5.0 (Windows NT 5.1; WOW64) AppleWebKit/535.27 (KHTML, like Gecko) Chrome/9.0.1420.39 Safari/536.12"
18.216.26.252 - - [25/Oct/2025:12:19:18 -0700] "GET /.env.sample HTTP/1.1" 404 110601 "https://www.google.com/" "Mozilla/5.0 (Windows NT 5.1; WOW64) AppleWebKit/535.27 (KHTML, like Gecko) Chrome/9.0.1420.39 Safari/536.12"
18.216.26.252 - - [25/Oct/2025:12:19:20 -0700] "GET /.env.old HTTP/1.1" 404 110623 "https://www.google.com/" "Mozilla/5.0 (Windows NT 5.1; WOW64) AppleWebKit/535.27 (KHTML, like Gecko) Chrome/9.0.1420.39 Safari/536.12"
18.216.26.252 - - [25/Oct/2025:12:19:21 -0700] "GET /.env.bak HTTP/1.1" 404 110623 "https://www.google.com/" "Mozilla/5.0 (Windows NT 5.1; WOW64) AppleWebKit/535.27 (KHTML, like Gecko) Chrome/9.0.1420.39 Safari/536.12"
18.216.26.252 - - [25/Oct/2025:12:19:23 -0700] "GET /.env.save HTTP/1.1" 404 110623 "https://www.google.com/" "Mozilla/5.0 (Windows NT 5.1; WOW64) AppleWebKit/535.27 (KHTML, like Gecko) Chrome/9.0.1420.39 Safari/536.12"
18.216.26.252 - - [25/Oct/2025:12:19:24 -0700] "GET /.env.orig HTTP/1.1" 404 110623 "https://www.google.com/" "Mozilla/5.0 (Windows NT 5.1; WOW64) AppleWebKit/535.27 (KHTML, like Gecko) Chrome/9.0.1420.39 Safari/536.12"
18.216.26.252 - - [25/Oct/2025:12:19:26 -0700] "GET /.env.swp HTTP/1.1" 404 110623 "https://www.google.com/" "Mozilla/5.0 (Windows NT 5.1; WOW64) AppleWebKit/535.27 (KHTML, like Gecko) Chrome/9.0.1420.39 Safari/536.12"
18.216.26.252 - - [25/Oct/2025:12:19:27 -0700] "GET /.env~ HTTP/1.1" 404 110601 "https://www.google.com/" "Mozilla/5.0 (Windows NT 5.1; WOW64) AppleWebKit/535.27 (KHTML, like Gecko) Chrome/9.0.1420.39 Safari/536.12"
18.216.26.252 - - [25/Oct/2025:12:19:28 -0700] "GET /.env.tmp HTTP/1.1" 404 110623 "https://www.google.com/" "Mozilla/5.0 (Windows NT 5.1; WOW64) AppleWebKit/535.27 (KHTML, like Gecko) Chrome/9.0.1420.39 Safari/536.12"
18.216.26.252 - - [25/Oct/2025:12:19:30 -0700] "GET /.env.dist HTTP/1.1" 404 110623 "https://www.google.com/" "Mozilla/5.0 (Windows NT 5.1; WOW64) AppleWebKit/535.27 (KHTML, like Gecko) Chrome/9.0.1420.39 Safari/536.12"
18.216.26.252 - - [25/Oct/2025:12:19:31 -0700] "GET /admin/.env HTTP/1.1" 404 110623 "https://www.google.com/" "Mozilla/5.0 (Windows NT 5.1; WOW64) AppleWebKit/535.27 (KHTML, like Gecko) Chrome/9.0.1420.39 Safari/536.12"
18.216.26.252 - - [25/Oct/2025:12:19:32 -0700] "GET /admin/.env.save HTTP/1.1" 404 110623 "https://www.google.com/" "Mozilla/5.0 (Windows NT 5.1; WOW64) AppleWebKit/535.27 (KHTML, like Gecko) Chrome/9.0.1420.39 Safari/536.12"
18.216.26.252 - - [25/Oct/2025:12:19:33 -0700] "GET /admin/.env.bak HTTP/1.1" 404 110623 "https://www.google.com/" "Mozilla/5.0 (Windows NT 5.1; WOW64) AppleWebKit/535.27 (KHTML, like Gecko) Chrome/9.0.1420.39 Safari/536.12"
18.216.26.252 - - [25/Oct/2025:12:19:35 -0700] "GET /admin/.env.old HTTP/1.1" 404 110623 "https://www.google.com/" "Mozilla/5.0 (Windows NT 5.1; WOW64) AppleWebKit/535.27 (KHTML, like Gecko) Chrome/9.0.1420.39 Safari/536.12"
18.216.26.252 - - [25/Oct/2025:12:19:36 -0700] "GET /api/.env HTTP/1.1" 404 110601 "https://www.google.com/" "Mozilla/5.0 (Windows NT 5.1; WOW64) AppleWebKit/535.27 (KHTML, like Gecko) Chrome/9.0.1420.39 Safari/536.12"
18.216.26.252 - - [25/Oct/2025:12:19:37 -0700] "GET /api/.env.save HTTP/1.1" 404 110623 "https://www.google.com/" "Mozilla/5.0 (Windows NT 5.1; WOW64) AppleWebKit/535.27 (KHTML, like Gecko) Chrome/9.0.1420.39 Safari/536.12"
18.216.26.252 - - [25/Oct/2025:12:19:39 -0700] "GET /api/.env.bak HTTP/1.1" 404 110623 "https://www.google.com/" "Mozilla/5.0 (Windows NT 5.1; WOW64) AppleWebKit/535.27 (KHTML, like Gecko) Chrome/9.0.1420.39 Safari/536.12"
18.216.26.252 - - [25/Oct/2025:12:19:41 -0700] "GET /api/.env.old HTTP/1.1" 404 110623 "https://www.google.com/" "Mozilla/5.0 (Windows NT 5.1; WOW64) AppleWebKit/535.27 (KHTML, like Gecko) Chrome/9.0.1420.39 Safari/536.12"
18.216.26.252 - - [25/Oct/2025:12:19:43 -0700] "GET /app/.env HTTP/1.1" 404 110623 "https://www.google.com/" "Mozilla/5.0 (Windows NT 5.1; WOW64) AppleWebKit/535.27 (KHTML, like Gecko) Chrome/9.0.1420.39 Safari/536.12"
18.216.26.252 - - [25/Oct/2025:12:19:44 -0700] "GET /app/.env.save HTTP/1.1" 404 110623 "https://www.google.com/" "Mozilla/5.0 (Windows NT 5.1; WOW64) AppleWebKit/535.27 (KHTML, like Gecko) Chrome/9.0.1420.39 Safari/536.12"
18.216.26.252 - - [25/Oct/2025:12:19:45 -0700] "GET /app/.env.bak HTTP/1.1" 404 110623 "https://www.google.com/" "Mozilla/5.0 (Windows NT 5.1; WOW64) AppleWebKit/535.27 (KHTML, like Gecko) Chrome/9.0.1420.39 Safari/536.12"
18.216.26.252 - - [25/Oct/2025:12:19:47 -0700] "GET /app/.env.old HTTP/1.1" 404 110623 "https://www.google.com/" "Mozilla/5.0 (Windows NT 5.1; WOW64) AppleWebKit/535.27 (KHTML, like Gecko) Chrome/9.0.1420.39 Safari/536.12"
18.216.26.252 - - [25/Oct/2025:12:19:48 -0700] "GET /config/.env HTTP/1.1" 404 110623 "https://www.google.com/" "Mozilla/5.0 (Windows NT 5.1; WOW64) AppleWebKit/535.27 (KHTML, like Gecko) Chrome/9.0.1420.39 Safari/536.12"
18.216.26.252 - - [25/Oct/2025:12:19:50 -0700] "GET /config/.env.save HTTP/1.1" 404 110623 "https://www.google.com/" "Mozilla/5.0 (Windows NT 5.1; WOW64) AppleWebKit/535.27 (KHTML, like Gecko) Chrome/9.0.1420.39 Safari/536.12"
18.216.26.252 - - [25/Oct/2025:12:19:51 -0700] "GET /config/.env.bak HTTP/1.1" 404 110623 "https://www.google.com/" "Mozilla/5.0 (Windows NT 5.1; WOW64) AppleWebKit/535.27 (KHTML, like Gecko) Chrome/9.0.1420.39 Safari/536.12"
18.216.26.252 - - [25/Oct/2025:12:19:53 -0700] "GET /config/.env.old HTTP/1.1" 404 110623 "https://www.google.com/" "Mozilla/5.0 (Windows NT 5.1; WOW64) AppleWebKit/535.27 (KHTML, like Gecko) Chrome/9.0.1420.39 Safari/536.12"
18.216.26.252 - - [25/Oct/2025:12:19:54 -0700] "GET /src/.env HTTP/1.1" 404 110623 "https://www.google.com/" "Mozilla/5.0 (Windows NT 5.1; WOW64) AppleWebKit/535.27 (KHTML, like Gecko) Chrome/9.0.1420.39 Safari/536.12"
18.216.26.252 - - [25/Oct/2025:12:19:55 -0700] "GET /src/.env.save HTTP/1.1" 404 110623 "https://www.google.com/" "Mozilla/5.0 (Windows NT 5.1; WOW64) AppleWebKit/535.27 (KHTML, like Gecko) Chrome/9.0.1420.39 Safari/536.12"
18.216.26.252 - - [25/Oct/2025:12:19:57 -0700] "GET /src/.env.bak HTTP/1.1" 404 110623 "https://www.google.com/" "Mozilla/5.0 (Windows NT 5.1; WOW64) AppleWebKit/535.27 (KHTML, like Gecko) Chrome/9.0.1420.39 Safari/536.12"
18.216.26.252 - - [25/Oct/2025:12:19:58 -0700] "GET /src/.env.old HTTP/1.1" 404 110623 "https://www.google.com/" "Mozilla/5.0 (Windows NT 5.1; WOW64) AppleWebKit/535.27 (KHTML, like Gecko) Chrome/9.0.1420.39 Safari/536.12"
18.216.26.252 - - [25/Oct/2025:12:20:00 -0700] "GET /public/.env HTTP/1.1" 404 110623 "https://www.google.com/" "Mozilla/5.0 (Windows NT 5.1; WOW64) AppleWebKit/535.27 (KHTML, like Gecko) Chrome/9.0.1420.39 Safari/536.12"
69.163.179.91 - - [25/Oct/2025:12:20:02 -0700] "POST /wp-cron.php?doing_wp_cron=1761420002.6713380813598632812500 HTTP/1.1" 200 3647 "-" "WordPress/6.8.3; https://www.elconferencista.com"
18.216.26.252 - - [25/Oct/2025:12:20:01 -0700] "GET /public/.env.save HTTP/1.1" 404 110623 "https://www.google.com/" "Mozilla/5.0 (Windows NT 5.1; WOW64) AppleWebKit/535.27 (KHTML, like Gecko) Chrome/9.0.1420.39 Safari/536.12"
18.216.26.252 - - [25/Oct/2025:12:20:04 -0700] "GET /public/.env.bak HTTP/1.1" 404 110623 "https://www.google.com/" "Mozilla/5.0 (Windows NT 5.1; WOW64) AppleWebKit/535.27 (KHTML, like Gecko) Chrome/9.0.1420.39 Safari/536.12"
18.216.26.252 - - [25/Oct/2025:12:20:05 -0700] "GET /public/.env.old HTTP/1.1" 404 110623 "https://www.google.com/" "Mozilla/5.0 (Windows NT 5.1; WOW64) AppleWebKit/535.27 (KHTML, like Gecko) Chrome/9.0.1420.39 Safari/536.12"
18.216.26.252 - - [25/Oct/2025:12:20:07 -0700] "GET /assets/.env HTTP/1.1" 404 110623 "https://www.google.com/" "Mozilla/5.0 (Windows NT 5.1; WOW64) AppleWebKit/535.27 (KHTML, like Gecko) Chrome/9.0.1420.39 Safari/536.12"
18.216.26.252 - - [25/Oct/2025:12:20:08 -0700] "GET /assets/.env.save HTTP/1.1" 404 110623 "https://www.google.com/" "Mozilla/5.0 (Windows NT 5.1; WOW64) AppleWebKit/535.27 (KHTML, like Gecko) Chrome/9.0.1420.39 Safari/536.12"
18.216.26.252 - - [25/Oct/2025:12:20:10 -0700] "GET /assets/.env.bak HTTP/1.1" 404 110623 "https://www.google.com/" "Mozilla/5.0 (Windows NT 5.1; WOW64) AppleWebKit/535.27 (KHTML, like Gecko) Chrome/9.0.1420.39 Safari/536.12"
18.216.26.252 - - [25/Oct/2025:12:20:11 -0700] "GET /assets/.env.old HTTP/1.1" 404 110623 "https://www.google.com/" "Mozilla/5.0 (Windows NT 5.1; WOW64) AppleWebKit/535.27 (KHTML, like Gecko) Chrome/9.0.1420.39 Safari/536.12"
18.216.26.252 - - [25/Oct/2025:12:20:13 -0700] "GET /includes/.env HTTP/1.1" 404 110623 "https://www.google.com/" "Mozilla/5.0 (Windows NT 5.1; WOW64) AppleWebKit/535.27 (KHTML, like Gecko) Chrome/9.0.1420.39 Safari/536.12"
18.216.26.252 - - [25/Oct/2025:12:20:14 -0700] "GET /includes/.env.save HTTP/1.1" 404 110623 "https://www.google.com/" "Mozilla/5.0 (Windows NT 5.1; WOW64) AppleWebKit/535.27 (KHTML, like Gecko) Chrome/9.0.1420.39 Safari/536.12"
18.216.26.252 - - [25/Oct/2025:12:20:16 -0700] "GET /includes/.env.bak HTTP/1.1" 404 110623 "https://www.google.com/" "Mozilla/5.0 (Windows NT 5.1; WOW64) AppleWebKit/535.27 (KHTML, like Gecko) Chrome/9.0.1420.39 Safari/536.12"
18.216.26.252 - - [25/Oct/2025:12:20:18 -0700] "GET /includes/.env.old HTTP/1.1" 404 110623 "https://www.google.com/" "Mozilla/5.0 (Windows NT 5.1; WOW64) AppleWebKit/535.27 (KHTML, like Gecko) Chrome/9.0.1420.39 Safari/536.12"
18.216.26.252 - - [25/Oct/2025:12:20:19 -0700] "GET /lib/.env HTTP/1.1" 404 110623 "https://www.google.com/" "Mozilla/5.0 (Windows NT 5.1; WOW64) AppleWebKit/535.27 (KHTML, like Gecko) Chrome/9.0.1420.39 Safari/536.12"
18.216.26.252 - - [25/Oct/2025:12:20:20 -0700] "GET /lib/.env.save HTTP/1.1" 404 110623 "https://www.google.com/" "Mozilla/5.0 (Windows NT 5.1; WOW64) AppleWebKit/535.27 (KHTML, like Gecko) Chrome/9.0.1420.39 Safari/536.12"
18.216.26.252 - - [25/Oct/2025:12:20:21 -0700] "GET /lib/.env.bak HTTP/1.1" 404 110623 "https://www.google.com/" "Mozilla/5.0 (Windows NT 5.1; WOW64) AppleWebKit/535.27 (KHTML, like Gecko) Chrome/9.0.1420.39 Safari/536.12"
18.216.26.252 - - [25/Oct/2025:12:20:23 -0700] "GET /lib/.env.old HTTP/1.1" 404 110623 "https://www.google.com/" "Mozilla/5.0 (Windows NT 5.1; WOW64) AppleWebKit/535.27 (KHTML, like Gecko) Chrome/9.0.1420.39 Safari/536.12"
18.216.26.252 - - [25/Oct/2025:12:20:24 -0700] "GET /application/.env HTTP/1.1" 404 110623 "https://www.google.com/" "Mozilla/5.0 (Windows NT 5.1; WOW64) AppleWebKit/535.27 (KHTML, like Gecko) Chrome/9.0.1420.39 Safari/536.12"
18.216.26.252 - - [25/Oct/2025:12:20:26 -0700] "GET /application/.env.save HTTP/1.1" 404 110623 "https://www.google.com/" "Mozilla/5.0 (Windows NT 5.1; WOW64) AppleWebKit/535.27 (KHTML, like Gecko) Chrome/9.0.1420.39 Safari/536.12"
18.216.26.252 - - [25/Oct/2025:12:20:27 -0700] "GET /application/.env.bak HTTP/1.1" 404 110623 "https://www.google.com/" "Mozilla/5.0 (Windows NT 5.1; WOW64) AppleWebKit/535.27 (KHTML, like Gecko) Chrome/9.0.1420.39 Safari/536.12"
18.216.26.252 - - [25/Oct/2025:12:20:28 -0700] "GET /application/.env.old HTTP/1.1" 404 110623 "https://www.google.com/" "Mozilla/5.0 (Windows NT 5.1; WOW64) AppleWebKit/535.27 (KHTML, like Gecko) Chrome/9.0.1420.39 Safari/536.12"
18.216.26.252 - - [25/Oct/2025:12:20:30 -0700] "GET /system/.env HTTP/1.1" 404 110623 "https://www.google.com/" "Mozilla/5.0 (Windows NT 5.1; WOW64) AppleWebKit/535.27 (KHTML, like Gecko) Chrome/9.0.1420.39 Safari/536.12"
18.216.26.252 - - [25/Oct/2025:12:20:31 -0700] "GET /system/.env.save HTTP/1.1" 404 110623 "https://www.google.com/" "Mozilla/5.0 (Windows NT 5.1; WOW64) AppleWebKit/535.27 (KHTML, like Gecko) Chrome/9.0.1420.39 Safari/536.12"
18.216.26.252 - - [25/Oct/2025:12:20:33 -0700] "GET /system/.env.bak HTTP/1.1" 404 110623 "https://www.google.com/" "Mozilla/5.0 (Windows NT 5.1; WOW64) AppleWebKit/535.27 (KHTML, like Gecko) Chrome/9.0.1420.39 Safari/536.12"
18.216.26.252 - - [25/Oct/2025:12:20:34 -0700] "GET /system/.env.old HTTP/1.1" 404 110623 "https://www.google.com/" "Mozilla/5.0 (Windows NT 5.1; WOW64) AppleWebKit/535.27 (KHTML, like Gecko) Chrome/9.0.1420.39 Safari/536.12"
18.216.26.252 - - [25/Oct/2025:12:20:35 -0700] "GET /core/.env HTTP/1.1" 404 110623 "https://www.google.com/" "Mozilla/5.0 (Windows NT 5.1; WOW64) AppleWebKit/535.27 (KHTML, like Gecko) Chrome/9.0.1420.39 Safari/536.12"
18.216.26.252 - - [25/Oct/2025:12:20:36 -0700] "GET /core/.env.save HTTP/1.1" 404 110623 "https://www.google.com/" "Mozilla/5.0 (Windows NT 5.1; WOW64) AppleWebKit/535.27 (KHTML, like Gecko) Chrome/9.0.1420.39 Safari/536.12"
18.216.26.252 - - [25/Oct/2025:12:20:38 -0700] "GET /core/.env.bak HTTP/1.1" 404 110623 "https://www.google.com/" "Mozilla/5.0 (Windows NT 5.1; WOW64) AppleWebKit/535.27 (KHTML, like Gecko) Chrome/9.0.1420.39 Safari/536.12"
18.216.26.252 - - [25/Oct/2025:12:20:39 -0700] "GET /core/.env.old HTTP/1.1" 404 110623 "https://www.google.com/" "Mozilla/5.0 (Windows NT 5.1; WOW64) AppleWebKit/535.27 (KHTML, like Gecko) Chrome/9.0.1420.39 Safari/536.12"
18.216.26.252 - - [25/Oct/2025:12:20:40 -0700] "GET /modules/.env HTTP/1.1" 404 110623 "https://www.google.com/" "Mozilla/5.0 (Windows NT 5.1; WOW64) AppleWebKit/535.27 (KHTML, like Gecko) Chrome/9.0.1420.39 Safari/536.12"
18.216.26.252 - - [25/Oct/2025:12:20:41 -0700] "GET /modules/.env.save HTTP/1.1" 404 110623 "https://www.google.com/" "Mozilla/5.0 (Windows NT 5.1; WOW64) AppleWebKit/535.27 (KHTML, like Gecko) Chrome/9.0.1420.39 Safari/536.12"
89.252.164.140 - - [25/Oct/2025:12:20:42 -0700] "GET /wp-login.php HTTP/2.0" 429 351 "-" "Mozilla/5.0 (Windows NT 10.0; Win64; x64) AppleWebKit/537.36 (KHTML, like Gecko) Chrome/130.0.0.0 Safari/537.36"
18.216.26.252 - - [25/Oct/2025:12:20:42 -0700] "GET /modules/.env.bak HTTP/1.1" 404 110623 "https://www.google.com/" "Mozilla/5.0 (Windows NT 5.1; WOW64) AppleWebKit/535.27 (KHTML, like Gecko) Chrome/9.0.1420.39 Safari/536.12"
18.216.26.252 - - [25/Oct/2025:12:20:44 -0700] "GET /modules/.env.old HTTP/1.1" 404 110623 "https://www.google.com/" "Mozilla/5.0 (Windows NT 5.1; WOW64) AppleWebKit/535.27 (KHTML, like Gecko) Chrome/9.0.1420.39 Safari/536.12"
18.216.26.252 - - [25/Oct/2025:12:20:45 -0700] "GET /plugins/.env HTTP/1.1" 404 110623 "https://www.google.com/" "Mozilla/5.0 (Windows NT 5.1; WOW64) AppleWebKit/535.27 (KHTML, like Gecko) Chrome/9.0.1420.39 Safari/536.12"
18.216.26.252 - - [25/Oct/2025:12:20:46 -0700] "GET /plugins/.env.save HTTP/1.1" 404 110623 "https://www.google.com/" "Mozilla/5.0 (Windows NT 5.1; WOW64) AppleWebKit/535.27 (KHTML, like Gecko) Chrome/9.0.1420.39 Safari/536.12"
18.216.26.252 - - [25/Oct/2025:12:20:47 -0700] "GET /plugins/.env.bak HTTP/1.1" 404 110623 "https://www.google.com/" "Mozilla/5.0 (Windows NT 5.1; WOW64) AppleWebKit/535.27 (KHTML, like Gecko) Chrome/9.0.1420.39 Safari/536.12"
18.216.26.252 - - [25/Oct/2025:12:20:49 -0700] "GET /plugins/.env.old HTTP/1.1" 404 110623 "https://www.google.com/" "Mozilla/5.0 (Windows NT 5.1; WOW64) AppleWebKit/535.27 (KHTML, like Gecko) Chrome/9.0.1420.39 Safari/536.12"
18.216.26.252 - - [25/Oct/2025:12:20:50 -0700] "GET /themes/.env HTTP/1.1" 404 110623 "https://www.google.com/" "Mozilla/5.0 (Windows NT 5.1; WOW64) AppleWebKit/535.27 (KHTML, like Gecko) Chrome/9.0.1420.39 Safari/536.12"
18.216.26.252 - - [25/Oct/2025:12:20:52 -0700] "GET /themes/.env.save HTTP/1.1" 404 110623 "https://www.google.com/" "Mozilla/5.0 (Windows NT 5.1; WOW64) AppleWebKit/535.27 (KHTML, like Gecko) Chrome/9.0.1420.39 Safari/536.12"
18.216.26.252 - - [25/Oct/2025:12:20:53 -0700] "GET /themes/.env.bak HTTP/1.1" 404 110623 "https://www.google.com/" "Mozilla/5.0 (Windows NT 5.1; WOW64) AppleWebKit/535.27 (KHTML, like Gecko) Chrome/9.0.1420.39 Safari/536.12"
18.216.26.252 - - [25/Oct/2025:12:20:54 -0700] "GET /themes/.env.old HTTP/1.1" 404 110623 "https://www.google.com/" "Mozilla/5.0 (Windows NT 5.1; WOW64) AppleWebKit/535.27 (KHTML, like Gecko) Chrome/9.0.1420.39 Safari/536.12"
18.216.26.252 - - [25/Oct/2025:12:20:56 -0700] "GET /vendor/.env HTTP/1.1" 404 110623 "https://www.google.com/" "Mozilla/5.0 (Windows NT 5.1; WOW64) AppleWebKit/535.27 (KHTML, like Gecko) Chrome/9.0.1420.39 Safari/536.12"
18.216.26.252 - - [25/Oct/2025:12:20:57 -0700] "GET /vendor/.env.save HTTP/1.1" 404 110623 "https://www.google.com/" "Mozilla/5.0 (Windows NT 5.1; WOW64) AppleWebKit/535.27 (KHTML, like Gecko) Chrome/9.0.1420.39 Safari/536.12"
