80.90.87.42 - - [25/Oct/2025:16:14:05 -0700] "POST /wp-login.php HTTP/2.0" 200 3458 "https://www.elconferencista.com/wp-login.php" "Mozilla/5.0 (Windows NT 10.0; Win64; x64) AppleWebKit/537.36 (KHTML, like Gecko) Chrome/130.0.0.0 Safari/537.36"
157.55.39.60 - - [25/Oct/2025:16:14:06 -0700] "GET /?products=16681642 HTTP/2.0" 200 27266 "-" "Mozilla/5.0 AppleWebKit/537.36 (KHTML, like Gecko; compatible; bingbot/2.0; +http://www.bing.com/bingbot.htm) Chrome/116.0.1938.76 Safari/537.36"
52.167.144.188 - - [25/Oct/2025:16:14:30 -0700] "GET /?products=16694670 HTTP/2.0" 200 28059 "-" "Mozilla/5.0 AppleWebKit/537.36 (KHTML, like Gecko; compatible; bingbot/2.0; +http://www.bing.com/bingbot.htm) Chrome/116.0.1938.76 Safari/537.36"
40.77.167.25 - - [25/Oct/2025:16:14:35 -0700] "GET /?products=16694598 HTTP/2.0" 200 28864 "-" "Mozilla/5.0 AppleWebKit/537.36 (KHTML, like Gecko; compatible; bingbot/2.0; +http://www.bing.com/bingbot.htm) Chrome/116.0.1938.76 Safari/537.36"
178.239.147.118 - - [25/Oct/2025:16:15:39 -0700] "GET /wp-login.php HTTP/2.0" 429 351 "-" "Mozilla/5.0 (Windows NT 10.0; Win64; x64) AppleWebKit/537.36 (KHTML, like Gecko) Chrome/130.0.0.0 Safari/537.36"
103.171.180.119 - - [25/Oct/2025:16:16:10 -0700] "GET /wp-login.php HTTP/2.0" 429 351 "-" "Mozilla/5.0 (Windows NT 10.0; Win64; x64) AppleWebKit/537.36 (KHTML, like Gecko) Chrome/130.0.0.0 Safari/537.36"
89.117.74.114 - - [25/Oct/2025:16:16:12 -0700] "GET /wp-login.php HTTP/2.0" 429 362 "-" "Mozilla/5.0 (Windows NT 10.0; Win64; x64) AppleWebKit/537.36 (KHTML, like Gecko) Chrome/130.0.0.0 Safari/537.36"
74.208.92.227 - - [25/Oct/2025:16:17:11 -0700] "GET /wp-login.php HTTP/2.0" 429 351 "-" "Mozilla/5.0 (Windows NT 10.0; Win64; x64) AppleWebKit/537.36 (KHTML, like Gecko) Chrome/130.0.0.0 Safari/537.36"
178.239.147.118 - - [25/Oct/2025:16:18:25 -0700] "GET /wp-login.php HTTP/2.0" 429 351 "-" "Mozilla/5.0 (Windows NT 10.0; Win64; x64) AppleWebKit/537.36 (KHTML, like Gecko) Chrome/130.0.0.0 Safari/537.36"
162.241.153.13 - - [25/Oct/2025:16:19:58 -0700] "GET /wp-login.php HTTP/2.0" 429 343 "-" "Mozilla/5.0 (Windows NT 10.0; Win64; x64) AppleWebKit/537.36 (KHTML, like Gecko) Chrome/130.0.0.0 Safari/537.36"
67.205.41.55 - - [25/Oct/2025:16:23:03 -0700] "GET /wp-login.php HTTP/2.0" 200 3583 "-" "Mozilla/5.0 (Windows NT 10.0; Win64; x64) AppleWebKit/537.36 (KHTML, like Gecko) Chrome/130.0.0.0 Safari/537.36"
69.163.179.91 - - [25/Oct/2025:16:23:05 -0700] "POST /wp-cron.php?doing_wp_cron=1761434585.0623691082000732421875 HTTP/1.1" 200 3647 "-" "WordPress/6.8.3; https://www.elconferencista.com"
67.205.41.55 - - [25/Oct/2025:16:23:08 -0700] "POST /wp-login.php HTTP/2.0" 200 3458 "https://www.elconferencista.com/wp-login.php" "Mozilla/5.0 (Windows NT 10.0; Win64; x64) AppleWebKit/537.36 (KHTML, like Gecko) Chrome/130.0.0.0 Safari/537.36"
128.199.157.207 - - [25/Oct/2025:16:25:07 -0700] "GET /wp-login.php HTTP/2.0" 429 361 "-" "Mozilla/5.0 (Windows NT 10.0; Win64; x64) AppleWebKit/537.36 (KHTML, like Gecko) Chrome/130.0.0.0 Safari/537.36"
128.199.157.207 - - [25/Oct/2025:16:25:26 -0700] "GET /wp-login.php HTTP/2.0" 429 361 "-" "Mozilla/5.0 (Windows NT 10.0; Win64; x64) AppleWebKit/537.36 (KHTML, like Gecko) Chrome/130.0.0.0 Safari/537.36"
103.28.36.220 - - [25/Oct/2025:16:28:44 -0700] "GET /wp-login.php HTTP/2.0" 200 3583 "-" "Mozilla/5.0 (Macintosh; Intel Mac OS X 10_12_6) AppleWebKit/537.36 (KHTML, like Gecko) Chrome/66.0.3359.139 Safari/537.36"
69.163.179.91 - - [25/Oct/2025:16:28:46 -0700] "POST /wp-cron.php?doing_wp_cron=1761434926.0364730358123779296875 HTTP/1.1" 200 3647 "-" "WordPress/6.8.3; https://www.elconferencista.com"
103.28.36.220 - - [25/Oct/2025:16:28:47 -0700] "POST /wp-login.php HTTP/2.0" 200 3465 "https://www.elconferencista.com/wp-login.php" "Mozilla/5.0 (Macintosh; Intel Mac OS X 10_12_6) AppleWebKit/537.36 (KHTML, like Gecko) Chrome/66.0.3359.139 Safari/537.36"
52.165.22.152 - - [25/Oct/2025:16:29:21 -0700] "GET /.__info.php HTTP/1.1" 429 3768 "-" "-"
52.165.22.152 - - [25/Oct/2025:16:29:22 -0700] "GET /0.php HTTP/1.1" 429 451 "-" "-"
52.165.22.152 - - [25/Oct/2025:16:29:22 -0700] "GET /07.php HTTP/1.1" 429 451 "-" "-"
52.165.22.152 - - [25/Oct/2025:16:29:22 -0700] "GET /1.php HTTP/1.1" 429 451 "-" "-"
52.165.22.152 - - [25/Oct/2025:16:29:23 -0700] "GET /123.php HTTP/1.1" 429 451 "-" "-"
52.165.22.152 - - [25/Oct/2025:16:29:23 -0700] "GET /aa.php HTTP/1.1" 429 451 "-" "-"
52.165.22.152 - - [25/Oct/2025:16:29:23 -0700] "GET /abcd.php HTTP/1.1" 429 451 "-" "-"
52.165.22.152 - - [25/Oct/2025:16:29:23 -0700] "GET /about.php HTTP/1.1" 429 451 "-" "-"
52.165.22.152 - - [25/Oct/2025:16:29:24 -0700] "GET /admin.php HTTP/1.1" 429 451 "-" "-"
52.165.22.152 - - [25/Oct/2025:16:29:24 -0700] "GET /adminfuns.php HTTP/1.1" 429 451 "-" "-"
52.165.22.152 - - [25/Oct/2025:16:29:25 -0700] "GET /akc.php HTTP/1.1" 429 451 "-" "-"
52.165.22.152 - - [25/Oct/2025:16:29:25 -0700] "GET /akcc.php HTTP/1.1" 429 451 "-" "-"
52.165.22.152 - - [25/Oct/2025:16:29:25 -0700] "GET /asasx.php HTTP/1.1" 429 451 "-" "-"
52.165.22.152 - - [25/Oct/2025:16:29:26 -0700] "GET /asd.php HTTP/1.1" 429 451 "-" "-"
52.165.22.152 - - [25/Oct/2025:16:29:26 -0700] "GET /atomlib.php HTTP/1.1" 429 451 "-" "-"
52.165.22.152 - - [25/Oct/2025:16:29:26 -0700] "GET /autoload_classmap.php HTTP/1.1" 429 451 "-" "-"
52.165.22.152 - - [25/Oct/2025:16:29:26 -0700] "GET /axx.php HTTP/1.1" 429 451 "-" "-"
52.165.22.152 - - [25/Oct/2025:16:29:27 -0700] "GET /berax.php HTTP/1.1" 429 451 "-" "-"
52.165.22.152 - - [25/Oct/2025:16:29:27 -0700] "GET /build.php HTTP/1.1" 429 451 "-" "-"
52.165.22.152 - - [25/Oct/2025:16:29:27 -0700] "GET /buy.php HTTP/1.1" 429 451 "-" "-"
52.165.22.152 - - [25/Oct/2025:16:29:28 -0700] "GET /checkbox.php HTTP/1.1" 429 451 "-" "-"
52.165.22.152 - - [25/Oct/2025:16:29:28 -0700] "GET /chosen.php HTTP/1.1" 429 451 "-" "-"
52.165.22.152 - - [25/Oct/2025:16:29:28 -0700] "GET /classwithtostring.php HTTP/1.1" 429 451 "-" "-"
52.165.22.152 - - [25/Oct/2025:16:29:29 -0700] "GET /cong.php HTTP/1.1" 429 451 "-" "-"
52.165.22.152 - - [25/Oct/2025:16:29:29 -0700] "GET /css.php HTTP/1.1" 429 451 "-" "-"
52.165.22.152 - - [25/Oct/2025:16:29:29 -0700] "GET /default.php HTTP/1.1" 429 451 "-" "-"
52.165.22.152 - - [25/Oct/2025:16:29:29 -0700] "GET /dropdown.php HTTP/1.1" 429 451 "-" "-"
52.165.22.152 - - [25/Oct/2025:16:29:30 -0700] "GET /ds.php HTTP/1.1" 429 451 "-" "-"
52.165.22.152 - - [25/Oct/2025:16:29:30 -0700] "GET /edit.php HTTP/1.1" 429 451 "-" "-"
52.165.22.152 - - [25/Oct/2025:16:29:30 -0700] "GET /f5.php HTTP/1.1" 429 451 "-" "-"
52.165.22.152 - - [25/Oct/2025:16:29:31 -0700] "GET /file.php HTTP/1.1" 429 451 "-" "-"
52.165.22.152 - - [25/Oct/2025:16:29:31 -0700] "GET /file2.php HTTP/1.1" 429 451 "-" "-"
52.165.22.152 - - [25/Oct/2025:16:29:31 -0700] "GET /file4.php HTTP/1.1" 429 451 "-" "-"
52.165.22.152 - - [25/Oct/2025:16:29:31 -0700] "GET /filemanager.php HTTP/1.1" 429 451 "-" "-"
52.165.22.152 - - [25/Oct/2025:16:29:32 -0700] "GET /flower.php HTTP/1.1" 429 451 "-" "-"
52.165.22.152 - - [25/Oct/2025:16:29:32 -0700] "GET /form.php HTTP/1.1" 429 451 "-" "-"
52.165.22.152 - - [25/Oct/2025:16:29:33 -0700] "GET /gecko.php HTTP/1.1" 429 451 "-" "-"
52.165.22.152 - - [25/Oct/2025:16:29:33 -0700] "GET /god4m.php HTTP/1.1" 429 451 "-" "-"
52.165.22.152 - - [25/Oct/2025:16:29:33 -0700] "GET /info.php HTTP/1.1" 429 451 "-" "-"
52.165.22.152 - - [25/Oct/2025:16:29:34 -0700] "GET /kyami.php HTTP/1.1" 429 451 "-" "-"
52.165.22.152 - - [25/Oct/2025:16:29:34 -0700] "GET /makeasmtp.php HTTP/1.1" 429 451 "-" "-"
52.165.22.152 - - [25/Oct/2025:16:29:35 -0700] "GET /manager.php HTTP/1.1" 429 451 "-" "-"
52.165.22.152 - - [25/Oct/2025:16:29:35 -0700] "GET /mari.php HTTP/1.1" 429 451 "-" "-"
52.165.22.152 - - [25/Oct/2025:16:29:35 -0700] "GET /moon.php HTTP/1.1" 429 451 "-" "-"
52.165.22.152 - - [25/Oct/2025:16:29:36 -0700] "GET /nc4.php HTTP/1.1" 429 451 "-" "-"
52.165.22.152 - - [25/Oct/2025:16:29:36 -0700] "GET /new.php HTTP/1.1" 429 451 "-" "-"
52.165.22.152 - - [25/Oct/2025:16:29:36 -0700] "GET /sallu.php HTTP/1.1" 429 451 "-" "-"
52.165.22.152 - - [25/Oct/2025:16:29:37 -0700] "GET /test1.php HTTP/1.1" 429 451 "-" "-"
52.165.22.152 - - [25/Oct/2025:16:29:37 -0700] "GET /wp-activate.php HTTP/1.1" 429 451 "-" "-"
52.165.22.152 - - [25/Oct/2025:16:29:37 -0700] "GET /wp-admin.php HTTP/1.1" 429 451 "-" "-"
52.165.22.152 - - [25/Oct/2025:16:29:37 -0700] "GET /wp-good.php HTTP/1.1" 429 451 "-" "-"
52.165.22.152 - - [25/Oct/2025:16:29:38 -0700] "GET /wp-trackback.php HTTP/1.1" 429 451 "-" "-"
52.165.22.152 - - [25/Oct/2025:16:29:38 -0700] "GET /xmlrpc.php HTTP/1.1" 429 451 "-" "-"
52.165.22.152 - - [25/Oct/2025:16:29:38 -0700] "GET /xmrlpc.php HTTP/1.1" 429 451 "-" "-"
85.114.135.165 - - [25/Oct/2025:16:31:14 -0700] "GET /wp-login.php HTTP/2.0" 429 351 "-" "Mozilla/5.0 (Windows NT 10.0; Win64; x64) AppleWebKit/537.36 (KHTML, like Gecko) Chrome/130.0.0.0 Safari/537.36"
128.199.157.207 - - [25/Oct/2025:16:31:58 -0700] "GET /wp-login.php HTTP/2.0" 429 361 "-" "Mozilla/5.0 (Windows NT 10.0; Win64; x64) AppleWebKit/537.36 (KHTML, like Gecko) Chrome/130.0.0.0 Safari/537.36"
128.199.157.207 - - [25/Oct/2025:16:32:12 -0700] "GET /wp-login.php HTTP/2.0" 429 361 "-" "Mozilla/5.0 (Windows NT 10.0; Win64; x64) AppleWebKit/537.36 (KHTML, like Gecko) Chrome/130.0.0.0 Safari/537.36"
128.199.157.207 - - [25/Oct/2025:16:33:40 -0700] "GET /wp-login.php HTTP/2.0" 429 361 "-" "Mozilla/5.0 (Windows NT 10.0; Win64; x64) AppleWebKit/537.36 (KHTML, like Gecko) Chrome/130.0.0.0 Safari/537.36"
145.239.10.137 - - [25/Oct/2025:16:35:27 -0700] "GET /fileaz.php HTTP/1.1" 429 3596 "https://www.elconferencista.com/fileaz.php" "Mozilla/5.0 (iPhone; CPU iPhone OS 17_5_1 like Mac OS X) AppleWebKit/605.1.15 (KHTML, like Gecko) Version/17.5 Mobile/15E148 Safari/604.1"
145.239.10.137 - - [25/Oct/2025:16:35:39 -0700] "GET /inputs.php HTTP/1.1" 429 3596 "https://www.elconferencista.com/inputs.php" "Mozilla/5.0 (iPhone; CPU iPhone OS 17_5_1 like Mac OS X) AppleWebKit/605.1.15 (KHTML, like Gecko) Version/17.5 Mobile/15E148 Safari/604.1"
54.39.210.115 - - [25/Oct/2025:16:36:37 -0700] "GET /conferencias-edner/8-conferencia-de-la-vision-a-la-accion/ HTTP/2.0" 200 24631 "-" "Mozilla/5.0 (compatible; AhrefsBot/7.0; +http://ahrefs.com/robot/)"
69.163.179.91 - - [25/Oct/2025:16:36:39 -0700] "POST /wp-cron.php?doing_wp_cron=1761435399.4674019813537597656250 HTTP/1.1" 200 3647 "-" "WordPress/6.8.3; https://www.elconferencista.com"
178.33.109.193 - - [25/Oct/2025:16:38:23 -0700] "GET /wp-login.php HTTP/2.0" 429 351 "-" "Mozilla/5.0 (Windows NT 10.0; Win64; x64) AppleWebKit/537.36 (KHTML, like Gecko) Chrome/130.0.0.0 Safari/537.36"
35.77.213.191 - - [25/Oct/2025:16:38:53 -0700] "GET /wp-login.php HTTP/2.0" 429 342 "-" "Mozilla/5.0 (Windows NT 10.0; Win64; x64) AppleWebKit/537.36 (KHTML, like Gecko) Chrome/130.0.0.0 Safari/537.36"
88.99.242.20 - - [25/Oct/2025:16:39:27 -0700] "GET /wp-login.php HTTP/2.0" 429 351 "-" "Mozilla/5.0 (Windows NT 10.0; Win64; x64) AppleWebKit/537.36 (KHTML, like Gecko) Chrome/130.0.0.0 Safari/537.36"
103.175.163.182 - - [25/Oct/2025:16:40:16 -0700] "GET /wp-login.php HTTP/2.0" 429 351 "-" "Mozilla/4.0 (compatible; MSIE 7.0; Windows NT 6.2; WOW64; Trident/7.0; .NET4.0C; .NET4.0E; InfoPath.3; .NET CLR 2.0.50727; .NET CLR 3.0.30729; .NET CLR 3.5.30729)"
178.239.147.118 - - [25/Oct/2025:16:42:09 -0700] "GET /wp-login.php HTTP/2.0" 429 351 "-" "Mozilla/5.0 (Windows NT 10.0; Win64; x64) AppleWebKit/537.36 (KHTML, like Gecko) Chrome/130.0.0.0 Safari/537.36"
182.44.9.147 - - [25/Oct/2025:16:42:36 -0700] "GET / HTTP/1.1" 429 3797 "http://www.elconferencista.com" "Mozilla/5.0 (iPhone; CPU iPhone OS 13_2_3 like Mac OS X) AppleWebKit/605.1.15 (KHTML, like Gecko) Version/13.0.3 Mobile/15E148 Safari/604.1"
118.139.177.206 - - [25/Oct/2025:16:43:49 -0700] "GET /wp-login.php HTTP/2.0" 200 3583 "-" "Mozilla/5.0 (Windows NT 10.0; Win64; x64) AppleWebKit/537.36 (KHTML, like Gecko) Chrome/130.0.0.0 Safari/537.36"
69.163.179.91 - - [25/Oct/2025:16:43:50 -0700] "POST /wp-cron.php?doing_wp_cron=1761435830.4610540866851806640625 HTTP/1.1" 200 3647 "-" "WordPress/6.8.3; https://www.elconferencista.com"
118.139.177.206 - - [25/Oct/2025:16:43:52 -0700] "POST /wp-login.php HTTP/2.0" 200 3458 "https://www.elconferencista.com/wp-login.php" "Mozilla/5.0 (Windows NT 10.0; Win64; x64) AppleWebKit/537.36 (KHTML, like Gecko) Chrome/130.0.0.0 Safari/537.36"
128.199.157.207 - - [25/Oct/2025:16:45:40 -0700] "GET /wp-login.php HTTP/2.0" 429 361 "-" "Mozilla/5.0 (Windows NT 10.0; Win64; x64) AppleWebKit/537.36 (KHTML, like Gecko) Chrome/130.0.0.0 Safari/537.36"
89.117.74.114 - - [25/Oct/2025:16:47:05 -0700] "GET /wp-login.php HTTP/2.0" 429 362 "-" "Mozilla/5.0 (Windows NT 10.0; Win64; x64) AppleWebKit/537.36 (KHTML, like Gecko) Chrome/130.0.0.0 Safari/537.36"
178.239.147.118 - - [25/Oct/2025:16:47:46 -0700] "GET /wp-login.php HTTP/2.0" 429 351 "-" "Mozilla/5.0 (Windows NT 10.0; Win64; x64) AppleWebKit/537.36 (KHTML, like Gecko) Chrome/130.0.0.0 Safari/537.36"
85.114.135.165 - - [25/Oct/2025:16:48:38 -0700] "GET /wp-login.php HTTP/2.0" 429 351 "-" "Mozilla/5.0 (Windows NT 10.0; Win64; x64) AppleWebKit/537.36 (KHTML, like Gecko) Chrome/130.0.0.0 Safari/537.36"
62.171.139.181 - - [25/Oct/2025:16:48:47 -0700] "GET /wp-login.php HTTP/2.0" 429 351 "-" "Mozilla/5.0 (Windows NT 10.0; Win64; x64) AppleWebKit/537.36 (KHTML, like Gecko) Chrome/130.0.0.0 Safari/537.36"
128.199.157.207 - - [25/Oct/2025:16:48:51 -0700] "GET /wp-login.php HTTP/2.0" 429 361 "-" "Mozilla/5.0 (Windows NT 10.0; Win64; x64) AppleWebKit/537.36 (KHTML, like Gecko) Chrome/130.0.0.0 Safari/537.36"
178.239.147.118 - - [25/Oct/2025:16:48:54 -0700] "GET /wp-login.php HTTP/2.0" 429 351 "-" "Mozilla/5.0 (Windows NT 10.0; Win64; x64) AppleWebKit/537.36 (KHTML, like Gecko) Chrome/130.0.0.0 Safari/537.36"
20.166.213.184 - - [25/Oct/2025:16:49:25 -0700] "GET /wp-login.php HTTP/2.0" 429 343 "-" "Mozilla/5.0 (Windows NT 10.0; Win64; x64) AppleWebKit/537.36 (KHTML, like Gecko) Chrome/130.0.0.0 Safari/537.36"
178.239.147.118 - - [25/Oct/2025:16:49:29 -0700] "GET /wp-login.php HTTP/2.0" 429 351 "-" "Mozilla/5.0 (Windows NT 10.0; Win64; x64) AppleWebKit/537.36 (KHTML, like Gecko) Chrome/130.0.0.0 Safari/537.36"
163.223.13.96 - - [25/Oct/2025:16:49:57 -0700] "GET /wp-login.php HTTP/2.0" 429 351 "-" "Mozilla/5.0 (Windows NT 10.0; Win64; x64) AppleWebKit/537.36 (KHTML, like Gecko) Chrome/130.0.0.0 Safari/537.36"
178.239.147.118 - - [25/Oct/2025:16:50:39 -0700] "GET /wp-login.php HTTP/2.0" 429 351 "-" "Mozilla/5.0 (Windows NT 10.0; Win64; x64) AppleWebKit/537.36 (KHTML, like Gecko) Chrome/130.0.0.0 Safari/537.36"
186.96.208.77 - - [25/Oct/2025:16:54:35 -0700] "GET /wp-login.php HTTP/2.0" 429 351 "-" "Mozilla/5.0 (Windows NT 10.0; Win64; x64) AppleWebKit/537.36 (KHTML, like Gecko) Chrome/130.0.0.0 Safari/537.36"
163.61.112.5 - - [25/Oct/2025:16:54:41 -0700] "GET /wp-login.php HTTP/2.0" 429 351 "-" "Mozilla/5.0 (Windows NT 10.0; Win64; x64) AppleWebKit/537.36 (KHTML, like Gecko) Chrome/130.0.0.0 Safari/537.36"
178.239.147.118 - - [25/Oct/2025:16:55:35 -0700] "GET /wp-login.php HTTP/2.0" 429 351 "-" "Mozilla/5.0 (Windows NT 10.0; Win64; x64) AppleWebKit/537.36 (KHTML, like Gecko) Chrome/130.0.0.0 Safari/537.36"
199.188.200.139 - - [25/Oct/2025:16:57:06 -0700] "GET /wp-login.php HTTP/2.0" 200 3583 "-" "Mozilla/5.0 (Windows NT 10.0; Win64; x64) AppleWebKit/537.36 (KHTML, like Gecko) Chrome/130.0.0.0 Safari/537.36"
69.163.179.91 - - [25/Oct/2025:16:57:07 -0700] "POST /wp-cron.php?doing_wp_cron=1761436627.8949520587921142578125 HTTP/1.1" 200 3647 "-" "WordPress/6.8.3; https://www.elconferencista.com"
199.188.200.139 - - [25/Oct/2025:16:57:13 -0700] "POST /wp-login.php HTTP/2.0" 200 3458 "https://www.elconferencista.com/wp-login.php" "Mozilla/5.0 (Windows NT 10.0; Win64; x64) AppleWebKit/537.36 (KHTML, like Gecko) Chrome/130.0.0.0 Safari/537.36"
88.99.242.20 - - [25/Oct/2025:16:57:45 -0700] "GET /wp-login.php HTTP/2.0" 429 351 "-" "Mozilla/5.0 (Windows NT 10.0; Win64; x64) AppleWebKit/537.36 (KHTML, like Gecko) Chrome/130.0.0.0 Safari/537.36"
92.205.110.219 - - [25/Oct/2025:16:59:20 -0700] "GET /wp-login.php HTTP/2.0" 429 351 "-" "Mozilla/5.0 (Windows NT 10.0; Win64; x64) AppleWebKit/537.36 (KHTML, like Gecko) Chrome/130.0.0.0 Safari/537.36"
77.75.76.172 - - [25/Oct/2025:17:00:36 -0700] "GET /?products=116 HTTP/1.1" 200 34843 "-" "Mozilla/5.0 (compatible; SeznamBot/4.0; +https://o-seznam.cz/napoveda/vyhledavani/en/seznambot-crawler/)"
69.163.179.91 - - [25/Oct/2025:17:00:38 -0700] "POST /wp-cron.php?doing_wp_cron=1761436838.1746859550476074218750 HTTP/1.1" 200 3647 "-" "WordPress/6.8.3; https://www.elconferencista.com"
8.218.137.248 - - [25/Oct/2025:17:02:14 -0700] "GET /wp-login.php HTTP/2.0" 429 342 "-" "Mozilla/5.0 (Windows NT 6.1; WOW64; Trident/7.0; QwestIE8x64; rv:11.0) like Gecko"
8.218.137.248 - - [25/Oct/2025:17:02:19 -0700] "POST /wp-login.php HTTP/2.0" 429 302 "https://www.elconferencista.com/wp-login.php" "Mozilla/5.0 (Windows NT 6.1; WOW64; Trident/7.0; QwestIE8x64; rv:11.0) like Gecko"
163.223.13.96 - - [25/Oct/2025:17:04:24 -0700] "GET /wp-login.php HTTP/2.0" 429 351 "-" "Mozilla/5.0 (Windows NT 10.0; Win64; x64) AppleWebKit/537.36 (KHTML, like Gecko) Chrome/130.0.0.0 Safari/537.36"
216.244.66.199 - - [25/Oct/2025:17:08:34 -0700] "GET /robots.txt HTTP/1.1" 200 3586 "-" "Mozilla/5.0 (compatible; DotBot/1.2; +https://opensiteexplorer.org/dotbot; help@moz.com)"
83.225.102.204 - - [25/Oct/2025:17:08:43 -0700] "GET /wp-json/wp/v2/users HTTP/1.1" 200 6265 "https://www.google.com" "Mozilla/5.0 (X11; Linux x86_64) AppleWebKit/537.36 (KHTML, like Gecko) Chrome/119.0.0.0 Safari/537.36"
69.163.179.91 - - [25/Oct/2025:17:08:45 -0700] "POST /wp-cron.php?doing_wp_cron=1761437325.0280508995056152343750 HTTP/1.1" 200 3647 "-" "WordPress/6.8.3; https://www.elconferencista.com"
83.225.102.204 - - [25/Oct/2025:17:08:55 -0700] "GET /wp-login.php HTTP/1.1" 200 6989 "https://www.google.com" "Mozilla/5.0 (X11; Linux x86_64) AppleWebKit/537.36 (KHTML, like Gecko) Chrome/119.0.0.0 Safari/537.36"
178.239.147.118 - - [25/Oct/2025:17:09:37 -0700] "GET /wp-login.php HTTP/2.0" 429 351 "-" "Mozilla/5.0 (Windows NT 10.0; Win64; x64) AppleWebKit/537.36 (KHTML, like Gecko) Chrome/130.0.0.0 Safari/537.36"
178.239.147.118 - - [25/Oct/2025:17:09:44 -0700] "GET /wp-login.php HTTP/2.0" 429 351 "-" "Mozilla/5.0 (Windows NT 10.0; Win64; x64) AppleWebKit/537.36 (KHTML, like Gecko) Chrome/130.0.0.0 Safari/537.36"
69.163.179.91 - - [25/Oct/2025:17:09:49 -0700] "POST /wp-cron.php?doing_wp_cron=1761437389.8372690677642822265625 HTTP/1.1" 200 3647 "-" "WordPress/6.8.3; https://www.elconferencista.com"
69.163.179.91 - - [25/Oct/2025:17:09:50 -0700] "POST /wp-cron.php?doing_wp_cron=1761437390.3924660682678222656250 HTTP/1.1" 200 3647 "-" "WordPress/6.8.3; https://www.elconferencista.com"
54.39.210.49 - - [25/Oct/2025:17:09:49 -0700] "GET /conferencias-edner/2-conferencia-reinventandonos-en-tiempos-criticos/ HTTP/2.0" 200 24745 "-" "Mozilla/5.0 (compatible; AhrefsBot/7.0; +http://ahrefs.com/robot/)"
163.223.13.96 - - [25/Oct/2025:17:11:27 -0700] "GET /wp-login.php HTTP/2.0" 429 351 "-" "Mozilla/5.0 (Windows NT 10.0; Win64; x64) AppleWebKit/537.36 (KHTML, like Gecko) Chrome/130.0.0.0 Safari/537.36"
178.239.147.118 - - [25/Oct/2025:17:11:31 -0700] "GET /wp-login.php HTTP/2.0" 429 351 "-" "Mozilla/5.0 (Windows NT 10.0; Win64; x64) AppleWebKit/537.36 (KHTML, like Gecko) Chrome/130.0.0.0 Safari/537.36"
178.239.147.118 - - [25/Oct/2025:17:11:54 -0700] "GET /wp-login.php HTTP/2.0" 429 351 "-" "Mozilla/5.0 (Windows NT 10.0; Win64; x64) AppleWebKit/537.36 (KHTML, like Gecko) Chrome/130.0.0.0 Safari/537.36"
64.176.38.62 - - [25/Oct/2025:17:13:56 -0700] "GET /wp-login.php HTTP/2.0" 429 351 "-" "Mozilla/5.0 (X11; CrOS x86_64 10575.55.0) AppleWebKit/537.36 (KHTML, like Gecko) Chrome/67.0.3396.87 Safari/537.36"
64.176.38.62 - - [25/Oct/2025:17:13:59 -0700] "POST /wp-login.php HTTP/2.0" 429 278 "https://www.elconferencista.com/wp-login.php" "Mozilla/5.0 (X11; CrOS x86_64 10575.55.0) AppleWebKit/537.36 (KHTML, like Gecko) Chrome/67.0.3396.87 Safari/537.36"
103.124.95.251 - - [25/Oct/2025:17:14:42 -0700] "GET /wp-login.php HTTP/2.0" 429 363 "-" "Mozilla/5.0 (Windows NT 10.0; Win64; x64) AppleWebKit/537.36 (KHTML, like Gecko) Chrome/130.0.0.0 Safari/537.36"
185.102.115.156 - - [25/Oct/2025:17:16:01 -0700] "GET / HTTP/1.0" 200 162370 "https://www.elconferencista.com/" "Mozilla/5.0 (Windows NT 6.3; Win64; x64) AppleWebKit/537.36 (KHTML, like Gecko) Chrome/103.0.0.0 Safari/537.36"
69.163.179.91 - - [25/Oct/2025:17:16:03 -0700] "POST /wp-cron.php?doing_wp_cron=1761437763.0290889739990234375000 HTTP/1.1" 200 3647 "-" "WordPress/6.8.3; https://www.elconferencista.com"
74.208.92.227 - - [25/Oct/2025:17:16:48 -0700] "GET /wp-login.php HTTP/2.0" 429 351 "-" "Mozilla/5.0 (Windows NT 10.0; Win64; x64) AppleWebKit/537.36 (KHTML, like Gecko) Chrome/130.0.0.0 Safari/537.36"
31.186.11.182 - - [25/Oct/2025:17:18:06 -0700] "GET /wp-login.php HTTP/2.0" 429 352 "-" "Mozilla/5.0 (Windows NT 10.0; Win64; x64) AppleWebKit/537.36 (KHTML, like Gecko) Chrome/130.0.0.0 Safari/537.36"
185.102.115.156 - - [25/Oct/2025:17:18:55 -0700] "POST /wp-admin/admin-ajax.php HTTP/1.0" 200 3664 "https://www.elconferencista.com/" "Mozilla/5.0 (Windows NT 6.3; Win64; x64) AppleWebKit/537.36 (KHTML, like Gecko) Chrome/103.0.0.0 Safari/537.36"
69.163.179.91 - - [25/Oct/2025:17:18:57 -0700] "POST /wp-cron.php?doing_wp_cron=1761437937.2121160030364990234375 HTTP/1.1" 200 3647 "-" "WordPress/6.8.3; https://www.elconferencista.com"
178.239.147.118 - - [25/Oct/2025:17:22:52 -0700] "GET /wp-login.php HTTP/2.0" 429 351 "-" "Mozilla/5.0 (Windows NT 10.0; Win64; x64) AppleWebKit/537.36 (KHTML, like Gecko) Chrome/130.0.0.0 Safari/537.36"
40.77.167.79 - - [25/Oct/2025:17:24:37 -0700] "GET /dozin.html HTTP/2.0" 200 28662 "-" "Mozilla/5.0 AppleWebKit/537.36 (KHTML, like Gecko; compatible; bingbot/2.0; +http://www.bing.com/bingbot.htm) Chrome/116.0.1938.76 Safari/537.36"
88.99.242.20 - - [25/Oct/2025:17:25:50 -0700] "GET /wp-login.php HTTP/2.0" 429 351 "-" "Mozilla/5.0 (Windows NT 10.0; Win64; x64) AppleWebKit/537.36 (KHTML, like Gecko) Chrome/130.0.0.0 Safari/537.36"
20.166.213.184 - - [25/Oct/2025:17:26:26 -0700] "GET /wp-login.php HTTP/2.0" 429 351 "-" "Mozilla/5.0 (Windows NT 10.0; Win64; x64) AppleWebKit/537.36 (KHTML, like Gecko) Chrome/130.0.0.0 Safari/537.36"
128.199.157.207 - - [25/Oct/2025:17:26:43 -0700] "GET /wp-login.php HTTP/2.0" 429 351 "-" "Mozilla/5.0 (Windows NT 10.0; Win64; x64) AppleWebKit/537.36 (KHTML, like Gecko) Chrome/130.0.0.0 Safari/537.36"
74.208.92.227 - - [25/Oct/2025:17:27:16 -0700] "GET /wp-login.php HTTP/2.0" 429 351 "-" "Mozilla/5.0 (Windows NT 10.0; Win64; x64) AppleWebKit/537.36 (KHTML, like Gecko) Chrome/130.0.0.0 Safari/537.36"
178.33.109.193 - - [25/Oct/2025:17:27:31 -0700] "GET /wp-login.php HTTP/2.0" 429 351 "-" "Mozilla/5.0 (Windows NT 10.0; Win64; x64) AppleWebKit/537.36 (KHTML, like Gecko) Chrome/130.0.0.0 Safari/537.36"
172.183.160.242 - - [25/Oct/2025:17:27:42 -0700] "GET /wp-login.php HTTP/2.0" 429 351 "-" "Mozilla/5.0 (Windows NT 10.0; Win64; x64) AppleWebKit/537.36 (KHTML, like Gecko) Chrome/130.0.0.0 Safari/537.36"
185.231.155.169 - - [25/Oct/2025:17:28:34 -0700] "GET / HTTP/1.0" 429 3596 "https://www.elconferencista.com/" "Mozilla/5.0 (Windows NT 10.0; Win64; x64) AppleWebKit/537.36 (KHTML, like Gecko) Chrome/129.0.0.0 Safari/537.36"
128.199.157.207 - - [25/Oct/2025:17:29:46 -0700] "GET /wp-login.php HTTP/2.0" 429 351 "-" "Mozilla/5.0 (Windows NT 10.0; Win64; x64) AppleWebKit/537.36 (KHTML, like Gecko) Chrome/130.0.0.0 Safari/537.36"
178.239.147.118 - - [25/Oct/2025:17:30:03 -0700] "GET /wp-login.php HTTP/2.0" 429 351 "-" "Mozilla/5.0 (Windows NT 10.0; Win64; x64) AppleWebKit/537.36 (KHTML, like Gecko) Chrome/130.0.0.0 Safari/537.36"
52.167.144.193 - - [25/Oct/2025:17:30:08 -0700] "GET /hobby/boardgame/index.html HTTP/2.0" 200 27600 "-" "Mozilla/5.0 AppleWebKit/537.36 (KHTML, like Gecko; compatible; bingbot/2.0; +http://www.bing.com/bingbot.htm) Chrome/116.0.1938.76 Safari/537.36"
178.239.147.118 - - [25/Oct/2025:17:30:26 -0700] "GET /wp-login.php HTTP/2.0" 429 351 "-" "Mozilla/5.0 (Windows NT 10.0; Win64; x64) AppleWebKit/537.36 (KHTML, like Gecko) Chrome/130.0.0.0 Safari/537.36"
178.239.147.118 - - [25/Oct/2025:17:30:36 -0700] "GET /wp-login.php HTTP/2.0" 429 351 "-" "Mozilla/5.0 (Windows NT 10.0; Win64; x64) AppleWebKit/537.36 (KHTML, like Gecko) Chrome/130.0.0.0 Safari/537.36"
88.99.242.20 - - [25/Oct/2025:17:31:22 -0700] "GET /wp-login.php HTTP/2.0" 429 351 "-" "Mozilla/5.0 (Windows NT 10.0; Win64; x64) AppleWebKit/537.36 (KHTML, like Gecko) Chrome/130.0.0.0 Safari/537.36"
128.199.157.207 - - [25/Oct/2025:17:31:47 -0700] "GET /wp-login.php HTTP/2.0" 429 351 "-" "Mozilla/5.0 (Windows NT 10.0; Win64; x64) AppleWebKit/537.36 (KHTML, like Gecko) Chrome/130.0.0.0 Safari/537.36"
178.239.147.118 - - [25/Oct/2025:17:32:36 -0700] "GET /wp-login.php HTTP/2.0" 429 351 "-" "Mozilla/5.0 (Windows NT 10.0; Win64; x64) AppleWebKit/537.36 (KHTML, like Gecko) Chrome/130.0.0.0 Safari/537.36"
132.148.73.213 - - [25/Oct/2025:17:33:21 -0700] "GET /wp-login.php HTTP/2.0" 429 351 "-" "Mozilla/5.0 (Macintosh; Intel Mac OS X 10_9_5) AppleWebKit/537.36 (KHTML, like Gecko) Chrome/66.0.3359.117 Safari/537.36"
132.148.73.213 - - [25/Oct/2025:17:33:48 -0700] "POST /wp-login.php HTTP/2.0" 429 351 "https://www.elconferencista.com/wp-login.php" "Mozilla/5.0 (Macintosh; Intel Mac OS X 10_9_5) AppleWebKit/537.36 (KHTML, like Gecko) Chrome/66.0.3359.117 Safari/537.36"
128.199.157.207 - - [25/Oct/2025:17:34:20 -0700] "GET /wp-login.php HTTP/2.0" 429 351 "-" "Mozilla/5.0 (Windows NT 10.0; Win64; x64) AppleWebKit/537.36 (KHTML, like Gecko) Chrome/130.0.0.0 Safari/537.36"
88.99.242.20 - - [25/Oct/2025:17:34:32 -0700] "GET /wp-login.php HTTP/2.0" 429 343 "-" "Mozilla/5.0 (Windows NT 10.0; Win64; x64) AppleWebKit/537.36 (KHTML, like Gecko) Chrome/130.0.0.0 Safari/537.36"
188.132.179.144 - - [25/Oct/2025:17:34:36 -0700] "GET /wp-login.php HTTP/2.0" 200 3583 "-" "Mozilla/5.0 (Windows NT 10.0; Win64; x64) AppleWebKit/537.36 (KHTML, like Gecko) Chrome/130.0.0.0 Safari/537.36"
69.163.179.91 - - [25/Oct/2025:17:34:38 -0700] "POST /wp-cron.php?doing_wp_cron=1761438878.1938149929046630859375 HTTP/1.1" 200 3647 "-" "WordPress/6.8.3; https://www.elconferencista.com"
188.132.179.144 - - [25/Oct/2025:17:34:39 -0700] "POST /wp-login.php HTTP/2.0" 200 3488 "https://www.elconferencista.com/wp-login.php" "Mozilla/5.0 (Windows NT 10.0; Win64; x64) AppleWebKit/537.36 (KHTML, like Gecko) Chrome/130.0.0.0 Safari/537.36"
62.171.139.181 - - [25/Oct/2025:17:34:41 -0700] "GET /wp-login.php HTTP/2.0" 429 351 "-" "Mozilla/5.0 (Windows NT 10.0; Win64; x64) AppleWebKit/537.36 (KHTML, like Gecko) Chrome/130.0.0.0 Safari/537.36"
3.34.183.174 - - [25/Oct/2025:17:35:14 -0700] "GET /wp-login.php HTTP/2.0" 429 342 "-" "Mozilla/5.0 (Windows NT 10.0; Win64; x64) AppleWebKit/537.36 (KHTML, like Gecko) Chrome/130.0.0.0 Safari/537.36"
88.99.242.20 - - [25/Oct/2025:17:35:41 -0700] "GET /wp-login.php HTTP/2.0" 429 351 "-" "Mozilla/5.0 (Windows NT 10.0; Win64; x64) AppleWebKit/537.36 (KHTML, like Gecko) Chrome/130.0.0.0 Safari/537.36"
43.224.34.83 - - [25/Oct/2025:17:35:57 -0700] "GET /wp-login.php HTTP/2.0" 429 351 "-" "Mozilla/5.0 (Windows NT 10.0; Win64; x64) AppleWebKit/537.36 (KHTML, like Gecko) Chrome/130.0.0.0 Safari/537.36"
45.138.99.186 - - [25/Oct/2025:17:36:03 -0700] "GET /wp-login.php HTTP/2.0" 200 3583 "-" "Mozilla/5.0 (Windows NT 10.0; Win64; x64) AppleWebKit/537.36 (KHTML, like Gecko) Chrome/130.0.0.0 Safari/537.36"
69.163.179.91 - - [25/Oct/2025:17:36:03 -0700] "POST /wp-cron.php?doing_wp_cron=1761438963.9326961040496826171875 HTTP/1.1" 200 3647 "-" "WordPress/6.8.3; https://www.elconferencista.com"
45.138.99.186 - - [25/Oct/2025:17:36:05 -0700] "POST /wp-login.php HTTP/2.0" 200 3485 "https://www.elconferencista.com/wp-login.php" "Mozilla/5.0 (Windows NT 10.0; Win64; x64) AppleWebKit/537.36 (KHTML, like Gecko) Chrome/130.0.0.0 Safari/537.36"
54.39.136.183 - - [25/Oct/2025:17:36:39 -0700] "GET / HTTP/2.0" 200 31034 "-" "Mozilla/5.0 (compatible; AhrefsBot/7.0; +http://ahrefs.com/robot/)"
67.205.41.55 - - [25/Oct/2025:17:37:24 -0700] "GET /wp-login.php HTTP/2.0" 200 3583 "-" "Mozilla/5.0 (Windows NT 10.0; Win64; x64) AppleWebKit/537.36 (KHTML, like Gecko) Chrome/130.0.0.0 Safari/537.36"
69.163.179.91 - - [25/Oct/2025:17:37:25 -0700] "POST /wp-cron.php?doing_wp_cron=1761439045.0467970371246337890625 HTTP/1.1" 200 3647 "-" "WordPress/6.8.3; https://www.elconferencista.com"
67.205.41.55 - - [25/Oct/2025:17:37:30 -0700] "POST /wp-login.php HTTP/2.0" 200 3485 "https://www.elconferencista.com/wp-login.php" "Mozilla/5.0 (Windows NT 10.0; Win64; x64) AppleWebKit/537.36 (KHTML, like Gecko) Chrome/130.0.0.0 Safari/537.36"
128.199.157.207 - - [25/Oct/2025:17:39:35 -0700] "GET /wp-login.php HTTP/2.0" 429 351 "-" "Mozilla/5.0 (Windows NT 10.0; Win64; x64) AppleWebKit/537.36 (KHTML, like Gecko) Chrome/130.0.0.0 Safari/537.36"
20.166.213.184 - - [25/Oct/2025:17:41:02 -0700] "GET /wp-login.php HTTP/2.0" 429 351 "-" "Mozilla/5.0 (Windows NT 10.0; Win64; x64) AppleWebKit/537.36 (KHTML, like Gecko) Chrome/130.0.0.0 Safari/537.36"
112.213.85.55 - - [25/Oct/2025:17:41:52 -0700] "GET /wp-login.php HTTP/2.0" 429 351 "-" "Mozilla/5.0 (Windows NT 10.0; Win64; x64) AppleWebKit/537.36 (KHTML, like Gecko) Chrome/130.0.0.0 Safari/537.36"
178.239.147.118 - - [25/Oct/2025:17:43:10 -0700] "GET /wp-login.php HTTP/2.0" 429 351 "-" "Mozilla/5.0 (Windows NT 10.0; Win64; x64) AppleWebKit/537.36 (KHTML, like Gecko) Chrome/130.0.0.0 Safari/537.36"
43.224.34.83 - - [25/Oct/2025:17:44:11 -0700] "GET /wp-login.php HTTP/2.0" 429 351 "-" "Mozilla/5.0 (Windows NT 10.0; Win64; x64) AppleWebKit/537.36 (KHTML, like Gecko) Chrome/130.0.0.0 Safari/537.36"
92.205.110.219 - - [25/Oct/2025:17:44:14 -0700] "GET /wp-login.php HTTP/2.0" 429 351 "-" "Mozilla/5.0 (Windows NT 10.0; Win64; x64) AppleWebKit/537.36 (KHTML, like Gecko) Chrome/130.0.0.0 Safari/537.36"
142.44.228.236 - - [25/Oct/2025:17:44:50 -0700] "GET /sitemap.xml HTTP/2.0" 200 3376 "-" "Mozilla/5.0 (compatible; AhrefsBot/7.0; +http://ahrefs.com/robot/)"
45.141.215.39 - - [25/Oct/2025:17:45:42 -0700] "GET / HTTP/1.1" 429 3780 "-" "-"
216.244.66.199 - - [25/Oct/2025:17:46:06 -0700] "GET /solicita-tu-cotizacion/index.php?conferencia=%3Cspan%3E8%3C/span%3E%20Acorazados.%20!!M%C3%A1ximo%20potencial!!%20%C2%AE HTTP/1.1" 301 3669 "-" "Mozilla/5.0 (compatible; DotBot/1.2; +https://opensiteexplorer.org/dotbot; help@moz.com)"
69.163.179.91 - - [25/Oct/2025:17:46:08 -0700] "POST /wp-cron.php?doing_wp_cron=1761439568.2002549171447753906250 HTTP/1.1" 200 3647 "-" "WordPress/6.8.3; https://www.elconferencista.com"
67.205.41.55 - - [25/Oct/2025:17:50:12 -0700] "GET /wp-login.php HTTP/2.0" 200 3583 "-" "Mozilla/5.0 (Windows NT 10.0; Win64; x64) AppleWebKit/537.36 (KHTML, like Gecko) Chrome/130.0.0.0 Safari/537.36"
69.163.179.91 - - [25/Oct/2025:17:50:13 -0700] "POST /wp-cron.php?doing_wp_cron=1761439813.5732998847961425781250 HTTP/1.1" 200 3647 "-" "WordPress/6.8.3; https://www.elconferencista.com"
67.205.41.55 - - [25/Oct/2025:17:50:14 -0700] "POST /wp-login.php HTTP/2.0" 200 3485 "https://www.elconferencista.com/wp-login.php" "Mozilla/5.0 (Windows NT 10.0; Win64; x64) AppleWebKit/537.36 (KHTML, like Gecko) Chrome/130.0.0.0 Safari/537.36"
185.133.206.116 - - [25/Oct/2025:17:50:39 -0700] "GET /wp-login.php HTTP/2.0" 429 351 "-" "Mozilla/5.0 (Windows NT 10.0; WOW64; Trident/7.0; AS; rv:11.0) like Gecko"
185.133.206.116 - - [25/Oct/2025:17:50:39 -0700] "POST /wp-login.php HTTP/2.0" 429 255 "https://www.elconferencista.com/wp-login.php" "Mozilla/5.0 (Windows NT 10.0; WOW64; Trident/7.0; AS; rv:11.0) like Gecko"
178.239.147.118 - - [25/Oct/2025:17:50:56 -0700] "GET /wp-login.php HTTP/2.0" 429 351 "-" "Mozilla/5.0 (Windows NT 10.0; Win64; x64) AppleWebKit/537.36 (KHTML, like Gecko) Chrome/130.0.0.0 Safari/537.36"
128.199.157.207 - - [25/Oct/2025:17:51:57 -0700] "GET /wp-login.php HTTP/2.0" 429 351 "-" "Mozilla/5.0 (Windows NT 10.0; Win64; x64) AppleWebKit/537.36 (KHTML, like Gecko) Chrome/130.0.0.0 Safari/537.36"
178.239.147.118 - - [25/Oct/2025:17:52:01 -0700] "GET /wp-login.php HTTP/2.0" 429 351 "-" "Mozilla/5.0 (Windows NT 10.0; Win64; x64) AppleWebKit/537.36 (KHTML, like Gecko) Chrome/130.0.0.0 Safari/537.36"
74.50.80.136 - - [25/Oct/2025:17:53:15 -0700] "GET /wp-login.php HTTP/2.0" 429 351 "-" "Mozilla/5.0 (Windows NT 10.0; Win64; x64) AppleWebKit/537.36 (KHTML, like Gecko) Chrome/130.0.0.0 Safari/537.36"
92.205.110.219 - - [25/Oct/2025:17:53:40 -0700] "GET /wp-login.php HTTP/2.0" 429 351 "-" "Mozilla/5.0 (Windows NT 10.0; Win64; x64) AppleWebKit/537.36 (KHTML, like Gecko) Chrome/130.0.0.0 Safari/537.36"
163.223.13.96 - - [25/Oct/2025:17:54:11 -0700] "GET /wp-login.php HTTP/2.0" 429 351 "-" "Mozilla/5.0 (Windows NT 10.0; Win64; x64) AppleWebKit/537.36 (KHTML, like Gecko) Chrome/130.0.0.0 Safari/537.36"
88.99.242.20 - - [25/Oct/2025:17:54:56 -0700] "GET /wp-login.php HTTP/2.0" 429 351 "-" "Mozilla/5.0 (Windows NT 10.0; Win64; x64) AppleWebKit/537.36 (KHTML, like Gecko) Chrome/130.0.0.0 Safari/537.36"
74.208.92.227 - - [25/Oct/2025:17:55:01 -0700] "GET /wp-login.php HTTP/2.0" 429 351 "-" "Mozilla/5.0 (Windows NT 10.0; Win64; x64) AppleWebKit/537.36 (KHTML, like Gecko) Chrome/130.0.0.0 Safari/537.36"
205.196.209.198 - - [25/Oct/2025:17:56:26 -0700] "GET /wp-login.php HTTP/2.0" 200 3583 "-" "Mozilla/4.0 (compatible; MSIE 7.0; Windows NT 6.2; WOW64; Trident/7.0; .NET4.0C; .NET4.0E; .NET CLR 2.0.50727; .NET CLR 3.0.30729; .NET CLR 3.5.30729; LCTE)"
69.163.179.91 - - [25/Oct/2025:17:56:27 -0700] "POST /wp-cron.php?doing_wp_cron=1761440187.3576419353485107421875 HTTP/1.1" 200 3647 "-" "WordPress/6.8.3; https://www.elconferencista.com"
205.196.209.198 - - [25/Oct/2025:17:56:30 -0700] "POST /wp-login.php HTTP/2.0" 200 3465 "https://www.elconferencista.com/wp-login.php" "Mozilla/4.0 (compatible; MSIE 7.0; Windows NT 6.2; WOW64; Trident/7.0; .NET4.0C; .NET4.0E; .NET CLR 2.0.50727; .NET CLR 3.0.30729; .NET CLR 3.5.30729; LCTE)"
64.227.156.28 - - [25/Oct/2025:17:57:13 -0700] "GET /wp-login.php HTTP/2.0" 429 342 "-" "Mozilla/5.0 (Windows NT 10.0; Win64; x64) AppleWebKit/537.36 (KHTML, like Gecko) Chrome/130.0.0.0 Safari/537.36"
178.239.147.118 - - [25/Oct/2025:17:57:19 -0700] "GET /wp-login.php HTTP/2.0" 429 351 "-" "Mozilla/5.0 (Windows NT 10.0; Win64; x64) AppleWebKit/537.36 (KHTML, like Gecko) Chrome/130.0.0.0 Safari/537.36"
43.224.34.83 - - [25/Oct/2025:17:59:42 -0700] "GET /wp-login.php HTTP/2.0" 429 351 "-" "Mozilla/5.0 (Windows NT 10.0; Win64; x64) AppleWebKit/537.36 (KHTML, like Gecko) Chrome/130.0.0.0 Safari/537.36"
102.130.120.253 - - [25/Oct/2025:18:00:11 -0700] "GET /wp-login.php HTTP/2.0" 429 362 "-" "Mozilla/5.0 (Windows NT 10.0; Win64; x64) AppleWebKit/537.36 (KHTML, like Gecko) Chrome/130.0.0.0 Safari/537.36"
43.224.34.83 - - [25/Oct/2025:18:01:20 -0700] "GET /wp-login.php HTTP/2.0" 429 351 "-" "Mozilla/5.0 (Windows NT 10.0; Win64; x64) AppleWebKit/537.36 (KHTML, like Gecko) Chrome/130.0.0.0 Safari/537.36"
178.239.147.118 - - [25/Oct/2025:18:01:27 -0700] "GET /wp-login.php HTTP/2.0" 429 351 "-" "Mozilla/5.0 (Windows NT 10.0; Win64; x64) AppleWebKit/537.36 (KHTML, like Gecko) Chrome/130.0.0.0 Safari/537.36"
178.239.147.118 - - [25/Oct/2025:18:01:59 -0700] "GET /wp-login.php HTTP/2.0" 429 351 "-" "Mozilla/5.0 (Windows NT 10.0; Win64; x64) AppleWebKit/537.36 (KHTML, like Gecko) Chrome/130.0.0.0 Safari/537.36"
35.154.222.130 - - [25/Oct/2025:18:02:45 -0700] "GET /wp-login.php HTTP/2.0" 429 351 "-" "Mozilla/4.0 (compatible; MSIE 8.0; Windows NT 6.1; WOW64; Trident/7.0; SLCC2; .NET CLR 2.0.50727; .NET CLR 3.5.30729; .NET CLR 3.0.30729; Media Center PC 6.0; .NET4.0C; .NET4.0E)"
178.239.147.118 - - [25/Oct/2025:18:02:49 -0700] "GET /wp-login.php HTTP/2.0" 429 351 "-" "Mozilla/5.0 (Windows NT 10.0; Win64; x64) AppleWebKit/537.36 (KHTML, like Gecko) Chrome/130.0.0.0 Safari/537.36"
35.154.222.130 - - [25/Oct/2025:18:02:50 -0700] "POST /wp-login.php HTTP/2.0" 429 278 "https://www.elconferencista.com/wp-login.php" "Mozilla/4.0 (compatible; MSIE 8.0; Windows NT 6.1; WOW64; Trident/7.0; SLCC2; .NET CLR 2.0.50727; .NET CLR 3.5.30729; .NET CLR 3.0.30729; Media Center PC 6.0; .NET4.0C; .NET4.0E)"
128.199.157.207 - - [25/Oct/2025:18:02:55 -0700] "GET /wp-login.php HTTP/2.0" 429 351 "-" "Mozilla/5.0 (Windows NT 10.0; Win64; x64) AppleWebKit/537.36 (KHTML, like Gecko) Chrome/130.0.0.0 Safari/537.36"
34.202.83.109 - - [25/Oct/2025:18:03:28 -0700] "GET /wp-login.php HTTP/2.0" 429 351 "-" "Mozilla/5.0 (Windows NT 10.0; Win64; x64) AppleWebKit/537.36 (KHTML, like Gecko) Chrome/130.0.0.0 Safari/537.36"
128.199.157.207 - - [25/Oct/2025:18:04:34 -0700] "GET /wp-login.php HTTP/2.0" 429 351 "-" "Mozilla/5.0 (Windows NT 10.0; Win64; x64) AppleWebKit/537.36 (KHTML, like Gecko) Chrome/130.0.0.0 Safari/537.36"
35.154.222.130 - - [25/Oct/2025:18:04:43 -0700] "GET /wp-login.php HTTP/2.0" 429 351 "-" "Mozilla/5.0 (Windows NT 10.0; Win64; x64) AppleWebKit/537.36 (KHTML, like Gecko) Chrome/130.0.0.0 Safari/537.36"
91.134.81.68 - - [25/Oct/2025:18:05:31 -0700] "GET /wp-login.php HTTP/2.0" 429 351 "-" "Mozilla/5.0 (Windows NT 10.0; Win64; x64) AppleWebKit/537.36 (KHTML, like Gecko) Chrome/130.0.0.0 Safari/537.36"
74.208.92.227 - - [25/Oct/2025:18:06:00 -0700] "GET /wp-login.php HTTP/2.0" 429 351 "-" "Mozilla/5.0 (Windows NT 10.0; Win64; x64) AppleWebKit/537.36 (KHTML, like Gecko) Chrome/130.0.0.0 Safari/537.36"
92.205.110.219 - - [25/Oct/2025:18:06:29 -0700] "GET /wp-login.php HTTP/2.0" 429 351 "-" "Mozilla/5.0 (Windows NT 10.0; Win64; x64) AppleWebKit/537.36 (KHTML, like Gecko) Chrome/130.0.0.0 Safari/537.36"
178.239.147.118 - - [25/Oct/2025:18:09:07 -0700] "GET /wp-login.php HTTP/2.0" 429 351 "-" "Mozilla/5.0 (Windows NT 10.0; Win64; x64) AppleWebKit/537.36 (KHTML, like Gecko) Chrome/130.0.0.0 Safari/537.36"
178.239.147.118 - - [25/Oct/2025:18:11:39 -0700] "GET /wp-login.php HTTP/2.0" 429 351 "-" "Mozilla/5.0 (Windows NT 10.0; Win64; x64) AppleWebKit/537.36 (KHTML, like Gecko) Chrome/130.0.0.0 Safari/537.36"
64.227.148.219 - - [25/Oct/2025:18:13:10 -0700] "GET /wp-login.php HTTP/2.0" 200 3583 "-" "Mozilla/5.0 (Windows NT 10.0; Win64; x64) AppleWebKit/537.36 (KHTML, like Gecko) Chrome/130.0.0.0 Safari/537.36"
69.163.179.91 - - [25/Oct/2025:18:13:11 -0700] "POST /wp-cron.php?doing_wp_cron=1761441191.6560189723968505859375 HTTP/1.1" 200 3647 "-" "WordPress/6.8.3; https://www.elconferencista.com"
64.227.148.219 - - [25/Oct/2025:18:13:13 -0700] "POST /wp-login.php HTTP/2.0" 200 3458 "https://www.elconferencista.com/wp-login.php" "Mozilla/5.0 (Windows NT 10.0; Win64; x64) AppleWebKit/537.36 (KHTML, like Gecko) Chrome/130.0.0.0 Safari/537.36"
163.223.13.96 - - [25/Oct/2025:18:13:18 -0700] "GET /wp-login.php HTTP/2.0" 429 351 "-" "Mozilla/5.0 (Windows NT 10.0; Win64; x64) AppleWebKit/537.36 (KHTML, like Gecko) Chrome/130.0.0.0 Safari/537.36"
178.239.147.118 - - [25/Oct/2025:18:13:20 -0700] "GET /wp-login.php HTTP/2.0" 429 351 "-" "Mozilla/5.0 (Windows NT 10.0; Win64; x64) AppleWebKit/537.36 (KHTML, like Gecko) Chrome/130.0.0.0 Safari/537.36"
54.39.203.186 - - [25/Oct/2025:18:13:32 -0700] "GET /robots.txt HTTP/2.0" 200 278 "-" "Mozilla/5.0 (compatible; AhrefsBot/7.0; +http://ahrefs.com/robot/)"
69.163.179.91 - - [25/Oct/2025:18:13:36 -0700] "POST /wp-cron.php?doing_wp_cron=1761441216.4362709522247314453125 HTTP/1.1" 200 3647 "-" "WordPress/6.8.3; https://www.elconferencista.com"
51.161.37.86 - - [25/Oct/2025:18:13:35 -0700] "GET /conferencias-edner/7-conferencias-manejo-de-estres-estres-o-es-cuatro/ HTTP/2.0" 200 24498 "-" "Mozilla/5.0 (compatible; AhrefsBot/7.0; +http://ahrefs.com/robot/)"
8.218.137.248 - - [25/Oct/2025:18:14:37 -0700] "GET /wp-login.php HTTP/2.0" 429 342 "-" "Mozilla/5.0 (Macintosh; Intel Mac OS X 10_12) AppleWebKit/602.1.38 (KHTML, like Gecko) Version/10.0 Safari/602.1.38"
8.218.137.248 - - [25/Oct/2025:18:14:42 -0700] "POST /wp-login.php HTTP/2.0" 429 302 "https://www.elconferencista.com/wp-login.php" "Mozilla/5.0 (Macintosh; Intel Mac OS X 10_12) AppleWebKit/602.1.38 (KHTML, like Gecko) Version/10.0 Safari/602.1.38"
195.2.71.225 - - [25/Oct/2025:18:14:54 -0700] "GET / HTTP/1.0" 200 162370 "https://www.elconferencista.com/" "Mozilla/5.0 (Windows NT 10.0; Win64; x64) AppleWebKit/537.36 (KHTML, like Gecko) Chrome/130.0.0.0 Safari/537.36"
69.163.179.91 - - [25/Oct/2025:18:14:56 -0700] "POST /wp-cron.php?doing_wp_cron=1761441296.0548028945922851562500 HTTP/1.1" 200 3647 "-" "WordPress/6.8.3; https://www.elconferencista.com"
88.99.242.20 - - [25/Oct/2025:18:16:31 -0700] "GET /wp-login.php HTTP/2.0" 429 351 "-" "Mozilla/5.0 (Windows NT 10.0; Win64; x64) AppleWebKit/537.36 (KHTML, like Gecko) Chrome/130.0.0.0 Safari/537.36"
74.50.80.136 - - [25/Oct/2025:18:16:48 -0700] "GET /wp-login.php HTTP/2.0" 429 351 "-" "Mozilla/5.0 (Windows NT 10.0; Win64; x64) AppleWebKit/537.36 (KHTML, like Gecko) Chrome/130.0.0.0 Safari/537.36"
195.2.71.225 - - [25/Oct/2025:18:17:02 -0700] "GET / HTTP/1.0" 200 162370 "https://www.elconferencista.com/" "Mozilla/5.0 (Windows NT 10.0; Win64; x64) AppleWebKit/537.36 (KHTML, like Gecko) Chrome/130.0.0.0 Safari/537.36"
69.163.179.91 - - [25/Oct/2025:18:17:04 -0700] "POST /wp-cron.php?doing_wp_cron=1761441424.9420330524444580078125 HTTP/1.1" 200 3647 "-" "WordPress/6.8.3; https://www.elconferencista.com"
128.199.157.207 - - [25/Oct/2025:18:18:29 -0700] "GET /wp-login.php HTTP/2.0" 429 351 "-" "Mozilla/5.0 (Windows NT 10.0; Win64; x64) AppleWebKit/537.36 (KHTML, like Gecko) Chrome/130.0.0.0 Safari/537.36"
74.208.92.227 - - [25/Oct/2025:18:18:32 -0700] "GET /wp-login.php HTTP/2.0" 429 351 "-" "Mozilla/5.0 (Windows NT 10.0; Win64; x64) AppleWebKit/537.36 (KHTML, like Gecko) Chrome/130.0.0.0 Safari/537.36"
186.96.208.77 - - [25/Oct/2025:18:18:39 -0700] "GET /wp-login.php HTTP/2.0" 200 3583 "-" "Mozilla/5.0 (Windows NT 10.0; Win64; x64) AppleWebKit/537.36 (KHTML, like Gecko) Chrome/130.0.0.0 Safari/537.36"
69.163.179.91 - - [25/Oct/2025:18:18:40 -0700] "POST /wp-cron.php?doing_wp_cron=1761441520.8377630710601806640625 HTTP/1.1" 200 3647 "-" "WordPress/6.8.3; https://www.elconferencista.com"
195.2.71.225 - - [25/Oct/2025:18:20:05 -0700] "GET / HTTP/1.0" 200 162370 "https://www.elconferencista.com/" "Mozilla/5.0 (Windows NT 10.0; Win64; x64) AppleWebKit/537.36 (KHTML, like Gecko) Chrome/130.0.0.0 Safari/537.36 CCleaner/130.0.0.0"
69.163.179.91 - - [25/Oct/2025:18:20:07 -0700] "POST /wp-cron.php?doing_wp_cron=1761441606.9865229129791259765625 HTTP/1.1" 200 3647 "-" "WordPress/6.8.3; https://www.elconferencista.com"
128.199.157.207 - - [25/Oct/2025:18:20:19 -0700] "GET /wp-login.php HTTP/2.0" 429 351 "-" "Mozilla/5.0 (Windows NT 10.0; Win64; x64) AppleWebKit/537.36 (KHTML, like Gecko) Chrome/130.0.0.0 Safari/537.36"
128.199.157.207 - - [25/Oct/2025:18:21:00 -0700] "GET /wp-login.php HTTP/2.0" 429 351 "-" "Mozilla/5.0 (Windows NT 10.0; Win64; x64) AppleWebKit/537.36 (KHTML, like Gecko) Chrome/130.0.0.0 Safari/537.36"
69.163.179.91 - - [25/Oct/2025:18:21:32 -0700] "POST /wp-cron.php?doing_wp_cron=1761441692.6038239002227783203125 HTTP/1.1" 200 3647 "-" "WordPress/6.8.3; https://www.elconferencista.com"
195.2.71.225 - - [25/Oct/2025:18:21:31 -0700] "GET / HTTP/1.0" 200 162370 "https://www.elconferencista.com/" "Mozilla/5.0 (Windows NT 10.0; Win64; x64) AppleWebKit/537.36 (KHTML, like Gecko) Chrome/130.0.0.0 Safari/537.36"
205.210.31.6 - - [25/Oct/2025:18:21:38 -0700] "GET / HTTP/1.1" 200 162595 "-" "-"
195.2.71.225 - - [25/Oct/2025:18:23:37 -0700] "GET / HTTP/1.0" 200 162370 "https://www.elconferencista.com/" "Mozilla/5.0 (Windows NT 10.0; Win64; x64) AppleWebKit/537.36 (KHTML, like Gecko) Chrome/131.0.0.0 Safari/537.36 Avast/131.0.0.0"
69.163.179.91 - - [25/Oct/2025:18:23:38 -0700] "POST /wp-cron.php?doing_wp_cron=1761441818.5006918907165527343750 HTTP/1.1" 200 3647 "-" "WordPress/6.8.3; https://www.elconferencista.com"
88.99.242.20 - - [25/Oct/2025:18:24:08 -0700] "GET /wp-login.php HTTP/2.0" 429 351 "-" "Mozilla/5.0 (Windows NT 10.0; Win64; x64) AppleWebKit/537.36 (KHTML, like Gecko) Chrome/130.0.0.0 Safari/537.36"
92.205.110.219 - - [25/Oct/2025:18:24:49 -0700] "GET /wp-login.php HTTP/2.0" 429 351 "-" "Mozilla/5.0 (Windows NT 10.0; Win64; x64) AppleWebKit/537.36 (KHTML, like Gecko) Chrome/130.0.0.0 Safari/537.36"
38.146.27.78 - - [25/Oct/2025:18:26:48 -0700] "GET /wp-login.php HTTP/2.0" 429 342 "-" "Mozilla/5.0 (Windows NT 10.0; Win64; x64) AppleWebKit/537.36 (KHTML, like Gecko) Chrome/130.0.0.0 Safari/537.36"
103.28.36.220 - - [25/Oct/2025:18:27:44 -0700] "GET /wp-login.php HTTP/2.0" 200 3583 "-" "Mozilla/5.0 (Windows NT 10.0; Win64; x64) AppleWebKit/537.36 (KHTML, like Gecko) Chrome/130.0.0.0 Safari/537.36"
69.163.179.91 - - [25/Oct/2025:18:27:45 -0700] "POST /wp-cron.php?doing_wp_cron=1761442065.3447101116180419921875 HTTP/1.1" 200 3647 "-" "WordPress/6.8.3; https://www.elconferencista.com"
103.28.36.220 - - [25/Oct/2025:18:27:50 -0700] "POST /wp-login.php HTTP/2.0" 200 3458 "https://www.elconferencista.com/wp-login.php" "Mozilla/5.0 (Windows NT 10.0; Win64; x64) AppleWebKit/537.36 (KHTML, like Gecko) Chrome/130.0.0.0 Safari/537.36"
210.5.164.50 - - [25/Oct/2025:18:28:41 -0700] "GET /wp-login.php HTTP/2.0" 429 351 "-" "Mozilla/5.0 (Windows NT 10.0; Win64; x64) AppleWebKit/537.36 (KHTML, like Gecko) Chrome/130.0.0.0 Safari/537.36"
74.208.46.181 - - [25/Oct/2025:18:30:34 -0700] "GET /wp-login.php HTTP/2.0" 429 351 "-" "Mozilla/5.0 (Windows NT 6.3; Win64; x64; Trident/7.0; Touch; MAARJS; rv:11.0) like Gecko"
74.208.46.181 - - [25/Oct/2025:18:30:36 -0700] "POST /wp-login.php HTTP/2.0" 429 278 "https://www.elconferencista.com/wp-login.php" "Mozilla/5.0 (Windows NT 6.3; Win64; x64; Trident/7.0; Touch; MAARJS; rv:11.0) like Gecko"
45.64.185.141 - - [25/Oct/2025:18:31:06 -0700] "GET /wp-login.php HTTP/2.0" 429 351 "-" "Mozilla/5.0 (Windows NT 10.0; Win64; x64) AppleWebKit/537.36 (KHTML, like Gecko) Chrome/130.0.0.0 Safari/537.36"
84.54.44.204 - - [25/Oct/2025:18:34:55 -0700] "GET / HTTP/1.0" 429 3595 "https://www.elconferencista.com/" "Mozilla/5.0 (Windows NT 10.0; Win64; x64) AppleWebKit/537.36 (KHTML, like Gecko) Chrome/131.0.0.0 Safari/537.36 Avast/131.0.0.0"
84.54.44.204 - - [25/Oct/2025:18:34:58 -0700] "GET / HTTP/1.0" 429 3595 "https://www.elconferencista.com/" "Mozilla/5.0 (Windows NT 10.0; Win64; x64) AppleWebKit/537.36 (KHTML, like Gecko) Chrome/131.0.0.0 Safari/537.36"
74.208.92.227 - - [25/Oct/2025:18:35:59 -0700] "GET /wp-login.php HTTP/2.0" 429 351 "-" "Mozilla/5.0 (Windows NT 10.0; Win64; x64) AppleWebKit/537.36 (KHTML, like Gecko) Chrome/130.0.0.0 Safari/537.36"
158.255.80.210 - - [25/Oct/2025:18:38:29 -0700] "GET /xmlrpc.php HTTP/1.1" 429 3563 "http://elconferencista.com/xmlrpc.php" "Mozilla/5.0 (X11; Ubuntu; Linux x86_64; rv:85.0) Gecko/20100101 Firefox/91.0"
3.93.191.111 - - [25/Oct/2025:18:38:51 -0700] "GET /wp-login.php HTTP/2.0" 429 351 "-" "Mozilla/5.0 (Macintosh; Intel Mac OS X 10_13_5) AppleWebKit/537.36 (KHTML, like Gecko) Chrome/66.0.3359.181 Safari/537.36"
151.80.33.134 - - [25/Oct/2025:18:39:51 -0700] "GET /wp-login.php HTTP/2.0" 429 351 "-" "Mozilla/5.0 (Windows NT 10.0; Win64; x64) AppleWebKit/537.36 (KHTML, like Gecko) Chrome/130.0.0.0 Safari/537.36"
51.222.95.236 - - [25/Oct/2025:18:40:31 -0700] "GET /conferencias-edner/8-conferencia-de-la-vision-a-la-accion/ HTTP/2.0" 200 24632 "-" "Mozilla/5.0 (compatible; AhrefsBot/7.0; +http://ahrefs.com/robot/)"
69.163.179.91 - - [25/Oct/2025:18:40:33 -0700] "POST /wp-cron.php?doing_wp_cron=1761442833.3514590263366699218750 HTTP/1.1" 200 3647 "-" "WordPress/6.8.3; https://www.elconferencista.com"
5.175.42.26 - - [25/Oct/2025:18:41:48 -0700] "GET /wp-login.php HTTP/2.0" 429 351 "-" "Mozilla/5.0 (Windows NT 10.0; Win64; x64) AppleWebKit/537.36 (KHTML, like Gecko) Chrome/130.0.0.0 Safari/537.36"
43.224.34.83 - - [25/Oct/2025:18:43:31 -0700] "GET /wp-login.php HTTP/2.0" 429 351 "-" "Mozilla/5.0 (Windows NT 10.0; Win64; x64) AppleWebKit/537.36 (KHTML, like Gecko) Chrome/130.0.0.0 Safari/537.36"
178.239.147.118 - - [25/Oct/2025:18:45:38 -0700] "GET /wp-login.php HTTP/2.0" 429 351 "-" "Mozilla/5.0 (Windows NT 10.0; Win64; x64) AppleWebKit/537.36 (KHTML, like Gecko) Chrome/130.0.0.0 Safari/537.36"
88.99.242.20 - - [25/Oct/2025:18:47:03 -0700] "GET /wp-login.php HTTP/2.0" 429 351 "-" "Mozilla/5.0 (Windows NT 10.0; Win64; x64) AppleWebKit/537.36 (KHTML, like Gecko) Chrome/130.0.0.0 Safari/537.36"
38.146.27.78 - - [25/Oct/2025:18:48:09 -0700] "GET /wp-login.php HTTP/2.0" 429 351 "-" "Mozilla/5.0 (Windows NT 10.0; Win64; x64) AppleWebKit/537.36 (KHTML, like Gecko) Chrome/130.0.0.0 Safari/537.36"
88.99.242.20 - - [25/Oct/2025:18:48:24 -0700] "GET /wp-login.php HTTP/2.0" 429 351 "-" "Mozilla/5.0 (Windows NT 10.0; Win64; x64) AppleWebKit/537.36 (KHTML, like Gecko) Chrome/130.0.0.0 Safari/537.36"
178.239.147.118 - - [25/Oct/2025:18:48:27 -0700] "GET /wp-login.php HTTP/2.0" 429 351 "-" "Mozilla/5.0 (Windows NT 10.0; Win64; x64) AppleWebKit/537.36 (KHTML, like Gecko) Chrome/130.0.0.0 Safari/537.36"
178.239.147.118 - - [25/Oct/2025:18:48:30 -0700] "GET /wp-login.php HTTP/2.0" 429 351 "-" "Mozilla/5.0 (Windows NT 10.0; Win64; x64) AppleWebKit/537.36 (KHTML, like Gecko) Chrome/130.0.0.0 Safari/537.36"
178.239.147.118 - - [25/Oct/2025:18:48:33 -0700] "GET /wp-login.php HTTP/2.0" 429 351 "-" "Mozilla/5.0 (Windows NT 10.0; Win64; x64) AppleWebKit/537.36 (KHTML, like Gecko) Chrome/130.0.0.0 Safari/537.36"
128.199.157.207 - - [25/Oct/2025:18:48:42 -0700] "GET /wp-login.php HTTP/2.0" 429 351 "-" "Mozilla/5.0 (Windows NT 10.0; Win64; x64) AppleWebKit/537.36 (KHTML, like Gecko) Chrome/130.0.0.0 Safari/537.36"
