85.208.96.202 - - [25/Oct/2025:23:36:59 -0700] "GET /?products=2508312 HTTP/1.1" 200 34793 "-" "Mozilla/5.0 (compatible; SemrushBot/7~bl; +http://www.semrush.com/bot.html)"
69.163.179.91 - - [25/Oct/2025:23:37:00 -0700] "POST /wp-cron.php?doing_wp_cron=1761460620.0889039039611816406250 HTTP/1.1" 200 3647 "-" "WordPress/6.8.3; https://www.elconferencista.com"
94.46.30.77 - - [25/Oct/2025:23:37:35 -0700] "GET /wp-login.php HTTP/2.0" 429 351 "-" "Mozilla/5.0 (Windows NT 10.0; Win64; x64) AppleWebKit/537.36 (KHTML, like Gecko) Chrome/130.0.0.0 Safari/537.36"
69.163.179.91 - - [25/Oct/2025:23:37:40 -0700] "POST /wp-cron.php?doing_wp_cron=1761460660.1319239139556884765625 HTTP/1.1" 200 3647 "-" "WordPress/6.8.3; https://www.elconferencista.com"
185.191.171.7 - - [25/Oct/2025:23:37:39 -0700] "GET /?products=2508870 HTTP/1.1" 200 34793 "-" "Mozilla/5.0 (compatible; SemrushBot/7~bl; +http://www.semrush.com/bot.html)"
159.100.9.209 - - [25/Oct/2025:23:38:03 -0700] "GET /wp-login.php HTTP/2.0" 429 351 "-" "Mozilla/5.0 (Windows NT 10.0; Win64; x64) AppleWebKit/537.36 (KHTML, like Gecko) Chrome/130.0.0.0 Safari/537.36"
64.38.145.230 - - [25/Oct/2025:23:38:05 -0700] "GET /wp-login.php HTTP/2.0" 429 351 "-" "Mozilla/5.0 (Windows NT 10.0; Win64; x64) AppleWebKit/537.36 (KHTML, like Gecko) Chrome/130.0.0.0 Safari/537.36"
69.163.179.91 - - [25/Oct/2025:23:38:11 -0700] "POST /wp-cron.php?doing_wp_cron=1761460691.9566590785980224609375 HTTP/1.1" 200 3647 "-" "WordPress/6.8.3; https://www.elconferencista.com"
85.208.96.202 - - [25/Oct/2025:23:38:11 -0700] "GET /?products=2510492 HTTP/1.1" 200 34793 "-" "Mozilla/5.0 (compatible; SemrushBot/7~bl; +http://www.semrush.com/bot.html)"
15.235.27.128 - - [25/Oct/2025:23:38:33 -0700] "GET /sitemap.xml HTTP/2.0" 200 3373 "-" "Mozilla/5.0 (compatible; AhrefsBot/7.0; +http://ahrefs.com/robot/)"
69.163.179.91 - - [25/Oct/2025:23:39:20 -0700] "POST /wp-cron.php?doing_wp_cron=1761460760.7191119194030761718750 HTTP/1.1" 200 3647 "-" "WordPress/6.8.3; https://www.elconferencista.com"
85.208.96.202 - - [25/Oct/2025:23:39:20 -0700] "GET /?products=2508528 HTTP/1.1" 200 34793 "-" "Mozilla/5.0 (compatible; SemrushBot/7~bl; +http://www.semrush.com/bot.html)"
69.163.179.91 - - [25/Oct/2025:23:40:02 -0700] "POST /wp-cron.php?doing_wp_cron=1761460802.3733119964599609375000 HTTP/1.1" 200 3647 "-" "WordPress/6.8.3; https://www.elconferencista.com"
85.208.96.212 - - [25/Oct/2025:23:40:01 -0700] "GET /?products=2509950 HTTP/1.1" 200 34793 "-" "Mozilla/5.0 (compatible; SemrushBot/7~bl; +http://www.semrush.com/bot.html)"
69.163.179.91 - - [25/Oct/2025:23:41:09 -0700] "POST /wp-cron.php?doing_wp_cron=1761460869.7467720508575439453125 HTTP/1.1" 200 3647 "-" "WordPress/6.8.3; https://www.elconferencista.com"
185.191.171.11 - - [25/Oct/2025:23:41:09 -0700] "GET /?products=2509272 HTTP/1.1" 200 34793 "-" "Mozilla/5.0 (compatible; SemrushBot/7~bl; +http://www.semrush.com/bot.html)"
199.192.27.11 - - [25/Oct/2025:23:41:28 -0700] "GET /wp-login.php HTTP/2.0" 429 351 "-" "Mozilla/5.0 (Windows NT 10.0; Win64; x64) AppleWebKit/537.36 (KHTML, like Gecko) Chrome/130.0.0.0 Safari/537.36"
69.163.179.91 - - [25/Oct/2025:23:42:04 -0700] "POST /wp-cron.php?doing_wp_cron=1761460924.6258718967437744140625 HTTP/1.1" 200 3647 "-" "WordPress/6.8.3; https://www.elconferencista.com"
85.208.96.208 - - [25/Oct/2025:23:42:04 -0700] "GET /?products=2510328 HTTP/1.1" 200 34793 "-" "Mozilla/5.0 (compatible; SemrushBot/7~bl; +http://www.semrush.com/bot.html)"
147.135.22.97 - - [25/Oct/2025:23:42:10 -0700] "GET /wp-login.php HTTP/2.0" 429 351 "-" "Mozilla/5.0 (X11; Linux x86_64) AppleWebKit/537.36 (KHTML, like Gecko) Chrome/67.0.3396.87 Safari/537.36"
185.191.171.17 - - [25/Oct/2025:23:42:11 -0700] "GET /?products=2508030 HTTP/1.1" 200 34793 "-" "Mozilla/5.0 (compatible; SemrushBot/7~bl; +http://www.semrush.com/bot.html)"
85.208.96.208 - - [25/Oct/2025:23:42:15 -0700] "GET /?products=2507626 HTTP/1.1" 200 34793 "-" "Mozilla/5.0 (compatible; SemrushBot/7~bl; +http://www.semrush.com/bot.html)"
148.113.130.175 - - [25/Oct/2025:23:42:26 -0700] "GET / HTTP/2.0" 200 31034 "-" "Mozilla/5.0 (compatible; AhrefsBot/7.0; +http://ahrefs.com/robot/)"
163.61.112.5 - - [25/Oct/2025:23:42:43 -0700] "GET /wp-login.php HTTP/2.0" 429 351 "-" "Mozilla/5.0 (Windows NT 10.0; Win64; x64) AppleWebKit/537.36 (KHTML, like Gecko) Chrome/130.0.0.0 Safari/537.36"
147.135.22.97 - - [25/Oct/2025:23:42:57 -0700] "GET /wp-login.php HTTP/2.0" 429 351 "-" "Mozilla/5.0 (X11; Linux x86_64) AppleWebKit/537.36 (KHTML, like Gecko) Chrome/67.0.3396.87 Safari/537.36"
178.239.147.118 - - [25/Oct/2025:23:43:20 -0700] "GET /wp-login.php HTTP/2.0" 429 351 "-" "Mozilla/5.0 (Windows NT 10.0; Win64; x64) AppleWebKit/537.36 (KHTML, like Gecko) Chrome/130.0.0.0 Safari/537.36"
147.135.22.97 - - [25/Oct/2025:23:43:25 -0700] "POST /wp-login.php HTTP/2.0" 429 351 "https://www.elconferencista.com/wp-login.php" "Mozilla/5.0 (X11; Linux x86_64) AppleWebKit/537.36 (KHTML, like Gecko) Chrome/67.0.3396.87 Safari/537.36"
112.213.85.55 - - [25/Oct/2025:23:43:37 -0700] "GET /wp-login.php HTTP/2.0" 429 351 "-" "Mozilla/5.0 (Windows NT 10.0; Win64; x64) AppleWebKit/537.36 (KHTML, like Gecko) Chrome/130.0.0.0 Safari/537.36"
85.208.96.207 - - [25/Oct/2025:23:43:54 -0700] "GET /?products=2506272 HTTP/1.1" 200 34793 "-" "Mozilla/5.0 (compatible; SemrushBot/7~bl; +http://www.semrush.com/bot.html)"
69.163.179.91 - - [25/Oct/2025:23:43:55 -0700] "POST /wp-cron.php?doing_wp_cron=1761461035.6499550342559814453125 HTTP/1.1" 200 3647 "-" "WordPress/6.8.3; https://www.elconferencista.com"
69.163.179.91 - - [25/Oct/2025:23:44:03 -0700] "POST /wp-cron.php?doing_wp_cron=1761461043.3014600276947021484375 HTTP/1.1" 200 3647 "-" "WordPress/6.8.3; https://www.elconferencista.com"
85.208.96.207 - - [25/Oct/2025:23:44:02 -0700] "GET /?products=2506422 HTTP/1.1" 200 34793 "-" "Mozilla/5.0 (compatible; SemrushBot/7~bl; +http://www.semrush.com/bot.html)"
185.191.171.17 - - [25/Oct/2025:23:44:09 -0700] "GET /?products=2508624 HTTP/1.1" 200 34793 "-" "Mozilla/5.0 (compatible; SemrushBot/7~bl; +http://www.semrush.com/bot.html)"
163.223.13.96 - - [25/Oct/2025:23:44:59 -0700] "GET /wp-login.php HTTP/2.0" 429 351 "-" "Mozilla/5.0 (Windows NT 10.0; Win64; x64) AppleWebKit/537.36 (KHTML, like Gecko) Chrome/130.0.0.0 Safari/537.36"
69.163.179.91 - - [25/Oct/2025:23:45:10 -0700] "POST /wp-cron.php?doing_wp_cron=1761461110.6764969825744628906250 HTTP/1.1" 200 3647 "-" "WordPress/6.8.3; https://www.elconferencista.com"
54.39.136.237 - - [25/Oct/2025:23:45:10 -0700] "GET /conferencias-edner/7-conferencias-manejo-de-estres-estres-o-es-cuatro/ HTTP/2.0" 200 24498 "-" "Mozilla/5.0 (compatible; AhrefsBot/7.0; +http://ahrefs.com/robot/)"
163.223.13.96 - - [25/Oct/2025:23:45:20 -0700] "GET /wp-login.php HTTP/2.0" 429 351 "-" "Mozilla/5.0 (Windows NT 10.0; Win64; x64) AppleWebKit/537.36 (KHTML, like Gecko) Chrome/130.0.0.0 Safari/537.36"
85.208.96.212 - - [25/Oct/2025:23:45:21 -0700] "GET /?products=2510520 HTTP/1.1" 200 34793 "-" "Mozilla/5.0 (compatible; SemrushBot/7~bl; +http://www.semrush.com/bot.html)"
112.213.85.55 - - [25/Oct/2025:23:46:00 -0700] "GET /wp-login.php HTTP/2.0" 429 351 "-" "Mozilla/5.0 (Windows NT 10.0; Win64; x64) AppleWebKit/537.36 (KHTML, like Gecko) Chrome/130.0.0.0 Safari/537.36"
69.163.179.91 - - [25/Oct/2025:23:46:06 -0700] "POST /wp-cron.php?doing_wp_cron=1761461166.4652979373931884765625 HTTP/1.1" 200 3647 "-" "WordPress/6.8.3; https://www.elconferencista.com"
209.38.73.139 - - [25/Oct/2025:23:46:06 -0700] "GET /wp-login.php HTTP/2.0" 200 3583 "-" "Mozilla/5.0 (Windows NT 10.0; Win64; x64) AppleWebKit/537.36 (KHTML, like Gecko) Chrome/130.0.0.0 Safari/537.36"
209.38.73.139 - - [25/Oct/2025:23:46:09 -0700] "POST /wp-login.php HTTP/2.0" 200 3458 "https://www.elconferencista.com/wp-login.php" "Mozilla/5.0 (Windows NT 10.0; Win64; x64) AppleWebKit/537.36 (KHTML, like Gecko) Chrome/130.0.0.0 Safari/537.36"
85.208.96.202 - - [25/Oct/2025:23:46:09 -0700] "GET /?products=2506124 HTTP/1.1" 200 34793 "-" "Mozilla/5.0 (compatible; SemrushBot/7~bl; +http://www.semrush.com/bot.html)"
45.64.185.141 - - [25/Oct/2025:23:46:14 -0700] "GET /wp-login.php HTTP/2.0" 429 351 "-" "Mozilla/5.0 (Windows NT 10.0; Win64; x64) AppleWebKit/537.36 (KHTML, like Gecko) Chrome/130.0.0.0 Safari/537.36"
185.191.171.14 - - [25/Oct/2025:23:46:51 -0700] "GET /?products=2508668 HTTP/1.1" 200 34793 "-" "Mozilla/5.0 (compatible; SemrushBot/7~bl; +http://www.semrush.com/bot.html)"
178.239.147.118 - - [25/Oct/2025:23:47:08 -0700] "GET /wp-login.php HTTP/2.0" 429 351 "-" "Mozilla/5.0 (Windows NT 10.0; Win64; x64) AppleWebKit/537.36 (KHTML, like Gecko) Chrome/130.0.0.0 Safari/537.36"
69.163.179.91 - - [25/Oct/2025:23:47:08 -0700] "POST /wp-cron.php?doing_wp_cron=1761461228.7909181118011474609375 HTTP/1.1" 200 3647 "-" "WordPress/6.8.3; https://www.elconferencista.com"
185.191.171.2 - - [25/Oct/2025:23:47:08 -0700] "GET /?products=2509138 HTTP/1.1" 200 34783 "-" "Mozilla/5.0 (compatible; SemrushBot/7~bl; +http://www.semrush.com/bot.html)"
74.208.92.227 - - [25/Oct/2025:23:47:32 -0700] "GET /wp-login.php HTTP/2.0" 429 351 "-" "Mozilla/5.0 (Windows NT 10.0; Win64; x64) AppleWebKit/537.36 (KHTML, like Gecko) Chrome/130.0.0.0 Safari/537.36"
85.208.96.198 - - [25/Oct/2025:23:47:44 -0700] "GET /?products=2508572 HTTP/1.1" 200 34793 "-" "Mozilla/5.0 (compatible; SemrushBot/7~bl; +http://www.semrush.com/bot.html)"
54.39.210.212 - - [25/Oct/2025:23:47:49 -0700] "GET /conferencias-edner/8-conferencia-de-la-vision-a-la-accion/ HTTP/2.0" 200 24631 "-" "Mozilla/5.0 (compatible; AhrefsBot/7.0; +http://ahrefs.com/robot/)"
69.163.179.91 - - [25/Oct/2025:23:48:14 -0700] "POST /wp-cron.php?doing_wp_cron=1761461294.7811501026153564453125 HTTP/1.1" 200 3647 "-" "WordPress/6.8.3; https://www.elconferencista.com"
85.208.96.209 - - [25/Oct/2025:23:48:14 -0700] "GET /?products=2508274 HTTP/1.1" 200 34793 "-" "Mozilla/5.0 (compatible; SemrushBot/7~bl; +http://www.semrush.com/bot.html)"
85.208.96.194 - - [25/Oct/2025:23:48:21 -0700] "GET /?products=2507218 HTTP/1.1" 200 34793 "-" "Mozilla/5.0 (compatible; SemrushBot/7~bl; +http://www.semrush.com/bot.html)"
85.208.96.206 - - [25/Oct/2025:23:49:21 -0700] "GET /?products=2508106 HTTP/1.1" 200 34793 "-" "Mozilla/5.0 (compatible; SemrushBot/7~bl; +http://www.semrush.com/bot.html)"
69.163.179.91 - - [25/Oct/2025:23:49:22 -0700] "POST /wp-cron.php?doing_wp_cron=1761461362.1121809482574462890625 HTTP/1.1" 200 3647 "-" "WordPress/6.8.3; https://www.elconferencista.com"
4.43.184.114 - - [25/Oct/2025:23:49:27 -0700] "GET / HTTP/1.0" 421 2900 "-" "Mozilla/5.0 (Windows; U; Windows NT 6.1; en-US; rv:1.9.2.13) Gecko/20101203 Firefox/3.6.13"
103.90.233.75 - - [25/Oct/2025:23:49:43 -0700] "GET /wp-login.php HTTP/2.0" 429 351 "-" "Mozilla/5.0 (Windows NT 10.0; Win64; x64) AppleWebKit/537.36 (KHTML, like Gecko) Chrome/130.0.0.0 Safari/537.36"
69.163.179.91 - - [25/Oct/2025:23:50:17 -0700] "POST /wp-cron.php?doing_wp_cron=1761461417.1972579956054687500000 HTTP/1.1" 200 3647 "-" "WordPress/6.8.3; https://www.elconferencista.com"
54.39.89.37 - - [25/Oct/2025:23:50:16 -0700] "GET /conferencias-edner/2-conferencia-reinventandonos-en-tiempos-criticos/ HTTP/2.0" 200 24746 "-" "Mozilla/5.0 (compatible; AhrefsBot/7.0; +http://ahrefs.com/robot/)"
85.208.96.205 - - [25/Oct/2025:23:50:35 -0700] "GET /?products=2509522 HTTP/1.1" 200 34793 "-" "Mozilla/5.0 (compatible; SemrushBot/7~bl; +http://www.semrush.com/bot.html)"
163.223.13.96 - - [25/Oct/2025:23:50:47 -0700] "GET /wp-login.php HTTP/2.0" 429 351 "-" "Mozilla/5.0 (Windows NT 10.0; Win64; x64) AppleWebKit/537.36 (KHTML, like Gecko) Chrome/130.0.0.0 Safari/537.36"
178.239.147.118 - - [25/Oct/2025:23:50:54 -0700] "GET /wp-login.php HTTP/2.0" 429 351 "-" "Mozilla/5.0 (Windows NT 10.0; Win64; x64) AppleWebKit/537.36 (KHTML, like Gecko) Chrome/130.0.0.0 Safari/537.36"
74.208.92.227 - - [25/Oct/2025:23:50:59 -0700] "GET /wp-login.php HTTP/2.0" 429 351 "-" "Mozilla/5.0 (Windows NT 10.0; Win64; x64) AppleWebKit/537.36 (KHTML, like Gecko) Chrome/130.0.0.0 Safari/537.36"
66.249.65.36 - - [25/Oct/2025:23:51:09 -0700] "GET /ads.txt HTTP/1.1" 301 3856 "-" "Mozilla/5.0 (compatible; Googlebot/2.1; +http://www.google.com/bot.html)"
66.249.73.165 - - [25/Oct/2025:23:51:09 -0700] "GET /ads.txt HTTP/1.1" 200 32074 "-" "Mozilla/5.0 (compatible; Googlebot/2.1; +http://www.google.com/bot.html)"
69.163.179.91 - - [25/Oct/2025:23:51:12 -0700] "POST /wp-cron.php?doing_wp_cron=1761461472.8408598899841308593750 HTTP/1.1" 200 3647 "-" "WordPress/6.8.3; https://www.elconferencista.com"
85.208.96.212 - - [25/Oct/2025:23:51:12 -0700] "GET /?products=2509714 HTTP/1.1" 200 34793 "-" "Mozilla/5.0 (compatible; SemrushBot/7~bl; +http://www.semrush.com/bot.html)"
112.213.85.55 - - [25/Oct/2025:23:51:13 -0700] "GET /wp-login.php HTTP/2.0" 429 351 "-" "Mozilla/5.0 (Windows NT 10.0; Win64; x64) AppleWebKit/537.36 (KHTML, like Gecko) Chrome/130.0.0.0 Safari/537.36"
85.208.96.194 - - [25/Oct/2025:23:51:28 -0700] "GET /?products=2506254 HTTP/1.1" 200 34793 "-" "Mozilla/5.0 (compatible; SemrushBot/7~bl; +http://www.semrush.com/bot.html)"
85.208.96.208 - - [25/Oct/2025:23:51:30 -0700] "GET /robots.txt HTTP/1.1" 200 3838 "-" "Mozilla/5.0 (compatible; SemrushBot/7~bl; +http://www.semrush.com/bot.html)"
185.191.171.3 - - [25/Oct/2025:23:51:41 -0700] "GET /?products=2508246 HTTP/1.1" 200 34793 "-" "Mozilla/5.0 (compatible; SemrushBot/7~bl; +http://www.semrush.com/bot.html)"
45.64.185.141 - - [25/Oct/2025:23:51:47 -0700] "GET /wp-login.php HTTP/2.0" 429 351 "-" "Mozilla/5.0 (Windows NT 10.0; Win64; x64) AppleWebKit/537.36 (KHTML, like Gecko) Chrome/130.0.0.0 Safari/537.36"
85.208.96.197 - - [25/Oct/2025:23:51:48 -0700] "GET /?products=2507420 HTTP/1.1" 200 34793 "-" "Mozilla/5.0 (compatible; SemrushBot/7~bl; +http://www.semrush.com/bot.html)"
185.191.171.14 - - [25/Oct/2025:23:52:01 -0700] "GET /?products=2508552 HTTP/1.1" 200 34793 "-" "Mozilla/5.0 (compatible; SemrushBot/7~bl; +http://www.semrush.com/bot.html)"
122.175.189.112 - - [25/Oct/2025:23:52:13 -0700] "GET /wp-login.php HTTP/2.0" 429 362 "-" "Mozilla/5.0 (Windows NT 10.0; Win64; x64) AppleWebKit/537.36 (KHTML, like Gecko) Chrome/130.0.0.0 Safari/537.36"
69.163.179.91 - - [25/Oct/2025:23:52:21 -0700] "POST /wp-cron.php?doing_wp_cron=1761461541.8771619796752929687500 HTTP/1.1" 200 3647 "-" "WordPress/6.8.3; https://www.elconferencista.com"
185.191.171.15 - - [25/Oct/2025:23:52:21 -0700] "GET /?products=2508456 HTTP/1.1" 200 34793 "-" "Mozilla/5.0 (compatible; SemrushBot/7~bl; +http://www.semrush.com/bot.html)"
178.239.147.118 - - [25/Oct/2025:23:52:31 -0700] "GET /wp-login.php HTTP/2.0" 429 351 "-" "Mozilla/5.0 (Windows NT 10.0; Win64; x64) AppleWebKit/537.36 (KHTML, like Gecko) Chrome/130.0.0.0 Safari/537.36"
54.39.0.150 - - [25/Oct/2025:23:52:38 -0700] "GET /?products=4831532 HTTP/2.0" 200 31024 "-" "Mozilla/5.0 (compatible; AhrefsBot/7.0; +http://ahrefs.com/robot/)"
92.205.110.219 - - [25/Oct/2025:23:52:48 -0700] "GET /wp-login.php HTTP/2.0" 429 362 "-" "Mozilla/5.0 (Windows NT 10.0; Win64; x64) AppleWebKit/537.36 (KHTML, like Gecko) Chrome/130.0.0.0 Safari/537.36"
5.175.45.198 - - [25/Oct/2025:23:53:04 -0700] "GET /wp-login.php HTTP/2.0" 429 351 "-" "Mozilla/5.0 (Windows NT 10.0; Win64; x64) AppleWebKit/537.36 (KHTML, like Gecko) Chrome/130.0.0.0 Safari/537.36"
18.143.249.141 - - [25/Oct/2025:23:53:20 -0700] "GET /wp-login.php HTTP/2.0" 429 342 "-" "Mozilla/5.0 (Windows NT 10.0; Win64; x64) AppleWebKit/537.36 (KHTML, like Gecko) Chrome/130.0.0.0 Safari/537.36"
89.117.74.114 - - [25/Oct/2025:23:53:50 -0700] "GET /wp-login.php HTTP/2.0" 429 351 "-" "Mozilla/5.0 (Windows NT 10.0; Win64; x64) AppleWebKit/537.36 (KHTML, like Gecko) Chrome/130.0.0.0 Safari/537.36"
178.239.147.118 - - [25/Oct/2025:23:53:51 -0700] "GET /wp-login.php HTTP/2.0" 429 351 "-" "Mozilla/5.0 (Windows NT 10.0; Win64; x64) AppleWebKit/537.36 (KHTML, like Gecko) Chrome/130.0.0.0 Safari/537.36"
45.64.185.141 - - [25/Oct/2025:23:53:55 -0700] "GET /wp-login.php HTTP/2.0" 429 351 "-" "Mozilla/5.0 (Windows NT 10.0; Win64; x64) AppleWebKit/537.36 (KHTML, like Gecko) Chrome/130.0.0.0 Safari/537.36"
85.208.96.195 - - [25/Oct/2025:23:54:27 -0700] "GET /?products=2506498 HTTP/1.1" 200 34793 "-" "Mozilla/5.0 (compatible; SemrushBot/7~bl; +http://www.semrush.com/bot.html)"
69.163.179.91 - - [25/Oct/2025:23:54:28 -0700] "POST /wp-cron.php?doing_wp_cron=1761461668.6804089546203613281250 HTTP/1.1" 200 3647 "-" "WordPress/6.8.3; https://www.elconferencista.com"
152.53.193.46 - - [25/Oct/2025:23:54:39 -0700] "GET /wp-login.php HTTP/2.0" 429 351 "-" "Mozilla/5.0 (Windows NT 10.0; Win64; x64) AppleWebKit/537.36 (KHTML, like Gecko) Chrome/130.0.0.0 Safari/537.36"
85.208.96.209 - - [25/Oct/2025:23:54:53 -0700] "GET /?products=2506018 HTTP/1.1" 200 34792 "-" "Mozilla/5.0 (compatible; SemrushBot/7~bl; +http://www.semrush.com/bot.html)"
69.163.179.91 - - [25/Oct/2025:23:55:08 -0700] "POST /wp-cron.php?doing_wp_cron=1761461708.2361660003662109375000 HTTP/1.1" 200 3647 "-" "WordPress/6.8.3; https://www.elconferencista.com"
98.70.40.140 - - [25/Oct/2025:23:55:08 -0700] "GET /wp-login.php HTTP/2.0" 429 351 "-" "Mozilla/5.0 (Windows NT 10.0; Win64; x64) AppleWebKit/537.36 (KHTML, like Gecko) Chrome/130.0.0.0 Safari/537.36"
54.39.0.136 - - [25/Oct/2025:23:55:07 -0700] "GET /?products=4831488 HTTP/2.0" 200 31024 "-" "Mozilla/5.0 (compatible; AhrefsBot/7.0; +http://ahrefs.com/robot/)"
178.239.147.118 - - [25/Oct/2025:23:55:40 -0700] "GET /wp-login.php HTTP/2.0" 429 351 "-" "Mozilla/5.0 (Windows NT 10.0; Win64; x64) AppleWebKit/537.36 (KHTML, like Gecko) Chrome/130.0.0.0 Safari/537.36"
74.208.92.227 - - [25/Oct/2025:23:55:57 -0700] "GET /wp-login.php HTTP/2.0" 429 351 "-" "Mozilla/5.0 (Windows NT 10.0; Win64; x64) AppleWebKit/537.36 (KHTML, like Gecko) Chrome/130.0.0.0 Safari/537.36"
178.239.147.118 - - [25/Oct/2025:23:56:04 -0700] "GET /wp-login.php HTTP/2.0" 429 351 "-" "Mozilla/5.0 (Windows NT 10.0; Win64; x64) AppleWebKit/537.36 (KHTML, like Gecko) Chrome/130.0.0.0 Safari/537.36"
69.163.179.91 - - [25/Oct/2025:23:56:06 -0700] "POST /wp-cron.php?doing_wp_cron=1761461766.6309781074523925781250 HTTP/1.1" 200 3647 "-" "WordPress/6.8.3; https://www.elconferencista.com"
69.163.179.91 - - [25/Oct/2025:23:56:07 -0700] "POST /wp-cron.php?doing_wp_cron=1761461767.0652348995208740234375 HTTP/1.1" 200 3647 "-" "WordPress/6.8.3; https://www.elconferencista.com"
185.191.171.17 - - [25/Oct/2025:23:56:06 -0700] "GET /?products=2506978 HTTP/1.1" 200 34793 "-" "Mozilla/5.0 (compatible; SemrushBot/7~bl; +http://www.semrush.com/bot.html)"
45.64.185.141 - - [25/Oct/2025:23:56:13 -0700] "GET /wp-login.php HTTP/2.0" 429 351 "-" "Mozilla/5.0 (Windows NT 10.0; Win64; x64) AppleWebKit/537.36 (KHTML, like Gecko) Chrome/130.0.0.0 Safari/537.36"
185.191.171.8 - - [25/Oct/2025:23:56:22 -0700] "GET /?products=2508864 HTTP/1.1" 200 34793 "-" "Mozilla/5.0 (compatible; SemrushBot/7~bl; +http://www.semrush.com/bot.html)"
216.244.66.199 - - [25/Oct/2025:23:56:41 -0700] "GET /robots.txt HTTP/1.1" 200 3586 "-" "Mozilla/5.0 (compatible; DotBot/1.2; +https://opensiteexplorer.org/dotbot; help@moz.com)"
85.208.96.201 - - [25/Oct/2025:23:56:44 -0700] "GET /?products=2507814 HTTP/1.1" 200 34793 "-" "Mozilla/5.0 (compatible; SemrushBot/7~bl; +http://www.semrush.com/bot.html)"
69.163.179.91 - - [25/Oct/2025:23:57:21 -0700] "POST /wp-cron.php?doing_wp_cron=1761461841.2448310852050781250000 HTTP/1.1" 200 3647 "-" "WordPress/6.8.3; https://www.elconferencista.com"
185.191.171.2 - - [25/Oct/2025:23:57:20 -0700] "GET /?products=2505942 HTTP/1.1" 200 34793 "-" "Mozilla/5.0 (compatible; SemrushBot/7~bl; +http://www.semrush.com/bot.html)"
178.239.147.118 - - [25/Oct/2025:23:57:25 -0700] "GET /wp-login.php HTTP/2.0" 429 351 "-" "Mozilla/5.0 (Windows NT 10.0; Win64; x64) AppleWebKit/537.36 (KHTML, like Gecko) Chrome/130.0.0.0 Safari/537.36"
51.222.168.88 - - [25/Oct/2025:23:57:29 -0700] "GET /?products=4831316 HTTP/2.0" 200 31023 "-" "Mozilla/5.0 (compatible; AhrefsBot/7.0; +http://ahrefs.com/robot/)"
85.208.96.203 - - [25/Oct/2025:23:57:42 -0700] "GET /?products=2509628 HTTP/1.1" 200 34793 "-" "Mozilla/5.0 (compatible; SemrushBot/7~bl; +http://www.semrush.com/bot.html)"
89.117.74.114 - - [25/Oct/2025:23:58:23 -0700] "GET /wp-login.php HTTP/2.0" 429 351 "-" "Mozilla/5.0 (Windows NT 10.0; Win64; x64) AppleWebKit/537.36 (KHTML, like Gecko) Chrome/130.0.0.0 Safari/537.36"
85.208.96.207 - - [25/Oct/2025:23:58:36 -0700] "GET /?products=2510890 HTTP/1.1" 200 34793 "-" "Mozilla/5.0 (compatible; SemrushBot/7~bl; +http://www.semrush.com/bot.html)"
69.163.179.91 - - [25/Oct/2025:23:58:37 -0700] "POST /wp-cron.php?doing_wp_cron=1761461917.0353500843048095703125 HTTP/1.1" 200 3647 "-" "WordPress/6.8.3; https://www.elconferencista.com"
85.208.96.207 - - [25/Oct/2025:23:58:47 -0700] "GET /?products=2510208 HTTP/1.1" 200 34793 "-" "Mozilla/5.0 (compatible; SemrushBot/7~bl; +http://www.semrush.com/bot.html)"
92.205.110.219 - - [25/Oct/2025:23:58:52 -0700] "GET /wp-login.php HTTP/2.0" 429 362 "-" "Mozilla/5.0 (Windows NT 10.0; Win64; x64) AppleWebKit/537.36 (KHTML, like Gecko) Chrome/130.0.0.0 Safari/537.36"
178.239.147.118 - - [25/Oct/2025:23:58:54 -0700] "GET /wp-login.php HTTP/2.0" 429 351 "-" "Mozilla/5.0 (Windows NT 10.0; Win64; x64) AppleWebKit/537.36 (KHTML, like Gecko) Chrome/130.0.0.0 Safari/537.36"
85.208.96.208 - - [25/Oct/2025:23:58:53 -0700] "GET /?products=2509752 HTTP/1.1" 200 34793 "-" "Mozilla/5.0 (compatible; SemrushBot/7~bl; +http://www.semrush.com/bot.html)"
45.64.185.141 - - [25/Oct/2025:23:58:57 -0700] "GET /wp-login.php HTTP/2.0" 429 351 "-" "Mozilla/5.0 (Windows NT 10.0; Win64; x64) AppleWebKit/537.36 (KHTML, like Gecko) Chrome/130.0.0.0 Safari/537.36"
92.205.110.219 - - [25/Oct/2025:23:58:58 -0700] "GET /wp-login.php HTTP/2.0" 429 362 "-" "Mozilla/5.0 (Windows NT 10.0; Win64; x64) AppleWebKit/537.36 (KHTML, like Gecko) Chrome/130.0.0.0 Safari/537.36"
92.205.110.219 - - [25/Oct/2025:23:59:00 -0700] "GET /wp-login.php HTTP/2.0" 429 362 "-" "Mozilla/5.0 (Windows NT 10.0; Win64; x64) AppleWebKit/537.36 (KHTML, like Gecko) Chrome/130.0.0.0 Safari/537.36"
178.239.147.118 - - [25/Oct/2025:23:59:03 -0700] "GET /wp-login.php HTTP/2.0" 429 351 "-" "Mozilla/5.0 (Windows NT 10.0; Win64; x64) AppleWebKit/537.36 (KHTML, like Gecko) Chrome/130.0.0.0 Safari/537.36"
198.20.104.194 - - [25/Oct/2025:23:59:04 -0700] "GET /wp-login.php HTTP/2.0" 429 351 "-" "Mozilla/5.0 (Windows NT 10.0; Win64; x64) AppleWebKit/537.36 (KHTML, like Gecko) Chrome/130.0.0.0 Safari/537.36"
178.239.147.118 - - [25/Oct/2025:23:59:05 -0700] "GET /wp-login.php HTTP/2.0" 429 351 "-" "Mozilla/5.0 (Windows NT 10.0; Win64; x64) AppleWebKit/537.36 (KHTML, like Gecko) Chrome/130.0.0.0 Safari/537.36"
74.208.92.227 - - [25/Oct/2025:23:59:07 -0700] "GET /wp-login.php HTTP/2.0" 429 351 "-" "Mozilla/5.0 (Windows NT 10.0; Win64; x64) AppleWebKit/537.36 (KHTML, like Gecko) Chrome/130.0.0.0 Safari/537.36"
178.239.147.118 - - [25/Oct/2025:23:59:37 -0700] "GET /wp-login.php HTTP/2.0" 429 351 "-" "Mozilla/5.0 (Windows NT 10.0; Win64; x64) AppleWebKit/537.36 (KHTML, like Gecko) Chrome/130.0.0.0 Safari/537.36"
3.93.191.111 - - [25/Oct/2025:23:59:39 -0700] "GET /wp-login.php HTTP/2.0" 429 351 "-" "Mozilla/5.0 (Windows NT 10.0; Win64; x64) AppleWebKit/537.36 (KHTML, like Gecko) Chrome/130.0.0.0 Safari/537.36"
69.163.179.91 - - [25/Oct/2025:23:59:51 -0700] "POST /wp-cron.php?doing_wp_cron=1761461991.1203100681304931640625 HTTP/1.1" 200 3647 "-" "WordPress/6.8.3; https://www.elconferencista.com"
15.235.96.11 - - [25/Oct/2025:23:59:50 -0700] "GET /?products=4831244 HTTP/2.0" 200 31024 "-" "Mozilla/5.0 (compatible; AhrefsBot/7.0; +http://ahrefs.com/robot/)"
85.208.96.193 - - [25/Oct/2025:23:59:52 -0700] "GET /?products=2510996 HTTP/1.1" 200 34793 "-" "Mozilla/5.0 (compatible; SemrushBot/7~bl; +http://www.semrush.com/bot.html)"
178.239.147.118 - - [26/Oct/2025:00:00:15 -0700] "GET /wp-login.php HTTP/2.0" 429 351 "-" "Mozilla/5.0 (Windows NT 10.0; Win64; x64) AppleWebKit/537.36 (KHTML, like Gecko) Chrome/130.0.0.0 Safari/537.36"
178.239.147.118 - - [26/Oct/2025:00:00:31 -0700] "GET /wp-login.php HTTP/2.0" 429 351 "-" "Mozilla/5.0 (Windows NT 10.0; Win64; x64) AppleWebKit/537.36 (KHTML, like Gecko) Chrome/130.0.0.0 Safari/537.36"
69.163.179.91 - - [26/Oct/2025:00:01:03 -0700] "POST /wp-cron.php?doing_wp_cron=1761462063.1196920871734619140625 HTTP/1.1" 200 3647 "-" "WordPress/6.8.3; https://www.elconferencista.com"
85.208.96.207 - - [26/Oct/2025:00:01:02 -0700] "GET /?products=2505812 HTTP/1.1" 200 34793 "-" "Mozilla/5.0 (compatible; SemrushBot/7~bl; +http://www.semrush.com/bot.html)"
85.208.96.203 - - [26/Oct/2025:00:01:17 -0700] "GET /?products=2507818 HTTP/1.1" 200 34793 "-" "Mozilla/5.0 (compatible; SemrushBot/7~bl; +http://www.semrush.com/bot.html)"
103.90.233.75 - - [26/Oct/2025:00:01:21 -0700] "GET /wp-login.php HTTP/2.0" 200 3583 "-" "Mozilla/5.0 (Windows NT 10.0; Win64; x64) AppleWebKit/537.36 (KHTML, like Gecko) Chrome/130.0.0.0 Safari/537.36"
98.70.40.140 - - [26/Oct/2025:00:02:15 -0700] "GET /wp-login.php HTTP/2.0" 429 351 "-" "Mozilla/5.0 (Windows NT 10.0; Win64; x64) AppleWebKit/537.36 (KHTML, like Gecko) Chrome/130.0.0.0 Safari/537.36"
185.191.171.1 - - [26/Oct/2025:00:02:28 -0700] "GET /?products=2508750 HTTP/1.1" 200 34793 "-" "Mozilla/5.0 (compatible; SemrushBot/7~bl; +http://www.semrush.com/bot.html)"
69.163.179.91 - - [26/Oct/2025:00:02:33 -0700] "POST /wp-cron.php?doing_wp_cron=1761462153.8553678989410400390625 HTTP/1.1" 200 3647 "-" "WordPress/6.8.3; https://www.elconferencista.com"
185.191.171.5 - - [26/Oct/2025:00:02:40 -0700] "GET /?products=2507324 HTTP/1.1" 200 34793 "-" "Mozilla/5.0 (compatible; SemrushBot/7~bl; +http://www.semrush.com/bot.html)"
20.166.213.184 - - [26/Oct/2025:00:02:50 -0700] "GET /wp-login.php HTTP/2.0" 429 362 "-" "Mozilla/5.0 (Windows NT 10.0; Win64; x64) AppleWebKit/537.36 (KHTML, like Gecko) Chrome/130.0.0.0 Safari/537.36"
3.222.165.167 - - [26/Oct/2025:00:03:00 -0700] "GET / HTTP/1.1" 301 3801 "-" "Mozilla/5.0 (Windows NT 10.0; Win64; x64) AppleWebKit/537.36 (KHTML, like Gecko) Chrome/113.0.0.0 Safari/537.36"
3.222.165.167 - - [26/Oct/2025:00:03:00 -0700] "GET / HTTP/1.1" 429 3793 "-" "Mozilla/5.0 (Windows NT 10.0; Win64; x64) AppleWebKit/537.36 (KHTML, like Gecko) Chrome/42.0.2311.135 Safari/537.36 Edge/12.246"
3.222.165.167 - - [26/Oct/2025:00:03:00 -0700] "GET / HTTP/1.1" 429 3793 "-" "Mozilla/5.0 (Windows NT 10.0; Win64; x64) AppleWebKit/537.36 (KHTML, like Gecko) Chrome/139.0.0.0 Safari/537.36 Edg/139.0.0.0"
3.222.165.167 - - [26/Oct/2025:00:03:00 -0700] "GET / HTTP/1.1" 429 3793 "-" "Mozilla/5.0 (Windows NT 10.0; Win64; x64) AppleWebKit/537.36 (KHTML, like Gecko) Chrome/81.0.4044.129 Safari/537.36"
3.222.165.167 - - [26/Oct/2025:00:03:00 -0700] "GET / HTTP/1.1" 429 3793 "-" "Mozilla/5.0 (Windows NT 10.0; Win64; x64) AppleWebKit/537.36 (KHTML, like Gecko) Chrome/113.0.0.0 Safari/537.36"
69.163.179.91 - - [26/Oct/2025:00:03:26 -0700] "POST /wp-cron.php?doing_wp_cron=1761462206.4293038845062255859375 HTTP/1.1" 200 3647 "-" "WordPress/6.8.3; https://www.elconferencista.com"
85.208.96.210 - - [26/Oct/2025:00:03:25 -0700] "GET /?products=2508414 HTTP/1.1" 200 34793 "-" "Mozilla/5.0 (compatible; SemrushBot/7~bl; +http://www.semrush.com/bot.html)"
103.90.233.75 - - [26/Oct/2025:00:03:57 -0700] "GET /wp-login.php HTTP/2.0" 429 351 "-" "Mozilla/5.0 (Windows NT 10.0; Win64; x64) AppleWebKit/537.36 (KHTML, like Gecko) Chrome/130.0.0.0 Safari/537.36"
69.163.179.91 - - [26/Oct/2025:00:04:22 -0700] "POST /wp-cron.php?doing_wp_cron=1761462262.2883028984069824218750 HTTP/1.1" 200 3647 "-" "WordPress/6.8.3; https://www.elconferencista.com"
51.222.95.227 - - [26/Oct/2025:00:04:21 -0700] "GET /?products=4831148 HTTP/2.0" 200 31024 "-" "Mozilla/5.0 (compatible; AhrefsBot/7.0; +http://ahrefs.com/robot/)"
69.163.179.91 - - [26/Oct/2025:00:05:03 -0700] "POST /wp-cron.php?doing_wp_cron=1761462303.2148098945617675781250 HTTP/1.1" 200 3647 "-" "WordPress/6.8.3; https://www.elconferencista.com"
85.208.96.210 - - [26/Oct/2025:00:05:02 -0700] "GET /?products=2508768 HTTP/1.1" 200 34793 "-" "Mozilla/5.0 (compatible; SemrushBot/7~bl; +http://www.semrush.com/bot.html)"
74.208.92.227 - - [26/Oct/2025:00:05:36 -0700] "GET /wp-login.php HTTP/2.0" 429 351 "-" "Mozilla/5.0 (Windows NT 10.0; Win64; x64) AppleWebKit/537.36 (KHTML, like Gecko) Chrome/130.0.0.0 Safari/537.36"
69.163.179.91 - - [26/Oct/2025:00:06:14 -0700] "POST /wp-cron.php?doing_wp_cron=1761462374.0848369598388671875000 HTTP/1.1" 200 3647 "-" "WordPress/6.8.3; https://www.elconferencista.com"
85.208.96.203 - - [26/Oct/2025:00:06:13 -0700] "GET /?products=2507650 HTTP/1.1" 200 34793 "-" "Mozilla/5.0 (compatible; SemrushBot/7~bl; +http://www.semrush.com/bot.html)"
172.183.160.242 - - [26/Oct/2025:00:06:21 -0700] "GET /wp-login.php HTTP/2.0" 429 351 "-" "Mozilla/5.0 (Windows NT 10.0; Win64; x64) AppleWebKit/537.36 (KHTML, like Gecko) Chrome/130.0.0.0 Safari/537.36"
185.191.171.12 - - [26/Oct/2025:00:06:39 -0700] "GET /?products=2509416 HTTP/1.1" 200 34793 "-" "Mozilla/5.0 (compatible; SemrushBot/7~bl; +http://www.semrush.com/bot.html)"
185.191.171.17 - - [26/Oct/2025:00:06:52 -0700] "GET /?products=2508922 HTTP/1.1" 200 34793 "-" "Mozilla/5.0 (compatible; SemrushBot/7~bl; +http://www.semrush.com/bot.html)"
69.163.179.91 - - [26/Oct/2025:00:07:28 -0700] "POST /wp-cron.php?doing_wp_cron=1761462448.6402978897094726562500 HTTP/1.1" 200 3647 "-" "WordPress/6.8.3; https://www.elconferencista.com"
185.191.171.8 - - [26/Oct/2025:00:07:28 -0700] "GET /?products=2507310 HTTP/1.1" 200 34792 "-" "Mozilla/5.0 (compatible; SemrushBot/7~bl; +http://www.semrush.com/bot.html)"
74.208.46.181 - - [26/Oct/2025:00:08:02 -0700] "GET /wp-login.php HTTP/2.0" 429 351 "-" "Mozilla/5.0 (Windows NT 10.0; Win64; x64) AppleWebKit/537.36 (KHTML, like Gecko) Chrome/130.0.0.0 Safari/537.36"
69.163.179.91 - - [26/Oct/2025:00:08:18 -0700] "POST /wp-cron.php?doing_wp_cron=1761462498.1528420448303222656250 HTTP/1.1" 200 3647 "-" "WordPress/6.8.3; https://www.elconferencista.com"
51.222.95.157 - - [26/Oct/2025:00:08:17 -0700] "GET /?products=4831114 HTTP/2.0" 200 31024 "-" "Mozilla/5.0 (compatible; AhrefsBot/7.0; +http://ahrefs.com/robot/)"
69.163.179.91 - - [26/Oct/2025:00:09:05 -0700] "POST /wp-cron.php?doing_wp_cron=1761462545.5527460575103759765625 HTTP/1.1" 200 3647 "-" "WordPress/6.8.3; https://www.elconferencista.com"
85.208.96.196 - - [26/Oct/2025:00:09:04 -0700] "GET /?products=2505946 HTTP/1.1" 200 34793 "-" "Mozilla/5.0 (compatible; SemrushBot/7~bl; +http://www.semrush.com/bot.html)"
185.191.171.16 - - [26/Oct/2025:00:09:13 -0700] "GET /?products=2506326 HTTP/1.1" 200 34793 "-" "Mozilla/5.0 (compatible; SemrushBot/7~bl; +http://www.semrush.com/bot.html)"
85.208.96.209 - - [26/Oct/2025:00:09:19 -0700] "GET /?products=2510958 HTTP/1.1" 200 34793 "-" "Mozilla/5.0 (compatible; SemrushBot/7~bl; +http://www.semrush.com/bot.html)"
103.184.125.73 - - [26/Oct/2025:00:10:07 -0700] "GET /wp-login.php HTTP/2.0" 429 362 "-" "Mozilla/5.0 (Windows NT 10.0; Win64; x64) AppleWebKit/537.36 (KHTML, like Gecko) Chrome/130.0.0.0 Safari/537.36"
69.163.179.91 - - [26/Oct/2025:00:10:12 -0700] "POST /wp-cron.php?doing_wp_cron=1761462612.2095699310302734375000 HTTP/1.1" 200 3647 "-" "WordPress/6.8.3; https://www.elconferencista.com"
85.208.96.202 - - [26/Oct/2025:00:10:11 -0700] "GET /?products=2509326 HTTP/1.1" 200 34793 "-" "Mozilla/5.0 (compatible; SemrushBot/7~bl; +http://www.semrush.com/bot.html)"
85.208.96.208 - - [26/Oct/2025:00:10:34 -0700] "GET /?products=2508490 HTTP/1.1" 200 34793 "-" "Mozilla/5.0 (compatible; SemrushBot/7~bl; +http://www.semrush.com/bot.html)"
185.191.171.1 - - [26/Oct/2025:00:10:55 -0700] "GET /?products=2509148 HTTP/1.1" 200 34793 "-" "Mozilla/5.0 (compatible; SemrushBot/7~bl; +http://www.semrush.com/bot.html)"
85.208.96.201 - - [26/Oct/2025:00:10:59 -0700] "GET /?products=2508960 HTTP/1.1" 200 34793 "-" "Mozilla/5.0 (compatible; SemrushBot/7~bl; +http://www.semrush.com/bot.html)"
74.208.92.227 - - [26/Oct/2025:00:11:20 -0700] "GET /wp-login.php HTTP/2.0" 429 351 "-" "Mozilla/5.0 (Windows NT 10.0; Win64; x64) AppleWebKit/537.36 (KHTML, like Gecko) Chrome/130.0.0.0 Safari/537.36"
69.163.179.91 - - [26/Oct/2025:00:11:39 -0700] "POST /wp-cron.php?doing_wp_cron=1761462699.2941999435424804687500 HTTP/1.1" 200 3647 "-" "WordPress/6.8.3; https://www.elconferencista.com"
85.208.96.206 - - [26/Oct/2025:00:11:38 -0700] "GET /?products=2508918 HTTP/1.1" 200 34793 "-" "Mozilla/5.0 (compatible; SemrushBot/7~bl; +http://www.semrush.com/bot.html)"
85.208.96.196 - - [26/Oct/2025:00:11:49 -0700] "GET /?products=2510016 HTTP/1.1" 200 34793 "-" "Mozilla/5.0 (compatible; SemrushBot/7~bl; +http://www.semrush.com/bot.html)"
128.199.157.207 - - [26/Oct/2025:00:11:55 -0700] "GET /wp-login.php HTTP/2.0" 429 343 "-" "Mozilla/5.0 (Windows NT 10.0; Win64; x64) AppleWebKit/537.36 (KHTML, like Gecko) Chrome/130.0.0.0 Safari/537.36"
69.163.179.91 - - [26/Oct/2025:00:12:06 -0700] "POST /wp-cron.php?doing_wp_cron=1761462726.0195219516754150390625 HTTP/1.1" 200 3647 "-" "WordPress/6.8.3; https://www.elconferencista.com"
216.244.66.199 - - [26/Oct/2025:00:12:05 -0700] "GET /solicita-tu-cotizacion/index.php?conferencia=%3Cspan%3E2%3C/span%3E%20M%C3%A1s%20All%C3%A1%20del%20Compromiso.%20%C2%AE HTTP/1.1" 301 3668 "-" "Mozilla/5.0 (compatible; DotBot/1.2; +https://opensiteexplorer.org/dotbot; help@moz.com)"
128.199.157.207 - - [26/Oct/2025:00:12:13 -0700] "GET /wp-login.php HTTP/2.0" 429 351 "-" "Mozilla/5.0 (Windows NT 10.0; Win64; x64) AppleWebKit/537.36 (KHTML, like Gecko) Chrome/130.0.0.0 Safari/537.36"
178.239.147.118 - - [26/Oct/2025:00:12:17 -0700] "GET /wp-login.php HTTP/2.0" 429 351 "-" "Mozilla/5.0 (Windows NT 10.0; Win64; x64) AppleWebKit/537.36 (KHTML, like Gecko) Chrome/130.0.0.0 Safari/537.36"
54.39.210.99 - - [26/Oct/2025:00:12:22 -0700] "GET /?products=4831080 HTTP/2.0" 200 31024 "-" "Mozilla/5.0 (compatible; AhrefsBot/7.0; +http://ahrefs.com/robot/)"
185.191.171.5 - - [26/Oct/2025:00:12:45 -0700] "GET /?products=2507982 HTTP/1.1" 200 34793 "-" "Mozilla/5.0 (compatible; SemrushBot/7~bl; +http://www.semrush.com/bot.html)"
185.191.171.11 - - [26/Oct/2025:00:12:49 -0700] "GET /?products=2511092 HTTP/1.1" 200 34793 "-" "Mozilla/5.0 (compatible; SemrushBot/7~bl; +http://www.semrush.com/bot.html)"
74.208.92.227 - - [26/Oct/2025:00:12:58 -0700] "GET /wp-login.php HTTP/2.0" 429 351 "-" "Mozilla/5.0 (Windows NT 10.0; Win64; x64) AppleWebKit/537.36 (KHTML, like Gecko) Chrome/130.0.0.0 Safari/537.36"
128.199.157.207 - - [26/Oct/2025:00:13:07 -0700] "GET /wp-login.php HTTP/2.0" 429 351 "-" "Mozilla/5.0 (Windows NT 10.0; Win64; x64) AppleWebKit/537.36 (KHTML, like Gecko) Chrome/130.0.0.0 Safari/537.36"
128.199.157.207 - - [26/Oct/2025:00:13:52 -0700] "GET /wp-login.php HTTP/2.0" 429 351 "-" "Mozilla/5.0 (Windows NT 10.0; Win64; x64) AppleWebKit/537.36 (KHTML, like Gecko) Chrome/130.0.0.0 Safari/537.36"
128.199.157.207 - - [26/Oct/2025:00:14:34 -0700] "GET /wp-login.php HTTP/2.0" 429 351 "-" "Mozilla/5.0 (Windows NT 10.0; Win64; x64) AppleWebKit/537.36 (KHTML, like Gecko) Chrome/130.0.0.0 Safari/537.36"
85.208.96.205 - - [26/Oct/2025:00:15:14 -0700] "GET /?products=2508846 HTTP/1.1" 200 34793 "-" "Mozilla/5.0 (compatible; SemrushBot/7~bl; +http://www.semrush.com/bot.html)"
69.163.179.91 - - [26/Oct/2025:00:15:16 -0700] "POST /wp-cron.php?doing_wp_cron=1761462916.3676490783691406250000 HTTP/1.1" 200 3647 "-" "WordPress/6.8.3; https://www.elconferencista.com"
69.163.179.91 - - [26/Oct/2025:00:15:32 -0700] "POST /wp-cron.php?doing_wp_cron=1761462931.9999890327453613281250 HTTP/1.1" 200 3647 "-" "WordPress/6.8.3; https://www.elconferencista.com"
85.208.96.203 - - [26/Oct/2025:00:15:31 -0700] "GET /?products=2508510 HTTP/1.1" 200 34793 "-" "Mozilla/5.0 (compatible; SemrushBot/7~bl; +http://www.semrush.com/bot.html)"
185.191.171.12 - - [26/Oct/2025:00:15:44 -0700] "GET /?products=2510214 HTTP/1.1" 200 34793 "-" "Mozilla/5.0 (compatible; SemrushBot/7~bl; +http://www.semrush.com/bot.html)"
18.143.249.141 - - [26/Oct/2025:00:16:13 -0700] "GET /wp-login.php HTTP/2.0" 200 3583 "-" "Mozilla/5.0 (Windows NT 10.0; Win64; x64) AppleWebKit/537.36 (KHTML, like Gecko) Chrome/130.0.0.0 Safari/537.36"
69.163.179.91 - - [26/Oct/2025:00:16:14 -0700] "POST /wp-cron.php?doing_wp_cron=1761462974.0573720932006835937500 HTTP/1.1" 200 3647 "-" "WordPress/6.8.3; https://www.elconferencista.com"
40.77.167.152 - - [26/Oct/2025:00:16:18 -0700] "GET /15716852?products=0013097383 HTTP/2.0" 200 27225 "-" "Mozilla/5.0 AppleWebKit/537.36 (KHTML, like Gecko; compatible; bingbot/2.0; +http://www.bing.com/bingbot.htm) Chrome/116.0.1938.76 Safari/537.36"
18.143.249.141 - - [26/Oct/2025:00:16:20 -0700] "POST /wp-login.php HTTP/2.0" 200 3485 "https://www.elconferencista.com/wp-login.php" "Mozilla/5.0 (Windows NT 10.0; Win64; x64) AppleWebKit/537.36 (KHTML, like Gecko) Chrome/130.0.0.0 Safari/537.36"
54.39.6.71 - - [26/Oct/2025:00:16:39 -0700] "GET /?products=4831076 HTTP/2.0" 200 31024 "-" "Mozilla/5.0 (compatible; AhrefsBot/7.0; +http://ahrefs.com/robot/)"
128.199.157.207 - - [26/Oct/2025:00:16:40 -0700] "GET /wp-login.php HTTP/2.0" 429 351 "-" "Mozilla/5.0 (Windows NT 10.0; Win64; x64) AppleWebKit/537.36 (KHTML, like Gecko) Chrome/130.0.0.0 Safari/537.36"
50.28.2.112 - - [26/Oct/2025:00:16:58 -0700] "GET /wp-login.php HTTP/2.0" 429 362 "-" "Mozilla/5.0 (Windows NT 10.0; Win64; x64) AppleWebKit/537.36 (KHTML, like Gecko) Chrome/130.0.0.0 Safari/537.36"
85.208.96.195 - - [26/Oct/2025:00:17:56 -0700] "GET /?products=2506474 HTTP/1.1" 200 34793 "-" "Mozilla/5.0 (compatible; SemrushBot/7~bl; +http://www.semrush.com/bot.html)"
69.163.179.91 - - [26/Oct/2025:00:17:57 -0700] "POST /wp-cron.php?doing_wp_cron=1761463077.1724619865417480468750 HTTP/1.1" 200 3647 "-" "WordPress/6.8.3; https://www.elconferencista.com"
69.163.179.91 - - [26/Oct/2025:00:18:33 -0700] "POST /wp-cron.php?doing_wp_cron=1761463113.3927130699157714843750 HTTP/1.1" 200 3647 "-" "WordPress/6.8.3; https://www.elconferencista.com"
185.191.171.9 - - [26/Oct/2025:00:18:32 -0700] "GET /?products=2506906 HTTP/1.1" 200 34793 "-" "Mozilla/5.0 (compatible; SemrushBot/7~bl; +http://www.semrush.com/bot.html)"
69.163.179.91 - - [26/Oct/2025:00:19:15 -0700] "POST /wp-cron.php?doing_wp_cron=1761463155.2629799842834472656250 HTTP/1.1" 200 3647 "-" "WordPress/6.8.3; https://www.elconferencista.com"
185.191.171.15 - - [26/Oct/2025:00:19:14 -0700] "GET /?products=2508514 HTTP/1.1" 200 34793 "-" "Mozilla/5.0 (compatible; SemrushBot/7~bl; +http://www.semrush.com/bot.html)"
102.130.120.253 - - [26/Oct/2025:00:19:45 -0700] "GET /wp-login.php HTTP/2.0" 429 353 "-" "Mozilla/5.0 (Windows NT 10.0; Win64; x64) AppleWebKit/537.36 (KHTML, like Gecko) Chrome/130.0.0.0 Safari/537.36"
178.239.147.118 - - [26/Oct/2025:00:19:55 -0700] "GET /wp-login.php HTTP/2.0" 429 351 "-" "Mozilla/5.0 (Windows NT 10.0; Win64; x64) AppleWebKit/537.36 (KHTML, like Gecko) Chrome/130.0.0.0 Safari/537.36"
163.61.112.5 - - [26/Oct/2025:00:20:03 -0700] "GET /wp-login.php HTTP/2.0" 429 351 "-" "Mozilla/5.0 (Windows NT 10.0; Win64; x64) AppleWebKit/537.36 (KHTML, like Gecko) Chrome/130.0.0.0 Safari/537.36"
74.208.92.227 - - [26/Oct/2025:00:20:06 -0700] "GET /wp-login.php HTTP/2.0" 429 351 "-" "Mozilla/5.0 (Windows NT 10.0; Win64; x64) AppleWebKit/537.36 (KHTML, like Gecko) Chrome/130.0.0.0 Safari/537.36"
64.38.145.230 - - [26/Oct/2025:00:20:11 -0700] "GET /wp-login.php HTTP/2.0" 429 351 "-" "Mozilla/5.0 (Windows NT 10.0; Win64; x64) AppleWebKit/537.36 (KHTML, like Gecko) Chrome/130.0.0.0 Safari/537.36"
89.117.74.114 - - [26/Oct/2025:00:20:15 -0700] "GET /wp-login.php HTTP/2.0" 429 351 "-" "Mozilla/5.0 (Windows NT 10.0; Win64; x64) AppleWebKit/537.36 (KHTML, like Gecko) Chrome/130.0.0.0 Safari/537.36"
15.235.96.223 - - [26/Oct/2025:00:20:56 -0700] "GET /?products=4831066 HTTP/2.0" 200 31024 "-" "Mozilla/5.0 (compatible; AhrefsBot/7.0; +http://ahrefs.com/robot/)"
69.163.179.91 - - [26/Oct/2025:00:20:57 -0700] "POST /wp-cron.php?doing_wp_cron=1761463257.8162870407104492187500 HTTP/1.1" 200 3647 "-" "WordPress/6.8.3; https://www.elconferencista.com"
45.64.185.141 - - [26/Oct/2025:00:21:09 -0700] "GET /wp-login.php HTTP/2.0" 429 351 "-" "Mozilla/5.0 (Windows NT 10.0; Win64; x64) AppleWebKit/537.36 (KHTML, like Gecko) Chrome/130.0.0.0 Safari/537.36"
66.249.73.165 - - [26/Oct/2025:00:21:10 -0700] "GET /robots.txt HTTP/1.1" 200 3875 "-" "Mozilla/5.0 (compatible; Googlebot/2.1; +http://www.google.com/bot.html)"
64.38.145.230 - - [26/Oct/2025:00:21:16 -0700] "GET /wp-login.php HTTP/2.0" 429 351 "-" "Mozilla/5.0 (Windows NT 10.0; Win64; x64) AppleWebKit/537.36 (KHTML, like Gecko) Chrome/130.0.0.0 Safari/537.36"
45.64.185.141 - - [26/Oct/2025:00:21:25 -0700] "GET /wp-login.php HTTP/2.0" 429 351 "-" "Mozilla/5.0 (Windows NT 10.0; Win64; x64) AppleWebKit/537.36 (KHTML, like Gecko) Chrome/130.0.0.0 Safari/537.36"
213.136.75.53 - - [26/Oct/2025:00:21:29 -0700] "GET /wp-login.php HTTP/2.0" 429 363 "-" "Mozilla/5.0 (Windows NT 10.0; Win64; x64) AppleWebKit/537.36 (KHTML, like Gecko) Chrome/130.0.0.0 Safari/537.36"
69.163.179.91 - - [26/Oct/2025:00:22:00 -0700] "POST /wp-cron.php?doing_wp_cron=1761463320.0047779083251953125000 HTTP/1.1" 200 3647 "-" "WordPress/6.8.3; https://www.elconferencista.com"
85.208.96.200 - - [26/Oct/2025:00:21:58 -0700] "GET /?products=2509004 HTTP/1.1" 200 34793 "-" "Mozilla/5.0 (compatible; SemrushBot/7~bl; +http://www.semrush.com/bot.html)"
69.163.179.91 - - [26/Oct/2025:00:22:06 -0700] "POST /wp-cron.php?doing_wp_cron=1761463326.3476428985595703125000 HTTP/1.1" 200 3647 "-" "WordPress/6.8.3; https://www.elconferencista.com"
185.191.171.15 - - [26/Oct/2025:00:22:05 -0700] "GET /?products=2509710 HTTP/1.1" 200 34793 "-" "Mozilla/5.0 (compatible; SemrushBot/7~bl; +http://www.semrush.com/bot.html)"
85.208.96.201 - - [26/Oct/2025:00:22:11 -0700] "GET /?products=2509738 HTTP/1.1" 200 34793 "-" "Mozilla/5.0 (compatible; SemrushBot/7~bl; +http://www.semrush.com/bot.html)"
185.191.171.10 - - [26/Oct/2025:00:23:34 -0700] "GET /?products=2509162 HTTP/1.1" 200 34793 "-" "Mozilla/5.0 (compatible; SemrushBot/7~bl; +http://www.semrush.com/bot.html)"
69.163.179.91 - - [26/Oct/2025:00:23:35 -0700] "POST /wp-cron.php?doing_wp_cron=1761463415.6123869419097900390625 HTTP/1.1" 200 3647 "-" "WordPress/6.8.3; https://www.elconferencista.com"
185.191.171.12 - - [26/Oct/2025:00:24:06 -0700] "GET /?products=2506666 HTTP/1.1" 200 34793 "-" "Mozilla/5.0 (compatible; SemrushBot/7~bl; +http://www.semrush.com/bot.html)"
69.163.179.91 - - [26/Oct/2025:00:24:06 -0700] "POST /wp-cron.php?doing_wp_cron=1761463446.9540369510650634765625 HTTP/1.1" 200 3647 "-" "WordPress/6.8.3; https://www.elconferencista.com"
18.143.249.141 - - [26/Oct/2025:00:24:16 -0700] "GET /wp-login.php HTTP/2.0" 429 342 "-" "Mozilla/5.0 (Windows NT 10.0; Win64; x64) AppleWebKit/537.36 (KHTML, like Gecko) Chrome/130.0.0.0 Safari/537.36"
66.33.212.6 - - [26/Oct/2025:00:24:52 -0700] "GET /wp-login.php HTTP/2.0" 200 3583 "-" "Mozilla/5.0 (Windows NT 10.0; Win64; x64) AppleWebKit/537.36 (KHTML, like Gecko) Chrome/130.0.0.0 Safari/537.36"
66.33.212.6 - - [26/Oct/2025:00:24:53 -0700] "POST /wp-login.php HTTP/2.0" 200 3489 "https://www.elconferencista.com/wp-login.php" "Mozilla/5.0 (Windows NT 10.0; Win64; x64) AppleWebKit/537.36 (KHTML, like Gecko) Chrome/130.0.0.0 Safari/537.36"
69.163.179.91 - - [26/Oct/2025:00:25:14 -0700] "POST /wp-cron.php?doing_wp_cron=1761463514.0801041126251220703125 HTTP/1.1" 200 3647 "-" "WordPress/6.8.3; https://www.elconferencista.com"
148.113.130.223 - - [26/Oct/2025:00:25:13 -0700] "GET /?products=4830980 HTTP/2.0" 200 31024 "-" "Mozilla/5.0 (compatible; AhrefsBot/7.0; +http://ahrefs.com/robot/)"
45.64.185.141 - - [26/Oct/2025:00:25:17 -0700] "GET /wp-login.php HTTP/2.0" 429 351 "-" "Mozilla/5.0 (Windows NT 10.0; Win64; x64) AppleWebKit/537.36 (KHTML, like Gecko) Chrome/130.0.0.0 Safari/537.36"
178.239.147.118 - - [26/Oct/2025:00:26:10 -0700] "GET /wp-login.php HTTP/2.0" 429 351 "-" "Mozilla/5.0 (Windows NT 10.0; Win64; x64) AppleWebKit/537.36 (KHTML, like Gecko) Chrome/130.0.0.0 Safari/537.36"
69.163.179.91 - - [26/Oct/2025:00:26:15 -0700] "POST /wp-cron.php?doing_wp_cron=1761463575.4710710048675537109375 HTTP/1.1" 200 3647 "-" "WordPress/6.8.3; https://www.elconferencista.com"
85.208.96.206 - - [26/Oct/2025:00:26:14 -0700] "GET /?products=2505870 HTTP/1.1" 200 34793 "-" "Mozilla/5.0 (compatible; SemrushBot/7~bl; +http://www.semrush.com/bot.html)"
185.191.171.4 - - [26/Oct/2025:00:26:19 -0700] "GET /?products=2507204 HTTP/1.1" 200 34793 "-" "Mozilla/5.0 (compatible; SemrushBot/7~bl; +http://www.semrush.com/bot.html)"
185.191.171.5 - - [26/Oct/2025:00:26:31 -0700] "GET /?products=2507046 HTTP/1.1" 200 34793 "-" "Mozilla/5.0 (compatible; SemrushBot/7~bl; +http://www.semrush.com/bot.html)"
163.223.13.96 - - [26/Oct/2025:00:27:18 -0700] "GET /wp-login.php HTTP/2.0" 429 352 "-" "Mozilla/5.0 (Windows NT 10.0; Win64; x64) AppleWebKit/537.36 (KHTML, like Gecko) Chrome/130.0.0.0 Safari/537.36"
69.163.179.91 - - [26/Oct/2025:00:27:19 -0700] "POST /wp-cron.php?doing_wp_cron=1761463639.1879310607910156250000 HTTP/1.1" 200 3647 "-" "WordPress/6.8.3; https://www.elconferencista.com"
85.208.96.208 - - [26/Oct/2025:00:27:18 -0700] "GET /?products=2507842 HTTP/1.1" 200 34792 "-" "Mozilla/5.0 (compatible; SemrushBot/7~bl; +http://www.semrush.com/bot.html)"
85.208.96.199 - - [26/Oct/2025:00:27:21 -0700] "GET /robots.txt HTTP/1.1" 200 3838 "-" "Mozilla/5.0 (compatible; SemrushBot/7~bl; +http://www.semrush.com/bot.html)"
185.191.171.15 - - [26/Oct/2025:00:27:24 -0700] "GET /?products=2510516 HTTP/1.1" 200 34792 "-" "Mozilla/5.0 (compatible; SemrushBot/7~bl; +http://www.semrush.com/bot.html)"
178.239.147.118 - - [26/Oct/2025:00:27:33 -0700] "GET /wp-login.php HTTP/2.0" 429 351 "-" "Mozilla/5.0 (Windows NT 10.0; Win64; x64) AppleWebKit/537.36 (KHTML, like Gecko) Chrome/130.0.0.0 Safari/537.36"
85.208.96.209 - - [26/Oct/2025:00:27:49 -0700] "GET /?products=2510420 HTTP/1.1" 200 34793 "-" "Mozilla/5.0 (compatible; SemrushBot/7~bl; +http://www.semrush.com/bot.html)"
185.191.171.8 - - [26/Oct/2025:00:27:54 -0700] "GET /?products=2511048 HTTP/1.1" 200 34793 "-" "Mozilla/5.0 (compatible; SemrushBot/7~bl; +http://www.semrush.com/bot.html)"
89.117.74.114 - - [26/Oct/2025:00:28:07 -0700] "GET /wp-login.php HTTP/2.0" 429 351 "-" "Mozilla/5.0 (Windows NT 10.0; Win64; x64) AppleWebKit/537.36 (KHTML, like Gecko) Chrome/130.0.0.0 Safari/537.36"
69.163.179.91 - - [26/Oct/2025:00:28:28 -0700] "POST /wp-cron.php?doing_wp_cron=1761463708.7590010166168212890625 HTTP/1.1" 200 3647 "-" "WordPress/6.8.3; https://www.elconferencista.com"
85.208.96.199 - - [26/Oct/2025:00:28:28 -0700] "GET /?products=2506378 HTTP/1.1" 200 34793 "-" "Mozilla/5.0 (compatible; SemrushBot/7~bl; +http://www.semrush.com/bot.html)"
178.239.147.118 - - [26/Oct/2025:00:29:12 -0700] "GET /wp-login.php HTTP/2.0" 429 351 "-" "Mozilla/5.0 (Windows NT 10.0; Win64; x64) AppleWebKit/537.36 (KHTML, like Gecko) Chrome/130.0.0.0 Safari/537.36"
69.163.179.91 - - [26/Oct/2025:00:29:33 -0700] "POST /wp-cron.php?doing_wp_cron=1761463773.0822389125823974609375 HTTP/1.1" 200 3647 "-" "WordPress/6.8.3; https://www.elconferencista.com"
54.39.136.140 - - [26/Oct/2025:00:29:32 -0700] "GET /?products=4830908 HTTP/2.0" 200 31014 "-" "Mozilla/5.0 (compatible; AhrefsBot/7.0; +http://ahrefs.com/robot/)"
69.163.179.91 - - [26/Oct/2025:00:30:17 -0700] "POST /wp-cron.php?doing_wp_cron=1761463817.2161810398101806640625 HTTP/1.1" 200 3647 "-" "WordPress/6.8.3; https://www.elconferencista.com"
85.208.96.211 - - [26/Oct/2025:00:30:16 -0700] "GET /?products=2509450 HTTP/1.1" 200 34792 "-" "Mozilla/5.0 (compatible; SemrushBot/7~bl; +http://www.semrush.com/bot.html)"
185.191.171.4 - - [26/Oct/2025:00:30:32 -0700] "GET /?products=2510588 HTTP/1.1" 200 34792 "-" "Mozilla/5.0 (compatible; SemrushBot/7~bl; +http://www.semrush.com/bot.html)"
74.208.92.227 - - [26/Oct/2025:00:30:40 -0700] "GET /wp-login.php HTTP/2.0" 429 351 "-" "Mozilla/5.0 (Windows NT 10.0; Win64; x64) AppleWebKit/537.36 (KHTML, like Gecko) Chrome/130.0.0.0 Safari/537.36"
85.208.96.193 - - [26/Oct/2025:00:30:46 -0700] "GET /?products=2506734 HTTP/1.1" 200 34792 "-" "Mozilla/5.0 (compatible; SemrushBot/7~bl; +http://www.semrush.com/bot.html)"
178.239.147.118 - - [26/Oct/2025:00:31:01 -0700] "GET /wp-login.php HTTP/2.0" 429 351 "-" "Mozilla/5.0 (Windows NT 10.0; Win64; x64) AppleWebKit/537.36 (KHTML, like Gecko) Chrome/130.0.0.0 Safari/537.36"
74.208.46.181 - - [26/Oct/2025:00:31:35 -0700] "GET /wp-login.php HTTP/2.0" 429 351 "-" "Mozilla/5.0 (Windows NT 10.0; Win64; x64) AppleWebKit/537.36 (KHTML, like Gecko) Chrome/130.0.0.0 Safari/537.36"
85.208.96.212 - - [26/Oct/2025:00:31:56 -0700] "GET /?products=2507458 HTTP/1.1" 200 34793 "-" "Mozilla/5.0 (compatible; SemrushBot/7~bl; +http://www.semrush.com/bot.html)"
69.163.179.91 - - [26/Oct/2025:00:31:58 -0700] "POST /wp-cron.php?doing_wp_cron=1761463917.9897489547729492187500 HTTP/1.1" 200 3647 "-" "WordPress/6.8.3; https://www.elconferencista.com"
69.163.179.91 - - [26/Oct/2025:00:32:08 -0700] "POST /wp-cron.php?doing_wp_cron=1761463928.3046989440917968750000 HTTP/1.1" 200 3647 "-" "WordPress/6.8.3; https://www.elconferencista.com"
185.191.171.8 - - [26/Oct/2025:00:32:07 -0700] "GET /?products=2509642 HTTP/1.1" 200 34793 "-" "Mozilla/5.0 (compatible; SemrushBot/7~bl; +http://www.semrush.com/bot.html)"
185.191.171.3 - - [26/Oct/2025:00:32:12 -0700] "GET /?products=2509282 HTTP/1.1" 200 34793 "-" "Mozilla/5.0 (compatible; SemrushBot/7~bl; +http://www.semrush.com/bot.html)"
128.199.157.207 - - [26/Oct/2025:00:32:16 -0700] "GET /wp-login.php HTTP/2.0" 429 351 "-" "Mozilla/5.0 (Windows NT 10.0; Win64; x64) AppleWebKit/537.36 (KHTML, like Gecko) Chrome/130.0.0.0 Safari/537.36"
