170.39.213.43 - - [25/Oct/2025:10:12:17 -0700] "GET /wp-login.php HTTP/2.0" 429 354 "-" "Mozilla/5.0 (Windows NT 10.0; Win64; x64) AppleWebKit/537.36 (KHTML, like Gecko) Chrome/130.0.0.0 Safari/537.36"
89.117.74.114 - - [25/Oct/2025:10:12:34 -0700] "GET /wp-login.php HTTP/2.0" 429 351 "-" "Mozilla/5.0 (Windows NT 10.0; Win64; x64) AppleWebKit/537.36 (KHTML, like Gecko) Chrome/130.0.0.0 Safari/537.36"
50.28.2.112 - - [25/Oct/2025:10:13:47 -0700] "GET /wp-login.php HTTP/2.0" 429 352 "-" "Mozilla/5.0 (Windows NT 10.0; Win64; x64) AppleWebKit/537.36 (KHTML, like Gecko) Chrome/130.0.0.0 Safari/537.36"
50.28.2.112 - - [25/Oct/2025:10:17:19 -0700] "GET /wp-login.php HTTP/2.0" 429 352 "-" "Mozilla/5.0 (Windows NT 10.0; Win64; x64) AppleWebKit/537.36 (KHTML, like Gecko) Chrome/130.0.0.0 Safari/537.36"
178.239.147.118 - - [25/Oct/2025:10:17:21 -0700] "GET /wp-login.php HTTP/2.0" 429 351 "-" "Mozilla/5.0 (Windows NT 10.0; Win64; x64) AppleWebKit/537.36 (KHTML, like Gecko) Chrome/130.0.0.0 Safari/537.36"
132.148.73.213 - - [25/Oct/2025:10:17:36 -0700] "GET /wp-login.php HTTP/2.0" 429 351 "-" "Mozilla/5.0 (Windows NT 10.0; Win64; x64) AppleWebKit/537.36 (KHTML, like Gecko) Chrome/130.0.0.0 Safari/537.36"
50.28.2.112 - - [25/Oct/2025:10:17:37 -0700] "GET /wp-login.php HTTP/2.0" 429 352 "-" "Mozilla/5.0 (Windows NT 10.0; Win64; x64) AppleWebKit/537.36 (KHTML, like Gecko) Chrome/130.0.0.0 Safari/537.36"
74.50.80.136 - - [25/Oct/2025:10:18:16 -0700] "GET /wp-login.php HTTP/2.0" 429 351 "-" "Mozilla/5.0 (Windows NT 10.0; Win64; x64) AppleWebKit/537.36 (KHTML, like Gecko) Chrome/130.0.0.0 Safari/537.36"
85.114.135.165 - - [25/Oct/2025:10:18:30 -0700] "GET /wp-login.php HTTP/2.0" 429 351 "-" "Mozilla/5.0 (Windows NT 10.0; Win64; x64) AppleWebKit/537.36 (KHTML, like Gecko) Chrome/130.0.0.0 Safari/537.36"
91.201.113.132 - - [25/Oct/2025:10:18:43 -0700] "GET / HTTP/1.0" 200 162370 "https://www.elconferencista.com/" "Mozilla/5.0 (Windows NT 10.0; Win64; x64) AppleWebKit/537.36 (KHTML, like Gecko) Chrome/129.0.0.0 Safari/537.36"
69.163.179.91 - - [25/Oct/2025:10:18:45 -0700] "POST /wp-cron.php?doing_wp_cron=1761412725.1049931049346923828125 HTTP/1.1" 200 3647 "-" "WordPress/6.8.3; https://www.elconferencista.com"
74.208.46.181 - - [25/Oct/2025:10:22:44 -0700] "GET /wp-login.php HTTP/2.0" 429 351 "-" "Mozilla/5.0 (Windows NT 10.0; Win64; x64) AppleWebKit/537.36 (KHTML, like Gecko) Chrome/130.0.0.0 Safari/537.36"
91.201.113.132 - - [25/Oct/2025:10:22:47 -0700] "POST /wp-admin/admin-ajax.php HTTP/1.0" 200 3771 "https://www.elconferencista.com/" "Mozilla/5.0 (Windows NT 10.0; Win64; x64) AppleWebKit/537.36 (KHTML, like Gecko) Chrome/129.0.0.0 Safari/537.36"
69.163.179.91 - - [25/Oct/2025:10:22:49 -0700] "POST /wp-cron.php?doing_wp_cron=1761412969.0338940620422363281250 HTTP/1.1" 200 3647 "-" "WordPress/6.8.3; https://www.elconferencista.com"
88.99.242.20 - - [25/Oct/2025:10:24:16 -0700] "GET /wp-login.php HTTP/2.0" 429 351 "-" "Mozilla/5.0 (Windows NT 10.0; Win64; x64) AppleWebKit/537.36 (KHTML, like Gecko) Chrome/130.0.0.0 Safari/537.36"
132.148.73.213 - - [25/Oct/2025:10:24:38 -0700] "GET /wp-login.php HTTP/2.0" 429 351 "-" "Mozilla/5.0 (Windows NT 10.0; Win64; x64) AppleWebKit/537.36 (KHTML, like Gecko) Chrome/130.0.0.0 Safari/537.36"
87.98.128.54 - - [25/Oct/2025:10:26:07 -0700] "GET /wp-login.php HTTP/2.0" 429 361 "-" "Mozilla/5.0 (Windows NT 10.0; Win64; x64) AppleWebKit/537.36 (KHTML, like Gecko) Chrome/130.0.0.0 Safari/537.36"
50.28.2.112 - - [25/Oct/2025:10:26:55 -0700] "GET /wp-login.php HTTP/2.0" 429 352 "-" "Mozilla/5.0 (Windows NT 10.0; Win64; x64) AppleWebKit/537.36 (KHTML, like Gecko) Chrome/130.0.0.0 Safari/537.36"
50.28.2.112 - - [25/Oct/2025:10:27:23 -0700] "GET /wp-login.php HTTP/2.0" 429 352 "-" "Mozilla/5.0 (Windows NT 10.0; Win64; x64) AppleWebKit/537.36 (KHTML, like Gecko) Chrome/130.0.0.0 Safari/537.36"
43.224.34.83 - - [25/Oct/2025:10:27:30 -0700] "GET /wp-login.php HTTP/2.0" 429 351 "-" "Mozilla/5.0 (Windows NT 10.0; Win64; x64) AppleWebKit/537.36 (KHTML, like Gecko) Chrome/130.0.0.0 Safari/537.36"
92.205.110.219 - - [25/Oct/2025:10:27:33 -0700] "GET /wp-login.php HTTP/2.0" 429 351 "-" "Mozilla/5.0 (Windows NT 10.0; Win64; x64) AppleWebKit/537.36 (KHTML, like Gecko) Chrome/130.0.0.0 Safari/537.36"
64.227.156.28 - - [25/Oct/2025:10:28:44 -0700] "GET /wp-login.php HTTP/2.0" 429 351 "-" "Mozilla/5.0 (Windows NT 10.0; Win64; x64) AppleWebKit/537.36 (KHTML, like Gecko) Chrome/130.0.0.0 Safari/537.36"
178.239.147.118 - - [25/Oct/2025:10:30:02 -0700] "GET /wp-login.php HTTP/2.0" 429 351 "-" "Mozilla/5.0 (Windows NT 10.0; Win64; x64) AppleWebKit/537.36 (KHTML, like Gecko) Chrome/130.0.0.0 Safari/537.36"
50.28.2.112 - - [25/Oct/2025:10:30:05 -0700] "GET /wp-login.php HTTP/2.0" 429 352 "-" "Mozilla/5.0 (Windows NT 10.0; Win64; x64) AppleWebKit/537.36 (KHTML, like Gecko) Chrome/130.0.0.0 Safari/537.36"
74.208.92.227 - - [25/Oct/2025:10:30:09 -0700] "GET /wp-login.php HTTP/2.0" 429 351 "-" "Mozilla/5.0 (Windows NT 10.0; Win64; x64) AppleWebKit/537.36 (KHTML, like Gecko) Chrome/130.0.0.0 Safari/537.36"
103.90.233.75 - - [25/Oct/2025:10:30:18 -0700] "GET /wp-login.php HTTP/2.0" 429 351 "-" "Mozilla/5.0 (Windows NT 10.0; Win64; x64) AppleWebKit/537.36 (KHTML, like Gecko) Chrome/130.0.0.0 Safari/537.36"
185.220.100.240 - - [25/Oct/2025:10:33:03 -0700] "POST /xmlrpc.php HTTP/1.1" 200 3862 "-" "Mozilla/5.0 (Windows NT 10.0; Win64; x64; rv:124.0) Gecko/20100101 Firefox/124.0"
69.163.179.91 - - [25/Oct/2025:10:33:04 -0700] "POST /wp-cron.php?doing_wp_cron=1761413584.8136930465698242187500 HTTP/1.1" 200 3647 "-" "WordPress/6.8.3; https://www.elconferencista.com"
69.163.179.91 - - [25/Oct/2025:10:33:56 -0700] "POST /wp-cron.php?doing_wp_cron=1761413636.4781670570373535156250 HTTP/1.1" 200 3647 "-" "WordPress/6.8.3; https://www.elconferencista.com"
140.235.2.125 - - [25/Oct/2025:10:33:55 -0700] "GET / HTTP/1.1" 200 34844 "-" "Mozilla/5.0 (Windows NT 10.0; WOW64; x64) AppleWebKit/537.36 (KHTML, like Gecko) Chrome/114.0.0.0 Safari/537.36 OPR/89.0.4447.51"
140.235.2.125 - - [25/Oct/2025:10:34:00 -0700] "GET / HTTP/1.1" 200 34844 "https://www.elconferencista.com/" "Mozilla/5.0 (Windows NT 10.0; WOW64; x64) AppleWebKit/537.36 (KHTML, like Gecko) Chrome/114.0.0.0 Safari/537.36 OPR/89.0.4447.51"
69.163.179.91 - - [25/Oct/2025:10:34:05 -0700] "POST /wp-cron.php?doing_wp_cron=1761413645.3473000526428222656250 HTTP/1.1" 200 3647 "-" "WordPress/6.8.3; https://www.elconferencista.com"
140.235.2.125 - - [25/Oct/2025:10:34:04 -0700] "GET / HTTP/1.1" 200 34844 "https://www.elconferencista.com/" "Mozilla/5.0 (Windows NT 10.0; WOW64; x64) AppleWebKit/537.36 (KHTML, like Gecko) Chrome/114.0.0.0 Safari/537.36 OPR/89.0.4447.51"
178.120.55.85 - - [25/Oct/2025:10:37:08 -0700] "GET /wp-content/themes/alone/css/sermone.css HTTP/1.1" 500 73992 "-" "Mozilla/5.0 (Macintosh; Intel Mac OS X 10_15_7) AppleWebKit/537.36 (KHTML, like Gecko) Chrome/122.0.0.0 Safari/537.36"
69.163.179.91 - - [25/Oct/2025:10:37:10 -0700] "POST /wp-cron.php?doing_wp_cron=1761413830.0975470542907714843750 HTTP/1.1" 200 3647 "-" "WordPress/6.8.3; https://www.elconferencista.com"
50.28.2.112 - - [25/Oct/2025:10:40:15 -0700] "GET /wp-login.php HTTP/2.0" 429 352 "-" "Mozilla/5.0 (X11; Linux x86_64) AppleWebKit/537.36 (KHTML, like Gecko) Chrome/66.0.3359.170 Safari/537.36"
50.28.2.112 - - [25/Oct/2025:10:40:18 -0700] "POST /wp-login.php HTTP/2.0" 429 278 "https://www.elconferencista.com/wp-login.php" "Mozilla/5.0 (X11; Linux x86_64) AppleWebKit/537.36 (KHTML, like Gecko) Chrome/66.0.3359.170 Safari/537.36"
94.23.188.195 - - [25/Oct/2025:10:42:15 -0700] "GET /robots.txt HTTP/2.0" 200 278 "-" "Mozilla/5.0 (compatible; AhrefsBot/7.0; +http://ahrefs.com/robot/)"
89.117.74.114 - - [25/Oct/2025:10:42:50 -0700] "GET /wp-login.php HTTP/2.0" 429 351 "-" "Mozilla/5.0 (Windows NT 10.0; Win64; x64) AppleWebKit/537.36 (KHTML, like Gecko) Chrome/130.0.0.0 Safari/537.36"
109.124.227.124 - - [25/Oct/2025:10:43:51 -0700] "GET /wp-content/themes/alone/css/sermone.css HTTP/1.1" 404 114037 "-" "Mozilla/5.0 (Macintosh; Intel Mac OS X 10_15_7) AppleWebKit/605.1.15 (KHTML, like Gecko) Version/18.6 Safari/605.1.15"
69.163.179.91 - - [25/Oct/2025:10:43:53 -0700] "POST /wp-cron.php?doing_wp_cron=1761414233.2020740509033203125000 HTTP/1.1" 200 3647 "-" "WordPress/6.8.3; https://www.elconferencista.com"
132.148.73.213 - - [25/Oct/2025:10:44:13 -0700] "GET /wp-login.php HTTP/2.0" 429 351 "-" "Mozilla/5.0 (Windows NT 10.0; Win64; x64) AppleWebKit/537.36 (KHTML, like Gecko) Chrome/130.0.0.0 Safari/537.36"
89.117.74.114 - - [25/Oct/2025:10:44:15 -0700] "GET /wp-login.php HTTP/2.0" 429 351 "-" "Mozilla/5.0 (Windows NT 10.0; Win64; x64) AppleWebKit/537.36 (KHTML, like Gecko) Chrome/130.0.0.0 Safari/537.36"
128.199.157.207 - - [25/Oct/2025:10:46:08 -0700] "GET /wp-login.php HTTP/2.0" 429 351 "-" "Mozilla/5.0 (Windows NT 10.0; Win64; x64) AppleWebKit/537.36 (KHTML, like Gecko) Chrome/130.0.0.0 Safari/537.36"
178.239.147.118 - - [25/Oct/2025:10:50:16 -0700] "GET /wp-login.php HTTP/2.0" 429 351 "-" "Mozilla/5.0 (Windows NT 10.0; Win64; x64) AppleWebKit/537.36 (KHTML, like Gecko) Chrome/130.0.0.0 Safari/537.36"
147.135.22.97 - - [25/Oct/2025:10:51:19 -0700] "GET /wp-login.php HTTP/2.0" 429 351 "-" "Mozilla/5.0 (Windows NT 10.0; Win64; x64) AppleWebKit/537.36 (KHTML, like Gecko) Chrome/130.0.0.0 Safari/537.36"
89.117.74.114 - - [25/Oct/2025:10:51:29 -0700] "GET /wp-login.php HTTP/2.0" 429 351 "-" "Mozilla/5.0 (Windows NT 10.0; Win64; x64) AppleWebKit/537.36 (KHTML, like Gecko) Chrome/130.0.0.0 Safari/537.36"
89.117.74.114 - - [25/Oct/2025:10:56:49 -0700] "GET /wp-login.php HTTP/2.0" 429 351 "-" "Mozilla/5.0 (Windows NT 10.0; Win64; x64) AppleWebKit/537.36 (KHTML, like Gecko) Chrome/130.0.0.0 Safari/537.36"
89.117.74.114 - - [25/Oct/2025:10:56:54 -0700] "GET /wp-login.php HTTP/2.0" 429 351 "-" "Mozilla/5.0 (Windows NT 10.0; Win64; x64) AppleWebKit/537.36 (KHTML, like Gecko) Chrome/130.0.0.0 Safari/537.36"
167.172.159.207 - - [25/Oct/2025:10:57:22 -0700] "GET /wp-login.php HTTP/2.0" 429 351 "-" "Mozilla/5.0 (Windows NT 10.0; Win64; x64) AppleWebKit/537.36 (KHTML, like Gecko) Chrome/130.0.0.0 Safari/537.36"
103.90.233.75 - - [25/Oct/2025:10:57:44 -0700] "GET /wp-login.php HTTP/2.0" 429 351 "-" "Mozilla/5.0 (Windows NT 10.0; Win64; x64) AppleWebKit/537.36 (KHTML, like Gecko) Chrome/130.0.0.0 Safari/537.36"
89.252.164.140 - - [25/Oct/2025:10:59:01 -0700] "GET /wp-login.php HTTP/2.0" 429 351 "-" "Mozilla/5.0 (Windows NT 10.0; Win64; x64) AppleWebKit/537.36 (KHTML, like Gecko) Chrome/130.0.0.0 Safari/537.36"
103.90.233.75 - - [25/Oct/2025:10:59:21 -0700] "GET /wp-login.php HTTP/2.0" 429 351 "-" "Mozilla/5.0 (Windows NT 10.0; Win64; x64) AppleWebKit/537.36 (KHTML, like Gecko) Chrome/130.0.0.0 Safari/537.36"
94.46.30.77 - - [25/Oct/2025:10:59:23 -0700] "GET /wp-login.php HTTP/2.0" 429 351 "-" "Mozilla/5.0 (Windows NT 10.0; Win64; x64) AppleWebKit/537.36 (KHTML, like Gecko) Chrome/130.0.0.0 Safari/537.36"
92.205.110.219 - - [25/Oct/2025:10:59:24 -0700] "GET /wp-login.php HTTP/2.0" 429 351 "-" "Mozilla/5.0 (Windows NT 10.0; Win64; x64) AppleWebKit/537.36 (KHTML, like Gecko) Chrome/130.0.0.0 Safari/537.36"
198.54.114.80 - - [25/Oct/2025:10:59:40 -0700] "GET /wp-login.php HTTP/2.0" 200 3583 "-" "Mozilla/5.0 (Windows NT 10.0; Win64; x64) AppleWebKit/537.36 (KHTML, like Gecko) Chrome/130.0.0.0 Safari/537.36"
69.163.179.91 - - [25/Oct/2025:10:59:41 -0700] "POST /wp-cron.php?doing_wp_cron=1761415181.5210940837860107421875 HTTP/1.1" 200 3647 "-" "WordPress/6.8.3; https://www.elconferencista.com"
198.54.114.80 - - [25/Oct/2025:10:59:43 -0700] "POST /wp-login.php HTTP/2.0" 200 3458 "https://www.elconferencista.com/wp-login.php" "Mozilla/5.0 (Windows NT 10.0; Win64; x64) AppleWebKit/537.36 (KHTML, like Gecko) Chrome/130.0.0.0 Safari/537.36"
178.239.147.118 - - [25/Oct/2025:11:03:39 -0700] "GET /wp-login.php HTTP/2.0" 429 351 "-" "Mozilla/5.0 (Windows NT 10.0; Win64; x64) AppleWebKit/537.36 (KHTML, like Gecko) Chrome/130.0.0.0 Safari/537.36"
199.188.200.139 - - [25/Oct/2025:11:04:14 -0700] "GET /wp-login.php HTTP/2.0" 200 3583 "-" "Mozilla/5.0 (Windows NT 10.0; Win64; x64) AppleWebKit/537.36 (KHTML, like Gecko) Chrome/130.0.0.0 Safari/537.36"
69.163.179.91 - - [25/Oct/2025:11:04:15 -0700] "POST /wp-cron.php?doing_wp_cron=1761415455.8374080657958984375000 HTTP/1.1" 200 3647 "-" "WordPress/6.8.3; https://www.elconferencista.com"
199.188.200.139 - - [25/Oct/2025:11:04:17 -0700] "POST /wp-login.php HTTP/2.0" 200 3458 "https://www.elconferencista.com/wp-login.php" "Mozilla/5.0 (Windows NT 10.0; Win64; x64) AppleWebKit/537.36 (KHTML, like Gecko) Chrome/130.0.0.0 Safari/537.36"
92.205.110.219 - - [25/Oct/2025:11:06:11 -0700] "GET /wp-login.php HTTP/2.0" 429 351 "-" "Mozilla/5.0 (Windows NT 10.0; Win64; x64) AppleWebKit/537.36 (KHTML, like Gecko) Chrome/130.0.0.0 Safari/537.36"
180.102.110.146 - - [25/Oct/2025:11:06:36 -0700] "GET / HTTP/1.1" 200 34844 "-" "Sogou web spider/4.0(+http://www.sogou.com/docs/help/webmasters.htm#07)"
69.163.179.91 - - [25/Oct/2025:11:06:38 -0700] "POST /wp-cron.php?doing_wp_cron=1761415598.3368909358978271484375 HTTP/1.1" 200 3647 "-" "WordPress/6.8.3; https://www.elconferencista.com"
106.227.49.113 - - [25/Oct/2025:11:07:01 -0700] "GET / HTTP/1.1" 429 3797 "http://elconferencista.com" "Mozilla/5.0 (iPhone; CPU iPhone OS 13_2_3 like Mac OS X) AppleWebKit/605.1.15 (KHTML, like Gecko) Version/13.0.3 Mobile/15E148 Safari/604.1"
49.13.239.123 - - [25/Oct/2025:11:07:12 -0700] "GET /wp-login.php HTTP/2.0" 429 343 "-" "Mozilla/5.0 (Windows NT 10.0; Win64; x64; rv:61.0) Gecko/20100101 Firefox/61.0"
49.13.239.123 - - [25/Oct/2025:11:07:12 -0700] "POST /wp-login.php HTTP/2.0" 429 279 "https://www.elconferencista.com/wp-login.php" "Mozilla/5.0 (Windows NT 10.0; Win64; x64; rv:61.0) Gecko/20100101 Firefox/61.0"
37.27.52.80 - - [25/Oct/2025:11:07:38 -0700] "GET /wp-login.php HTTP/2.0" 429 351 "-" "Mozilla/5.0 (Windows NT 10.0; Win64; x64) AppleWebKit/537.36 (KHTML, like Gecko) Chrome/130.0.0.0 Safari/537.36"
87.98.128.54 - - [25/Oct/2025:11:09:48 -0700] "GET /wp-login.php HTTP/2.0" 429 351 "-" "Mozilla/5.0 (Windows NT 10.0; Win64; x64) AppleWebKit/537.36 (KHTML, like Gecko) Chrome/130.0.0.0 Safari/537.36"
178.33.109.193 - - [25/Oct/2025:11:10:05 -0700] "GET /wp-login.php HTTP/2.0" 429 353 "-" "Mozilla/5.0 (Windows NT 10.0; Win64; x64) AppleWebKit/537.36 (KHTML, like Gecko) Chrome/130.0.0.0 Safari/537.36"
67.205.40.199 - - [25/Oct/2025:11:12:14 -0700] "GET /wp-login.php HTTP/2.0" 200 3583 "-" "Mozilla/5.0 (Windows NT 10.0; Win64; x64) AppleWebKit/537.36 (KHTML, like Gecko) Chrome/130.0.0.0 Safari/537.36"
69.163.179.91 - - [25/Oct/2025:11:12:15 -0700] "POST /wp-cron.php?doing_wp_cron=1761415935.4403419494628906250000 HTTP/1.1" 200 3647 "-" "WordPress/6.8.3; https://www.elconferencista.com"
67.205.40.199 - - [25/Oct/2025:11:12:16 -0700] "POST /wp-login.php HTTP/2.0" 200 3458 "https://www.elconferencista.com/wp-login.php" "Mozilla/5.0 (Windows NT 10.0; Win64; x64) AppleWebKit/537.36 (KHTML, like Gecko) Chrome/130.0.0.0 Safari/537.36"
87.98.128.54 - - [25/Oct/2025:11:12:20 -0700] "GET /wp-login.php HTTP/2.0" 429 351 "-" "Mozilla/5.0 (Windows NT 10.0; Win64; x64) AppleWebKit/537.36 (KHTML, like Gecko) Chrome/130.0.0.0 Safari/537.36"
92.205.110.219 - - [25/Oct/2025:11:12:25 -0700] "GET /wp-login.php HTTP/2.0" 429 351 "-" "Mozilla/5.0 (Windows NT 10.0; Win64; x64) AppleWebKit/537.36 (KHTML, like Gecko) Chrome/130.0.0.0 Safari/537.36"
87.98.128.54 - - [25/Oct/2025:11:13:30 -0700] "GET /wp-login.php HTTP/2.0" 429 351 "-" "Mozilla/5.0 (Windows NT 10.0; Win64; x64) AppleWebKit/537.36 (KHTML, like Gecko) Chrome/130.0.0.0 Safari/537.36"
66.29.153.148 - - [25/Oct/2025:11:15:56 -0700] "GET /wp-login.php HTTP/2.0" 200 3583 "-" "Mozilla/5.0 (Windows NT 10.0; Win64; x64) AppleWebKit/537.36 (KHTML, like Gecko) Chrome/130.0.0.0 Safari/537.36"
69.163.179.91 - - [25/Oct/2025:11:15:58 -0700] "POST /wp-cron.php?doing_wp_cron=1761416158.2490069866180419921875 HTTP/1.1" 200 3647 "-" "WordPress/6.8.3; https://www.elconferencista.com"
66.29.153.148 - - [25/Oct/2025:11:15:59 -0700] "POST /wp-login.php HTTP/2.0" 200 3458 "https://www.elconferencista.com/wp-login.php" "Mozilla/5.0 (Windows NT 10.0; Win64; x64) AppleWebKit/537.36 (KHTML, like Gecko) Chrome/130.0.0.0 Safari/537.36"
103.175.163.182 - - [25/Oct/2025:11:16:03 -0700] "GET /wp-login.php HTTP/2.0" 429 351 "-" "Mozilla/5.0 (Windows NT 10.0; Win64; x64) AppleWebKit/537.36 (KHTML, like Gecko) Chrome/130.0.0.0 Safari/537.36"
89.252.164.140 - - [25/Oct/2025:11:17:10 -0700] "GET /wp-login.php HTTP/2.0" 429 351 "-" "Mozilla/5.0 (Windows NT 10.0; Win64; x64) AppleWebKit/537.36 (KHTML, like Gecko) Chrome/130.0.0.0 Safari/537.36"
92.205.110.219 - - [25/Oct/2025:11:21:37 -0700] "GET /wp-login.php HTTP/2.0" 429 351 "-" "Mozilla/5.0 (Windows NT 10.0; Win64; x64) AppleWebKit/537.36 (KHTML, like Gecko) Chrome/130.0.0.0 Safari/537.36"
68.65.123.107 - - [25/Oct/2025:11:21:55 -0700] "GET /wp-login.php HTTP/2.0" 200 3583 "-" "Mozilla/5.0 (Windows NT 10.0; Win64; x64) AppleWebKit/537.36 (KHTML, like Gecko) Chrome/130.0.0.0 Safari/537.36"
69.163.179.91 - - [25/Oct/2025:11:21:56 -0700] "POST /wp-cron.php?doing_wp_cron=1761416516.7123680114746093750000 HTTP/1.1" 200 3647 "-" "WordPress/6.8.3; https://www.elconferencista.com"
68.65.123.107 - - [25/Oct/2025:11:21:58 -0700] "POST /wp-login.php HTTP/2.0" 200 3458 "https://www.elconferencista.com/wp-login.php" "Mozilla/5.0 (Windows NT 10.0; Win64; x64) AppleWebKit/537.36 (KHTML, like Gecko) Chrome/130.0.0.0 Safari/537.36"
199.188.200.191 - - [25/Oct/2025:11:22:22 -0700] "GET /wp-login.php HTTP/2.0" 200 3583 "-" "Mozilla/5.0 (Windows NT 10.0; Win64; x64) AppleWebKit/537.36 (KHTML, like Gecko) Chrome/130.0.0.0 Safari/537.36"
69.163.179.91 - - [25/Oct/2025:11:22:23 -0700] "POST /wp-cron.php?doing_wp_cron=1761416542.9603068828582763671875 HTTP/1.1" 200 3647 "-" "WordPress/6.8.3; https://www.elconferencista.com"
199.188.200.191 - - [25/Oct/2025:11:22:25 -0700] "POST /wp-login.php HTTP/2.0" 200 3458 "https://www.elconferencista.com/wp-login.php" "Mozilla/5.0 (Windows NT 10.0; Win64; x64) AppleWebKit/537.36 (KHTML, like Gecko) Chrome/130.0.0.0 Safari/537.36"
4.43.184.114 - - [25/Oct/2025:11:23:50 -0700] "GET / HTTP/1.0" 421 2900 "-" "Mozilla/4.0 (compatible; MSIE 8.0; Windows NT 6.0)"
50.28.2.112 - - [25/Oct/2025:11:24:16 -0700] "GET /wp-login.php HTTP/2.0" 429 352 "-" "Mozilla/5.0 (Windows NT 10.0; Win64; x64) AppleWebKit/537.36 (KHTML, like Gecko) Chrome/130.0.0.0 Safari/537.36"
178.239.147.118 - - [25/Oct/2025:11:26:29 -0700] "GET /wp-login.php HTTP/2.0" 429 351 "-" "Mozilla/5.0 (Windows NT 10.0; Win64; x64) AppleWebKit/537.36 (KHTML, like Gecko) Chrome/130.0.0.0 Safari/537.36"
35.205.83.41 - - [25/Oct/2025:11:27:04 -0700] "GET /wp-login.php HTTP/2.0" 200 3583 "-" "Mozilla/5.0 (Windows NT 10.0; Win64; x64) AppleWebKit/537.36 (KHTML, like Gecko) Chrome/130.0.0.0 Safari/537.36"
69.163.179.91 - - [25/Oct/2025:11:27:05 -0700] "POST /wp-cron.php?doing_wp_cron=1761416825.6925408840179443359375 HTTP/1.1" 200 3647 "-" "WordPress/6.8.3; https://www.elconferencista.com"
35.205.83.41 - - [25/Oct/2025:11:27:07 -0700] "POST /wp-login.php HTTP/2.0" 200 3458 "https://www.elconferencista.com/wp-login.php" "Mozilla/5.0 (Windows NT 10.0; Win64; x64) AppleWebKit/537.36 (KHTML, like Gecko) Chrome/130.0.0.0 Safari/537.36"
43.166.130.123 - - [25/Oct/2025:11:27:18 -0700] "GET / HTTP/1.1" 200 34799 "http://www.elconferencista.com" "Mozilla/5.0 (iPhone; CPU iPhone OS 13_2_3 like Mac OS X) AppleWebKit/605.1.15 (KHTML, like Gecko) Version/13.0.3 Mobile/15E148 Safari/604.1"
77.75.76.172 - - [25/Oct/2025:11:27:39 -0700] "GET /robots.txt HTTP/1.1" 200 3890 "-" "Mozilla/5.0 (compatible; SeznamBot/4.0; +https://o-seznam.cz/napoveda/vyhledavani/en/seznambot-crawler/)"
77.75.76.172 - - [25/Oct/2025:11:27:39 -0700] "GET /conferencias-edner/7-conferencias-manejo-de-estres-estres-o-es-cuatro/ HTTP/1.1" 200 28349 "-" "Mozilla/5.0 (compatible; SeznamBot/4.0; +https://o-seznam.cz/napoveda/vyhledavani/en/seznambot-crawler/)"
18.194.237.125 - - [25/Oct/2025:11:28:45 -0700] "GET /wp-login.php HTTP/2.0" 429 362 "-" "Mozilla/5.0 (Windows NT 10.0; Win64; x64) AppleWebKit/537.36 (KHTML, like Gecko) Chrome/130.0.0.0 Safari/537.36"
92.205.110.219 - - [25/Oct/2025:11:29:48 -0700] "GET /wp-login.php HTTP/2.0" 429 351 "-" "Mozilla/5.0 (Windows NT 10.0; Win64; x64) AppleWebKit/537.36 (KHTML, like Gecko) Chrome/130.0.0.0 Safari/537.36"
87.98.128.54 - - [25/Oct/2025:11:30:51 -0700] "GET /wp-login.php HTTP/2.0" 429 342 "-" "Mozilla/5.0 (Windows NT 10.0; Win64; x64) AppleWebKit/537.36 (KHTML, like Gecko) Chrome/130.0.0.0 Safari/537.36"
50.28.2.112 - - [25/Oct/2025:11:32:36 -0700] "GET /wp-login.php HTTP/2.0" 429 352 "-" "Mozilla/5.0 (Windows NT 10.0; Win64; x64) AppleWebKit/537.36 (KHTML, like Gecko) Chrome/130.0.0.0 Safari/537.36"
64.176.38.62 - - [25/Oct/2025:11:33:52 -0700] "GET /wp-login.php HTTP/2.0" 429 351 "-" "Mozilla/5.0 (Windows NT 10.0; Win64; x64) AppleWebKit/537.36 (KHTML, like Gecko) Chrome/130.0.0.0 Safari/537.36"
31.220.92.9 - - [25/Oct/2025:11:34:26 -0700] "GET /wp-login.php HTTP/2.0" 429 351 "-" "Mozilla/5.0 (Windows NT 10.0; Win64; x64) AppleWebKit/537.36 (KHTML, like Gecko) Chrome/130.0.0.0 Safari/537.36"
103.152.12.27 - - [25/Oct/2025:11:34:28 -0700] "GET /wp-login.php HTTP/2.0" 429 351 "-" "Mozilla/5.0 (Windows NT 10.0; Win64; x64) AppleWebKit/537.36 (KHTML, like Gecko) Chrome/130.0.0.0 Safari/537.36"
69.163.179.91 - - [25/Oct/2025:11:35:33 -0700] "POST /wp-cron.php?doing_wp_cron=1761417333.0391569137573242187500 HTTP/1.1" 200 3647 "-" "WordPress/6.8.3; https://www.elconferencista.com"
69.163.179.91 - - [25/Oct/2025:11:35:34 -0700] "POST /wp-cron.php?doing_wp_cron=1761417334.0745019912719726562500 HTTP/1.1" 200 3647 "-" "WordPress/6.8.3; https://www.elconferencista.com"
112.86.225.231 - - [25/Oct/2025:11:35:31 -0700] "GET / HTTP/1.1" 200 34844 "-" "Sogou web spider/4.0(+http://www.sogou.com/docs/help/webmasters.htm#07)"
213.180.203.228 - - [25/Oct/2025:11:35:52 -0700] "GET /robots.txt HTTP/1.1" 200 3847 "-" "Mozilla/5.0 (compatible; YandexBot/3.0; +http://yandex.com/bots)"
87.250.224.95 - - [25/Oct/2025:11:35:53 -0700] "GET /robots.txt HTTP/1.1" 200 3847 "-" "Mozilla/5.0 (compatible; YandexBot/3.0; +http://yandex.com/bots)"
213.180.203.76 - - [25/Oct/2025:11:35:54 -0700] "GET /robots.txt HTTP/1.1" 200 3847 "-" "Mozilla/5.0 (compatible; YandexBot/3.0; +http://yandex.com/bots)"
95.108.213.181 - - [25/Oct/2025:11:35:55 -0700] "GET /robots.txt HTTP/1.1" 200 3847 "-" "Mozilla/5.0 (compatible; YandexBot/3.0; +http://yandex.com/bots)"
87.250.224.110 - - [25/Oct/2025:11:35:56 -0700] "GET /robots.txt HTTP/1.1" 200 3847 "-" "Mozilla/5.0 (compatible; YandexBot/3.0; +http://yandex.com/bots)"
213.180.203.246 - - [25/Oct/2025:11:35:57 -0700] "GET /robots.txt HTTP/1.1" 200 3847 "-" "Mozilla/5.0 (compatible; YandexBot/3.0; +http://yandex.com/bots)"
5.255.231.207 - - [25/Oct/2025:11:35:58 -0700] "GET /robots.txt HTTP/1.1" 200 3847 "-" "Mozilla/5.0 (compatible; YandexBot/3.0; +http://yandex.com/bots)"
5.255.231.167 - - [25/Oct/2025:11:35:59 -0700] "GET /robots.txt HTTP/1.1" 200 3847 "-" "Mozilla/5.0 (compatible; YandexBot/3.0; +http://yandex.com/bots)"
5.255.231.249 - - [25/Oct/2025:11:36:00 -0700] "GET /robots.txt HTTP/1.1" 200 3847 "-" "Mozilla/5.0 (compatible; YandexBot/3.0; +http://yandex.com/bots)"
213.180.203.106 - - [25/Oct/2025:11:36:01 -0700] "GET /robots.txt HTTP/1.1" 200 3847 "-" "Mozilla/5.0 (compatible; YandexBot/3.0; +http://yandex.com/bots)"
69.163.179.91 - - [25/Oct/2025:11:36:02 -0700] "POST /wp-cron.php?doing_wp_cron=1761417362.5257918834686279296875 HTTP/1.1" 200 3647 "-" "WordPress/6.8.3; https://www.elconferencista.com"
112.86.225.231 - - [25/Oct/2025:11:36:01 -0700] "GET / HTTP/1.1" 200 34844 "-" "Sogou web spider/4.0(+http://www.sogou.com/docs/help/webmasters.htm#07)"
89.117.74.114 - - [25/Oct/2025:11:38:51 -0700] "GET /wp-login.php HTTP/2.0" 429 351 "-" "Mozilla/5.0 (Windows NT 10.0; Win64; x64) AppleWebKit/537.36 (KHTML, like Gecko) Chrome/130.0.0.0 Safari/537.36"
89.252.164.140 - - [25/Oct/2025:11:39:14 -0700] "GET /wp-login.php HTTP/2.0" 429 351 "-" "Mozilla/5.0 (Windows NT 10.0; Win64; x64) AppleWebKit/537.36 (KHTML, like Gecko) Chrome/130.0.0.0 Safari/537.36"
18.194.237.125 - - [25/Oct/2025:11:42:22 -0700] "GET /wp-login.php HTTP/2.0" 200 3583 "-" "Mozilla/5.0 (Windows NT 10.0; Win64; x64) AppleWebKit/537.36 (KHTML, like Gecko) Chrome/130.0.0.0 Safari/537.36"
69.163.179.91 - - [25/Oct/2025:11:42:24 -0700] "POST /wp-cron.php?doing_wp_cron=1761417744.1405038833618164062500 HTTP/1.1" 200 3647 "-" "WordPress/6.8.3; https://www.elconferencista.com"
18.194.237.125 - - [25/Oct/2025:11:42:25 -0700] "POST /wp-login.php HTTP/2.0" 200 3487 "https://www.elconferencista.com/wp-login.php" "Mozilla/5.0 (Windows NT 10.0; Win64; x64) AppleWebKit/537.36 (KHTML, like Gecko) Chrome/130.0.0.0 Safari/537.36"
128.199.157.207 - - [25/Oct/2025:11:42:38 -0700] "GET /wp-login.php HTTP/2.0" 429 351 "-" "Mozilla/5.0 (Windows NT 10.0; Win64; x64) AppleWebKit/537.36 (KHTML, like Gecko) Chrome/130.0.0.0 Safari/537.36"
89.252.164.140 - - [25/Oct/2025:11:44:06 -0700] "GET /wp-login.php HTTP/2.0" 429 351 "-" "Mozilla/5.0 (Windows NT 10.0; Win64; x64) AppleWebKit/537.36 (KHTML, like Gecko) Chrome/130.0.0.0 Safari/537.36"
89.117.74.114 - - [25/Oct/2025:11:45:08 -0700] "GET /wp-login.php HTTP/2.0" 429 351 "-" "Mozilla/5.0 (Windows NT 10.0; Win64; x64) AppleWebKit/537.36 (KHTML, like Gecko) Chrome/130.0.0.0 Safari/537.36"
50.28.2.112 - - [25/Oct/2025:11:45:12 -0700] "GET /wp-login.php HTTP/2.0" 429 352 "-" "Mozilla/5.0 (Windows NT 10.0; Win64; x64) AppleWebKit/537.36 (KHTML, like Gecko) Chrome/130.0.0.0 Safari/537.36"
45.156.128.178 - - [25/Oct/2025:11:46:59 -0700] "GET / HTTP/1.1" 200 34654 "https://ednergranados.com/" "Mozilla/5.0 (Windows NT 10.0; Win64; x64) AppleWebKit/537.36 (KHTML, like Gecko) Chrome/60.0.3112.113 Safari/537.36"
69.163.179.91 - - [25/Oct/2025:11:47:00 -0700] "POST /wp-cron.php?doing_wp_cron=1761418020.6219120025634765625000 HTTP/1.1" 200 3647 "-" "WordPress/6.8.3; https://www.elconferencista.com"
45.156.128.176 - - [25/Oct/2025:11:47:12 -0700] "GET /favicon.ico HTTP/1.1" 302 3878 "-" "Mozilla/5.0 (Windows NT 10.0; WOW64) AppleWebKit/537.36 (KHTML, like Gecko) Chrome/66.0.3359.117 Safari/537.36"
45.156.128.176 - - [25/Oct/2025:11:47:13 -0700] "GET /wp-content/uploads/2022/09/cropped-logo-edner-granados-rojo-32x32.jpeg HTTP/1.1" 200 56954 "-" "Mozilla/5.0 (Windows NT 10.0; WOW64) AppleWebKit/537.36 (KHTML, like Gecko) Chrome/66.0.3359.117 Safari/537.36"
45.156.128.178 - - [25/Oct/2025:11:47:15 -0700] "GET /license.txt HTTP/1.1" 200 10883 "https://ednergranados.com/license.txt" "Mozilla/5.0 (Windows NT 10.0; Win64; x64) AppleWebKit/537.36 (KHTML, like Gecko) Chrome/60.0.3112.113 Safari/537.36"
45.156.128.178 - - [25/Oct/2025:11:47:33 -0700] "GET /wp-content/plugins/all-in-one-wp-migration/readme.txt HTTP/1.1" 200 8513 "https://ednergranados.com/wp-content/plugins/all-in-one-wp-migration/readme.txt" "Mozilla/5.0 (Windows NT 10.0; Win64; x64) AppleWebKit/537.36 (KHTML, like Gecko) Chrome/60.0.3112.113 Safari/537.36"
45.156.128.176 - - [25/Oct/2025:11:47:33 -0700] "GET /wp-content/plugins/litespeed-cache/readme.txt HTTP/1.1" 200 20821 "https://ednergranados.com/wp-content/plugins/litespeed-cache/readme.txt" "Mozilla/5.0 (Windows NT 10.0; Win64; x64) AppleWebKit/537.36 (KHTML, like Gecko) Chrome/60.0.3112.113 Safari/537.36"
45.156.128.177 - - [25/Oct/2025:11:47:33 -0700] "GET /wp-content/plugins/elementor/readme.txt HTTP/1.1" 200 14407 "https://ednergranados.com/wp-content/plugins/elementor/readme.txt" "Mozilla/5.0 (Windows NT 10.0; Win64; x64) AppleWebKit/537.36 (KHTML, like Gecko) Chrome/60.0.3112.113 Safari/537.36"
45.156.128.176 - - [25/Oct/2025:11:47:33 -0700] "GET /wp-content/plugins/redirection/readme.txt HTTP/1.1" 404 113960 "https://ednergranados.com/wp-content/plugins/redirection/readme.txt" "Mozilla/5.0 (Windows NT 10.0; Win64; x64) AppleWebKit/537.36 (KHTML, like Gecko) Chrome/60.0.3112.113 Safari/537.36"
45.156.128.176 - - [25/Oct/2025:11:47:33 -0700] "GET /wp-content/plugins/wp-super-cache/readme.txt HTTP/1.1" 404 113960 "https://ednergranados.com/wp-content/plugins/wp-super-cache/readme.txt" "Mozilla/5.0 (Windows NT 10.0; Win64; x64) AppleWebKit/537.36 (KHTML, like Gecko) Chrome/60.0.3112.113 Safari/537.36"
45.156.128.177 - - [25/Oct/2025:11:47:33 -0700] "GET /wp-content/plugins/ultimate-addons-for-gutenberg/readme.txt HTTP/1.1" 404 113960 "https://ednergranados.com/wp-content/plugins/ultimate-addons-for-gutenberg/readme.txt" "Mozilla/5.0 (Windows NT 10.0; Win64; x64) AppleWebKit/537.36 (KHTML, like Gecko) Chrome/60.0.3112.113 Safari/537.36"
45.156.128.176 - - [25/Oct/2025:11:47:33 -0700] "GET /wp-content/plugins/updraftplus/readme.txt HTTP/1.1" 404 113960 "https://ednergranados.com/wp-content/plugins/updraftplus/readme.txt" "Mozilla/5.0 (Windows NT 10.0; Win64; x64) AppleWebKit/537.36 (KHTML, like Gecko) Chrome/60.0.3112.113 Safari/537.36"
45.156.128.177 - - [25/Oct/2025:11:47:33 -0700] "GET /wp-content/plugins/wpforms-lite/readme.txt HTTP/1.1" 404 113960 "https://ednergranados.com/wp-content/plugins/wpforms-lite/readme.txt" "Mozilla/5.0 (Windows NT 10.0; Win64; x64) AppleWebKit/537.36 (KHTML, like Gecko) Chrome/60.0.3112.113 Safari/537.36"
45.156.128.179 - - [25/Oct/2025:11:47:33 -0700] "GET /wp-content/plugins/better-wp-security/readme.txt HTTP/1.1" 404 113960 "https://ednergranados.com/wp-content/plugins/better-wp-security/readme.txt" "Mozilla/5.0 (Windows NT 10.0; Win64; x64) AppleWebKit/537.36 (KHTML, like Gecko) Chrome/60.0.3112.113 Safari/537.36"
45.156.128.176 - - [25/Oct/2025:11:47:33 -0700] "GET /wp-content/plugins/contact-form-7/readme.txt HTTP/1.1" 404 113960 "https://ednergranados.com/wp-content/plugins/contact-form-7/readme.txt" "Mozilla/5.0 (Windows NT 10.0; Win64; x64) AppleWebKit/537.36 (KHTML, like Gecko) Chrome/60.0.3112.113 Safari/537.36"
45.156.128.176 - - [25/Oct/2025:11:47:33 -0700] "GET /wp-content/plugins/smart-slider-3/readme.txt HTTP/1.1" 404 113960 "https://ednergranados.com/wp-content/plugins/smart-slider-3/readme.txt" "Mozilla/5.0 (Windows NT 10.0; Win64; x64) AppleWebKit/537.36 (KHTML, like Gecko) Chrome/60.0.3112.113 Safari/537.36"
45.156.128.178 - - [25/Oct/2025:11:47:33 -0700] "GET /wp-content/plugins/svg-support/readme.txt HTTP/1.1" 404 81419 "https://ednergranados.com/wp-content/plugins/svg-support/readme.txt" "Mozilla/5.0 (Windows NT 10.0; Win64; x64) AppleWebKit/537.36 (KHTML, like Gecko) Chrome/60.0.3112.113 Safari/537.36"
45.156.128.178 - - [25/Oct/2025:11:47:33 -0700] "GET /wp-content/plugins/mailchimp-for-wp/readme.txt HTTP/1.1" 404 81419 "https://ednergranados.com/wp-content/plugins/mailchimp-for-wp/readme.txt" "Mozilla/5.0 (Windows NT 10.0; Win64; x64) AppleWebKit/537.36 (KHTML, like Gecko) Chrome/60.0.3112.113 Safari/537.36"
45.156.128.177 - - [25/Oct/2025:11:47:33 -0700] "GET /wp-content/plugins/advanced-custom-fields/readme.txt HTTP/1.1" 404 81419 "https://ednergranados.com/wp-content/plugins/advanced-custom-fields/readme.txt" "Mozilla/5.0 (Windows NT 10.0; Win64; x64) AppleWebKit/537.36 (KHTML, like Gecko) Chrome/60.0.3112.113 Safari/537.36"
45.156.128.176 - - [25/Oct/2025:11:47:33 -0700] "GET /wp-content/plugins/limit-login-attempts-reloaded/readme.txt HTTP/1.1" 404 81419 "https://ednergranados.com/wp-content/plugins/limit-login-attempts-reloaded/readme.txt" "Mozilla/5.0 (Windows NT 10.0; Win64; x64) AppleWebKit/537.36 (KHTML, like Gecko) Chrome/60.0.3112.113 Safari/537.36"
45.156.128.179 - - [25/Oct/2025:11:47:33 -0700] "GET /wp-content/plugins/duplicate-post/readme.txt HTTP/1.1" 404 81419 "https://ednergranados.com/wp-content/plugins/duplicate-post/readme.txt" "Mozilla/5.0 (Windows NT 10.0; Win64; x64) AppleWebKit/537.36 (KHTML, like Gecko) Chrome/60.0.3112.113 Safari/537.36"
45.156.128.176 - - [25/Oct/2025:11:47:33 -0700] "GET /wp-content/plugins/astra-sites/readme.txt HTTP/1.1" 404 81419 "https://ednergranados.com/wp-content/plugins/astra-sites/readme.txt" "Mozilla/5.0 (Windows NT 10.0; Win64; x64) AppleWebKit/537.36 (KHTML, like Gecko) Chrome/60.0.3112.113 Safari/537.36"
45.156.128.178 - - [25/Oct/2025:11:47:33 -0700] "GET /wp-content/plugins/google-site-kit/readme.txt HTTP/1.1" 404 81419 "https://ednergranados.com/wp-content/plugins/google-site-kit/readme.txt" "Mozilla/5.0 (Windows NT 10.0; Win64; x64) AppleWebKit/537.36 (KHTML, like Gecko) Chrome/60.0.3112.113 Safari/537.36"
45.156.128.177 - - [25/Oct/2025:11:47:33 -0700] "GET /wp-content/plugins/w3-total-cache/readme.txt HTTP/1.1" 404 81419 "https://ednergranados.com/wp-content/plugins/w3-total-cache/readme.txt" "Mozilla/5.0 (Windows NT 10.0; Win64; x64) AppleWebKit/537.36 (KHTML, like Gecko) Chrome/60.0.3112.113 Safari/537.36"
45.156.128.176 - - [25/Oct/2025:11:47:33 -0700] "GET /wp-content/plugins/hostinger/readme.txt HTTP/1.1" 404 81419 "https://ednergranados.com/wp-content/plugins/hostinger/readme.txt" "Mozilla/5.0 (Windows NT 10.0; Win64; x64) AppleWebKit/537.36 (KHTML, like Gecko) Chrome/60.0.3112.113 Safari/537.36"
45.156.128.178 - - [25/Oct/2025:11:47:33 -0700] "GET /wp-content/plugins/wps-hide-login/readme.txt HTTP/1.1" 404 81419 "https://ednergranados.com/wp-content/plugins/wps-hide-login/readme.txt" "Mozilla/5.0 (Windows NT 10.0; Win64; x64) AppleWebKit/537.36 (KHTML, like Gecko) Chrome/60.0.3112.113 Safari/537.36"
45.156.128.178 - - [25/Oct/2025:11:47:33 -0700] "GET /wp-content/plugins/better-search-replace/readme.txt HTTP/1.1" 404 81419 "https://ednergranados.com/wp-content/plugins/better-search-replace/readme.txt" "Mozilla/5.0 (Windows NT 10.0; Win64; x64) AppleWebKit/537.36 (KHTML, like Gecko) Chrome/60.0.3112.113 Safari/537.36"
45.156.128.179 - - [25/Oct/2025:11:47:33 -0700] "GET /wp-content/plugins/ewww-image-optimizer/readme.txt HTTP/1.1" 404 81419 "https://ednergranados.com/wp-content/plugins/ewww-image-optimizer/readme.txt" "Mozilla/5.0 (Windows NT 10.0; Win64; x64) AppleWebKit/537.36 (KHTML, like Gecko) Chrome/60.0.3112.113 Safari/537.36"
45.156.128.176 - - [25/Oct/2025:11:47:33 -0700] "GET /wp-content/plugins/header-footer-elementor/readme.txt HTTP/1.1" 404 81419 "https://ednergranados.com/wp-content/plugins/header-footer-elementor/readme.txt" "Mozilla/5.0 (Windows NT 10.0; Win64; x64) AppleWebKit/537.36 (KHTML, like Gecko) Chrome/60.0.3112.113 Safari/537.36"
45.156.128.176 - - [25/Oct/2025:11:47:33 -0700] "GET /wp-content/plugins/all-in-one-wp-security-and-firewall/readme.txt HTTP/1.1" 404 81419 "https://ednergranados.com/wp-content/plugins/all-in-one-wp-security-and-firewall/readme.txt" "Mozilla/5.0 (Windows NT 10.0; Win64; x64) AppleWebKit/537.36 (KHTML, like Gecko) Chrome/60.0.3112.113 Safari/537.36"
45.156.128.178 - - [25/Oct/2025:11:47:33 -0700] "GET /wp-content/plugins/envato-elements/readme.txt HTTP/1.1" 404 81419 "https://ednergranados.com/wp-content/plugins/envato-elements/readme.txt" "Mozilla/5.0 (Windows NT 10.0; Win64; x64) AppleWebKit/537.36 (KHTML, like Gecko) Chrome/60.0.3112.113 Safari/537.36"
45.156.128.176 - - [25/Oct/2025:11:47:33 -0700] "GET /wp-content/plugins/coming-soon/readme.txt HTTP/1.1" 404 81419 "https://ednergranados.com/wp-content/plugins/coming-soon/readme.txt" "Mozilla/5.0 (Windows NT 10.0; Win64; x64) AppleWebKit/537.36 (KHTML, like Gecko) Chrome/60.0.3112.113 Safari/537.36"
45.156.128.177 - - [25/Oct/2025:11:47:33 -0700] "GET /wp-content/plugins/jetpack/readme.txt HTTP/1.1" 404 81419 "https://ednergranados.com/wp-content/plugins/jetpack/readme.txt" "Mozilla/5.0 (Windows NT 10.0; Win64; x64) AppleWebKit/537.36 (KHTML, like Gecko) Chrome/60.0.3112.113 Safari/537.36"
45.156.128.179 - - [25/Oct/2025:11:47:33 -0700] "GET /wp-content/plugins/loginizer/readme.txt HTTP/1.1" 404 81419 "https://ednergranados.com/wp-content/plugins/loginizer/readme.txt" "Mozilla/5.0 (Windows NT 10.0; Win64; x64) AppleWebKit/537.36 (KHTML, like Gecko) Chrome/60.0.3112.113 Safari/537.36"
45.156.128.176 - - [25/Oct/2025:11:47:33 -0700] "GET /wp-content/plugins/woocommerce/readme.txt HTTP/1.1" 404 81419 "https://ednergranados.com/wp-content/plugins/woocommerce/readme.txt" "Mozilla/5.0 (Windows NT 10.0; Win64; x64) AppleWebKit/537.36 (KHTML, like Gecko) Chrome/60.0.3112.113 Safari/537.36"
45.156.128.177 - - [25/Oct/2025:11:47:33 -0700] "GET /wp-content/plugins/complianz-gdpr/readme.txt HTTP/1.1" 404 81419 "https://ednergranados.com/wp-content/plugins/complianz-gdpr/readme.txt" "Mozilla/5.0 (Windows NT 10.0; Win64; x64) AppleWebKit/537.36 (KHTML, like Gecko) Chrome/60.0.3112.113 Safari/537.36"
45.156.128.177 - - [25/Oct/2025:11:47:33 -0700] "GET /wp-content/plugins/disable-comments/readme.txt HTTP/1.1" 404 81419 "https://ednergranados.com/wp-content/plugins/disable-comments/readme.txt" "Mozilla/5.0 (Windows NT 10.0; Win64; x64) AppleWebKit/537.36 (KHTML, like Gecko) Chrome/60.0.3112.113 Safari/537.36"
45.156.128.178 - - [25/Oct/2025:11:47:33 -0700] "GET /wp-content/plugins/all-in-one-seo-pack/readme.txt HTTP/1.1" 404 81419 "https://ednergranados.com/wp-content/plugins/all-in-one-seo-pack/readme.txt" "Mozilla/5.0 (Windows NT 10.0; Win64; x64) AppleWebKit/537.36 (KHTML, like Gecko) Chrome/60.0.3112.113 Safari/537.36"
45.156.128.178 - - [25/Oct/2025:11:47:33 -0700] "GET /wp-content/plugins/insert-headers-and-footers/readme.txt HTTP/1.1" 404 81419 "https://ednergranados.com/wp-content/plugins/insert-headers-and-footers/readme.txt" "Mozilla/5.0 (Windows NT 10.0; Win64; x64) AppleWebKit/537.36 (KHTML, like Gecko) Chrome/60.0.3112.113 Safari/537.36"
45.156.128.176 - - [25/Oct/2025:11:47:33 -0700] "GET /wp-content/plugins/really-simple-ssl/readme.txt HTTP/1.1" 404 81958 "https://ednergranados.com/wp-content/plugins/really-simple-ssl/readme.txt" "Mozilla/5.0 (Windows NT 10.0; Win64; x64) AppleWebKit/537.36 (KHTML, like Gecko) Chrome/60.0.3112.113 Safari/537.36"
45.156.128.177 - - [25/Oct/2025:11:47:33 -0700] "GET /wp-content/plugins/wordpress-seo/readme.txt HTTP/1.1" 404 81419 "https://ednergranados.com/wp-content/plugins/wordpress-seo/readme.txt" "Mozilla/5.0 (Windows NT 10.0; Win64; x64) AppleWebKit/537.36 (KHTML, like Gecko) Chrome/60.0.3112.113 Safari/537.36"
45.156.128.179 - - [25/Oct/2025:11:47:33 -0700] "GET /wp-content/plugins/autoptimize/readme.txt HTTP/1.1" 404 81419 "https://ednergranados.com/wp-content/plugins/autoptimize/readme.txt" "Mozilla/5.0 (Windows NT 10.0; Win64; x64) AppleWebKit/537.36 (KHTML, like Gecko) Chrome/60.0.3112.113 Safari/537.36"
45.156.128.177 - - [25/Oct/2025:11:47:33 -0700] "GET /wp-content/plugins/redux-framework/readme.txt HTTP/1.1" 404 81419 "https://ednergranados.com/wp-content/plugins/redux-framework/readme.txt" "Mozilla/5.0 (Windows NT 10.0; Win64; x64) AppleWebKit/537.36 (KHTML, like Gecko) Chrome/60.0.3112.113 Safari/537.36"
45.156.128.177 - - [25/Oct/2025:11:47:33 -0700] "GET /wp-content/plugins/code-snippets/readme.txt HTTP/1.1" 404 81958 "https://ednergranados.com/wp-content/plugins/code-snippets/readme.txt" "Mozilla/5.0 (Windows NT 10.0; Win64; x64) AppleWebKit/537.36 (KHTML, like Gecko) Chrome/60.0.3112.113 Safari/537.36"
45.156.128.178 - - [25/Oct/2025:11:47:33 -0700] "GET /wp-content/plugins/duplicator/readme.txt HTTP/1.1" 404 81419 "https://ednergranados.com/wp-content/plugins/duplicator/readme.txt" "Mozilla/5.0 (Windows NT 10.0; Win64; x64) AppleWebKit/537.36 (KHTML, like Gecko) Chrome/60.0.3112.113 Safari/537.36"
45.156.128.176 - - [25/Oct/2025:11:47:33 -0700] "GET /wp-content/plugins/akismet/readme.txt HTTP/1.1" 404 81958 "https://ednergranados.com/wp-content/plugins/akismet/readme.txt" "Mozilla/5.0 (Windows NT 10.0; Win64; x64) AppleWebKit/537.36 (KHTML, like Gecko) Chrome/60.0.3112.113 Safari/537.36"
45.156.128.176 - - [25/Oct/2025:11:47:33 -0700] "GET /wp-content/plugins/sg-security/readme.txt HTTP/1.1" 404 81419 "https://ednergranados.com/wp-content/plugins/sg-security/readme.txt" "Mozilla/5.0 (Windows NT 10.0; Win64; x64) AppleWebKit/537.36 (KHTML, like Gecko) Chrome/60.0.3112.113 Safari/537.36"
45.156.128.177 - - [25/Oct/2025:11:47:33 -0700] "GET /wp-content/plugins/wp-optimize/readme.txt HTTP/1.1" 404 81419 "https://ednergranados.com/wp-content/plugins/wp-optimize/readme.txt" "Mozilla/5.0 (Windows NT 10.0; Win64; x64) AppleWebKit/537.36 (KHTML, like Gecko) Chrome/60.0.3112.113 Safari/537.36"
45.156.128.178 - - [25/Oct/2025:11:47:33 -0700] "GET /wp-content/plugins/duplicate-page/readme.txt HTTP/1.1" 404 81419 "https://ednergranados.com/wp-content/plugins/duplicate-page/readme.txt" "Mozilla/5.0 (Windows NT 10.0; Win64; x64) AppleWebKit/537.36 (KHTML, like Gecko) Chrome/60.0.3112.113 Safari/537.36"
69.163.179.91 - - [25/Oct/2025:11:48:04 -0700] "POST /wp-cron.php?doing_wp_cron=1761418083.9471690654754638671875 HTTP/1.1" 200 3647 "-" "WordPress/6.8.3; https://www.elconferencista.com"
45.156.128.176 - - [25/Oct/2025:11:48:05 -0700] "GET /wp-content/plugins/wp-user-avatar/readme.txt HTTP/1.1" 404 113960 "https://ednergranados.com/wp-content/plugins/wp-user-avatar/readme.txt" "Mozilla/5.0 (Windows NT 10.0; Win64; x64) AppleWebKit/537.36 (KHTML, like Gecko) Chrome/60.0.3112.113 Safari/537.36"
45.156.128.179 - - [25/Oct/2025:11:47:33 -0700] "GET /wp-content/plugins/essential-addons-for-elementor-lite/readme.txt HTTP/1.1" 404 81419 "https://ednergranados.com/wp-content/plugins/essential-addons-for-elementor-lite/readme.txt" "Mozilla/5.0 (Windows NT 10.0; Win64; x64) AppleWebKit/537.36 (KHTML, like Gecko) Chrome/60.0.3112.113 Safari/537.36"
45.156.128.179 - - [25/Oct/2025:11:47:33 -0700] "GET /wp-content/plugins/google-analytics-for-wordpress/readme.txt HTTP/1.1" 404 81419 "https://ednergranados.com/wp-content/plugins/google-analytics-for-wordpress/readme.txt" "Mozilla/5.0 (Windows NT 10.0; Win64; x64) AppleWebKit/537.36 (KHTML, like Gecko) Chrome/60.0.3112.113 Safari/537.36"
45.156.128.179 - - [25/Oct/2025:11:47:33 -0700] "GET /wp-content/plugins/wp-fastest-cache/readme.txt HTTP/1.1" 404 81419 "https://ednergranados.com/wp-content/plugins/wp-fastest-cache/readme.txt" "Mozilla/5.0 (Windows NT 10.0; Win64; x64) AppleWebKit/537.36 (KHTML, like Gecko) Chrome/60.0.3112.113 Safari/537.36"
45.156.128.177 - - [25/Oct/2025:11:47:33 -0700] "GET /wp-content/plugins/seo-by-rank-math/readme.txt HTTP/1.1" 404 81419 "https://ednergranados.com/wp-content/plugins/seo-by-rank-math/readme.txt" "Mozilla/5.0 (Windows NT 10.0; Win64; x64) AppleWebKit/537.36 (KHTML, like Gecko) Chrome/60.0.3112.113 Safari/537.36"
45.156.128.179 - - [25/Oct/2025:11:47:33 -0700] "GET /wp-content/plugins/wordfence/readme.txt HTTP/1.1" 404 81419 "https://ednergranados.com/wp-content/plugins/wordfence/readme.txt" "Mozilla/5.0 (Windows NT 10.0; Win64; x64) AppleWebKit/537.36 (KHTML, like Gecko) Chrome/60.0.3112.113 Safari/537.36"
45.156.128.177 - - [25/Oct/2025:11:47:33 -0700] "GET /wp-content/plugins/wp-file-manager/readme.txt HTTP/1.1" 404 81419 "https://ednergranados.com/wp-content/plugins/wp-file-manager/readme.txt" "Mozilla/5.0 (Windows NT 10.0; Win64; x64) AppleWebKit/537.36 (KHTML, like Gecko) Chrome/60.0.3112.113 Safari/537.36"
45.156.128.177 - - [25/Oct/2025:11:48:29 -0700] "GET /wp-content/plugins/wp-central/readme.txt HTTP/1.1" 404 113960 "https://ednergranados.com/wp-content/plugins/wp-central/readme.txt" "Mozilla/5.0 (Windows NT 10.0; Win64; x64) AppleWebKit/537.36 (KHTML, like Gecko) Chrome/60.0.3112.113 Safari/537.36"
45.156.128.179 - - [25/Oct/2025:11:48:48 -0700] "GET /wp-content/plugins/bbpress/readme.txt HTTP/1.1" 404 113960 "https://ednergranados.com/wp-content/plugins/bbpress/readme.txt" "Mozilla/5.0 (Windows NT 10.0; Win64; x64) AppleWebKit/537.36 (KHTML, like Gecko) Chrome/60.0.3112.113 Safari/537.36"
69.163.179.91 - - [25/Oct/2025:11:49:15 -0700] "POST /wp-cron.php?doing_wp_cron=1761418155.1144199371337890625000 HTTP/1.1" 200 3647 "-" "WordPress/6.8.3; https://www.elconferencista.com"
45.156.128.179 - - [25/Oct/2025:11:49:14 -0700] "GET /wp-content/plugins/kingcomposer/readme.txt HTTP/1.1" 404 113960 "https://ednergranados.com/wp-content/plugins/kingcomposer/readme.txt" "Mozilla/5.0 (Windows NT 10.0; Win64; x64) AppleWebKit/537.36 (KHTML, like Gecko) Chrome/60.0.3112.113 Safari/537.36"
45.156.128.178 - - [25/Oct/2025:11:49:34 -0700] "GET /wp-content/plugins/fancy-product-designer/readme.txt HTTP/1.1" 404 113960 "https://ednergranados.com/wp-content/plugins/fancy-product-designer/readme.txt" "Mozilla/5.0 (Windows NT 10.0; Win64; x64) AppleWebKit/537.36 (KHTML, like Gecko) Chrome/60.0.3112.113 Safari/537.36"
45.156.128.177 - - [25/Oct/2025:11:49:55 -0700] "GET /wp-content/plugins/iwp-client/readme.txt HTTP/1.1" 404 113960 "https://ednergranados.com/wp-content/plugins/iwp-client/readme.txt" "Mozilla/5.0 (Windows NT 10.0; Win64; x64) AppleWebKit/537.36 (KHTML, like Gecko) Chrome/60.0.3112.113 Safari/537.36"
69.163.179.91 - - [25/Oct/2025:11:50:16 -0700] "POST /wp-cron.php?doing_wp_cron=1761418216.5147790908813476562500 HTTP/1.1" 200 3647 "-" "WordPress/6.8.3; https://www.elconferencista.com"
45.156.128.176 - - [25/Oct/2025:11:50:15 -0700] "GET /wp-content/plugins/optinmonster/readme.txt HTTP/1.1" 404 113960 "https://ednergranados.com/wp-content/plugins/optinmonster/readme.txt" "Mozilla/5.0 (Windows NT 10.0; Win64; x64) AppleWebKit/537.36 (KHTML, like Gecko) Chrome/60.0.3112.113 Safari/537.36"
45.156.128.178 - - [25/Oct/2025:11:50:34 -0700] "GET /wp-content/plugins/wp-video-lightbox/readme.txt HTTP/1.1" 404 113960 "https://ednergranados.com/wp-content/plugins/wp-video-lightbox/readme.txt" "Mozilla/5.0 (Windows NT 10.0; Win64; x64) AppleWebKit/537.36 (KHTML, like Gecko) Chrome/60.0.3112.113 Safari/537.36"
45.156.128.179 - - [25/Oct/2025:11:50:54 -0700] "GET /wp-content/plugins/wordpress-database-reset/readme.txt HTTP/1.1" 404 113960 "https://ednergranados.com/wp-content/plugins/wordpress-database-reset/readme.txt" "Mozilla/5.0 (Windows NT 10.0; Win64; x64) AppleWebKit/537.36 (KHTML, like Gecko) Chrome/60.0.3112.113 Safari/537.36"
104.210.140.140 - - [25/Oct/2025:11:51:04 -0700] "GET /robots.txt HTTP/2.0" 301 367 "-" "Mozilla/5.0 (Macintosh; Intel Mac OS X 10_15_7) AppleWebKit/537.36 (KHTML, like Gecko) Chrome/131.0.0.0 Safari/537.36; compatible; OAI-SearchBot/1.0; +https://openai.com/searchbot"
104.210.140.142 - - [25/Oct/2025:11:51:09 -0700] "GET /robots.txt HTTP/2.0" 200 281 "-" "Mozilla/5.0 (Macintosh; Intel Mac OS X 10_15_7) AppleWebKit/537.36 (KHTML, like Gecko) Chrome/131.0.0.0 Safari/537.36; compatible; OAI-SearchBot/1.0; +https://openai.com/searchbot"
69.163.179.91 - - [25/Oct/2025:11:51:13 -0700] "POST /wp-cron.php?doing_wp_cron=1761418273.8627099990844726562500 HTTP/1.1" 200 3647 "-" "WordPress/6.8.3; https://www.elconferencista.com"
45.156.128.176 - - [25/Oct/2025:11:51:13 -0700] "GET /wp-content/plugins/wp-time-capsule/readme.txt HTTP/1.1" 404 113960 "https://ednergranados.com/wp-content/plugins/wp-time-capsule/readme.txt" "Mozilla/5.0 (Windows NT 10.0; Win64; x64) AppleWebKit/537.36 (KHTML, like Gecko) Chrome/60.0.3112.113 Safari/537.36"
45.156.128.178 - - [25/Oct/2025:11:51:33 -0700] "GET /wp-content/plugins/wpschoolpress/readme.txt HTTP/1.1" 404 113960 "https://ednergranados.com/wp-content/plugins/wpschoolpress/readme.txt" "Mozilla/5.0 (Windows NT 10.0; Win64; x64) AppleWebKit/537.36 (KHTML, like Gecko) Chrome/60.0.3112.113 Safari/537.36"
45.64.185.141 - - [25/Oct/2025:11:52:04 -0700] "GET /wp-login.php HTTP/2.0" 429 351 "-" "Mozilla/5.0 (Macintosh; Intel Mac OS X 10_12_6) AppleWebKit/603.3.8 (KHTML, like Gecko) Version/10.1.2 Safari/603.3.8"
45.64.185.141 - - [25/Oct/2025:11:52:05 -0700] "POST /wp-login.php HTTP/2.0" 429 278 "https://www.elconferencista.com/wp-login.php" "Mozilla/5.0 (Macintosh; Intel Mac OS X 10_12_6) AppleWebKit/603.3.8 (KHTML, like Gecko) Version/10.1.2 Safari/603.3.8"
69.163.179.91 - - [25/Oct/2025:11:52:09 -0700] "POST /wp-cron.php?doing_wp_cron=1761418329.6809489727020263671875 HTTP/1.1" 200 3647 "-" "WordPress/6.8.3; https://www.elconferencista.com"
172.104.166.226 - - [25/Oct/2025:11:52:09 -0700] "GET /wp-login.php HTTP/2.0" 200 3583 "-" "Mozilla/5.0 (Windows NT 10.0; Win64; x64) AppleWebKit/537.36 (KHTML, like Gecko) Chrome/130.0.0.0 Safari/537.36"
142.111.152.235 - - [25/Oct/2025:11:52:10 -0700] "GET / HTTP/1.1" 200 34844 "-" "Mozilla/5.0 (Windows NT 10.0; WOW64; x64) AppleWebKit/537.36 (KHTML, like Gecko) Chrome/114.0.0.0 Safari/537.36 OPR/89.0.4447.51"
172.104.166.226 - - [25/Oct/2025:11:52:14 -0700] "POST /wp-login.php HTTP/2.0" 200 3485 "https://www.elconferencista.com/wp-login.php" "Mozilla/5.0 (Windows NT 10.0; Win64; x64) AppleWebKit/537.36 (KHTML, like Gecko) Chrome/130.0.0.0 Safari/537.36"
89.252.164.140 - - [25/Oct/2025:11:52:50 -0700] "GET /wp-login.php HTTP/2.0" 429 351 "-" "Mozilla/5.0 (Windows NT 10.0; Win64; x64) AppleWebKit/537.36 (KHTML, like Gecko) Chrome/130.0.0.0 Safari/537.36"
178.239.147.118 - - [25/Oct/2025:11:54:36 -0700] "GET /wp-login.php HTTP/2.0" 429 351 "-" "Mozilla/5.0 (Windows NT 10.0; Win64; x64) AppleWebKit/537.36 (KHTML, like Gecko) Chrome/130.0.0.0 Safari/537.36"
89.117.74.114 - - [25/Oct/2025:11:54:39 -0700] "GET /wp-login.php HTTP/2.0" 429 351 "-" "Mozilla/5.0 (Windows NT 10.0; Win64; x64) AppleWebKit/537.36 (KHTML, like Gecko) Chrome/130.0.0.0 Safari/537.36"
5.102.173.71 - - [25/Oct/2025:11:55:49 -0700] "GET /robots.txt HTTP/1.1" 200 3615 "-" "Mozilla/5.0 (compatible; MojeekBot/0.11; +https://www.mojeek.com/bot.html)"
5.102.173.71 - - [25/Oct/2025:11:55:49 -0700] "GET /conferencias-edner/7-conferencias-manejo-de-estres-estres-o-es-cuatro/ HTTP/1.1" 200 24999 "-" "Mozilla/5.0 (compatible; MojeekBot/0.11; +https://www.mojeek.com/bot.html)"
69.163.179.91 - - [25/Oct/2025:11:55:51 -0700] "POST /wp-cron.php?doing_wp_cron=1761418551.4333419799804687500000 HTTP/1.1" 200 3647 "-" "WordPress/6.8.3; https://www.elconferencista.com"
69.63.184.115 - - [25/Oct/2025:11:56:31 -0700] "GET /robots.txt HTTP/2.0" 206 271 "-" "facebookexternalhit/1.1 (+http://www.facebook.com/externalhit_uatext.php)"
