20.81.191.13 - - [25/Oct/2025:07:07:22 -0700] "GET /appsettings.json HTTP/1.1" 404 89301 "http://elconferencista.com/appsettings.json" "Mozilla/5.0 (Windows NT 6.3; Win64; x64; Trident/7.0; Touch; MALNJS; rv:11.0) like Gecko"
20.81.191.13 - - [25/Oct/2025:07:07:22 -0700] "GET /server.js HTTP/1.1" 404 89727 "http://elconferencista.com/server.js" "Mozilla/5.0 (Windows NT 6.3; Win64; x64; Trident/7.0; Touch; MALNJS; rv:11.0) like Gecko"
69.163.179.91 - - [25/Oct/2025:07:07:24 -0700] "POST /wp-cron.php?doing_wp_cron=1761401244.0267760753631591796875 HTTP/1.1" 200 3647 "-" "WordPress/6.8.3; https://www.elconferencista.com"
20.81.191.13 - - [25/Oct/2025:07:07:22 -0700] "GET /app.js HTTP/1.1" 404 89727 "http://elconferencista.com/app.js" "Mozilla/5.0 (Windows NT 6.3; Win64; x64; Trident/7.0; Touch; MALNJS; rv:11.0) like Gecko"
20.81.191.13 - - [25/Oct/2025:07:07:22 -0700] "GET /phpinfo.php HTTP/1.1" 404 89301 "http://elconferencista.com/phpinfo.php" "Mozilla/5.0 (Windows NT 6.3; Win64; x64; Trident/7.0; Touch; MALNJS; rv:11.0) like Gecko"
20.81.191.13 - - [25/Oct/2025:07:07:22 -0700] "GET /.git/config HTTP/1.1" 404 89301 "http://elconferencista.com/.git/config" "Mozilla/5.0 (Windows NT 6.3; Win64; x64; Trident/7.0; Touch; MALNJS; rv:11.0) like Gecko"
69.163.179.91 - - [25/Oct/2025:07:07:25 -0700] "POST /wp-cron.php?doing_wp_cron=1761401245.8722069263458251953125 HTTP/1.1" 200 3647 "-" "WordPress/6.8.3; https://www.elconferencista.com"
20.81.191.13 - - [25/Oct/2025:07:07:22 -0700] "GET /.env HTTP/1.1" 404 89301 "http://elconferencista.com/.env" "Mozilla/5.0 (Windows NT 6.3; Win64; x64; Trident/7.0; Touch; MALNJS; rv:11.0) like Gecko"
69.163.179.91 - - [25/Oct/2025:07:07:22 -0700] "POST /wp-cron.php?doing_wp_cron=1761401242.8876819610595703125000 HTTP/1.1" 200 3647 "-" "WordPress/6.8.3; https://www.elconferencista.com"
69.163.179.91 - - [25/Oct/2025:07:07:26 -0700] "POST /wp-cron.php?doing_wp_cron=1761401246.1472980976104736328125 HTTP/1.1" 200 3647 "-" "WordPress/6.8.3; https://www.elconferencista.com"
20.81.191.13 - - [25/Oct/2025:07:07:22 -0700] "GET /info.php HTTP/1.1" 404 89727 "http://elconferencista.com/info.php" "Mozilla/5.0 (Windows NT 6.3; Win64; x64; Trident/7.0; Touch; MALNJS; rv:11.0) like Gecko"
64.23.233.138 - - [25/Oct/2025:07:11:00 -0700] "GET /wp-login.php HTTP/2.0" 429 346 "-" "Mozilla/5.0 (Windows NT 6.1; Win64; x64) AppleWebKit/537.36 (KHTML, like Gecko) Chrome/66.0.3359.170 Safari/537.36 OPR/53.0.2907.99"
64.23.233.138 - - [25/Oct/2025:07:11:03 -0700] "POST /wp-login.php HTTP/2.0" 429 305 "https://www.elconferencista.com/wp-login.php" "Mozilla/5.0 (Windows NT 6.1; Win64; x64) AppleWebKit/537.36 (KHTML, like Gecko) Chrome/66.0.3359.170 Safari/537.36 OPR/53.0.2907.99"
89.117.74.114 - - [25/Oct/2025:07:14:12 -0700] "GET /wp-login.php HTTP/2.0" 429 351 "-" "Mozilla/5.0 (Windows NT 10.0; Win64; x64) AppleWebKit/537.36 (KHTML, like Gecko) Chrome/130.0.0.0 Safari/537.36"
85.114.135.165 - - [25/Oct/2025:07:14:57 -0700] "GET /wp-login.php HTTP/2.0" 429 351 "-" "Mozilla/5.0 (Windows NT 10.0; Win64; x64) AppleWebKit/537.36 (KHTML, like Gecko) Chrome/130.0.0.0 Safari/537.36"
74.50.80.136 - - [25/Oct/2025:07:16:20 -0700] "GET /wp-login.php HTTP/2.0" 429 351 "-" "Mozilla/5.0 (Windows NT 10.0; Win64; x64) AppleWebKit/537.36 (KHTML, like Gecko) Chrome/130.0.0.0 Safari/537.36"
161.35.187.94 - - [25/Oct/2025:07:17:31 -0700] "GET / HTTP/1.1" 301 3842 "-" "Mozilla/5.0 (X11; Linux x86_64; rv:139.0) Gecko/20100101 Firefox/139.0"
161.35.187.94 - - [25/Oct/2025:07:17:33 -0700] "GET /favicon.ico HTTP/1.1" 301 3864 "https://elconferencista.com/" "Mozilla/5.0 (X11; Linux x86_64; rv:139.0) Gecko/20100101 Firefox/139.0"
149.255.62.136 - - [25/Oct/2025:07:18:03 -0700] "GET /wp-login.php HTTP/2.0" 200 3583 "-" "Mozilla/5.0 (Windows NT 10.0; Win64; x64) AppleWebKit/537.36 (KHTML, like Gecko) Chrome/130.0.0.0 Safari/537.36"
69.163.179.91 - - [25/Oct/2025:07:18:04 -0700] "POST /wp-cron.php?doing_wp_cron=1761401884.4558949470520019531250 HTTP/1.1" 200 3647 "-" "WordPress/6.8.3; https://www.elconferencista.com"
149.255.62.136 - - [25/Oct/2025:07:18:06 -0700] "POST /wp-login.php HTTP/2.0" 200 3485 "https://www.elconferencista.com/wp-login.php" "Mozilla/5.0 (Windows NT 10.0; Win64; x64) AppleWebKit/537.36 (KHTML, like Gecko) Chrome/130.0.0.0 Safari/537.36"
74.208.92.227 - - [25/Oct/2025:07:19:19 -0700] "GET /wp-login.php HTTP/2.0" 429 351 "-" "Mozilla/5.0 (Windows NT 10.0; Win64; x64) AppleWebKit/537.36 (KHTML, like Gecko) Chrome/130.0.0.0 Safari/537.36"
89.117.74.114 - - [25/Oct/2025:07:24:12 -0700] "GET /wp-login.php HTTP/2.0" 429 351 "-" "Mozilla/5.0 (Windows NT 10.0; Win64; x64) AppleWebKit/537.36 (KHTML, like Gecko) Chrome/130.0.0.0 Safari/537.36"
49.13.239.123 - - [25/Oct/2025:07:25:36 -0700] "GET /wp-login.php HTTP/2.0" 429 351 "-" "Mozilla/5.0 (Windows NT 10.0; Win64; x64) AppleWebKit/537.36 (KHTML, like Gecko) Chrome/130.0.0.0 Safari/537.36"
103.171.180.119 - - [25/Oct/2025:07:25:42 -0700] "GET /wp-login.php HTTP/2.0" 429 351 "-" "Mozilla/5.0 (Windows NT 10.0; Win64; x64) AppleWebKit/537.36 (KHTML, like Gecko) Chrome/130.0.0.0 Safari/537.36"
89.252.164.140 - - [25/Oct/2025:07:26:05 -0700] "GET /wp-login.php HTTP/2.0" 429 351 "-" "Mozilla/5.0 (Windows NT 10.0; Win64; x64) AppleWebKit/537.36 (KHTML, like Gecko) Chrome/130.0.0.0 Safari/537.36"
74.50.80.136 - - [25/Oct/2025:07:26:33 -0700] "GET /wp-login.php HTTP/2.0" 429 351 "-" "Mozilla/5.0 (Windows NT 10.0; Win64; x64) AppleWebKit/537.36 (KHTML, like Gecko) Chrome/130.0.0.0 Safari/537.36"
132.148.73.213 - - [25/Oct/2025:07:27:07 -0700] "GET /wp-login.php HTTP/2.0" 429 362 "-" "Mozilla/5.0 (Windows NT 10.0; Win64; x64) AppleWebKit/537.36 (KHTML, like Gecko) Chrome/130.0.0.0 Safari/537.36"
77.79.144.175 - - [25/Oct/2025:07:27:40 -0700] "GET /wp-cli.phar HTTP/1.1" 500 74882 "-" "Mozilla/5.0 (Macintosh; Intel Mac OS X 10_15_7) AppleWebKit/537.36 (KHTML, like Gecko) Chrome/135.0.0.0 Safari/537.36 OPR/120.0.0.0"
77.79.144.175 - - [25/Oct/2025:07:27:40 -0700] "GET /wp-cli.php HTTP/1.1" 500 74336 "-" "Mozilla/5.0 (Macintosh; Intel Mac OS X 10_15_7) AppleWebKit/537.36 (KHTML, like Gecko) Chrome/135.0.0.0 Safari/537.36 OPR/120.0.0.0"
69.163.179.91 - - [25/Oct/2025:07:27:42 -0700] "POST /wp-cron.php?doing_wp_cron=1761402462.8474121093750000000000 HTTP/1.1" 200 3647 "-" "WordPress/6.8.3; https://www.elconferencista.com"
43.224.34.83 - - [25/Oct/2025:07:27:57 -0700] "GET /wp-login.php HTTP/2.0" 429 351 "-" "Mozilla/5.0 (Windows NT 10.0; Win64; x64) AppleWebKit/537.36 (KHTML, like Gecko) Chrome/130.0.0.0 Safari/537.36"
132.148.73.213 - - [25/Oct/2025:07:29:03 -0700] "GET /wp-login.php HTTP/2.0" 429 362 "-" "Mozilla/5.0 (Windows NT 10.0; Win64; x64) AppleWebKit/537.36 (KHTML, like Gecko) Chrome/130.0.0.0 Safari/537.36"
213.136.75.53 - - [25/Oct/2025:07:29:43 -0700] "GET /wp-login.php HTTP/2.0" 429 351 "-" "Mozilla/5.0 (Windows NT 10.0; Win64; x64) AppleWebKit/537.36 (KHTML, like Gecko) Chrome/130.0.0.0 Safari/537.36"
43.224.34.83 - - [25/Oct/2025:07:29:48 -0700] "GET /wp-login.php HTTP/2.0" 429 351 "-" "Mozilla/5.0 (Windows NT 10.0; Win64; x64) AppleWebKit/537.36 (KHTML, like Gecko) Chrome/130.0.0.0 Safari/537.36"
132.148.73.213 - - [25/Oct/2025:07:30:10 -0700] "GET /wp-login.php HTTP/2.0" 429 362 "-" "Mozilla/5.0 (Windows NT 10.0; Win64; x64) AppleWebKit/537.36 (KHTML, like Gecko) Chrome/130.0.0.0 Safari/537.36"
132.148.73.213 - - [25/Oct/2025:07:30:15 -0700] "GET /wp-login.php HTTP/2.0" 429 362 "-" "Mozilla/5.0 (Windows NT 10.0; Win64; x64) AppleWebKit/537.36 (KHTML, like Gecko) Chrome/130.0.0.0 Safari/537.36"
209.38.73.139 - - [25/Oct/2025:07:30:35 -0700] "GET /wp-login.php HTTP/2.0" 200 3583 "-" "Mozilla/5.0 (Windows NT 10.0; Win64; x64) AppleWebKit/537.36 (KHTML, like Gecko) Chrome/130.0.0.0 Safari/537.36"
69.163.179.91 - - [25/Oct/2025:07:30:36 -0700] "POST /wp-cron.php?doing_wp_cron=1761402636.3847999572753906250000 HTTP/1.1" 200 3647 "-" "WordPress/6.8.3; https://www.elconferencista.com"
209.38.73.139 - - [25/Oct/2025:07:30:38 -0700] "POST /wp-login.php HTTP/2.0" 200 3458 "https://www.elconferencista.com/wp-login.php" "Mozilla/5.0 (Windows NT 10.0; Win64; x64) AppleWebKit/537.36 (KHTML, like Gecko) Chrome/130.0.0.0 Safari/537.36"
198.54.114.88 - - [25/Oct/2025:07:34:53 -0700] "GET /wp-login.php HTTP/2.0" 200 3583 "-" "Mozilla/5.0 (Windows NT 10.0; Win64; x64) AppleWebKit/537.36 (KHTML, like Gecko) Chrome/130.0.0.0 Safari/537.36"
69.163.179.91 - - [25/Oct/2025:07:34:55 -0700] "POST /wp-cron.php?doing_wp_cron=1761402895.1093239784240722656250 HTTP/1.1" 200 3647 "-" "WordPress/6.8.3; https://www.elconferencista.com"
198.54.114.88 - - [25/Oct/2025:07:34:56 -0700] "POST /wp-login.php HTTP/2.0" 200 3458 "https://www.elconferencista.com/wp-login.php" "Mozilla/5.0 (Windows NT 10.0; Win64; x64) AppleWebKit/537.36 (KHTML, like Gecko) Chrome/130.0.0.0 Safari/537.36"
128.199.157.207 - - [25/Oct/2025:07:37:30 -0700] "GET /wp-login.php HTTP/2.0" 429 342 "-" "Mozilla/5.0 (Windows NT 10.0; Win64; x64) AppleWebKit/537.36 (KHTML, like Gecko) Chrome/130.0.0.0 Safari/537.36"
178.239.147.118 - - [25/Oct/2025:07:37:39 -0700] "GET /wp-login.php HTTP/2.0" 429 351 "-" "Mozilla/5.0 (Windows NT 10.0; Win64; x64) AppleWebKit/537.36 (KHTML, like Gecko) Chrome/130.0.0.0 Safari/537.36"
178.239.147.118 - - [25/Oct/2025:07:38:28 -0700] "GET /wp-login.php HTTP/2.0" 429 351 "-" "Mozilla/5.0 (Windows NT 10.0; Win64; x64) AppleWebKit/537.36 (KHTML, like Gecko) Chrome/130.0.0.0 Safari/537.36"
62.171.139.181 - - [25/Oct/2025:07:40:37 -0700] "GET /wp-login.php HTTP/2.0" 429 351 "-" "Mozilla/5.0 (Windows NT 10.0; Win64; x64) AppleWebKit/537.36 (KHTML, like Gecko) Chrome/130.0.0.0 Safari/537.36"
69.163.179.91 - - [25/Oct/2025:07:43:39 -0700] "POST /wp-cron.php?doing_wp_cron=1761403419.9105660915374755859375 HTTP/1.1" 200 3647 "-" "WordPress/6.8.3; https://www.elconferencista.com"
220.181.108.175 - - [25/Oct/2025:07:43:38 -0700] "GET /conferencista/ HTTP/1.1" 404 113874 "-" "Mozilla/5.0 (compatible; Baiduspider/2.0; +http://www.baidu.com/search/spider.html)"
162.241.153.13 - - [25/Oct/2025:07:46:43 -0700] "GET /wp-login.php HTTP/2.0" 429 351 "-" "Mozilla/5.0 (Windows NT 10.0; Win64; x64) AppleWebKit/537.36 (KHTML, like Gecko) Chrome/130.0.0.0 Safari/537.36"
85.114.135.165 - - [25/Oct/2025:07:47:34 -0700] "GET /wp-login.php HTTP/2.0" 429 351 "-" "Mozilla/5.0 (Windows NT 10.0; Win64; x64; WebView/3.0) AppleWebKit/537.36 (KHTML, like Gecko) Chrome/58.0.3029.110 Safari/537.36 Edge/16.16299"
85.114.135.165 - - [25/Oct/2025:07:47:34 -0700] "POST /wp-login.php HTTP/2.0" 429 255 "https://www.elconferencista.com/wp-login.php" "Mozilla/5.0 (Windows NT 10.0; Win64; x64; WebView/3.0) AppleWebKit/537.36 (KHTML, like Gecko) Chrome/58.0.3029.110 Safari/537.36 Edge/16.16299"
50.28.2.112 - - [25/Oct/2025:07:48:17 -0700] "GET /wp-login.php HTTP/2.0" 429 352 "-" "Mozilla/5.0 (Windows NT 10.0; Win64; x64) AppleWebKit/537.36 (KHTML, like Gecko) Chrome/130.0.0.0 Safari/537.36"
31.220.92.9 - - [25/Oct/2025:07:48:35 -0700] "GET /wp-login.php HTTP/2.0" 429 351 "-" "Mozilla/5.0 (Windows NT 10.0; Win64; x64) AppleWebKit/537.36 (KHTML, like Gecko) Chrome/130.0.0.0 Safari/537.36"
34.76.195.30 - - [25/Oct/2025:07:52:25 -0700] "GET /wp-login.php HTTP/2.0" 429 353 "-" "Mozilla/5.0 (Windows NT 10.0; Win64; x64) AppleWebKit/537.36 (KHTML, like Gecko) Chrome/130.0.0.0 Safari/537.36"
206.189.88.0 - - [25/Oct/2025:07:53:10 -0700] "GET /%7Csuperadmin%7Cwpadmin142314231423wp-login.php HTTP/1.1" 404 113988 "-" "Mozila/5.0"
69.163.179.91 - - [25/Oct/2025:07:53:11 -0700] "POST /wp-cron.php?doing_wp_cron=1761403991.9222240447998046875000 HTTP/1.1" 200 3647 "-" "WordPress/6.8.3; https://www.elconferencista.com"
206.189.88.0 - - [25/Oct/2025:07:56:01 -0700] "GET /%7Csuperadmin%7Cwpadmin142314231423wp-login.php HTTP/1.1" 404 113988 "-" "Mozila/5.0"
69.163.179.91 - - [25/Oct/2025:07:56:03 -0700] "POST /wp-cron.php?doing_wp_cron=1761404163.3274381160736083984375 HTTP/1.1" 200 3647 "-" "WordPress/6.8.3; https://www.elconferencista.com"
45.157.54.25 - - [25/Oct/2025:07:58:00 -0700] "POST /xmlrpc.php HTTP/2.0" 429 348 "-" "Mozilla/5.0 (Windows NT 10.0; Win64; x64) AppleWebKit/537.36 (KHTML, like Gecko) Chrome/127.0.0.0 Safari/537.36"
129.150.46.7 - - [25/Oct/2025:08:07:13 -0700] "GET /wp-login.php HTTP/2.0" 429 351 "-" "Mozilla/5.0 (Windows NT 10.0; Win64; x64) AppleWebKit/537.36 (KHTML, like Gecko) Chrome/130.0.0.0 Safari/537.36"
92.205.110.219 - - [25/Oct/2025:08:08:54 -0700] "GET /wp-login.php HTTP/2.0" 429 351 "-" "Mozilla/5.0 (Windows NT 10.0; Win64; x64) AppleWebKit/537.36 (KHTML, like Gecko) Chrome/130.0.0.0 Safari/537.36"
162.214.229.171 - - [25/Oct/2025:08:13:28 -0700] "GET /wp-login.php HTTP/2.0" 429 351 "http://elconferencista.com/wp-login.php" "Mozilla/5.0 (Windows NT 10.0; Win64; x64; rv:144.0) Gecko/20100101 Firefox/144.0"
162.214.229.171 - - [25/Oct/2025:08:13:28 -0700] "GET /wp-login.php HTTP/2.0" 429 359 "http://www.elconferencista.com/wp-login.php" "Mozilla/5.0 (Windows NT 10.0; Win64; x64; rv:144.0) Gecko/20100101 Firefox/144.0"
162.214.229.171 - - [25/Oct/2025:08:13:28 -0700] "GET /wp-login.php HTTP/2.0" 429 359 "http://www.elconferencista.com/wp-login.php" "Mozilla/5.0 (Windows NT 10.0; Win64; x64; rv:144.0) Gecko/20100101 Firefox/144.0"
162.214.229.171 - - [25/Oct/2025:08:13:28 -0700] "GET /wp-login.php HTTP/2.0" 429 359 "http://www.elconferencista.com/wp-login.php" "Mozilla/5.0 (Windows NT 10.0; Win64; x64; rv:144.0) Gecko/20100101 Firefox/144.0"
142.44.233.56 - - [25/Oct/2025:08:14:32 -0700] "GET /sitemap.xml HTTP/2.0" 200 3372 "-" "Mozilla/5.0 (compatible; AhrefsBot/7.0; +http://ahrefs.com/robot/)"
88.99.242.20 - - [25/Oct/2025:08:15:52 -0700] "GET /wp-login.php HTTP/2.0" 429 363 "-" "Mozilla/5.0 (Windows NT 10.0; Win64; x64) AppleWebKit/537.36 (KHTML, like Gecko) Chrome/130.0.0.0 Safari/537.36"
163.223.13.96 - - [25/Oct/2025:08:16:21 -0700] "GET /wp-login.php HTTP/2.0" 429 351 "-" "Mozilla/5.0 (Windows NT 10.0; Win64; x64) AppleWebKit/537.36 (KHTML, like Gecko) Chrome/130.0.0.0 Safari/537.36"
69.163.179.91 - - [25/Oct/2025:08:19:49 -0700] "POST /wp-cron.php?doing_wp_cron=1761405589.0692710876464843750000 HTTP/1.1" 200 3647 "-" "WordPress/6.8.3; https://www.elconferencista.com"
69.163.179.91 - - [25/Oct/2025:08:19:50 -0700] "POST /wp-cron.php?doing_wp_cron=1761405590.1138029098510742187500 HTTP/1.1" 200 3647 "-" "WordPress/6.8.3; https://www.elconferencista.com"
112.86.225.20 - - [25/Oct/2025:08:19:47 -0700] "GET / HTTP/1.1" 200 34844 "-" "Sogou web spider/4.0(+http://www.sogou.com/docs/help/webmasters.htm#07)"
103.124.95.251 - - [25/Oct/2025:08:20:06 -0700] "GET /wp-login.php HTTP/2.0" 429 354 "-" "Mozilla/5.0 (Windows NT 10.0; Win64; x64) AppleWebKit/537.36 (KHTML, like Gecko) Chrome/130.0.0.0 Safari/537.36"
62.171.139.181 - - [25/Oct/2025:08:20:08 -0700] "GET /wp-login.php HTTP/2.0" 429 351 "-" "Mozilla/4.0 (compatible; MSIE 7.0; Windows NT 6.1; WOW64; Trident/7.0; SLCC2; Media Center PC 6.0; .NET CLR 3.5.30729; .NET CLR 3.0.30729; .NET CLR 2.0.50727; .NET4.0C; .NET4.0E)"
62.171.139.181 - - [25/Oct/2025:08:20:08 -0700] "POST /wp-login.php HTTP/2.0" 429 255 "https://www.elconferencista.com/wp-login.php" "Mozilla/4.0 (compatible; MSIE 7.0; Windows NT 6.1; WOW64; Trident/7.0; SLCC2; Media Center PC 6.0; .NET CLR 3.5.30729; .NET CLR 3.0.30729; .NET CLR 2.0.50727; .NET4.0C; .NET4.0E)"
85.114.135.165 - - [25/Oct/2025:08:25:17 -0700] "GET /wp-login.php HTTP/2.0" 429 351 "-" "Mozilla/5.0 (Windows NT 10.0; Win64; x64) AppleWebKit/537.36 (KHTML, like Gecko) Chrome/130.0.0.0 Safari/537.36"
132.148.73.213 - - [25/Oct/2025:08:26:44 -0700] "GET /wp-login.php HTTP/2.0" 429 362 "-" "Mozilla/5.0 (Windows NT 10.0; Win64; x64) AppleWebKit/537.36 (KHTML, like Gecko) Chrome/130.0.0.0 Safari/537.36"
89.117.74.114 - - [25/Oct/2025:08:27:05 -0700] "GET /wp-login.php HTTP/2.0" 429 351 "-" "Mozilla/5.0 (Windows NT 10.0; Win64; x64) AppleWebKit/537.36 (KHTML, like Gecko) Chrome/130.0.0.0 Safari/537.36"
49.13.239.123 - - [25/Oct/2025:08:27:34 -0700] "GET /wp-login.php HTTP/2.0" 429 351 "-" "Mozilla/5.0 (Windows NT 10.0; Win64; x64) AppleWebKit/537.36 (KHTML, like Gecko) Chrome/130.0.0.0 Safari/537.36"
132.148.73.213 - - [25/Oct/2025:08:29:27 -0700] "GET /wp-login.php HTTP/2.0" 429 362 "-" "Mozilla/5.0 (Windows NT 10.0; Win64; x64) AppleWebKit/537.36 (KHTML, like Gecko) Chrome/130.0.0.0 Safari/537.36"
85.114.135.165 - - [25/Oct/2025:08:30:25 -0700] "GET /wp-login.php HTTP/2.0" 429 351 "-" "Mozilla/5.0 (Windows NT 10.0; Win64; x64) AppleWebKit/537.36 (KHTML, like Gecko) Chrome/130.0.0.0 Safari/537.36"
162.241.62.162 - - [25/Oct/2025:08:30:45 -0700] "GET /wp-login.php HTTP/2.0" 200 3583 "-" "Mozilla/5.0 (Windows NT 10.0; Win64; x64) AppleWebKit/537.36 (KHTML, like Gecko) Chrome/130.0.0.0 Safari/537.36"
69.163.179.91 - - [25/Oct/2025:08:30:46 -0700] "POST /wp-cron.php?doing_wp_cron=1761406246.7609879970550537109375 HTTP/1.1" 200 3647 "-" "WordPress/6.8.3; https://www.elconferencista.com"
89.117.74.114 - - [25/Oct/2025:08:32:10 -0700] "GET /wp-login.php HTTP/2.0" 429 351 "-" "Mozilla/5.0 (Windows NT 10.0; Win64; x64) AppleWebKit/537.36 (KHTML, like Gecko) Chrome/130.0.0.0 Safari/537.36"
50.28.2.112 - - [25/Oct/2025:08:32:14 -0700] "GET /wp-login.php HTTP/2.0" 429 352 "-" "Mozilla/5.0 (Windows NT 10.0; Win64; x64) AppleWebKit/537.36 (KHTML, like Gecko) Chrome/130.0.0.0 Safari/537.36"
103.90.233.75 - - [25/Oct/2025:08:34:08 -0700] "GET /wp-login.php HTTP/2.0" 200 3583 "-" "Mozilla/5.0 (Windows NT 10.0; Win64; x64) AppleWebKit/537.36 (KHTML, like Gecko) Chrome/130.0.0.0 Safari/537.36"
69.163.179.91 - - [25/Oct/2025:08:34:10 -0700] "POST /wp-cron.php?doing_wp_cron=1761406450.1133029460906982421875 HTTP/1.1" 200 3647 "-" "WordPress/6.8.3; https://www.elconferencista.com"
103.171.180.119 - - [25/Oct/2025:08:34:20 -0700] "GET /wp-login.php HTTP/2.0" 429 351 "-" "Mozilla/5.0 (Windows NT 10.0; Win64; x64) AppleWebKit/537.36 (KHTML, like Gecko) Chrome/130.0.0.0 Safari/537.36"
209.74.68.11 - - [25/Oct/2025:08:34:24 -0700] "GET /wp-login.php HTTP/2.0" 200 3583 "-" "Mozilla/5.0 (Windows NT 10.0; Win64; x64) AppleWebKit/537.36 (KHTML, like Gecko) Chrome/130.0.0.0 Safari/537.36"
209.74.68.11 - - [25/Oct/2025:08:34:27 -0700] "POST /wp-login.php HTTP/2.0" 200 3458 "https://www.elconferencista.com/wp-login.php" "Mozilla/5.0 (Windows NT 10.0; Win64; x64) AppleWebKit/537.36 (KHTML, like Gecko) Chrome/130.0.0.0 Safari/537.36"
49.13.239.123 - - [25/Oct/2025:08:34:31 -0700] "GET /wp-login.php HTTP/2.0" 429 351 "-" "Mozilla/5.0 (Windows NT 10.0; Win64; x64) AppleWebKit/537.36 (KHTML, like Gecko) Chrome/130.0.0.0 Safari/537.36"
188.138.17.197 - - [25/Oct/2025:08:35:48 -0700] "GET /wp-login.php HTTP/2.0" 200 3583 "-" "Mozilla/5.0 (Windows NT 10.0; Win64; x64) AppleWebKit/537.36 (KHTML, like Gecko) Chrome/130.0.0.0 Safari/537.36"
69.163.179.91 - - [25/Oct/2025:08:35:50 -0700] "POST /wp-cron.php?doing_wp_cron=1761406550.0494170188903808593750 HTTP/1.1" 200 3647 "-" "WordPress/6.8.3; https://www.elconferencista.com"
188.138.17.197 - - [25/Oct/2025:08:35:51 -0700] "POST /wp-login.php HTTP/2.0" 200 3485 "https://www.elconferencista.com/wp-login.php" "Mozilla/5.0 (Windows NT 10.0; Win64; x64) AppleWebKit/537.36 (KHTML, like Gecko) Chrome/130.0.0.0 Safari/537.36"
103.171.180.119 - - [25/Oct/2025:08:36:06 -0700] "GET /wp-login.php HTTP/2.0" 429 351 "-" "Mozilla/5.0 (Windows NT 10.0; Win64; x64) AppleWebKit/537.36 (KHTML, like Gecko) Chrome/130.0.0.0 Safari/537.36"
173.252.82.5 - - [25/Oct/2025:08:36:24 -0700] "GET /robots.txt HTTP/2.0" 206 271 "-" "facebookexternalhit/1.1 (+http://www.facebook.com/externalhit_uatext.php)"
92.205.110.219 - - [25/Oct/2025:08:38:11 -0700] "GET /wp-login.php HTTP/2.0" 429 351 "-" "Mozilla/5.0 (Windows NT 10.0; Win64; x64) AppleWebKit/537.36 (KHTML, like Gecko) Chrome/130.0.0.0 Safari/537.36"
92.205.110.219 - - [25/Oct/2025:08:42:25 -0700] "GET /wp-login.php HTTP/2.0" 429 351 "-" "Mozilla/5.0 (Windows NT 10.0; Win64; x64) AppleWebKit/537.36 (KHTML, like Gecko) Chrome/130.0.0.0 Safari/537.36"
82.147.84.211 - - [25/Oct/2025:08:42:38 -0700] "GET / HTTP/1.0" 200 162370 "https://www.elconferencista.com/" "Mozilla/5.0 (Windows NT 10.0; Win64; x64) AppleWebKit/537.36 (KHTML, like Gecko) Chrome/130.0.0.0 Safari/537.36 CCleaner/130.0.0.0"
69.163.179.91 - - [25/Oct/2025:08:42:40 -0700] "POST /wp-cron.php?doing_wp_cron=1761406960.3894579410552978515625 HTTP/1.1" 200 3647 "-" "WordPress/6.8.3; https://www.elconferencista.com"
82.147.84.211 - - [25/Oct/2025:08:42:43 -0700] "POST /wp-admin/admin-ajax.php HTTP/1.0" 200 3771 "https://www.elconferencista.com/" "Mozilla/5.0 (Windows NT 10.0; Win64; x64) AppleWebKit/537.36 (KHTML, like Gecko) Chrome/130.0.0.0 Safari/537.36 CCleaner/130.0.0.0"
196.251.88.64 - - [25/Oct/2025:08:44:07 -0700] "GET / HTTP/1.1" 200 34807 "-" "Mozilla/5.0 (X11; Linux x86_64) AppleWebKit/537.36 (KHTML, like Gecko) Chrome/72.0.3626.81 Safari/537.36"
69.163.179.91 - - [25/Oct/2025:08:44:08 -0700] "POST /wp-cron.php?doing_wp_cron=1761407048.4602470397949218750000 HTTP/1.1" 200 3647 "-" "WordPress/6.8.3; https://www.elconferencista.com"
196.251.88.64 - - [25/Oct/2025:08:44:29 -0700] "GET //www.elconferencista.com/wp-content/plugins/elementor-pro/assets/lib/sticky/jquery.sticky.min.js HTTP/1.1" 301 3862 "-" "SonyEricssonW995/R1EA Profile/MIDP-2.1 Configuration/CLDC-1.1 UNTRUSTED/1.0"
196.251.88.64 - - [25/Oct/2025:08:44:29 -0700] "GET //www.elconferencista.com/wp-content/plugins/elementor/assets/lib/jquery-numerator/jquery-numerator.min.js HTTP/1.1" 301 3871 "-" "Mozilla/5.0 (Windows NT 6.1; WOW64) AppleWebKit/537.36 (KHTML, like Gecko) Chrome/58.0.3029.110 Safari/537.36 SE 2.X MetaSr 1.0"
92.205.110.219 - - [25/Oct/2025:08:44:31 -0700] "GET /wp-login.php HTTP/2.0" 429 351 "-" "Mozilla/5.0 (Windows NT 10.0; Win64; x64) AppleWebKit/537.36 (KHTML, like Gecko) Chrome/130.0.0.0 Safari/537.36"
196.251.88.64 - - [25/Oct/2025:08:44:30 -0700] "GET //www.elconferencista.com/wp-content/plugins/elementskit-lite/widgets/init/assets/js/elementor.js HTTP/1.1" 301 3862 "-" "Opera/9.80 (Android; Opera Mini/7.5.33361/31.1543; U; en) Presto/2.8.119 Version/11.1010"
196.251.88.64 - - [25/Oct/2025:08:44:29 -0700] "GET /default.json HTTP/1.1" 404 113947 "-" "Mozilla/5.0 (Linux; Android 5.1.1; Coolpad 3622A Build/LMY47V) AppleWebKit/537.36 (KHTML, like Gecko) Chrome/58.0.3029.83 Mobile Safari/537.36"
196.251.88.64 - - [25/Oct/2025:08:44:30 -0700] "GET //www.elconferencista.com/wp-content/plugins/whatsapp-for-wordpress/assets/dist/js/njt-whatsapp.js HTTP/1.1" 301 3863 "-" "Mozilla/5.0 (Linux; Android 6.0; HTC 2PXH3) AppleWebKit/537.36 (KHTML, like Gecko) Chrome/74.0.3729.157 Mobile Safari/537.36"
196.251.88.64 - - [25/Oct/2025:08:44:30 -0700] "GET //www.elconferencista.com/wp-content/plugins/elementor/assets/js/frontend.min.js HTTP/1.1" 301 3845 "-" "Mozilla/5.0 (Windows Phone 8.1; ARM; Trident/7.0; Touch; rv:11.0; IEMobile/11.0; NOKIA; Lumia 920) like Gecko"
196.251.88.64 - - [25/Oct/2025:08:44:30 -0700] "GET //www.elconferencista.com/wp-content/plugins/elementor/assets/lib/swiper/v8/swiper.min.js HTTP/1.1" 301 3854 "-" "Mozilla/5.0 (X11; U; Linux i686; en-us) AppleWebKit/528.5 (KHTML, like Gecko, Safari/528.5 ) lt-GtkLauncher"
196.251.88.64 - - [25/Oct/2025:08:44:30 -0700] "GET //www.elconferencista.com/wp-includes/js/jquery/jquery-migrate.min.js HTTP/1.1" 301 3834 "-" "Mozilla/5.0 (Windows NT 10.0; Win64; x64) AppleWebKit/537.36 (KHTML, like Gecko) Chrome/71.0.3578.80 Safari/537.36"
196.251.88.64 - - [25/Oct/2025:08:44:30 -0700] "GET //www.elconferencista.com/wp-includes/js/jquery/jquery.min.js HTTP/1.1" 301 3826 "-" "Mozilla/5.0 (X11; U; Linux armv7l like Android; en-us) AppleWebKit/531.2+ (KHTML, like Gecko) Version/5.0 Safari/533.2+ Kindle/3.0+"
196.251.88.64 - - [25/Oct/2025:08:44:30 -0700] "GET //www.elconferencista.com/wp-content/plugins/elementor/assets/lib/e-gallery/js/e-gallery.min.js HTTP/1.1" 301 3860 "-" "SearchExpress"
196.251.88.64 - - [25/Oct/2025:08:44:30 -0700] "GET //www.elconferencista.com/wp-includes/js/mediaelement/mediaelement-and-player.min.js HTTP/1.1" 301 3849 "-" "Mozilla/5.0 (X11; Linux i686) AppleWebKit/537.36 (KHTML, like Gecko) Chrome/39.0.2166.2 Safari/537.36"
196.251.88.64 - - [25/Oct/2025:08:44:30 -0700] "GET //www.elconferencista.com/wp-includes/js/mediaelement/mediaelement-migrate.min.js HTTP/1.1" 301 3846 "-" "Mozilla/5.0 (webOS/1.3; U; en-US) AppleWebKit/525.27.1 (KHTML, like Gecko) Version/1.0 Safari/525.27.1 Desktop/1.0"
196.251.88.64 - - [25/Oct/2025:08:44:30 -0700] "GET //www.elconferencista.com/wp-content/plugins/elementor-pro/assets/js/frontend.min.js HTTP/1.1" 301 3849 "-" "Mozilla/5.0 (compatible; Konqueror/4.4; Linux) KHTML/4.4.1 (like Gecko) Fedora/4.4.1-1.fc12"
196.251.88.64 - - [25/Oct/2025:08:44:30 -0700] "GET //www.elconferencista.com/wp-includes/js/jquery/ui/core.min.js HTTP/1.1" 301 3827 "-" "Mozilla/5.0 (Windows NT 10.0; Win64; x64) AppleWebKit/537.36 (KHTML, like Gecko) Chrome/66.0.3359.139 Safari/537.36"
196.251.88.64 - - [25/Oct/2025:08:44:30 -0700] "GET //www.elconferencista.com/wp-content/plugins/elementskit-lite/libs/framework/assets/js/frontend-script.js HTTP/1.1" 301 3870 "-" "Mozilla/5.0 (compatible; Konqueror/3.3; Linux 2.6.8-gentoo-r3; X11;"
196.251.88.64 - - [25/Oct/2025:08:44:30 -0700] "GET //www.elconferencista.com/wp-content/themes/astra/assets/js/minified/frontend.min.js HTTP/1.1" 301 3849 "-" "Mozilla/5.0 (Macintosh; Intel Mac OS X 10_14_0) AppleWebKit/537.36 (KHTML, like Gecko) Chrome/75.0.3770.142 Safari/537.36"
196.251.88.64 - - [25/Oct/2025:08:44:30 -0700] "GET //www.elconferencista.com/wp-content/plugins/elementskit-lite/widgets/init/assets/js/widget-scripts.js HTTP/1.1" 301 3867 "-" "Opera/9.80 (X11; FreeBSD 8.1-RELEASE i386; Edition Next) Presto/2.12.388 Version/12.10"
196.251.88.64 - - [25/Oct/2025:08:44:30 -0700] "GET /admin-ajax.php HTTP/1.1" 404 81621 "-" "Mozilla/5.0 (Linux; U; Android 7.1.2; el-gr; Redmi 4X Build/N2G47H) AppleWebKit/537.36 (KHTML, like Gecko) Version/4.0 Chrome/71.0.3578.141 Mobile Safari/537.36 XiaoMi/MiuiBrowser/10.9.7-g"
196.251.88.64 - - [25/Oct/2025:08:44:30 -0700] "GET /wp-emoji-release.min.js HTTP/1.1" 404 81621 "-" "Mozilla/5.0 (Linux; Android 8.1.0; Redmi 5) AppleWebKit/537.36 (KHTML, like Gecko) Chrome/71.0.3578.99 Mobile Safari/537.36"
196.251.88.64 - - [25/Oct/2025:08:44:30 -0700] "GET //www.google.com/recaptcha/api.js HTTP/1.1" 301 3798 "-" "Mozilla/5.0 (Windows NT 6.0) AppleWebKit/535.2 (KHTML, like Gecko) Chrome/15.0.874.120 Safari/535.2"
196.251.88.64 - - [25/Oct/2025:08:44:30 -0700] "GET //www.elconferencista.com/wp-content/plugins/whatsapp-for-wordpress/assets/js/whatsapp-button.js HTTP/1.1" 301 3861 "-" "Mozilla/5.0 (Macintosh; U; Intel Mac OS X 10_6_6; en-us) AppleWebKit/533.20.25 (KHTML, like Gecko) Version/5.0.4 Safari/533.20.27"
196.251.88.64 - - [25/Oct/2025:08:44:30 -0700] "GET //www.elconferencista.com/wp-includes/js/dist/hooks.min.js HTTP/1.1" 301 3823 "-" "Mozilla/5.0 (X11; U; Linux armv61; en-US; rv:1.9.1b2pre) Gecko/20081015 Fennec/1.0a1"
196.251.88.64 - - [25/Oct/2025:08:44:30 -0700] "GET //www.elconferencista.com/wp-content/plugins/elementor-pro/assets/js/elements-handlers.min.js HTTP/1.1" 301 3858 "-" "Mozilla/5.0 (Linux; Android 9; Mi MIX 2S) AppleWebKit/537.36 (KHTML, like Gecko) Chrome/76.0.3809.111 Mobile Safari/537.36"
196.251.88.64 - - [25/Oct/2025:08:44:30 -0700] "GET //www.elconferencista.com/wp-content/plugins/elementor-pro/assets/js/webpack-pro.runtime.min.js HTTP/1.1" 301 3860 "-" "SonyEricssonT610/R201 Profile/MIDP-1.0 Configuration/CLDC-1.0"
196.251.88.64 - - [25/Oct/2025:08:44:30 -0700] "GET //www.elconferencista.com/wp-content/plugins/elementor/assets/js/webpack.runtime.min.js HTTP/1.1" 301 3852 "-" "Mozilla/5.0 (Linux; Android 8.1.0; vivo 1802 Build/O11019; wv) AppleWebKit/537.36 (KHTML, like Gecko) Chrome/62.0.3202.84 Mobile Safari/537.36 VivoBrowser/5.8.0.10"
196.251.88.64 - - [25/Oct/2025:08:44:30 -0700] "GET //www.elconferencista.com/wp-content/themes/astra/assets/js/minified/flexibility.min.js HTTP/1.1" 301 3852 "-" "Mozilla/5.0 (iPhone; CPU iPhone OS 12_4 like Mac OS X) AppleWebKit/605.1.15 (KHTML, like Gecko) CriOS/76.0.3809.123 Mobile/15E148 Safari/605.1"
196.251.88.64 - - [25/Oct/2025:08:44:30 -0700] "GET //www.elconferencista.com/xmlrpc.php HTTP/1.1" 301 3801 "-" "Mozilla/5.0 (Macintosh; Intel Mac OS X 10_14_6) AppleWebKit/605.1.15 (KHTML, like Gecko) Version/13.0 Safari/605.1.15"
196.251.88.64 - - [25/Oct/2025:08:44:30 -0700] "GET //www.elconferencista.com/wp-content/plugins/elementor/assets/js/frontend-modules.min.js HTTP/1.1" 301 3853 "-" "Mozilla/5.0 (Windows NT 10.0; WOW64) AppleWebKit/537.36 (KHTML, like Gecko) Chrome/72.0.3626.109 Safari/537.36"
196.251.88.64 - - [25/Oct/2025:08:44:30 -0700] "GET //www.elconferencista.com/wp-includes/js/mediaelement/wp-mediaelement.min.js HTTP/1.1" 301 3841 "-" "Mozilla/5.0 (PLAYSTATION 3; 1.10)"
196.251.88.64 - - [25/Oct/2025:08:44:30 -0700] "GET //www.elconferencista.com/wp-content/plugins/elementor/assets/lib/font-awesome/js/v4-shims.min.js HTTP/1.1" 301 3862 "-" "Mozilla/5.0 (X11; Linux x86_64) AppleWebKit/537.36 (KHTML, like Gecko) Chrome/72.0.3626.119 Safari/537.36"
196.251.88.64 - - [25/Oct/2025:08:44:30 -0700] "GET //www.elconferencista.com/wp-content/plugins/elementskit-lite/widgets/init/assets/js/animate-circle.min.js HTTP/1.1" 301 3871 "-" "Mozilla/5.0 (Macintosh; U; Intel Mac OS X 10.4; en; rv:1.9.2.28) Gecko/20120308 Camino/2.1.2 (like Firefox/3.6.28)"
196.251.88.64 - - [25/Oct/2025:08:44:30 -0700] "GET //www.elconferencista.com/wp-includes/js/dist/i18n.min.js HTTP/1.1" 301 3822 "-" "Mozilla/5.0 (X11; NetBSD amd64; rv:16.0) Gecko/20121102 Firefox/16.0"
196.251.88.64 - - [25/Oct/2025:08:44:30 -0700] "GET //www.elconferencista.com/wp-content/plugins/whatsapp-for-wordpress/assets/js/whatsapp-popup.js HTTP/1.1" 301 3860 "-" "Mozilla/5.0 (iPhone; CPU iPhone OS 13_0 like Mac OS X) AppleWebKit/605.1.15 (KHTML, like Gecko) CriOS/76.0.3809.81 Mobile/15E148 Safari/605.1"
196.251.88.64 - - [25/Oct/2025:08:45:04 -0700] "GET //www.elconferencista.com/wp-content/plugins/elementor-pro/assets/js/elements-handlers.min.js HTTP/1.1" 200 30726 "-" "Mozilla/5.0 (iPhone; U; CPU iPhone OS) (compatible; Googlebot-Mobile/2.1; http://www.google.com/bot.html)"
196.251.88.64 - - [25/Oct/2025:08:45:04 -0700] "GET //www.elconferencista.com/wp-content/plugins/elementor/assets/js/webpack.runtime.min.js HTTP/1.1" 301 3852 "-" "Mozilla/5.0 (X11; U; Linux i686; pl-PL; rv:1.9.0.2) Gecko/20121223 Ubuntu/9.25 (jaunty) Firefox/3.8"
69.163.179.91 - - [25/Oct/2025:08:45:05 -0700] "POST /wp-cron.php?doing_wp_cron=1761407105.0260879993438720703125 HTTP/1.1" 200 3647 "-" "WordPress/6.8.3; https://www.elconferencista.com"
196.251.88.64 - - [25/Oct/2025:08:45:04 -0700] "GET //www.elconferencista.com/wp-content/plugins/elementor-pro/assets/js/frontend.min.js HTTP/1.1" 301 3849 "-" "Opera/9.0 (Macintosh; PPC Mac OS X; U; en)"
196.251.88.64 - - [25/Oct/2025:08:45:04 -0700] "GET //www.elconferencista.com/wp-includes/js/jquery/jquery-migrate.min.js HTTP/1.1" 301 3834 "-" "Mozilla/5.0 (Linux; Android 8.1.0; ZB602KL) AppleWebKit/537.36 (KHTML, like Gecko) Chrome/76.0.3809.89 Mobile Safari/537.36"
196.251.88.64 - - [25/Oct/2025:08:45:04 -0700] "GET //www.elconferencista.com/wp-content/plugins/elementor/assets/lib/e-gallery/js/e-gallery.min.js HTTP/1.1" 301 3860 "-" "Mozilla/5.0 (Linux; Android 6.0; HTC One M9 Build/MRA58K) AppleWebKit/537.36 (KHTML, like Gecko) Chrome/52.0.2743.98 Mobile Safari/537.36"
196.251.88.64 - - [25/Oct/2025:08:45:04 -0700] "GET //www.elconferencista.com/wp-includes/js/jquery/ui/core.min.js HTTP/1.1" 301 3827 "-" "Mozilla/5.0 (Linux; Android 9; SM-N950U) AppleWebKit/537.36 (KHTML, like Gecko) Chrome/76.0.3809.89 Mobile Safari/537.36"
196.251.88.64 - - [25/Oct/2025:08:45:04 -0700] "GET //www.elconferencista.com/wp-content/plugins/elementskit-lite/widgets/init/assets/js/elementor.js HTTP/1.1" 301 3862 "-" "Mozilla/5.0 (X11; CrOS x86_64 12371.22.0) AppleWebKit/537.36 (KHTML, like Gecko) Chrome/77.0.3865.35 Safari/537.36"
196.251.88.64 - - [25/Oct/2025:08:45:04 -0700] "GET //www.elconferencista.com/wp-includes/js/dist/hooks.min.js HTTP/1.1" 301 3823 "-" "Opera/8.01 (J2ME/MIDP; Opera Mini/1.0.1479/HiFi; SonyEricsson P900; no; U; ssr)"
196.251.88.64 - - [25/Oct/2025:08:45:04 -0700] "GET //www.elconferencista.com/wp-content/plugins/whatsapp-for-wordpress/assets/dist/js/njt-whatsapp.js HTTP/1.1" 301 3863 "-" "Mozilla/5.0 (iPhone; CPU iPhone OS 12_1 like Mac OS X) AppleWebKit/605.1.15 (KHTML, like Gecko) CriOS/75.0.3770.103 Mobile/15E148 Safari/605.1"
196.251.88.64 - - [25/Oct/2025:08:45:04 -0700] "GET //www.elconferencista.com/wp-content/plugins/elementskit-lite/libs/framework/assets/js/frontend-script.js HTTP/1.1" 301 3870 "-" "Mozilla/5.0 (Macintosh; Intel Mac OS X 10_13_4) AppleWebKit/537.36 (KHTML, like Gecko) Chrome/75.0.3770.142 Safari/537.36"
196.251.88.64 - - [25/Oct/2025:08:45:04 -0700] "GET //www.elconferencista.com/wp-includes/js/mediaelement/wp-mediaelement.min.js HTTP/1.1" 301 3841 "-" "Mozilla/5.0 (Windows NT 10.0; WOW64) AppleWebKit/537.36 (KHTML, like Gecko) Chrome/74.0.3729.169 Safari/537.36"
196.251.88.64 - - [25/Oct/2025:08:45:04 -0700] "GET //www.elconferencista.com/wp-content/plugins/whatsapp-for-wordpress/assets/js/whatsapp-popup.js HTTP/1.1" 301 3860 "-" "Mozilla/5.0 (Linux; Android 8.0.0; SM-A530F) AppleWebKit/537.36 (KHTML, like Gecko) Chrome/76.0.3809.111 Mobile Safari/537.36"
196.251.88.64 - - [25/Oct/2025:08:45:04 -0700] "GET //www.elconferencista.com/wp-includes/js/mediaelement/mediaelement-migrate.min.js HTTP/1.1" 301 3846 "-" "Mozilla/5.0 (Macintosh; Intel Mac OS X 10_13_6) AppleWebKit/537.36 (KHTML, like Gecko) Chrome/75.0.3770.142 Safari/537.36"
196.251.88.64 - - [25/Oct/2025:08:45:04 -0700] "GET //www.elconferencista.com/wp-content/themes/astra/assets/js/minified/flexibility.min.js HTTP/1.1" 301 3852 "-" "Mozilla/5.0 (compatible; MSIE 9.0; Windows NT 6.2; Trident/5.0)"
196.251.88.64 - - [25/Oct/2025:08:45:04 -0700] "GET //www.elconferencista.com/wp-content/themes/astra/assets/js/minified/frontend.min.js HTTP/1.1" 301 3849 "-" "Mozilla/5.0 (iPhone; CPU iPhone OS 10_2_1 like Mac OS X) AppleWebKit/602.4.6 (KHTML, like Gecko) Version/10.0 Mobile/14D27 Safari/602.1"
196.251.88.64 - - [25/Oct/2025:08:45:04 -0700] "GET //www.elconferencista.com/wp-includes/js/dist/i18n.min.js HTTP/1.1" 301 3822 "-" "Xenu Link Sleuth/1.3.8"
196.251.88.64 - - [25/Oct/2025:08:45:04 -0700] "GET //www.elconferencista.com/wp-includes/js/mediaelement/mediaelement-and-player.min.js HTTP/1.1" 301 3849 "-" "Mozilla/5.0 (Linux; Android 4.4.2; GT-I9190) AppleWebKit/537.36 (KHTML, like Gecko) Chrome/76.0.3809.89 Mobile Safari/537.36"
196.251.88.64 - - [25/Oct/2025:08:45:04 -0700] "GET //www.elconferencista.com/wp-includes/js/jquery/jquery.min.js HTTP/1.1" 301 3826 "-" "Mozilla/4.0 (compatible; MSIE 7.0; Windows NT 6.1; Trident/6.0)"
196.251.88.64 - - [25/Oct/2025:08:45:04 -0700] "GET //www.elconferencista.com/wp-content/plugins/elementor-pro/assets/lib/sticky/jquery.sticky.min.js HTTP/1.1" 301 3862 "-" "Mozilla/5.0 (Linux; Android 9; MI 8) AppleWebKit/537.36 (KHTML, like Gecko) Chrome/77.0.3865.42 Mobile Safari/537.36"
196.251.88.64 - - [25/Oct/2025:08:45:04 -0700] "GET //www.elconferencista.com/wp-content/plugins/elementor/assets/js/frontend.min.js HTTP/1.1" 200 30931 "-" "Googlebot/2.1 ( http://www.googlebot.com/bot.html)"
196.251.88.64 - - [25/Oct/2025:08:45:04 -0700] "GET //www.elconferencista.com/wp-content/plugins/elementskit-lite/widgets/init/assets/js/widget-scripts.js HTTP/1.1" 301 3867 "-" "Mozilla/5.0 (X11; U; OpenBSD arm; en-us) AppleWebKit/531.2 (KHTML, like Gecko) Safari/531.2 Epiphany/2.30.0"
196.251.88.64 - - [25/Oct/2025:08:45:04 -0700] "GET //www.elconferencista.com/xmlrpc.php HTTP/1.1" 301 3801 "-" "Mozilla/5.0 (Maemo; Linux armv7l; rv:10.0.1) Gecko/20100101 Firefox/10.0.1 Fennec/10.0.1"
196.251.88.64 - - [25/Oct/2025:08:45:04 -0700] "GET //www.google.com/recaptcha/api.js HTTP/1.1" 301 3798 "-" "Mozilla/5.0 (Windows NT 10.0; Win64; x64) AppleWebKit/537.36 (KHTML, like Gecko) Chrome/78.0.3889.0 Safari/537.36"
196.251.88.64 - - [25/Oct/2025:08:45:04 -0700] "GET //www.elconferencista.com/wp-content/plugins/elementskit-lite/widgets/init/assets/js/animate-circle.min.js HTTP/1.1" 301 3871 "-" "Mozilla/5.0 (Linux; Android 9; Pixel 3a) AppleWebKit/537.36 (KHTML, like Gecko) Chrome/76.0.3809.111 Mobile Safari/537.36"
196.251.88.64 - - [25/Oct/2025:08:45:04 -0700] "GET //www.elconferencista.com/wp-content/plugins/elementor/assets/lib/font-awesome/js/v4-shims.min.js HTTP/1.1" 301 3862 "-" "Mozilla/5.0 (Windows NT 6.2) AppleWebKit/536.6 (KHTML, like Gecko) Chrome/20.0.1090.0 Safari/536.6"
196.251.88.64 - - [25/Oct/2025:08:45:04 -0700] "GET /admin-ajax.php HTTP/1.1" 404 81621 "-" "Mozilla/5.0 (Windows NT 6.1; WOW64) AppleWebKit/537.36 (KHTML, like Gecko) Chrome/40.0.2214.89 Vivaldi/1.0.94.2 Safari/537.36"
196.251.88.64 - - [25/Oct/2025:08:45:04 -0700] "GET //www.elconferencista.com/wp-content/plugins/elementor-pro/assets/js/webpack-pro.runtime.min.js HTTP/1.1" 301 3860 "-" "BlackBerry7100i/4.1.0 Profile/MIDP-2.0 Configuration/CLDC-1.1 VendorID/103"
196.251.88.64 - - [25/Oct/2025:08:45:04 -0700] "GET //www.elconferencista.com/wp-content/plugins/elementor/assets/lib/jquery-numerator/jquery-numerator.min.js HTTP/1.1" 301 3871 "-" "Mozilla/5.0 (Linux; Android 4.4.2; SAMSUNG-SM-G900A Build/KOT49H) AppleWebKit/537.36 (KHTML, like Gecko) Chrome/45.0.2454.94 Mobile Safari/537.36"
196.251.88.64 - - [25/Oct/2025:08:45:04 -0700] "GET //www.elconferencista.com/wp-content/plugins/elementor/assets/lib/swiper/v8/swiper.min.js HTTP/1.1" 301 3854 "-" "Mozilla/5.0 (Linux; Android 8.0.0; HTC U11) AppleWebKit/537.36 (KHTML, like Gecko) Chrome/76.0.3809.111 Mobile Safari/537.36"
196.251.88.64 - - [25/Oct/2025:08:45:04 -0700] "GET //www.elconferencista.com/wp-content/plugins/whatsapp-for-wordpress/assets/js/whatsapp-button.js HTTP/1.1" 301 3861 "-" "Mozilla/5.0 (Linux; Android 9; SM-G901F Build/PQ3A.190705.003) AppleWebKit/537.36 (KHTML, like Gecko) Version/4.0 Chrome/76.0.3809.89 Mobile Safari/537.36"
196.251.88.64 - - [25/Oct/2025:08:45:04 -0700] "GET //www.elconferencista.com/wp-content/plugins/elementor/assets/js/frontend-modules.min.js HTTP/1.1" 301 3853 "-" "Mozilla/5.0 (Linux; Android 9; ONEPLUS A6013) AppleWebKit/537.36 (KHTML, like Gecko) Chrome/78.0.3880.5 Mobile Safari/537.36"
196.251.88.64 - - [25/Oct/2025:08:45:04 -0700] "GET /default.json HTTP/1.1" 404 81621 "-" "Mozilla/5.0 (Linux; U; Android 2.2; en-us; Droid Build/FRG22D) AppleWebKit/533.1 (KHTML, like Gecko) Version/4.0 Mobile Safari/533.1"
196.251.88.64 - - [25/Oct/2025:08:45:04 -0700] "GET /wp-emoji-release.min.js HTTP/1.1" 404 82167 "-" "Mozilla/5.0 (X11; U; Linux x86_64; sv-SE; rv:1.8.1.12) Gecko/20080207 Ubuntu/7.10 (gutsy) Firefox/2.0.0.12"
64.176.38.62 - - [25/Oct/2025:08:46:55 -0700] "GET /wp-login.php HTTP/2.0" 429 362 "-" "Mozilla/5.0 (Windows NT 10.0; Win64; x64) AppleWebKit/537.36 (KHTML, like Gecko) Chrome/130.0.0.0 Safari/537.36"
162.254.39.136 - - [25/Oct/2025:08:51:59 -0700] "GET /wp-login.php HTTP/2.0" 200 3583 "-" "Mozilla/5.0 (Windows NT 10.0; Win64; x64) AppleWebKit/537.36 (KHTML, like Gecko) Chrome/130.0.0.0 Safari/537.36"
69.163.179.91 - - [25/Oct/2025:08:52:04 -0700] "POST /wp-cron.php?doing_wp_cron=1761407524.4439220428466796875000 HTTP/1.1" 200 3647 "-" "WordPress/6.8.3; https://www.elconferencista.com"
162.254.39.136 - - [25/Oct/2025:08:52:07 -0700] "POST /wp-login.php HTTP/2.0" 200 3485 "https://www.elconferencista.com/wp-login.php" "Mozilla/5.0 (Windows NT 10.0; Win64; x64) AppleWebKit/537.36 (KHTML, like Gecko) Chrome/130.0.0.0 Safari/537.36"
88.99.242.20 - - [25/Oct/2025:08:52:14 -0700] "GET /wp-login.php HTTP/2.0" 429 363 "-" "Mozilla/5.0 (Windows NT 10.0; Win64; x64) AppleWebKit/537.36 (KHTML, like Gecko) Chrome/130.0.0.0 Safari/537.36"
112.86.225.118 - - [25/Oct/2025:08:52:37 -0700] "GET / HTTP/1.1" 200 34822 "-" "Sogou web spider/4.0(+http://www.sogou.com/docs/help/webmasters.htm#07)"
209.145.53.199 - - [25/Oct/2025:08:52:52 -0700] "GET /.env HTTP/1.1" 301 3865 "-" "python-requests/2.32.5"
62.171.139.181 - - [25/Oct/2025:08:56:51 -0700] "GET /wp-login.php HTTP/2.0" 429 351 "-" "Mozilla/5.0 (Windows NT 10.0; Win64; x64) AppleWebKit/537.36 (KHTML, like Gecko) Chrome/130.0.0.0 Safari/537.36"
178.239.147.118 - - [25/Oct/2025:08:57:13 -0700] "GET /wp-login.php HTTP/2.0" 429 351 "-" "Mozilla/5.0 (Windows NT 10.0; Win64; x64) AppleWebKit/537.36 (KHTML, like Gecko) Chrome/130.0.0.0 Safari/537.36"
50.28.2.112 - - [25/Oct/2025:08:57:19 -0700] "GET /wp-login.php HTTP/2.0" 429 352 "-" "Mozilla/5.0 (Windows NT 10.0; Win64; x64) AppleWebKit/537.36 (KHTML, like Gecko) Chrome/130.0.0.0 Safari/537.36"
89.117.74.114 - - [25/Oct/2025:08:57:25 -0700] "GET /wp-login.php HTTP/2.0" 429 351 "-" "Mozilla/5.0 (Windows NT 10.0; Win64; x64) AppleWebKit/537.36 (KHTML, like Gecko) Chrome/130.0.0.0 Safari/537.36"
34.76.195.30 - - [25/Oct/2025:08:58:04 -0700] "GET /wp-login.php HTTP/2.0" 429 342 "-" "Mozilla/5.0 (Windows NT 10.0; Win64; x64) AppleWebKit/537.36 (KHTML, like Gecko) Chrome/130.0.0.0 Safari/537.36"
147.135.22.97 - - [25/Oct/2025:08:58:11 -0700] "GET /wp-login.php HTTP/2.0" 429 351 "-" "Mozilla/5.0 (Windows NT 10.0; Win64; x64) AppleWebKit/537.36 (KHTML, like Gecko) Chrome/130.0.0.0 Safari/537.36"
185.231.155.169 - - [25/Oct/2025:09:00:16 -0700] "GET / HTTP/1.0" 429 3596 "https://www.elconferencista.com/" "Mozilla/5.0 (Windows NT 10.0; Win64; x64) AppleWebKit/537.36 (KHTML, like Gecko) Chrome/129.0.0.0 Safari/537.36"
85.114.135.165 - - [25/Oct/2025:09:00:39 -0700] "GET /wp-login.php HTTP/2.0" 429 351 "-" "Mozilla/5.0 (Windows NT 10.0; Win64; x64) AppleWebKit/537.36 (KHTML, like Gecko) Chrome/130.0.0.0 Safari/537.36"
103.26.10.125 - - [25/Oct/2025:09:01:21 -0700] "GET /wp-login.php HTTP/2.0" 429 351 "-" "Mozilla/5.0 (Windows NT 10.0; Win64; x64) AppleWebKit/537.36 (KHTML, like Gecko) Chrome/130.0.0.0 Safari/537.36"
178.239.147.118 - - [25/Oct/2025:09:01:57 -0700] "GET /wp-login.php HTTP/2.0" 429 351 "-" "Mozilla/5.0 (Windows NT 10.0; Win64; x64) AppleWebKit/537.36 (KHTML, like Gecko) Chrome/130.0.0.0 Safari/537.36"
132.148.73.213 - - [25/Oct/2025:09:03:25 -0700] "GET /wp-login.php HTTP/2.0" 429 362 "-" "Mozilla/5.0 (Windows NT 10.0; Win64; x64) AppleWebKit/537.36 (KHTML, like Gecko) Chrome/130.0.0.0 Safari/537.36"
104.28.226.248 - - [25/Oct/2025:09:05:32 -0700] "GET /wp-login.php HTTP/1.1" 200 7235 "-" "Mozilla/5.0 (X11; Linux x86_64) AppleWebKit/537.36 (KHTML, like Gecko) Chrome/134.0.0.0 Safari/537.36"
69.163.179.91 - - [25/Oct/2025:09:05:33 -0700] "POST /wp-cron.php?doing_wp_cron=1761408333.6470730304718017578125 HTTP/1.1" 200 3647 "-" "WordPress/6.8.3; https://www.elconferencista.com"
104.28.226.248 - - [25/Oct/2025:09:06:07 -0700] "GET /wp-login.php HTTP/1.1" 200 7235 "-" "Mozilla/5.0 (X11; Linux x86_64) AppleWebKit/537.36 (KHTML, like Gecko) Chrome/134.0.0.0 Safari/537.36"
69.163.179.91 - - [25/Oct/2025:09:06:08 -0700] "POST /wp-cron.php?doing_wp_cron=1761408368.1376268863677978515625 HTTP/1.1" 200 3647 "-" "WordPress/6.8.3; https://www.elconferencista.com"
209.74.68.11 - - [25/Oct/2025:09:06:14 -0700] "GET /wp-login.php HTTP/2.0" 200 3583 "-" "Mozilla/5.0 (Windows NT 10.0; Win64; x64) AppleWebKit/537.36 (KHTML, like Gecko) Chrome/130.0.0.0 Safari/537.36"
209.74.68.11 - - [25/Oct/2025:09:06:19 -0700] "POST /wp-login.php HTTP/2.0" 200 3458 "https://www.elconferencista.com/wp-login.php" "Mozilla/5.0 (Windows NT 10.0; Win64; x64) AppleWebKit/537.36 (KHTML, like Gecko) Chrome/130.0.0.0 Safari/537.36"
178.239.147.118 - - [25/Oct/2025:09:06:23 -0700] "GET /wp-login.php HTTP/2.0" 429 351 "-" "Mozilla/5.0 (Windows NT 10.0; Win64; x64) AppleWebKit/537.36 (KHTML, like Gecko) Chrome/130.0.0.0 Safari/537.36"
104.28.226.248 - - [25/Oct/2025:09:06:31 -0700] "GET /wp-admin/ HTTP/1.1" 302 3861 "-" "Mozilla/5.0 (X11; Linux x86_64) AppleWebKit/537.36 (KHTML, like Gecko) Chrome/134.0.0.0 Safari/537.36"
104.28.226.248 - - [25/Oct/2025:09:06:31 -0700] "GET /wp-login.php?redirect_to=https%3A%2F%2Fwww.elconferencista.com%2Fwp-admin%2F&reauth=1 HTTP/1.1" 200 5828 "-" "Mozilla/5.0 (X11; Linux x86_64) AppleWebKit/537.36 (KHTML, like Gecko) Chrome/134.0.0.0 Safari/537.36"
162.254.39.38 - - [25/Oct/2025:09:06:36 -0700] "GET /wp-login.php HTTP/2.0" 200 3583 "-" "Mozilla/5.0 (Windows NT 10.0; Win64; x64) AppleWebKit/537.36 (KHTML, like Gecko) Chrome/130.0.0.0 Safari/537.36"
162.254.39.38 - - [25/Oct/2025:09:06:37 -0700] "POST /wp-login.php HTTP/2.0" 200 3458 "https://www.elconferencista.com/wp-login.php" "Mozilla/5.0 (Windows NT 10.0; Win64; x64) AppleWebKit/537.36 (KHTML, like Gecko) Chrome/130.0.0.0 Safari/537.36"
151.80.33.134 - - [25/Oct/2025:09:06:43 -0700] "GET /wp-login.php HTTP/2.0" 429 351 "-" "Mozilla/5.0 (Windows NT 10.0; Win64; x64) AppleWebKit/537.36 (KHTML, like Gecko) Chrome/130.0.0.0 Safari/537.36"
178.33.109.193 - - [25/Oct/2025:09:06:44 -0700] "GET /wp-login.php HTTP/2.0" 429 351 "-" "Mozilla/5.0 (Windows NT 10.0; Win64; x64) AppleWebKit/537.36 (KHTML, like Gecko) Chrome/130.0.0.0 Safari/537.36"
139.59.254.118 - - [25/Oct/2025:09:11:20 -0700] "GET / HTTP/1.1" 429 3638 "-" "Mozilla/5.0 (Windows NT 10.0; Win64; x64) AppleWebKit/537.36 (KHTML, like Gecko) Chrome/88.0.4240.193 Safari/537.36"
139.59.254.118 - - [25/Oct/2025:09:11:20 -0700] "GET //wp-includes/wlwmanifest.xml HTTP/1.1" 429 529 "-" "Mozilla/5.0 (Windows NT 10.0; Win64; x64) AppleWebKit/537.36 (KHTML, like Gecko) Chrome/88.0.4240.193 Safari/537.36"
139.59.254.118 - - [25/Oct/2025:09:11:21 -0700] "GET //xmlrpc.php?rsd HTTP/1.1" 429 529 "-" "Mozilla/5.0 (Windows NT 10.0; Win64; x64) AppleWebKit/537.36 (KHTML, like Gecko) Chrome/88.0.4240.193 Safari/537.36"
139.59.254.118 - - [25/Oct/2025:09:11:21 -0700] "GET / HTTP/1.1" 429 529 "-" "Mozilla/5.0 (Windows NT 10.0; Win64; x64) AppleWebKit/537.36 (KHTML, like Gecko) Chrome/88.0.4240.193 Safari/537.36"
139.59.254.118 - - [25/Oct/2025:09:11:21 -0700] "GET //blog/wp-includes/wlwmanifest.xml HTTP/1.1" 429 529 "-" "Mozilla/5.0 (Windows NT 10.0; Win64; x64) AppleWebKit/537.36 (KHTML, like Gecko) Chrome/88.0.4240.193 Safari/537.36"
139.59.254.118 - - [25/Oct/2025:09:11:21 -0700] "GET //web/wp-includes/wlwmanifest.xml HTTP/1.1" 429 529 "-" "Mozilla/5.0 (Windows NT 10.0; Win64; x64) AppleWebKit/537.36 (KHTML, like Gecko) Chrome/88.0.4240.193 Safari/537.36"
139.59.254.118 - - [25/Oct/2025:09:11:21 -0700] "GET //wordpress/wp-includes/wlwmanifest.xml HTTP/1.1" 429 529 "-" "Mozilla/5.0 (Windows NT 10.0; Win64; x64) AppleWebKit/537.36 (KHTML, like Gecko) Chrome/88.0.4240.193 Safari/537.36"
139.59.254.118 - - [25/Oct/2025:09:11:22 -0700] "GET //website/wp-includes/wlwmanifest.xml HTTP/1.1" 429 529 "-" "Mozilla/5.0 (Windows NT 10.0; Win64; x64) AppleWebKit/537.36 (KHTML, like Gecko) Chrome/88.0.4240.193 Safari/537.36"
139.59.254.118 - - [25/Oct/2025:09:11:22 -0700] "GET //wp/wp-includes/wlwmanifest.xml HTTP/1.1" 429 529 "-" "Mozilla/5.0 (Windows NT 10.0; Win64; x64) AppleWebKit/537.36 (KHTML, like Gecko) Chrome/88.0.4240.193 Safari/537.36"
139.59.254.118 - - [25/Oct/2025:09:11:22 -0700] "GET //news/wp-includes/wlwmanifest.xml HTTP/1.1" 429 529 "-" "Mozilla/5.0 (Windows NT 10.0; Win64; x64) AppleWebKit/537.36 (KHTML, like Gecko) Chrome/88.0.4240.193 Safari/537.36"
139.59.254.118 - - [25/Oct/2025:09:11:22 -0700] "GET //2020/wp-includes/wlwmanifest.xml HTTP/1.1" 429 529 "-" "Mozilla/5.0 (Windows NT 10.0; Win64; x64) AppleWebKit/537.36 (KHTML, like Gecko) Chrome/88.0.4240.193 Safari/537.36"
139.59.254.118 - - [25/Oct/2025:09:11:22 -0700] "GET //2019/wp-includes/wlwmanifest.xml HTTP/1.1" 429 529 "-" "Mozilla/5.0 (Windows NT 10.0; Win64; x64) AppleWebKit/537.36 (KHTML, like Gecko) Chrome/88.0.4240.193 Safari/537.36"
139.59.254.118 - - [25/Oct/2025:09:11:23 -0700] "GET //shop/wp-includes/wlwmanifest.xml HTTP/1.1" 429 529 "-" "Mozilla/5.0 (Windows NT 10.0; Win64; x64) AppleWebKit/537.36 (KHTML, like Gecko) Chrome/88.0.4240.193 Safari/537.36"
139.59.254.118 - - [25/Oct/2025:09:11:23 -0700] "GET //wp1/wp-includes/wlwmanifest.xml HTTP/1.1" 429 529 "-" "Mozilla/5.0 (Windows NT 10.0; Win64; x64) AppleWebKit/537.36 (KHTML, like Gecko) Chrome/88.0.4240.193 Safari/537.36"
139.59.254.118 - - [25/Oct/2025:09:11:23 -0700] "GET //test/wp-includes/wlwmanifest.xml HTTP/1.1" 429 529 "-" "Mozilla/5.0 (Windows NT 10.0; Win64; x64) AppleWebKit/537.36 (KHTML, like Gecko) Chrome/88.0.4240.193 Safari/537.36"
139.59.254.118 - - [25/Oct/2025:09:11:23 -0700] "GET //wp2/wp-includes/wlwmanifest.xml HTTP/1.1" 429 529 "-" "Mozilla/5.0 (Windows NT 10.0; Win64; x64) AppleWebKit/537.36 (KHTML, like Gecko) Chrome/88.0.4240.193 Safari/537.36"
139.59.254.118 - - [25/Oct/2025:09:11:23 -0700] "GET //site/wp-includes/wlwmanifest.xml HTTP/1.1" 429 529 "-" "Mozilla/5.0 (Windows NT 10.0; Win64; x64) AppleWebKit/537.36 (KHTML, like Gecko) Chrome/88.0.4240.193 Safari/537.36"
139.59.254.118 - - [25/Oct/2025:09:11:24 -0700] "GET //cms/wp-includes/wlwmanifest.xml HTTP/1.1" 429 529 "-" "Mozilla/5.0 (Windows NT 10.0; Win64; x64) AppleWebKit/537.36 (KHTML, like Gecko) Chrome/88.0.4240.193 Safari/537.36"
139.59.254.118 - - [25/Oct/2025:09:11:24 -0700] "GET //sito/wp-includes/wlwmanifest.xml HTTP/1.1" 429 529 "-" "Mozilla/5.0 (Windows NT 10.0; Win64; x64) AppleWebKit/537.36 (KHTML, like Gecko) Chrome/88.0.4240.193 Safari/537.36"
92.205.110.219 - - [25/Oct/2025:09:12:22 -0700] "GET /wp-login.php HTTP/2.0" 429 351 "-" "Mozilla/5.0 (Windows NT 10.0; Win64; x64) AppleWebKit/537.36 (KHTML, like Gecko) Chrome/130.0.0.0 Safari/537.36"
50.28.2.112 - - [25/Oct/2025:09:12:24 -0700] "GET /wp-login.php HTTP/2.0" 429 352 "-" "Mozilla/5.0 (Windows NT 10.0; Win64; x64) AppleWebKit/537.36 (KHTML, like Gecko) Chrome/130.0.0.0 Safari/537.36"
89.117.74.114 - - [25/Oct/2025:09:15:28 -0700] "GET /wp-login.php HTTP/2.0" 429 351 "-" "Mozilla/5.0 (Windows NT 10.0; Win64; x64) AppleWebKit/537.36 (KHTML, like Gecko) Chrome/130.0.0.0 Safari/537.36"
