File: /home/ednermusika/logs/elconferencista.com/https/access.log.2025-10-25
46.148.206.226 - - [25/Oct/2025:00:46:41 -0700] "GET / HTTP/1.0" 429 3602 "https://www.elconferencista.com/" "Mozilla/5.0 (Windows NT 10.0; Win64; x64) AppleWebKit/537.36 (KHTML, like Gecko) Chrome/131.0.0.0 Safari/537.36 Avast/131.0.0.0"
5.39.109.177 - - [25/Oct/2025:00:56:51 -0700] "GET /robots.txt HTTP/2.0" 200 278 "-" "Mozilla/5.0 (compatible; AhrefsBot/7.0; +http://ahrefs.com/robot/)"
51.161.65.86 - - [25/Oct/2025:00:56:54 -0700] "GET /sitemap.xml HTTP/2.0" 200 3378 "-" "Mozilla/5.0 (compatible; AhrefsBot/7.0; +http://ahrefs.com/robot/)"
157.66.56.12 - - [25/Oct/2025:00:57:25 -0700] "GET /sftp-config.json HTTP/1.1" 429 3850 "-" "Mozilla/5.0 (Macintosh; Intel Mac OS X 10.15; rv:77.0) Gecko/20100101 Firefox/77.0"
157.66.56.12 - - [25/Oct/2025:00:57:26 -0700] "GET /.vscode/sftp.json HTTP/1.1" 429 3850 "-" "Mozilla/5.0 (Macintosh; Intel Mac OS X 10.15; rv:77.0) Gecko/20100101 Firefox/77.0"
69.163.179.91 - - [25/Oct/2025:00:58:57 -0700] "POST /wp-cron.php?doing_wp_cron=1761379137.4938600063323974609375 HTTP/1.1" 200 3647 "-" "WordPress/6.8.3; https://www.elconferencista.com"
69.163.179.91 - - [25/Oct/2025:00:58:58 -0700] "POST /wp-cron.php?doing_wp_cron=1761379138.5292038917541503906250 HTTP/1.1" 200 3647 "-" "WordPress/6.8.3; https://www.elconferencista.com"
43.159.135.203 - - [25/Oct/2025:00:58:55 -0700] "GET / HTTP/1.1" 200 34803 "http://elconferencista.com" "Mozilla/5.0 (iPhone; CPU iPhone OS 13_2_3 like Mac OS X) AppleWebKit/605.1.15 (KHTML, like Gecko) Version/13.0.3 Mobile/15E148 Safari/604.1"
82.221.141.100 - - [25/Oct/2025:01:10:25 -0700] "GET /wp-login.php HTTP/2.0" 429 351 "-" "Mozilla/5.0 (Macintosh; Intel Mac OS X 10_11_6) AppleWebKit/537.36 (KHTML, like Gecko) Chrome/67.0.3396.79 Safari/537.36"
104.28.226.248 - - [25/Oct/2025:01:11:13 -0700] "GET /wp-login.php HTTP/1.1" 200 7234 "-" "Mozilla/5.0 (X11; Linux x86_64) AppleWebKit/537.36 (KHTML, like Gecko) Chrome/134.0.0.0 Safari/537.36"
104.28.226.248 - - [25/Oct/2025:01:11:16 -0700] "POST /wp-login.php HTTP/1.1" 200 4030 "-" "Mozilla/5.0 (X11; Linux x86_64) AppleWebKit/537.36 (KHTML, like Gecko) Chrome/134.0.0.0 Safari/537.36"
69.163.179.91 - - [25/Oct/2025:01:11:15 -0700] "POST /wp-cron.php?doing_wp_cron=1761379875.0992870330810546875000 HTTP/1.1" 200 3647 "-" "WordPress/6.8.3; https://www.elconferencista.com"
104.28.226.248 - - [25/Oct/2025:01:11:18 -0700] "GET /wp-admin/ HTTP/1.1" 302 496 "-" "Mozilla/5.0 (X11; Linux x86_64) AppleWebKit/537.36 (KHTML, like Gecko) Chrome/134.0.0.0 Safari/537.36"
104.28.226.248 - - [25/Oct/2025:01:11:18 -0700] "GET /wp-login.php?redirect_to=https%3A%2F%2Fwww.elconferencista.com%2Fwp-admin%2F&reauth=1 HTTP/1.1" 200 5828 "-" "Mozilla/5.0 (X11; Linux x86_64) AppleWebKit/537.36 (KHTML, like Gecko) Chrome/134.0.0.0 Safari/537.36"
66.33.200.4 - - [25/Oct/2025:01:20:07 -0700] "GET / HTTP/1.1" 301 3786 "-" "DreamHost Data Team (+http://www.dreamhost.com/support/)"
66.33.200.4 - - [25/Oct/2025:01:20:10 -0700] "GET / HTTP/1.1" 200 34800 "-" "DreamHost Data Team (+http://www.dreamhost.com/support/)"
69.163.179.91 - - [25/Oct/2025:01:20:12 -0700] "POST /wp-cron.php?doing_wp_cron=1761380411.9773499965667724609375 HTTP/1.1" 200 3647 "-" "WordPress/6.8.3; https://www.elconferencista.com"
193.202.84.205 - - [25/Oct/2025:01:43:58 -0700] "GET /wp-login.php HTTP/1.1" 200 7182 "-" "Mozilla/5.0 (Windows NT 10.0; Win64; x64) AppleWebKit/537.36 (KHTML, like Gecko) Chrome/115.0.0.0 Safari/537.36 Edg/115.0.1901.203"
185.89.43.228 - - [25/Oct/2025:01:43:58 -0700] "GET /wp-login.php HTTP/1.1" 200 7182 "-" "Mozilla/5.0 (Windows NT 10.0; Win64; x64) AppleWebKit/537.36 (KHTML, like Gecko) Chrome/115.0.0.0 Safari/537.36 Edg/115.0.1901.203"
69.163.179.91 - - [25/Oct/2025:01:43:59 -0700] "POST /wp-cron.php?doing_wp_cron=1761381839.4050719738006591796875 HTTP/1.1" 200 3647 "-" "WordPress/6.8.3; https://www.elconferencista.com"
185.89.43.228 - - [25/Oct/2025:01:44:02 -0700] "GET /wp-json/wp/v2/users HTTP/1.1" 200 3456 "-" "Mozilla/5.0 (Windows NT 10.0; Win64; x64) AppleWebKit/537.36 (KHTML, like Gecko) Chrome/115.0.0.0 Safari/537.36 Edg/115.0.1901.203"
193.202.84.205 - - [25/Oct/2025:01:44:02 -0700] "GET /wp-json/wp/v2/users HTTP/1.1" 200 3456 "-" "Mozilla/5.0 (Windows NT 10.0; Win64; x64) AppleWebKit/537.36 (KHTML, like Gecko) Chrome/115.0.0.0 Safari/537.36 Edg/115.0.1901.203"
69.163.179.91 - - [25/Oct/2025:01:44:03 -0700] "POST /wp-cron.php?doing_wp_cron=1761381843.0400929450988769531250 HTTP/1.1" 200 3647 "-" "WordPress/6.8.3; https://www.elconferencista.com"
45.140.206.229 - - [25/Oct/2025:01:44:07 -0700] "GET /wp-login.php HTTP/1.1" 200 7182 "-" "Mozilla/5.0 (Windows NT 10.0; Win64; x64) AppleWebKit/537.36 (KHTML, like Gecko) Chrome/115.0.0.0 Safari/537.36 Edg/115.0.1901.203"
45.135.2.215 - - [25/Oct/2025:01:44:09 -0700] "GET /wp-login.php HTTP/1.1" 200 7182 "-" "Mozilla/5.0 (Windows NT 10.0; Win64; x64) AppleWebKit/537.36 (KHTML, like Gecko) Chrome/115.0.0.0 Safari/537.36 Edg/115.0.1901.203"
45.140.206.229 - - [25/Oct/2025:01:44:10 -0700] "POST /wp-login.php HTTP/1.1" 200 4310 "https://www.elconferencista.com/wp-login.php" "Mozilla/5.0 (Windows NT 10.0; Win64; x64) AppleWebKit/537.36 (KHTML, like Gecko) Chrome/115.0.0.0 Safari/537.36 Edg/115.0.1901.203"
5.181.170.73 - - [25/Oct/2025:01:44:11 -0700] "GET /wp-login.php HTTP/1.1" 200 7182 "-" "Mozilla/5.0 (Windows NT 10.0; Win64; x64) AppleWebKit/537.36 (KHTML, like Gecko) Chrome/115.0.0.0 Safari/537.36 Edg/115.0.1901.203"
185.102.113.141 - - [25/Oct/2025:01:44:11 -0700] "GET /wp-login.php HTTP/1.1" 200 7182 "-" "Mozilla/5.0 (Windows NT 10.0; Win64; x64) AppleWebKit/537.36 (KHTML, like Gecko) Chrome/115.0.0.0 Safari/537.36 Edg/115.0.1901.203"
5.181.170.73 - - [25/Oct/2025:01:44:13 -0700] "POST /wp-login.php HTTP/1.1" 200 4311 "https://www.elconferencista.com/wp-login.php" "Mozilla/5.0 (Windows NT 10.0; Win64; x64) AppleWebKit/537.36 (KHTML, like Gecko) Chrome/115.0.0.0 Safari/537.36 Edg/115.0.1901.203"
45.135.2.215 - - [25/Oct/2025:01:44:14 -0700] "POST /wp-login.php HTTP/1.1" 200 4311 "https://www.elconferencista.com/wp-login.php" "Mozilla/5.0 (Windows NT 10.0; Win64; x64) AppleWebKit/537.36 (KHTML, like Gecko) Chrome/115.0.0.0 Safari/537.36 Edg/115.0.1901.203"
93.177.119.112 - - [25/Oct/2025:01:44:14 -0700] "GET /wp-login.php HTTP/1.1" 200 7182 "-" "Mozilla/5.0 (Windows NT 10.0; Win64; x64) AppleWebKit/537.36 (KHTML, like Gecko) Chrome/115.0.0.0 Safari/537.36 Edg/115.0.1901.203"
185.102.113.141 - - [25/Oct/2025:01:44:14 -0700] "POST /wp-login.php HTTP/1.1" 200 4310 "https://www.elconferencista.com/wp-login.php" "Mozilla/5.0 (Windows NT 10.0; Win64; x64) AppleWebKit/537.36 (KHTML, like Gecko) Chrome/115.0.0.0 Safari/537.36 Edg/115.0.1901.203"
193.202.15.204 - - [25/Oct/2025:01:44:18 -0700] "GET /wp-login.php HTTP/1.1" 200 7182 "-" "Mozilla/5.0 (Windows NT 10.0; Win64; x64) AppleWebKit/537.36 (KHTML, like Gecko) Chrome/115.0.0.0 Safari/537.36 Edg/115.0.1901.203"
93.177.119.112 - - [25/Oct/2025:01:44:18 -0700] "POST /wp-login.php HTTP/1.1" 200 4312 "https://www.elconferencista.com/wp-login.php" "Mozilla/5.0 (Windows NT 10.0; Win64; x64) AppleWebKit/537.36 (KHTML, like Gecko) Chrome/115.0.0.0 Safari/537.36 Edg/115.0.1901.203"
45.132.184.168 - - [25/Oct/2025:01:44:18 -0700] "GET /wp-login.php HTTP/1.1" 200 7182 "-" "Mozilla/5.0 (Windows NT 10.0; Win64; x64) AppleWebKit/537.36 (KHTML, like Gecko) Chrome/115.0.0.0 Safari/537.36 Edg/115.0.1901.203"
193.202.15.204 - - [25/Oct/2025:01:44:20 -0700] "POST /wp-login.php HTTP/1.1" 200 4290 "https://www.elconferencista.com/wp-login.php" "Mozilla/5.0 (Windows NT 10.0; Win64; x64) AppleWebKit/537.36 (KHTML, like Gecko) Chrome/115.0.0.0 Safari/537.36 Edg/115.0.1901.203"
45.132.184.168 - - [25/Oct/2025:01:44:21 -0700] "POST /wp-login.php HTTP/1.1" 200 4312 "https://www.elconferencista.com/wp-login.php" "Mozilla/5.0 (Windows NT 10.0; Win64; x64) AppleWebKit/537.36 (KHTML, like Gecko) Chrome/115.0.0.0 Safari/537.36 Edg/115.0.1901.203"
130.49.78.97 - - [25/Oct/2025:01:44:22 -0700] "GET /wp-login.php HTTP/1.1" 200 7182 "-" "Mozilla/5.0 (Windows NT 10.0; Win64; x64) AppleWebKit/537.36 (KHTML, like Gecko) Chrome/115.0.0.0 Safari/537.36 Edg/115.0.1901.203"
130.49.78.97 - - [25/Oct/2025:01:44:24 -0700] "POST /wp-login.php HTTP/1.1" 200 4337 "https://www.elconferencista.com/wp-login.php" "Mozilla/5.0 (Windows NT 10.0; Win64; x64) AppleWebKit/537.36 (KHTML, like Gecko) Chrome/115.0.0.0 Safari/537.36 Edg/115.0.1901.203"
35.154.222.130 - - [25/Oct/2025:01:51:31 -0700] "GET /wp-login.php HTTP/2.0" 429 351 "-" "Mozilla/5.0 (Windows NT 5.1; Win64; x64) AppleWebKit/537.36 (KHTML, like Gecko) Chrome/58.0.3029.110 Safari/537.36 Edge/16.16299"
35.154.222.130 - - [25/Oct/2025:01:51:33 -0700] "POST /wp-login.php HTTP/2.0" 429 278 "https://www.elconferencista.com/wp-login.php" "Mozilla/5.0 (Windows NT 5.1; Win64; x64) AppleWebKit/537.36 (KHTML, like Gecko) Chrome/58.0.3029.110 Safari/537.36 Edge/16.16299"
40.86.42.83 - - [25/Oct/2025:02:02:49 -0700] "GET /wp-content/file.php HTTP/1.1" 403 3812 "-" "-"
40.86.42.83 - - [25/Oct/2025:02:02:50 -0700] "GET /wp-content/function.php HTTP/1.1" 403 485 "-" "-"
40.86.42.83 - - [25/Oct/2025:02:02:50 -0700] "GET /wp-content/lock360.php HTTP/1.1" 403 485 "-" "-"
40.86.42.83 - - [25/Oct/2025:02:02:50 -0700] "GET /wp-content/moon.php HTTP/1.1" 403 485 "-" "-"
40.86.42.83 - - [25/Oct/2025:02:02:50 -0700] "GET /wp-content/wp.php HTTP/1.1" 403 485 "-" "-"
40.86.42.83 - - [25/Oct/2025:02:02:50 -0700] "GET /wp-content/aa.php HTTP/1.1" 403 485 "-" "-"
40.86.42.83 - - [25/Oct/2025:02:02:50 -0700] "GET /wp-content/index.php HTTP/1.1" 403 485 "-" "-"
40.86.42.83 - - [25/Oct/2025:02:02:50 -0700] "GET /wp-content/ioxi-o.php HTTP/1.1" 403 485 "-" "-"
40.86.42.83 - - [25/Oct/2025:02:02:50 -0700] "GET /wp-content/autoload_classmap.php HTTP/1.1" 403 485 "-" "-"
40.86.42.83 - - [25/Oct/2025:02:02:50 -0700] "GET /wp-content/alfa.php HTTP/1.1" 403 485 "-" "-"
40.86.42.83 - - [25/Oct/2025:02:02:50 -0700] "GET /wp-content/bala.php HTTP/1.1" 403 485 "-" "-"
40.86.42.83 - - [25/Oct/2025:02:02:50 -0700] "GET /wp-content/about.php HTTP/1.1" 403 485 "-" "-"
40.86.42.83 - - [25/Oct/2025:02:02:51 -0700] "GET /wp-content/abcd.php HTTP/1.1" 403 485 "-" "-"
40.86.42.83 - - [25/Oct/2025:02:02:51 -0700] "GET /wp-content/ab.php HTTP/1.1" 403 485 "-" "-"
40.86.42.83 - - [25/Oct/2025:02:02:51 -0700] "GET /wp-content/classwithtostring.php HTTP/1.1" 403 485 "-" "-"
40.86.42.83 - - [25/Oct/2025:02:02:51 -0700] "GET /wp-content/install.php HTTP/1.1" 403 485 "-" "-"
40.86.42.83 - - [25/Oct/2025:02:02:51 -0700] "GET /wp-content/ova.php HTTP/1.1" 403 485 "-" "-"
40.86.42.83 - - [25/Oct/2025:02:02:51 -0700] "GET /wp-content/wsa.php HTTP/1.1" 403 485 "-" "-"
40.86.42.83 - - [25/Oct/2025:02:02:51 -0700] "GET /wp-content/admin.php HTTP/1.1" 403 485 "-" "-"
40.86.42.83 - - [25/Oct/2025:02:02:51 -0700] "GET /abcd.php HTTP/1.1" 403 485 "-" "-"
40.86.42.83 - - [25/Oct/2025:02:02:51 -0700] "GET /aa.php HTTP/1.1" 403 485 "-" "-"
40.86.42.83 - - [25/Oct/2025:02:02:51 -0700] "GET /about.php HTTP/1.1" 403 485 "-" "-"
40.86.42.83 - - [25/Oct/2025:02:02:52 -0700] "GET /admin.php HTTP/1.1" 403 485 "-" "-"
40.86.42.83 - - [25/Oct/2025:02:02:52 -0700] "GET /akc.php HTTP/1.1" 403 485 "-" "-"
40.86.42.83 - - [25/Oct/2025:02:02:52 -0700] "GET /alfa.php HTTP/1.1" 403 485 "-" "-"
40.86.42.83 - - [25/Oct/2025:02:02:52 -0700] "GET /asasx.php HTTP/1.1" 403 485 "-" "-"
40.86.42.83 - - [25/Oct/2025:02:02:52 -0700] "GET /atomlib.php HTTP/1.1" 403 485 "-" "-"
40.86.42.83 - - [25/Oct/2025:02:02:52 -0700] "GET /autoload_classmap.php HTTP/1.1" 403 485 "-" "-"
40.86.42.83 - - [25/Oct/2025:02:02:52 -0700] "GET /autoload_classmap/function.php HTTP/1.1" 403 485 "-" "-"
40.86.42.83 - - [25/Oct/2025:02:02:52 -0700] "GET /buy.php HTTP/1.1" 403 485 "-" "-"
40.86.42.83 - - [25/Oct/2025:02:02:52 -0700] "GET /chosen.php HTTP/1.1" 403 485 "-" "-"
40.86.42.83 - - [25/Oct/2025:02:02:52 -0700] "GET /classwithtostring.php HTTP/1.1" 403 485 "-" "-"
40.86.42.83 - - [25/Oct/2025:02:02:52 -0700] "GET /cong.php HTTP/1.1" 403 485 "-" "-"
40.86.42.83 - - [25/Oct/2025:02:02:53 -0700] "GET /edit.php HTTP/1.1" 403 485 "-" "-"
40.86.42.83 - - [25/Oct/2025:02:02:53 -0700] "GET /file.php HTTP/1.1" 403 485 "-" "-"
40.86.42.83 - - [25/Oct/2025:02:02:53 -0700] "GET /file2.php HTTP/1.1" 403 485 "-" "-"
40.86.42.83 - - [25/Oct/2025:02:02:53 -0700] "GET /flower.php HTTP/1.1" 403 485 "-" "-"
40.86.42.83 - - [25/Oct/2025:02:02:53 -0700] "GET /gecko.php HTTP/1.1" 403 485 "-" "-"
40.86.42.83 - - [25/Oct/2025:02:02:53 -0700] "GET /goat.php HTTP/1.1" 403 485 "-" "-"
40.86.42.83 - - [25/Oct/2025:02:02:53 -0700] "GET /goods.php HTTP/1.1" 403 485 "-" "-"
40.86.42.83 - - [25/Oct/2025:02:02:53 -0700] "GET /ioxi-o.php HTTP/1.1" 403 485 "-" "-"
40.86.42.83 - - [25/Oct/2025:02:02:53 -0700] "GET /lock360.php HTTP/1.1" 403 485 "-" "-"
40.86.42.83 - - [25/Oct/2025:02:02:53 -0700] "GET /makeasmtp.php HTTP/1.1" 403 485 "-" "-"
40.86.42.83 - - [25/Oct/2025:02:02:54 -0700] "GET /mm.php HTTP/1.1" 403 485 "-" "-"
40.86.42.83 - - [25/Oct/2025:02:02:54 -0700] "GET /nc4.php HTTP/1.1" 403 485 "-" "-"
40.86.42.83 - - [25/Oct/2025:02:02:54 -0700] "GET /tinyfilemanager.php HTTP/1.1" 403 485 "-" "-"
40.86.42.83 - - [25/Oct/2025:02:02:54 -0700] "GET /users.php HTTP/1.1" 403 485 "-" "-"
40.86.42.83 - - [25/Oct/2025:02:02:54 -0700] "GET /w.php HTTP/1.1" 403 485 "-" "-"
40.86.42.83 - - [25/Oct/2025:02:02:54 -0700] "GET /wp-admin/ HTTP/1.1" 403 485 "-" "-"
40.86.42.83 - - [25/Oct/2025:02:02:54 -0700] "GET /wp-admin/css/colors/blue/index.php HTTP/1.1" 403 485 "-" "-"
40.86.42.83 - - [25/Oct/2025:02:02:54 -0700] "GET /wp-admin/images/moon.php HTTP/1.1" 403 485 "-" "-"
40.86.42.83 - - [25/Oct/2025:02:02:54 -0700] "GET /wp-admin/js/index.php HTTP/1.1" 403 485 "-" "-"
40.86.42.83 - - [25/Oct/2025:02:02:54 -0700] "GET /wp-admin/setup-config.php HTTP/1.1" 403 485 "-" "-"
40.86.42.83 - - [25/Oct/2025:02:02:54 -0700] "GET /wp-api.php HTTP/1.1" 403 485 "-" "-"
40.86.42.83 - - [25/Oct/2025:02:02:55 -0700] "GET /wp-content/wp-conflg.php HTTP/1.1" 403 485 "-" "-"
40.86.42.83 - - [25/Oct/2025:02:02:55 -0700] "GET /wp-includes/IXR/autoload_classmap.php HTTP/1.1" 403 485 "-" "-"
40.86.42.83 - - [25/Oct/2025:02:02:55 -0700] "GET /wp-includes/fonts/admin.php HTTP/1.1" 403 485 "-" "-"
40.86.42.83 - - [25/Oct/2025:02:02:55 -0700] "GET /wp-includes/fonts/index.php HTTP/1.1" 403 485 "-" "-"
40.86.42.83 - - [25/Oct/2025:02:02:55 -0700] "GET /wp-setup.php HTTP/1.1" 403 485 "-" "-"
40.86.42.83 - - [25/Oct/2025:02:02:55 -0700] "GET /wp.php HTTP/1.1" 403 485 "-" "-"
40.86.42.83 - - [25/Oct/2025:02:02:55 -0700] "GET /wsa.php HTTP/1.1" 403 485 "-" "-"
185.27.132.26 - - [25/Oct/2025:02:06:19 -0700] "GET /wp-login.php HTTP/2.0" 429 359 "http://elconferencista.com/wp-login.php" "Mozilla/5.0 (Windows NT 10.0; Win64; x64; rv:144.0) Gecko/20100101 Firefox/144.0"
185.27.132.26 - - [25/Oct/2025:02:06:20 -0700] "GET /wp-login.php HTTP/2.0" 429 359 "http://www.elconferencista.com/wp-login.php" "Mozilla/5.0 (Windows NT 10.0; Win64; x64; rv:144.0) Gecko/20100101 Firefox/144.0"
185.27.132.26 - - [25/Oct/2025:02:06:20 -0700] "GET /wp-login.php HTTP/2.0" 429 359 "http://www.elconferencista.com/wp-login.php" "Mozilla/5.0 (Windows NT 10.0; Win64; x64; rv:144.0) Gecko/20100101 Firefox/144.0"
185.27.132.26 - - [25/Oct/2025:02:06:21 -0700] "GET /wp-login.php HTTP/2.0" 429 359 "http://www.elconferencista.com/wp-login.php" "Mozilla/5.0 (Windows NT 10.0; Win64; x64; rv:144.0) Gecko/20100101 Firefox/144.0"
103.175.163.182 - - [25/Oct/2025:02:22:19 -0700] "GET /wp-login.php HTTP/2.0" 429 362 "-" "Mozilla/5.0 (Windows NT 10.0; rv:60.0) Gecko/20100101 Firefox/60.0"
103.175.163.182 - - [25/Oct/2025:02:22:43 -0700] "POST /wp-login.php HTTP/2.0" 429 362 "https://www.elconferencista.com/wp-login.php" "Mozilla/5.0 (Windows NT 10.0; rv:60.0) Gecko/20100101 Firefox/60.0"
69.163.179.91 - - [25/Oct/2025:02:23:48 -0700] "POST /wp-cron.php?doing_wp_cron=1761384228.1653790473937988281250 HTTP/1.1" 200 3647 "-" "WordPress/6.8.3; https://www.elconferencista.com"
69.163.179.91 - - [25/Oct/2025:02:23:49 -0700] "POST /wp-cron.php?doing_wp_cron=1761384229.2061309814453125000000 HTTP/1.1" 200 3647 "-" "WordPress/6.8.3; https://www.elconferencista.com"
42.83.147.56 - - [25/Oct/2025:02:23:46 -0700] "GET / HTTP/1.1" 200 34654 "-" "Mozilla/5.0 (Windows NT 6.1; Win64; x64) AppleWebKit/537.36 (KHTML, like Gecko)Chrome/74.0.3729.169 Safari/537.36"
42.83.147.56 - - [25/Oct/2025:02:23:52 -0700] "GET / HTTP/1.1" 301 3584 "-" "Mozilla/5.0 (Windows NT 6.1; Win64; x64) AppleWebKit/537.36 (KHTML, like Gecko)Chrome/74.0.3729.169 Safari/537.36"
42.83.147.56 - - [25/Oct/2025:02:23:52 -0700] "GET / HTTP/1.1" 200 31502 "-" "Mozilla/5.0 (Windows NT 6.1; Win64; x64) AppleWebKit/537.36 (KHTML, like Gecko)Chrome/74.0.3729.169 Safari/537.36"
45.80.158.88 - - [25/Oct/2025:02:26:25 -0700] "POST /ALFA_DATA/alfacgiapi/perl.alfa HTTP/1.1" 404 114004 "www.google.com" "Mozlila/5.0 (Linux; Android 7.0; SM-G892A Bulid/NRD90M; wv) AppleWebKit/537.36 (KHTML, like Gecko) Version/4.0 Chrome/60.0.3112.107 Moblie Safari/537.36"
45.80.158.88 - - [25/Oct/2025:02:26:25 -0700] "GET /wp-content/themes/seotheme/db.php?u HTTP/1.1" 404 114077 "www.google.com" "Mozlila/5.0 (Linux; Android 7.0; SM-G892A Bulid/NRD90M; wv) AppleWebKit/537.36 (KHTML, like Gecko) Version/4.0 Chrome/60.0.3112.107 Moblie Safari/537.36"
45.80.158.88 - - [25/Oct/2025:02:26:31 -0700] "GET /wp-content/themes/seotheme/db.php?u HTTP/1.1" 301 3912 "www.google.com" "Mozlila/5.0 (Linux; Android 7.0; SM-G892A Bulid/NRD90M; wv) AppleWebKit/537.36 (KHTML, like Gecko) Version/4.0 Chrome/60.0.3112.107 Moblie Safari/537.36"
45.80.158.88 - - [25/Oct/2025:02:26:25 -0700] "GET /wp-content/plugins/fix/up.php HTTP/1.1" 404 114022 "-" "Mozilla/5.0 (Windows NT 10.0; Win64; x64) AppleWebKit/537.36 (KHTML, like Gecko) Chrome/85.0.4183.102 Safari/537.36"
69.163.179.91 - - [25/Oct/2025:02:26:29 -0700] "POST /wp-cron.php?doing_wp_cron=1761384389.4251570701599121093750 HTTP/1.1" 200 3647 "-" "WordPress/6.8.3; https://www.elconferencista.com"
45.80.158.88 - - [25/Oct/2025:02:26:25 -0700] "POST /wp-plain.php HTTP/1.1" 404 113984 "www.google.com" "Mozilla/5.0 (Linux; Android 7.0; SM-G892A Bulid/NRD90M; wv) AppleWebKit/537.36 (KHTML, like Gecko) Version/4.0 Chrome/60.0.3112.107 Moblie Safari/537.36"
45.80.158.88 - - [25/Oct/2025:02:26:32 -0700] "GET /kcpshyyl.php?Fox=d3wL7 HTTP/1.1" 301 558 "www.google.com" "Mozilla/5.0 (Linux; Android 7.0; SM-G892A Bulid/NRD90M; wv) AppleWebKit/537.36 (KHTML, like Gecko) Version/4.0 Chrome/60.0.3112.107 Moblie Safari/537.36"
45.80.158.88 - - [25/Oct/2025:02:26:31 -0700] "GET /wp-content/themes/seotheme/db.php?u HTTP/1.1" 404 110727 "www.google.com" "Mozlila/5.0 (Linux; Android 7.0; SM-G892A Bulid/NRD90M; wv) AppleWebKit/537.36 (KHTML, like Gecko) Version/4.0 Chrome/60.0.3112.107 Moblie Safari/537.36"
45.80.158.88 - - [25/Oct/2025:02:26:25 -0700] "GET / HTTP/1.1" 200 81621 "-" "Mozlila/5.0 (Linux; Android 7.0; SM-G892A Bulid/NRD90M; wv) AppleWebKit/537.36 (KHTML, like Gecko) Version/4.0 Chrome/60.0.3112.107 Moblie Safari/537.36"
45.80.158.88 - - [25/Oct/2025:02:26:31 -0700] "POST /alfacgiapi/perl.alfa HTTP/1.1" 404 110561 "www.google.com" "Mozlila/5.0 (Linux; Android 7.0; SM-G892A Bulid/NRD90M; wv) AppleWebKit/537.36 (KHTML, like Gecko) Version/4.0 Chrome/60.0.3112.107 Moblie Safari/537.36"
45.80.158.88 - - [25/Oct/2025:02:26:33 -0700] "GET /kcpshyyl.php?Fox=d3wL7 HTTP/1.1" 404 110634 "www.google.com" "Mozilla/5.0 (Linux; Android 7.0; SM-G892A Bulid/NRD90M; wv) AppleWebKit/537.36 (KHTML, like Gecko) Version/4.0 Chrome/60.0.3112.107 Moblie Safari/537.36"
45.80.158.88 - - [25/Oct/2025:02:26:33 -0700] "GET / HTTP/1.1" 200 159300 "-" "Mozlila/5.0 (Linux; Android 7.0; SM-G892A Bulid/NRD90M; wv) AppleWebKit/537.36 (KHTML, like Gecko) Version/4.0 Chrome/60.0.3112.107 Moblie Safari/537.36"
45.80.158.88 - - [25/Oct/2025:02:26:37 -0700] "GET /wp-content/plugins/apikey/apikey.php?test=hello HTTP/1.1" 404 110691 "-" "Mozlila/5.0 (Linux; Android 7.0; SM-G892A Bulid/NRD90M; wv) AppleWebKit/537.36 (KHTML, like Gecko) Version/4.0 Chrome/60.0.3112.107 Moblie Safari/537.36"
45.80.158.88 - - [25/Oct/2025:02:26:38 -0700] "GET /plugins/content/apismtp/apismtp.php?test=hello HTTP/1.1" 404 110691 "-" "Mozlila/5.0 (Linux; Android 7.0; SM-G892A Bulid/NRD90M; wv) AppleWebKit/537.36 (KHTML, like Gecko) Version/4.0 Chrome/60.0.3112.107 Moblie Safari/537.36"
45.80.158.88 - - [25/Oct/2025:02:26:39 -0700] "GET /wp-content/plugins/apikey/apikey.php.suspected?test=hello HTTP/1.1" 404 110691 "-" "Mozlila/5.0 (Linux; Android 7.0; SM-G892A Bulid/NRD90M; wv) AppleWebKit/537.36 (KHTML, like Gecko) Version/4.0 Chrome/60.0.3112.107 Moblie Safari/537.36"
45.80.158.88 - - [25/Oct/2025:02:26:45 -0700] "GET /plugins/content/apismtp/apismtp.php.suspected?test=hello HTTP/1.1" 404 114077 "-" "Mozlila/5.0 (Linux; Android 7.0; SM-G892A Bulid/NRD90M; wv) AppleWebKit/537.36 (KHTML, like Gecko) Version/4.0 Chrome/60.0.3112.107 Moblie Safari/537.36"
167.114.139.210 - - [25/Oct/2025:02:34:01 -0700] "GET /wp-sitemap.xml HTTP/2.0" 200 3387 "-" "Mozilla/5.0 (compatible; AhrefsBot/7.0; +http://ahrefs.com/robot/)"
163.223.13.96 - - [25/Oct/2025:02:38:13 -0700] "GET /wp-login.php HTTP/2.0" 429 352 "-" "Mozilla/5.0 (compatible; MSIE 9.0; Windows NT 6.1; WOW64; Trident/7.0; Swinburne)"
163.223.13.96 - - [25/Oct/2025:02:38:14 -0700] "POST /wp-login.php HTTP/2.0" 429 278 "https://www.elconferencista.com/wp-login.php" "Mozilla/5.0 (compatible; MSIE 9.0; Windows NT 6.1; WOW64; Trident/7.0; Swinburne)"
185.39.19.49 - - [25/Oct/2025:02:45:03 -0700] "GET / HTTP/1.0" 429 3595 "https://www.elconferencista.com/" "Mozilla/5.0 (Windows NT 10.0; Win64; x64) AppleWebKit/537.36 (KHTML, like Gecko) Chrome/130.0.0.0 Safari/537.36 CCleaner/130.0.0.0"
4.43.184.114 - - [25/Oct/2025:02:51:26 -0700] "GET / HTTP/1.0" 421 2900 "-" "Mozilla/5.0 (Macintosh; Intel Mac OS X 10_6_8) AppleWebKit/534.50 (KHTML, like Gecko) Version/5.1 Safari/534.50"
17.246.19.64 - - [25/Oct/2025:02:53:45 -0700] "GET /robots.txt HTTP/1.1" 200 3831 "-" "Mozilla/5.0 (Macintosh; Intel Mac OS X 10_15_7) AppleWebKit/605.1.15 (KHTML, like Gecko) Version/17.4 Safari/605.1.15 (Applebot/0.1; +http://www.apple.com/go/applebot)"
17.246.19.64 - - [25/Oct/2025:02:53:45 -0700] "GET /wp-content/uploads/2022/09/CONFERENCIA-FARMACIAS-SFA.jpg HTTP/1.1" 200 64734 "-" "Mozilla/5.0 (Macintosh; Intel Mac OS X 10_15_7) AppleWebKit/605.1.15 (KHTML, like Gecko) Version/17.4 Safari/605.1.15 (Applebot/0.1; +http://www.apple.com/go/applebot)"
198.44.130.67 - - [25/Oct/2025:02:55:49 -0700] "GET /wp-login.php HTTP/2.0" 301 371 "-" "Mozilla/5.0 (Macintosh; Intel Mac OS X 10.15; rv:136.0) Gecko/20100101 Firefox/136.0"
173.249.217.3 - - [25/Oct/2025:02:55:50 -0700] "GET /wp-login.php HTTP/2.0" 200 3582 "https://elconferencista.com/wp-login.php" "Mozilla/5.0 (Macintosh; Intel Mac OS X 10.15; rv:136.0) Gecko/20100101 Firefox/136.0"
69.163.179.91 - - [25/Oct/2025:02:55:51 -0700] "POST /wp-cron.php?doing_wp_cron=1761386151.7992520332336425781250 HTTP/1.1" 200 3647 "-" "WordPress/6.8.3; https://www.elconferencista.com"
173.249.217.3 - - [25/Oct/2025:02:55:53 -0700] "POST /wp-login.php HTTP/2.0" 200 3495 "-" "Mozilla/5.0 (Macintosh; Intel Mac OS X 10.15; rv:136.0) Gecko/20100101 Firefox/136.0"
74.208.92.227 - - [25/Oct/2025:03:03:05 -0700] "GET /wp-login.php HTTP/2.0" 429 351 "-" "Mozilla/5.0 (compatible; MSIE 10.0; Windows NT 6.1; Win64; x64; Trident/7.0)"
193.202.14.195 - - [25/Oct/2025:03:06:03 -0700] "GET /wp-login.php HTTP/1.1" 200 7182 "-" "Mozilla/5.0 (Windows NT 10.0; Win64; x64) AppleWebKit/537.36 (KHTML, like Gecko) Chrome/115.0.0.0 Safari/537.36 Edg/115.0.1901.203"
69.163.179.91 - - [25/Oct/2025:03:06:04 -0700] "POST /wp-cron.php?doing_wp_cron=1761386764.7503409385681152343750 HTTP/1.1" 200 3647 "-" "WordPress/6.8.3; https://www.elconferencista.com"
193.202.14.195 - - [25/Oct/2025:03:06:08 -0700] "GET /wp-json/wp/v2/users HTTP/1.1" 200 3456 "-" "Mozilla/5.0 (Windows NT 10.0; Win64; x64) AppleWebKit/537.36 (KHTML, like Gecko) Chrome/115.0.0.0 Safari/537.36 Edg/115.0.1901.203"
193.203.11.88 - - [25/Oct/2025:03:06:08 -0700] "GET /wp-login.php HTTP/1.1" 200 7182 "-" "Mozilla/5.0 (Windows NT 10.0; Win64; x64) AppleWebKit/537.36 (KHTML, like Gecko) Chrome/115.0.0.0 Safari/537.36 Edg/115.0.1901.203"
45.140.205.19 - - [25/Oct/2025:03:06:12 -0700] "GET /wp-login.php HTTP/1.1" 200 7182 "-" "Mozilla/5.0 (Windows NT 10.0; Win64; x64) AppleWebKit/537.36 (KHTML, like Gecko) Chrome/115.0.0.0 Safari/537.36 Edg/115.0.1901.203"
130.49.10.148 - - [25/Oct/2025:03:06:12 -0700] "GET /wp-login.php HTTP/1.1" 200 7182 "-" "Mozilla/5.0 (Windows NT 10.0; Win64; x64) AppleWebKit/537.36 (KHTML, like Gecko) Chrome/115.0.0.0 Safari/537.36 Edg/115.0.1901.203"
193.203.11.88 - - [25/Oct/2025:03:06:12 -0700] "GET /wp-json/wp/v2/users HTTP/1.1" 200 3456 "-" "Mozilla/5.0 (Windows NT 10.0; Win64; x64) AppleWebKit/537.36 (KHTML, like Gecko) Chrome/115.0.0.0 Safari/537.36 Edg/115.0.1901.203"
45.140.205.19 - - [25/Oct/2025:03:06:15 -0700] "POST /wp-login.php HTTP/1.1" 200 4311 "https://www.elconferencista.com/wp-login.php" "Mozilla/5.0 (Windows NT 10.0; Win64; x64) AppleWebKit/537.36 (KHTML, like Gecko) Chrome/115.0.0.0 Safari/537.36 Edg/115.0.1901.203"
130.49.10.148 - - [25/Oct/2025:03:06:16 -0700] "POST /wp-login.php HTTP/1.1" 200 4310 "https://www.elconferencista.com/wp-login.php" "Mozilla/5.0 (Windows NT 10.0; Win64; x64) AppleWebKit/537.36 (KHTML, like Gecko) Chrome/115.0.0.0 Safari/537.36 Edg/115.0.1901.203"
77.220.192.250 - - [25/Oct/2025:03:06:19 -0700] "GET /wp-login.php HTTP/1.1" 200 7182 "-" "Mozilla/5.0 (Windows NT 10.0; Win64; x64) AppleWebKit/537.36 (KHTML, like Gecko) Chrome/115.0.0.0 Safari/537.36 Edg/115.0.1901.203"
193.202.81.142 - - [25/Oct/2025:03:06:19 -0700] "GET /wp-login.php HTTP/1.1" 200 7182 "-" "Mozilla/5.0 (Windows NT 10.0; Win64; x64) AppleWebKit/537.36 (KHTML, like Gecko) Chrome/115.0.0.0 Safari/537.36 Edg/115.0.1901.203"
77.220.192.250 - - [25/Oct/2025:03:06:21 -0700] "POST /wp-login.php HTTP/1.1" 200 4311 "https://www.elconferencista.com/wp-login.php" "Mozilla/5.0 (Windows NT 10.0; Win64; x64) AppleWebKit/537.36 (KHTML, like Gecko) Chrome/115.0.0.0 Safari/537.36 Edg/115.0.1901.203"
130.49.10.148 - - [25/Oct/2025:03:06:22 -0700] "GET /wp-login.php HTTP/1.1" 200 7182 "-" "Mozilla/5.0 (Windows NT 10.0; Win64; x64) AppleWebKit/537.36 (KHTML, like Gecko) Chrome/115.0.0.0 Safari/537.36 Edg/115.0.1901.203"
193.202.81.142 - - [25/Oct/2025:03:06:22 -0700] "POST /wp-login.php HTTP/1.1" 200 4310 "https://www.elconferencista.com/wp-login.php" "Mozilla/5.0 (Windows NT 10.0; Win64; x64) AppleWebKit/537.36 (KHTML, like Gecko) Chrome/115.0.0.0 Safari/537.36 Edg/115.0.1901.203"
130.49.10.148 - - [25/Oct/2025:03:06:26 -0700] "POST /wp-login.php HTTP/1.1" 200 4290 "https://www.elconferencista.com/wp-login.php" "Mozilla/5.0 (Windows NT 10.0; Win64; x64) AppleWebKit/537.36 (KHTML, like Gecko) Chrome/115.0.0.0 Safari/537.36 Edg/115.0.1901.203"
83.142.53.250 - - [25/Oct/2025:03:06:29 -0700] "GET /wp-login.php HTTP/1.1" 200 7182 "-" "Mozilla/5.0 (Windows NT 10.0; Win64; x64) AppleWebKit/537.36 (KHTML, like Gecko) Chrome/115.0.0.0 Safari/537.36 Edg/115.0.1901.203"
45.159.20.120 - - [25/Oct/2025:03:06:30 -0700] "GET /wp-login.php HTTP/1.1" 200 7182 "-" "Mozilla/5.0 (Windows NT 10.0; Win64; x64) AppleWebKit/537.36 (KHTML, like Gecko) Chrome/115.0.0.0 Safari/537.36 Edg/115.0.1901.203"
83.142.53.250 - - [25/Oct/2025:03:06:32 -0700] "POST /wp-login.php HTTP/1.1" 200 4312 "https://www.elconferencista.com/wp-login.php" "Mozilla/5.0 (Windows NT 10.0; Win64; x64) AppleWebKit/537.36 (KHTML, like Gecko) Chrome/115.0.0.0 Safari/537.36 Edg/115.0.1901.203"
45.159.20.120 - - [25/Oct/2025:03:06:34 -0700] "POST /wp-login.php HTTP/1.1" 200 4312 "https://www.elconferencista.com/wp-login.php" "Mozilla/5.0 (Windows NT 10.0; Win64; x64) AppleWebKit/537.36 (KHTML, like Gecko) Chrome/115.0.0.0 Safari/537.36 Edg/115.0.1901.203"
74.50.80.136 - - [25/Oct/2025:03:11:34 -0700] "GET /wp-login.php HTTP/2.0" 429 351 "-" "Mozilla/5.0 (X11; Linux x86_64) AppleWebKit/537.36 (KHTML, like Gecko) Chrome/65.0.3325.162 Safari/537.36"
74.50.80.136 - - [25/Oct/2025:03:12:40 -0700] "GET /wp-login.php HTTP/2.0" 429 351 "-" "Mozilla/5.0 (X11; Linux x86_64) AppleWebKit/537.36 (KHTML, like Gecko) Chrome/65.0.3325.162 Safari/537.36"
74.50.80.136 - - [25/Oct/2025:03:12:55 -0700] "GET /wp-login.php HTTP/2.0" 429 351 "-" "Mozilla/5.0 (X11; Linux x86_64) AppleWebKit/537.36 (KHTML, like Gecko) Chrome/65.0.3325.162 Safari/537.36"
74.50.80.136 - - [25/Oct/2025:03:13:08 -0700] "POST /wp-login.php HTTP/2.0" 429 351 "https://www.elconferencista.com/wp-login.php" "Mozilla/5.0 (X11; Linux x86_64) AppleWebKit/537.36 (KHTML, like Gecko) Chrome/65.0.3325.162 Safari/537.36"
194.63.239.143 - - [25/Oct/2025:03:18:07 -0700] "GET /wp-login.php HTTP/2.0" 429 351 "-" "Mozilla/5.0 (Windows NT 6.2; WOW64; Trident/7.0; rv:11.0) like Gecko"
194.63.239.143 - - [25/Oct/2025:03:18:13 -0700] "POST /wp-login.php HTTP/2.0" 429 278 "https://www.elconferencista.com/wp-login.php" "Mozilla/5.0 (Windows NT 6.2; WOW64; Trident/7.0; rv:11.0) like Gecko"
170.106.163.48 - - [25/Oct/2025:03:21:21 -0700] "GET / HTTP/1.1" 200 34802 "https://ednergranados.com/" "Mozilla/5.0 (iPhone; CPU iPhone OS 13_2_3 like Mac OS X) AppleWebKit/605.1.15 (KHTML, like Gecko) Version/13.0.3 Mobile/15E148 Safari/604.1"
69.163.179.91 - - [25/Oct/2025:03:21:22 -0700] "POST /wp-cron.php?doing_wp_cron=1761387682.8888609409332275390625 HTTP/1.1" 200 3647 "-" "WordPress/6.8.3; https://www.elconferencista.com"
103.175.163.22 - - [25/Oct/2025:03:26:11 -0700] "GET /wp-login.php HTTP/2.0" 429 362 "-" "Mozilla/5.0 (Windows NT 6.1; WOW64; rv:60.0) Gecko/20100101 Firefox/60.0"
103.175.163.22 - - [25/Oct/2025:03:26:13 -0700] "POST /wp-login.php HTTP/2.0" 429 278 "https://www.elconferencista.com/wp-login.php" "Mozilla/5.0 (Windows NT 6.1; WOW64; rv:60.0) Gecko/20100101 Firefox/60.0"
205.196.221.238 - - [25/Oct/2025:03:34:07 -0700] "GET /wp-login.php HTTP/2.0" 200 3582 "-" "Mozilla/5.0 (compatible; MSIE 9.0; Windows NT 6.1; WOW64; Trident/7.0)"
69.163.179.91 - - [25/Oct/2025:03:34:08 -0700] "POST /wp-cron.php?doing_wp_cron=1761388448.5472040176391601562500 HTTP/1.1" 200 3647 "-" "WordPress/6.8.3; https://www.elconferencista.com"
205.196.221.238 - - [25/Oct/2025:03:34:45 -0700] "POST /wp-login.php HTTP/2.0" 200 3713 "https://www.elconferencista.com/wp-login.php" "Mozilla/5.0 (compatible; MSIE 9.0; Windows NT 6.1; WOW64; Trident/7.0)"
196.251.114.44 - - [25/Oct/2025:03:47:27 -0700] "POST /wp-confiq.php HTTP/1.1" 301 3883 "www.google.com" "Mozilla/6.4 (Windows NT 11.1) Gecko/2010102 Firefox/99.0"
69.163.179.91 - - [25/Oct/2025:03:47:29 -0700] "POST /wp-cron.php?doing_wp_cron=1761389249.8616020679473876953125 HTTP/1.1" 200 3647 "-" "WordPress/6.8.3; https://www.elconferencista.com"
69.163.179.91 - - [25/Oct/2025:03:47:30 -0700] "POST /wp-cron.php?doing_wp_cron=1761389250.9016380310058593750000 HTTP/1.1" 200 3647 "-" "WordPress/6.8.3; https://www.elconferencista.com"
196.251.114.44 - - [25/Oct/2025:03:47:28 -0700] "GET /wp-confiq.php HTTP/1.1" 404 113988 "www.google.com" "Mozilla/6.4 (Windows NT 11.1) Gecko/2010102 Firefox/99.0"
17.246.19.92 - - [25/Oct/2025:04:03:57 -0700] "GET /wp-content/uploads/2022/09/CONFERENCIA-GRAN-FORO-INMOBILIARIO.jpg HTTP/1.1" 200 67054 "-" "Mozilla/5.0 (Macintosh; Intel Mac OS X 10_15_7) AppleWebKit/605.1.15 (KHTML, like Gecko) Version/17.4 Safari/605.1.15 (Applebot/0.1; +http://www.apple.com/go/applebot)"
185.247.137.246 - - [25/Oct/2025:04:11:02 -0700] "GET / HTTP/1.1" 421 3840 "https://ednergranados.com/" "Mozilla/5.0 (compatible; InternetMeasurement/1.0; +https://internet-measurement.com/)"
77.75.76.172 - - [25/Oct/2025:04:15:29 -0700] "GET /?products=78 HTTP/1.1" 200 34849 "-" "Mozilla/5.0 (compatible; SeznamBot/4.0; +https://o-seznam.cz/napoveda/vyhledavani/en/seznambot-crawler/)"
69.163.179.91 - - [25/Oct/2025:04:15:31 -0700] "POST /wp-cron.php?doing_wp_cron=1761390931.3485898971557617187500 HTTP/1.1" 200 3647 "-" "WordPress/6.8.3; https://www.elconferencista.com"
15.235.98.209 - - [25/Oct/2025:04:18:03 -0700] "GET /sitemap.xml HTTP/2.0" 200 3371 "-" "Mozilla/5.0 (compatible; AhrefsBot/7.0; +http://ahrefs.com/robot/)"
66.249.73.166 - - [25/Oct/2025:04:25:58 -0700] "GET /500 HTTP/1.1" 200 30024 "-" "Googlebot-Image/1.0"
4.43.184.114 - - [25/Oct/2025:04:34:27 -0700] "GET / HTTP/1.0" 421 2900 "-" "Mozilla/4.0 (compatible; MSIE 8.0; Windows NT 6.1)"
117.253.132.163 - - [25/Oct/2025:04:41:56 -0700] "POST /xmlrpc.php HTTP/1.1" 301 3862 "-" "Mozilla/5.0 (Windows NT 10.0; x64) AppleWebKit/537.36 (KHTML, like Gecko) Firefox/96.0.0.0 Safari/537.36"
117.253.132.163 - - [25/Oct/2025:04:41:58 -0700] "GET /xmlrpc.php HTTP/1.1" 405 3648 "-" "Mozilla/5.0 (Windows NT 10.0; x64) AppleWebKit/537.36 (KHTML, like Gecko) Firefox/96.0.0.0 Safari/537.36"
69.163.179.91 - - [25/Oct/2025:04:41:59 -0700] "POST /wp-cron.php?doing_wp_cron=1761392519.7569549083709716796875 HTTP/1.1" 200 3647 "-" "WordPress/6.8.3; https://www.elconferencista.com"
178.20.45.159 - - [25/Oct/2025:04:44:09 -0700] "GET / HTTP/1.0" 200 162370 "https://www.elconferencista.com/" "Mozilla/5.0 (Windows NT 10.0; Win64; x64) AppleWebKit/537.36 (KHTML, like Gecko) Chrome/130.0.0.0 Safari/537.36"
69.163.179.91 - - [25/Oct/2025:04:44:10 -0700] "POST /wp-cron.php?doing_wp_cron=1761392650.6084020137786865234375 HTTP/1.1" 200 3647 "-" "WordPress/6.8.3; https://www.elconferencista.com"
209.87.169.174 - - [25/Oct/2025:05:01:17 -0700] "GET /wp-content/ HTTP/1.1" 200 3659 "-" "Mozilla/5.0 (Macintosh; Intel Mac OS X 10.15; rv:77.0) Gecko/20100101 Firefox/77.0"
69.163.179.91 - - [25/Oct/2025:05:06:08 -0700] "POST /wp-cron.php?doing_wp_cron=1761393968.9371678829193115234375 HTTP/1.1" 200 3647 "-" "WordPress/6.8.3; https://www.elconferencista.com"
69.163.179.91 - - [25/Oct/2025:05:06:09 -0700] "POST /wp-cron.php?doing_wp_cron=1761393969.9766659736633300781250 HTTP/1.1" 200 3647 "-" "WordPress/6.8.3; https://www.elconferencista.com"
45.131.195.62 - - [25/Oct/2025:05:06:07 -0700] "GET /.env HTTP/1.1" 404 82182 "-" "Mozilla/5.0 (Macintosh; Intel Mac OS X 10.15; rv:77.0) Gecko/20100101 Firefox/77.0"
112.86.225.240 - - [25/Oct/2025:05:12:11 -0700] "GET / HTTP/1.1" 200 34841 "-" "Sogou web spider/4.0(+http://www.sogou.com/docs/help/webmasters.htm#07)"
69.163.179.91 - - [25/Oct/2025:05:12:13 -0700] "POST /wp-cron.php?doing_wp_cron=1761394332.9800460338592529296875 HTTP/1.1" 200 3647 "-" "WordPress/6.8.3; https://www.elconferencista.com"
5.102.106.162 - - [25/Oct/2025:05:12:59 -0700] "GET / HTTP/1.1" 301 3805 "-" "Mozilla/5.0 (Windows NT 10.0; Win64; x64) AppleWebKit/537.36 (KHTML, like Gecko) Chrome/119.0.0.0 Safari/537.36"
5.102.106.162 - - [25/Oct/2025:05:13:00 -0700] "GET / HTTP/1.1" 200 34807 "-" "Mozilla/5.0 (Windows NT 10.0; Win64; x64) AppleWebKit/537.36 (KHTML, like Gecko) Chrome/119.0.0.0 Safari/537.36"
112.86.225.124 - - [25/Oct/2025:05:14:56 -0700] "GET / HTTP/1.1" 200 34844 "-" "Sogou web spider/4.0(+http://www.sogou.com/docs/help/webmasters.htm#07)"
69.163.179.91 - - [25/Oct/2025:05:14:58 -0700] "POST /wp-cron.php?doing_wp_cron=1761394498.0392780303955078125000 HTTP/1.1" 200 3647 "-" "WordPress/6.8.3; https://www.elconferencista.com"
69.163.179.91 - - [25/Oct/2025:05:15:40 -0700] "POST /wp-cron.php?doing_wp_cron=1761394540.5644729137420654296875 HTTP/1.1" 200 3647 "-" "WordPress/6.8.3; https://www.elconferencista.com"
15.207.106.132 - - [25/Oct/2025:05:15:39 -0700] "GET /wp-admin/css/ HTTP/1.1" 404 113926 "binance.com" "Mozilla/5.0 (Windows NT 10.0; Win64; x64) AppleWebKit/537.36 (KHTML, like Gecko) Chrome/90.0.4430.85 Safari/537.36"
69.163.179.91 - - [25/Oct/2025:05:16:03 -0700] "POST /wp-cron.php?doing_wp_cron=1761394563.3953719139099121093750 HTTP/1.1" 200 3647 "-" "WordPress/6.8.3; https://www.elconferencista.com"
15.207.106.132 - - [25/Oct/2025:05:16:02 -0700] "GET /.well-known/ HTTP/1.1" 404 113926 "binance.com" "Mozilla/5.0 (Windows NT 10.0; Win64; x64) AppleWebKit/537.36 (KHTML, like Gecko) Chrome/90.0.4430.85 Safari/537.36"
15.207.106.132 - - [25/Oct/2025:05:16:26 -0700] "GET /sites/default/files/ HTTP/1.1" 404 114019 "binance.com" "Mozilla/5.0 (Windows NT 10.0; Win64; x64) AppleWebKit/537.36 (KHTML, like Gecko) Chrome/90.0.4430.85 Safari/537.36"
15.207.106.132 - - [25/Oct/2025:05:17:57 -0700] "GET /admin/controller/extension/extension/ HTTP/1.1" 404 114019 "binance.com" "Mozilla/5.0 (Windows NT 10.0; Win64; x64) AppleWebKit/537.36 (KHTML, like Gecko) Chrome/90.0.4430.85 Safari/537.36"
69.163.179.91 - - [25/Oct/2025:05:17:59 -0700] "POST /wp-cron.php?doing_wp_cron=1761394679.1348030567169189453125 HTTP/1.1" 200 3647 "-" "WordPress/6.8.3; https://www.elconferencista.com"
69.163.179.91 - - [25/Oct/2025:05:18:36 -0700] "POST /wp-cron.php?doing_wp_cron=1761394716.6001648902893066406250 HTTP/1.1" 200 3647 "-" "WordPress/6.8.3; https://www.elconferencista.com"
15.207.106.132 - - [25/Oct/2025:05:18:35 -0700] "GET /uploads/ HTTP/1.1" 404 113926 "binance.com" "Mozilla/5.0 (Windows NT 10.0; Win64; x64) AppleWebKit/537.36 (KHTML, like Gecko) Chrome/90.0.4430.85 Safari/537.36"
69.163.179.91 - - [25/Oct/2025:05:19:41 -0700] "POST /wp-cron.php?doing_wp_cron=1761394781.9372580051422119140625 HTTP/1.1" 200 3647 "-" "WordPress/6.8.3; https://www.elconferencista.com"
15.207.106.132 - - [25/Oct/2025:05:19:41 -0700] "GET /images/ HTTP/1.1" 404 113926 "binance.com" "Mozilla/5.0 (Windows NT 10.0; Win64; x64) AppleWebKit/537.36 (KHTML, like Gecko) Chrome/90.0.4430.85 Safari/537.36"
15.207.106.132 - - [25/Oct/2025:05:20:00 -0700] "GET /files/ HTTP/1.1" 404 113926 "binance.com" "Mozilla/5.0 (Windows NT 10.0; Win64; x64) AppleWebKit/537.36 (KHTML, like Gecko) Chrome/90.0.4430.85 Safari/537.36"
159.100.14.59 - - [25/Oct/2025:05:22:57 -0700] "GET /wp-login.php HTTP/2.0" 429 362 "-" "Mozilla/5.0 (Windows NT 6.1; WOW64; Trident/7.0; EIE10;ENUSMCM; rv:11.0) like Gecko"
159.100.14.59 - - [25/Oct/2025:05:22:58 -0700] "POST /wp-login.php HTTP/2.0" 429 278 "https://www.elconferencista.com/wp-login.php" "Mozilla/5.0 (Windows NT 6.1; WOW64; Trident/7.0; EIE10;ENUSMCM; rv:11.0) like Gecko"
66.249.73.165 - - [25/Oct/2025:05:26:55 -0700] "GET /?162192?products=0000135165 HTTP/1.1" 200 31058 "-" "Mozilla/5.0 (Linux; Android 6.0.1; Nexus 5X Build/MMB29P) AppleWebKit/537.36 (KHTML, like Gecko) Chrome/141.0.7390.122 Mobile Safari/537.36 (compatible; Googlebot/2.1; +http://www.google.com/bot.html)"
178.20.45.159 - - [25/Oct/2025:05:34:15 -0700] "GET / HTTP/1.0" 200 162370 "https://www.elconferencista.com/" "Mozilla/5.0 (Windows NT 10.0; Win64; x64) AppleWebKit/537.36 (KHTML, like Gecko) Chrome/129.0.0.0 Safari/537.36"
69.163.179.91 - - [25/Oct/2025:05:34:16 -0700] "POST /wp-cron.php?doing_wp_cron=1761395656.6949739456176757812500 HTTP/1.1" 200 3647 "-" "WordPress/6.8.3; https://www.elconferencista.com"
216.73.216.27 - - [25/Oct/2025:05:36:02 -0700] "GET /robots.txt HTTP/2.0" 200 278 "-" "Mozilla/5.0 AppleWebKit/537.36 (KHTML, like Gecko; compatible; ClaudeBot/1.0; +claudebot@anthropic.com)"
216.73.216.27 - - [25/Oct/2025:05:36:02 -0700] "GET /?p=263 HTTP/2.0" 301 225 "-" "Mozilla/5.0 AppleWebKit/537.36 (KHTML, like Gecko; compatible; ClaudeBot/1.0; +claudebot@anthropic.com)"
69.163.179.91 - - [25/Oct/2025:05:36:03 -0700] "POST /wp-cron.php?doing_wp_cron=1761395763.8396100997924804687500 HTTP/1.1" 200 3647 "-" "WordPress/6.8.3; https://www.elconferencista.com"
216.73.216.27 - - [25/Oct/2025:05:36:04 -0700] "GET /conferencias-edner/8-conferencia-de-la-vision-a-la-accion/ HTTP/2.0" 200 24583 "https://www.elconferencista.com/?p=263" "Mozilla/5.0 AppleWebKit/537.36 (KHTML, like Gecko; compatible; ClaudeBot/1.0; +claudebot@anthropic.com)"
204.8.98.86 - - [25/Oct/2025:05:36:48 -0700] "GET /wp-login.php HTTP/2.0" 200 3583 "-" "Mozilla/5.0 (Macintosh; Intel Mac OS X 10.15; rv:135.0) Gecko/20100101 Firefox/135.0"
204.8.98.86 - - [25/Oct/2025:05:36:49 -0700] "POST /wp-login.php HTTP/2.0" 200 3494 "-" "Mozilla/5.0 (Macintosh; Intel Mac OS X 10.15; rv:135.0) Gecko/20100101 Firefox/135.0"
94.46.30.77 - - [25/Oct/2025:05:37:22 -0700] "GET /wp-login.php HTTP/2.0" 429 342 "-" "Mozilla/5.0 (Windows NT 6.1; WOW64; Trident/7.0; MAAU; rv:11.0) like Gecko"
94.46.30.77 - - [25/Oct/2025:05:37:26 -0700] "POST /wp-login.php HTTP/2.0" 429 302 "https://www.elconferencista.com/wp-login.php" "Mozilla/5.0 (Windows NT 6.1; WOW64; Trident/7.0; MAAU; rv:11.0) like Gecko"
43.157.147.3 - - [25/Oct/2025:05:38:46 -0700] "GET / HTTP/1.1" 429 3797 "http://www.elconferencista.com" "Mozilla/5.0 (iPhone; CPU iPhone OS 13_2_3 like Mac OS X) AppleWebKit/605.1.15 (KHTML, like Gecko) Version/13.0.3 Mobile/15E148 Safari/604.1"
23.137.105.250 - - [25/Oct/2025:05:39:00 -0700] "GET /wp-login.php HTTP/1.1" 429 3855 "http://www.elconferencista.com/wp-admin/" "Mozilla/5.0 (Windows NT 10.0; Win64; x64) AppleWebKit/537.36 (KHTML, like Gecko) Chrome/90.0.4430.85 Safari/537.36"
23.137.105.250 - - [25/Oct/2025:05:39:09 -0700] "POST /wp-login.php HTTP/1.1" 429 3865 "http://www.elconferencista.com/wp-admin/" "Mozilla/5.0 (Windows NT 10.0; Win64; x64) AppleWebKit/537.36 (KHTML, like Gecko) Chrome/90.0.4430.85 Safari/537.36"
23.137.105.250 - - [25/Oct/2025:05:39:09 -0700] "GET /wp-admin/ HTTP/1.1" 429 522 "https://www.google.com" "Mozilla/5.0 (Windows NT 10.0; Win64; x64) AppleWebKit/537.36 (KHTML, like Gecko) Chrome/90.0.4430.85 Safari/537.36"
178.20.45.159 - - [25/Oct/2025:05:41:20 -0700] "GET / HTTP/1.0" 429 3585 "https://www.elconferencista.com/" "Mozilla/5.0 (Windows NT 10.0; Win64; x64) AppleWebKit/537.36 (KHTML, like Gecko) Chrome/130.0.0.0 Safari/537.36"
38.146.27.78 - - [25/Oct/2025:05:46:36 -0700] "GET /wp-login.php HTTP/2.0" 429 351 "-" "Mozilla/5.0 (Macintosh; Intel Mac OS X 10_13_1) AppleWebKit/537.36 (KHTML, like Gecko) Chrome/65.0.3325.181 Safari/537.36"
38.146.27.78 - - [25/Oct/2025:05:46:55 -0700] "POST /wp-login.php HTTP/2.0" 429 351 "https://www.elconferencista.com/wp-login.php" "Mozilla/5.0 (Macintosh; Intel Mac OS X 10_13_1) AppleWebKit/537.36 (KHTML, like Gecko) Chrome/65.0.3325.181 Safari/537.36"
185.132.53.150 - - [25/Oct/2025:05:54:16 -0700] "POST /xmlrpc.php HTTP/1.1" 200 3862 "-" "Mozilla/5.0 (Windows NT 10.0; Win64; x64; rv:124.0) Gecko/20100101 Firefox/124.0"
69.163.179.91 - - [25/Oct/2025:05:54:17 -0700] "POST /wp-cron.php?doing_wp_cron=1761396857.5450251102447509765625 HTTP/1.1" 200 3647 "-" "WordPress/6.8.3; https://www.elconferencista.com"
69.163.179.91 - - [25/Oct/2025:05:55:38 -0700] "POST /wp-cron.php?doing_wp_cron=1761396938.2455410957336425781250 HTTP/1.1" 200 3647 "-" "WordPress/6.8.3; https://www.elconferencista.com"
209.87.169.30 - - [25/Oct/2025:05:55:37 -0700] "GET /.env HTTP/1.1" 404 113988 "-" "Mozilla/5.0 (Macintosh; Intel Mac OS X 10.15; rv:77.0) Gecko/20100101 Firefox/77.0"
89.117.74.114 - - [25/Oct/2025:05:55:42 -0700] "GET /wp-login.php HTTP/2.0" 429 351 "-" "Mozilla/5.0 (Macintosh; Intel Mac OS X 10_10_5) AppleWebKit/600.8.9 (KHTML, like Gecko) Version/10.1.2 Safari/603.3.8"
89.117.74.114 - - [25/Oct/2025:05:55:43 -0700] "POST /wp-login.php HTTP/2.0" 429 278 "https://www.elconferencista.com/wp-login.php" "Mozilla/5.0 (Macintosh; Intel Mac OS X 10_10_5) AppleWebKit/600.8.9 (KHTML, like Gecko) Version/10.1.2 Safari/603.3.8"
178.20.45.159 - - [25/Oct/2025:05:56:57 -0700] "GET / HTTP/1.0" 429 3595 "https://www.elconferencista.com/" "Mozilla/5.0 (Windows NT 10.0; Win64; x64) AppleWebKit/537.36 (KHTML, like Gecko) Chrome/131.0.0.0 Safari/537.36"
77.75.76.172 - - [25/Oct/2025:05:57:33 -0700] "GET /wp-content/uploads/2022/09/2018-SINTESIS-CURRICULAR_pages-to-jpg-0006.jpg HTTP/1.1" 304 3711 "-" "Mozilla/5.0 (compatible; SeznamBot/4.0; +https://o-seznam.cz/napoveda/vyhledavani/en/seznambot-crawler/)"
104.28.226.248 - - [25/Oct/2025:05:59:20 -0700] "GET /wp-login.php HTTP/1.1" 200 7235 "-" "Mozilla/5.0 (X11; Linux x86_64) AppleWebKit/537.36 (KHTML, like Gecko) Chrome/134.0.0.0 Safari/537.36"
69.163.179.91 - - [25/Oct/2025:05:59:21 -0700] "POST /wp-cron.php?doing_wp_cron=1761397161.7305269241333007812500 HTTP/1.1" 200 3647 "-" "WordPress/6.8.3; https://www.elconferencista.com"
104.28.226.248 - - [25/Oct/2025:05:59:22 -0700] "POST /wp-login.php HTTP/1.1" 200 4030 "-" "Mozilla/5.0 (X11; Linux x86_64) AppleWebKit/537.36 (KHTML, like Gecko) Chrome/134.0.0.0 Safari/537.36"
104.28.226.248 - - [25/Oct/2025:05:59:24 -0700] "GET /wp-admin/ HTTP/1.1" 302 496 "-" "Mozilla/5.0 (X11; Linux x86_64) AppleWebKit/537.36 (KHTML, like Gecko) Chrome/134.0.0.0 Safari/537.36"
104.28.226.248 - - [25/Oct/2025:05:59:25 -0700] "GET /wp-login.php?redirect_to=https%3A%2F%2Fwww.elconferencista.com%2Fwp-admin%2F&reauth=1 HTTP/1.1" 200 5828 "-" "Mozilla/5.0 (X11; Linux x86_64) AppleWebKit/537.36 (KHTML, like Gecko) Chrome/134.0.0.0 Safari/537.36"
46.235.71.59 - - [25/Oct/2025:06:04:14 -0700] "GET /wp-content/plugins/WordPressCore/include.php HTTP/1.1" 500 71584 "-" "Mozilla/5.0 (X11; Linux x86_64) AppleWebKit/537.36 (KHTML, like Gecko) obsidian/1.5.8 Chrome/120.0.6099.283 Electron/28.2.3 Safari/537.36"
69.163.179.91 - - [25/Oct/2025:06:04:16 -0700] "POST /wp-cron.php?doing_wp_cron=1761397456.2730290889739990234375 HTTP/1.1" 200 3647 "-" "WordPress/6.8.3; https://www.elconferencista.com"
37.215.38.106 - - [25/Oct/2025:06:04:22 -0700] "GET /wp-content/plugins/WordPressCore/include.php HTTP/1.1" 500 74490 "-" "Mozilla/5.0 (Macintosh; Intel Mac OS X 10_15_7) AppleWebKit/605.1.15 (KHTML, like Gecko)"
37.187.155.79 - - [25/Oct/2025:06:13:16 -0700] "GET /wp-login.php HTTP/2.0" 429 351 "-" "Mozilla/5.0 (Windows NT 10.0; WOW64; Trident/7.0; yie11; rv:11.0) like Gecko"
37.187.155.79 - - [25/Oct/2025:06:13:18 -0700] "POST /wp-login.php HTTP/2.0" 429 278 "https://www.elconferencista.com/wp-login.php" "Mozilla/5.0 (Windows NT 10.0; WOW64; Trident/7.0; yie11; rv:11.0) like Gecko"
91.242.27.245 - - [25/Oct/2025:06:24:07 -0700] "POST /wp-login.php HTTP/1.1" 200 7393 "-" "Mozilla/5.0 (Windows NT 10.0; Win64; x64) AppleWebKit/537.36"
69.163.179.91 - - [25/Oct/2025:06:24:08 -0700] "POST /wp-cron.php?doing_wp_cron=1761398648.8043889999389648437500 HTTP/1.1" 200 3647 "-" "WordPress/6.8.3; https://www.elconferencista.com"
104.28.226.248 - - [25/Oct/2025:06:30:24 -0700] "GET /wp-login.php HTTP/1.1" 200 7235 "-" "Mozilla/5.0 (X11; Linux x86_64) AppleWebKit/537.36 (KHTML, like Gecko) Chrome/134.0.0.0 Safari/537.36"
69.163.179.91 - - [25/Oct/2025:06:30:25 -0700] "POST /wp-cron.php?doing_wp_cron=1761399025.2985479831695556640625 HTTP/1.1" 200 3647 "-" "WordPress/6.8.3; https://www.elconferencista.com"
104.28.226.248 - - [25/Oct/2025:06:30:26 -0700] "POST /wp-login.php HTTP/1.1" 200 4030 "-" "Mozilla/5.0 (X11; Linux x86_64) AppleWebKit/537.36 (KHTML, like Gecko) Chrome/134.0.0.0 Safari/537.36"
104.28.226.248 - - [25/Oct/2025:06:30:28 -0700] "GET /wp-admin/ HTTP/1.1" 302 496 "-" "Mozilla/5.0 (X11; Linux x86_64) AppleWebKit/537.36 (KHTML, like Gecko) Chrome/134.0.0.0 Safari/537.36"
104.28.226.248 - - [25/Oct/2025:06:30:28 -0700] "GET /wp-login.php?redirect_to=https%3A%2F%2Fwww.elconferencista.com%2Fwp-admin%2F&reauth=1 HTTP/1.1" 200 5828 "-" "Mozilla/5.0 (X11; Linux x86_64) AppleWebKit/537.36 (KHTML, like Gecko) Chrome/134.0.0.0 Safari/537.36"
66.249.73.165 - - [25/Oct/2025:06:50:53 -0700] "GET /?63620?products=0000053023 HTTP/1.1" 200 31787 "-" "Mozilla/5.0 (Linux; Android 6.0.1; Nexus 5X Build/MMB29P) AppleWebKit/537.36 (KHTML, like Gecko) Chrome/141.0.7390.122 Mobile Safari/537.36 (compatible; Googlebot/2.1; +http://www.google.com/bot.html)"
43.157.52.37 - - [25/Oct/2025:07:04:25 -0700] "GET / HTTP/1.1" 429 3797 "http://elconferencista.com" "Mozilla/5.0 (iPhone; CPU iPhone OS 13_2_3 like Mac OS X) AppleWebKit/605.1.15 (KHTML, like Gecko) Version/13.0.3 Mobile/15E148 Safari/604.1"
135.234.24.216 - - [25/Oct/2025:07:06:22 -0700] "GET /wp-login.php/wp-login.php HTTP/1.1" 200 7235 "https://www.elconferencista.com/wp-login.php" "Mozilla/5.0 (X11; Linux x86_64) AppleWebKit/537.36 (KHTML, like Gecko) Chrome/114.0.0.0 Safari/537.36"
69.163.179.91 - - [25/Oct/2025:07:06:24 -0700] "POST /wp-cron.php?doing_wp_cron=1761401184.2462210655212402343750 HTTP/1.1" 200 3647 "-" "WordPress/6.8.3; https://www.elconferencista.com"
74.208.92.227 - - [25/Oct/2025:07:06:26 -0700] "GET /wp-login.php HTTP/2.0" 429 351 "-" "Mozilla/5.0 (X11; CrOS x86_64 10575.55.0) AppleWebKit/537.36 (KHTML, like Gecko) Chrome/67.0.3396.87 Safari/537.36"
135.234.24.216 - - [25/Oct/2025:07:06:25 -0700] "POST /wp-login.php HTTP/1.1" 200 4024 "https://www.elconferencista.com/wp-login.php" "Mozilla/5.0 (X11; Linux x86_64) AppleWebKit/537.36 (KHTML, like Gecko) Chrome/114.0.0.0 Safari/537.36"
74.208.92.227 - - [25/Oct/2025:07:06:28 -0700] "POST /wp-login.php HTTP/2.0" 429 278 "https://www.elconferencista.com/wp-login.php" "Mozilla/5.0 (X11; CrOS x86_64 10575.55.0) AppleWebKit/537.36 (KHTML, like Gecko) Chrome/67.0.3396.87 Safari/537.36"
20.81.191.13 - - [25/Oct/2025:07:07:22 -0700] "GET /config.php HTTP/1.1" 418 4048 "http://elconferencista.com/config.php" "Mozilla/5.0 (Windows NT 6.3; Win64; x64; Trident/7.0; Touch; MALNJS; rv:11.0) like Gecko"
20.81.191.13 - - [25/Oct/2025:07:07:22 -0700] "GET /wp-config.php HTTP/1.1" 418 4048 "http://elconferencista.com/wp-config.php" "Mozilla/5.0 (Windows NT 6.3; Win64; x64; Trident/7.0; Touch; MALNJS; rv:11.0) like Gecko"
20.81.191.13 - - [25/Oct/2025:07:07:22 -0700] "GET /config.php HTTP/1.1" 418 4048 "http://elconferencista.com/config.php" "Mozilla/5.0 (Windows NT 6.3; Win64; x64; Trident/7.0; Touch; MALNJS; rv:11.0) like Gecko"
20.81.191.13 - - [25/Oct/2025:07:07:22 -0700] "GET /wp-config.php HTTP/1.1" 418 4048 "http://elconferencista.com/wp-config.php" "Mozilla/5.0 (Windows NT 6.3; Win64; x64; Trident/7.0; Touch; MALNJS; rv:11.0) like Gecko"
