216.73.216.180 - - [24/Oct/2025:09:39:14 -0700] "GET /robots.txt HTTP/2.0" 200 278 "-" "Mozilla/5.0 AppleWebKit/537.36 (KHTML, like Gecko; compatible; ClaudeBot/1.0; +claudebot@anthropic.com)"
216.73.216.180 - - [24/Oct/2025:09:39:14 -0700] "GET /8350906?products=0006959094 HTTP/2.0" 404 109959 "-" "Mozilla/5.0 AppleWebKit/537.36 (KHTML, like Gecko; compatible; ClaudeBot/1.0; +claudebot@anthropic.com)"
69.163.179.91 - - [24/Oct/2025:09:39:16 -0700] "POST /wp-cron.php?doing_wp_cron=1761323956.0440568923950195312500 HTTP/1.1" 200 3647 "-" "WordPress/6.8.3; https://www.elconferencista.com"
216.73.216.180 - - [24/Oct/2025:09:39:20 -0700] "GET /8349548?products=0006957963 HTTP/2.0" 404 109822 "-" "Mozilla/5.0 AppleWebKit/537.36 (KHTML, like Gecko; compatible; ClaudeBot/1.0; +claudebot@anthropic.com)"
216.73.216.180 - - [24/Oct/2025:09:41:35 -0700] "GET /8352606?products=0006960512 HTTP/2.0" 404 109997 "-" "Mozilla/5.0 AppleWebKit/537.36 (KHTML, like Gecko; compatible; ClaudeBot/1.0; +claudebot@anthropic.com)"
69.163.179.91 - - [24/Oct/2025:09:41:37 -0700] "POST /wp-cron.php?doing_wp_cron=1761324097.0491089820861816406250 HTTP/1.1" 200 3647 "-" "WordPress/6.8.3; https://www.elconferencista.com"
216.73.216.180 - - [24/Oct/2025:09:41:41 -0700] "GET /8353940?products=0006961623 HTTP/2.0" 404 109822 "-" "Mozilla/5.0 AppleWebKit/537.36 (KHTML, like Gecko; compatible; ClaudeBot/1.0; +claudebot@anthropic.com)"
216.73.216.180 - - [24/Oct/2025:09:43:23 -0700] "GET /8351598?products=0006959672 HTTP/2.0" 404 109997 "-" "Mozilla/5.0 AppleWebKit/537.36 (KHTML, like Gecko; compatible; ClaudeBot/1.0; +claudebot@anthropic.com)"
69.163.179.91 - - [24/Oct/2025:09:43:25 -0700] "POST /wp-cron.php?doing_wp_cron=1761324205.5012629032135009765625 HTTP/1.1" 200 3647 "-" "WordPress/6.8.3; https://www.elconferencista.com"
216.73.216.180 - - [24/Oct/2025:09:43:45 -0700] "GET /8352884?products=0006960743 HTTP/2.0" 404 109997 "-" "Mozilla/5.0 AppleWebKit/537.36 (KHTML, like Gecko; compatible; ClaudeBot/1.0; +claudebot@anthropic.com)"
216.73.216.180 - - [24/Oct/2025:09:46:09 -0700] "GET /8353440?products=0006961205 HTTP/2.0" 404 109997 "-" "Mozilla/5.0 AppleWebKit/537.36 (KHTML, like Gecko; compatible; ClaudeBot/1.0; +claudebot@anthropic.com)"
69.163.179.91 - - [24/Oct/2025:09:46:11 -0700] "POST /wp-cron.php?doing_wp_cron=1761324371.0291659832000732421875 HTTP/1.1" 200 3647 "-" "WordPress/6.8.3; https://www.elconferencista.com"
216.73.216.180 - - [24/Oct/2025:09:46:42 -0700] "GET /8349524?products=0006957943 HTTP/2.0" 404 109997 "-" "Mozilla/5.0 AppleWebKit/537.36 (KHTML, like Gecko; compatible; ClaudeBot/1.0; +claudebot@anthropic.com)"
195.178.110.201 - - [24/Oct/2025:09:48:20 -0700] "GET / HTTP/1.1" 301 3801 "-" "Python/3.10 aiohttp/3.13.1"
195.178.110.201 - - [24/Oct/2025:09:48:23 -0700] "GET / HTTP/1.1" 200 34814 "-" "Python/3.10 aiohttp/3.13.1"
69.163.179.91 - - [24/Oct/2025:09:48:24 -0700] "POST /wp-cron.php?doing_wp_cron=1761324504.5167570114135742187500 HTTP/1.1" 200 3647 "-" "WordPress/6.8.3; https://www.elconferencista.com"
195.178.110.201 - - [24/Oct/2025:09:48:47 -0700] "GET /wp-content/plugins/whatsapp-for-wordpress/assets/js/whatsapp-popup.js?ver=6.8.3 HTTP/1.1" 200 4043 "-" "Python/3.10 aiohttp/3.13.1"
195.178.110.201 - - [24/Oct/2025:09:48:47 -0700] "GET /wp-content/plugins/elementor/assets/js/frontend-modules.min.js?ver=3.32.5 HTTP/1.1" 200 22790 "-" "Python/3.10 aiohttp/3.13.1"
216.73.216.180 - - [24/Oct/2025:09:48:48 -0700] "GET /8354722?products=0006962274 HTTP/2.0" 404 109997 "-" "Mozilla/5.0 AppleWebKit/537.36 (KHTML, like Gecko; compatible; ClaudeBot/1.0; +claudebot@anthropic.com)"
195.178.110.201 - - [24/Oct/2025:09:49:58 -0700] "GET /%22https:/www.elconferencista.com/wp-includes/js/jquery/jquery.min.js?ver=3.7.1%22 HTTP/1.1" 301 3966 "-" "Python/3.10 aiohttp/3.13.1"
195.178.110.201 - - [24/Oct/2025:09:49:58 -0700] "GET /%22https:/www.elconferencista.com/wp-content/plugins/elementskit-lite/libs/framework/assets/js/frontend-script.js?ver=3.7.4%22 HTTP/1.1" 301 4054 "-" "Python/3.10 aiohttp/3.13.1"
195.178.110.201 - - [24/Oct/2025:09:49:58 -0700] "GET /%22https:/www.elconferencista.com/wp-content/plugins/elementor/assets/lib/jquery-numerator/jquery-numerator.min.js?ver=0.2.1%22 HTTP/1.1" 301 4056 "-" "Python/3.10 aiohttp/3.13.1"
195.178.110.201 - - [24/Oct/2025:09:49:58 -0700] "GET /wp-includes/js/jquery/jquery-migrate.min.js?ver=3.4.1 HTTP/1.1" 200 8661 "-" "Python/3.10 aiohttp/3.13.1"
195.178.110.201 - - [24/Oct/2025:09:49:58 -0700] "GET /wp-includes/js/mediaelement/mediaelement-and-player.min.js?ver=4.2.17 HTTP/1.1" 200 43668 "-" "Python/3.10 aiohttp/3.13.1"
195.178.110.201 - - [24/Oct/2025:09:49:58 -0700] "GET /wp-content/plugins/whatsapp-for-wordpress/assets/dist/js/njt-whatsapp.js?ver=3.1.2 HTTP/1.1" 200 35270 "-" "Python/3.10 aiohttp/3.13.1"
195.178.110.201 - - [24/Oct/2025:09:49:58 -0700] "GET /%22https:/www.elconferencista.com/wp-includes/js/jquery/jquery.min.js?ver=3.7.1%22 HTTP/1.1" 404 110661 "-" "Python/3.10 aiohttp/3.13.1"
69.163.179.91 - - [24/Oct/2025:09:49:59 -0700] "POST /wp-cron.php?doing_wp_cron=1761324599.5074880123138427734375 HTTP/1.1" 200 3647 "-" "WordPress/6.8.3; https://www.elconferencista.com"
195.178.110.201 - - [24/Oct/2025:09:49:58 -0700] "GET /%22https:/www.elconferencista.com/wp-content/plugins/elementor/assets/lib/jquery-numerator/jquery-numerator.min.js?ver=0.2.1%22 HTTP/1.1" 404 110661 "-" "Python/3.10 aiohttp/3.13.1"
195.178.110.201 - - [24/Oct/2025:09:49:59 -0700] "GET /%22https:/www.elconferencista.com/wp-content/plugins/elementskit-lite/libs/framework/assets/js/frontend-script.js?ver=3.7.4%22 HTTP/1.1" 404 114037 "-" "Python/3.10 aiohttp/3.13.1"
43.130.116.87 - - [24/Oct/2025:09:50:29 -0700] "GET /feed/ HTTP/1.1" 200 4927 "-" "Mozilla/5.0 (iPhone; CPU iPhone OS 13_2_3 like Mac OS X) AppleWebKit/605.1.15 (KHTML, like Gecko) Version/13.0.3 Mobile/15E148 Safari/604.1"
195.178.110.201 - - [24/Oct/2025:09:51:07 -0700] "GET /%22https:/www.google.com/recaptcha/api.js?render=explicit&ver=3.32.3%22 HTTP/1.1" 301 3956 "-" "Python/3.10 aiohttp/3.13.1"
195.178.110.201 - - [24/Oct/2025:09:51:07 -0700] "GET /wp-content/plugins/elementskit-lite/libs/framework/assets/js/frontend-script.js?ver=3.7.4 HTTP/1.1" 200 3761 "-" "Python/3.10 aiohttp/3.13.1"
195.178.110.201 - - [24/Oct/2025:09:51:07 -0700] "GET /wp-content/plugins/elementor-pro/assets/js/webpack-pro.runtime.min.js?ver=3.32.3 HTTP/1.1" 200 6602 "-" "Python/3.10 aiohttp/3.13.1"
195.178.110.201 - - [24/Oct/2025:09:51:07 -0700] "GET /wp-includes/js/dist/hooks.min.js?ver=4d63a3d491d11ffd8ac6 HTTP/1.1" 200 5403 "-" "Python/3.10 aiohttp/3.13.1"
195.178.110.201 - - [24/Oct/2025:09:51:07 -0700] "GET /wp-includes/js/jquery/ui/core.min.js?ver=1.13.3 HTTP/1.1" 200 10902 "-" "Python/3.10 aiohttp/3.13.1"
216.73.216.180 - - [24/Oct/2025:09:51:07 -0700] "GET /8351900?products=0006959923 HTTP/2.0" 404 109988 "-" "Mozilla/5.0 AppleWebKit/537.36 (KHTML, like Gecko; compatible; ClaudeBot/1.0; +claudebot@anthropic.com)"
69.163.179.91 - - [24/Oct/2025:09:51:08 -0700] "POST /wp-cron.php?doing_wp_cron=1761324668.6344029903411865234375 HTTP/1.1" 200 3647 "-" "WordPress/6.8.3; https://www.elconferencista.com"
195.178.110.201 - - [24/Oct/2025:09:51:07 -0700] "GET /%22https:/www.google.com/recaptcha/api.js?render=explicit&ver=3.32.3%22 HTTP/1.1" 404 110661 "-" "Python/3.10 aiohttp/3.13.1"
15.235.96.178 - - [24/Oct/2025:09:52:02 -0700] "GET /sitemap.xml HTTP/2.0" 200 3369 "-" "Mozilla/5.0 (compatible; AhrefsBot/7.0; +http://ahrefs.com/robot/)"
195.178.110.201 - - [24/Oct/2025:09:52:55 -0700] "GET /%22https:/www.elconferencista.com/wp-content/plugins/elementor/assets/js/webpack.runtime.min.js?ver=3.32.5%22 HTTP/1.1" 301 4020 "-" "Python/3.10 aiohttp/3.13.1"
195.178.110.201 - - [24/Oct/2025:09:52:55 -0700] "GET /%22https:/www.elconferencista.com/wp-content/plugins/elementskit-lite/widgets/init/assets/js/widget-scripts.js?ver=3.7.4%22 HTTP/1.1" 301 4048 "-" "Python/3.10 aiohttp/3.13.1"
195.178.110.201 - - [24/Oct/2025:09:52:55 -0700] "GET /%22https:/www.elconferencista.com/wp-content/themes/astra/assets/js/minified/frontend.min.js?ver=4.9.2%22 HTTP/1.1" 301 4012 "-" "Python/3.10 aiohttp/3.13.1"
195.178.110.201 - - [24/Oct/2025:09:52:55 -0700] "GET /%22https:/www.elconferencista.com/wp-content/plugins/whatsapp-for-wordpress/assets/js/whatsapp-button.js?ver=3.1.2%22 HTTP/1.1" 301 4036 "-" "Python/3.10 aiohttp/3.13.1"
195.178.110.201 - - [24/Oct/2025:09:52:55 -0700] "GET /%22https:/www.elconferencista.com/wp-content/plugins/elementor-pro/assets/js/frontend.min.js?ver=3.32.3%22 HTTP/1.1" 301 4014 "-" "Python/3.10 aiohttp/3.13.1"
195.178.110.201 - - [24/Oct/2025:09:52:55 -0700] "GET /%22https:/www.elconferencista.com/wp-includes/js/mediaelement/mediaelement-and-player.min.js?ver=4.2.17%22 HTTP/1.1" 301 4014 "-" "Python/3.10 aiohttp/3.13.1"
195.178.110.201 - - [24/Oct/2025:09:52:55 -0700] "GET /%22https:/www.elconferencista.com/wp-content/plugins/elementor-pro/assets/js/webpack-pro.runtime.min.js?ver=3.32.3%22 HTTP/1.1" 301 4036 "-" "Python/3.10 aiohttp/3.13.1"
195.178.110.201 - - [24/Oct/2025:09:52:55 -0700] "GET /wp-includes/js/mediaelement/mediaelement-migrate.min.js?ver=6.8.3 HTTP/1.1" 200 4292 "-" "Python/3.10 aiohttp/3.13.1"
195.178.110.201 - - [24/Oct/2025:09:52:55 -0700] "GET /wp-content/plugins/elementskit-lite/widgets/init/assets/js/animate-circle.min.js?ver=3.7.4 HTTP/1.1" 200 4203 "-" "Python/3.10 aiohttp/3.13.1"
195.178.110.201 - - [24/Oct/2025:09:52:55 -0700] "GET /wp-content/plugins/elementor-pro/assets/lib/sticky/jquery.sticky.min.js?ver=3.32.3 HTTP/1.1" 200 5297 "-" "Python/3.10 aiohttp/3.13.1"
195.178.110.201 - - [24/Oct/2025:09:52:55 -0700] "GET /wp-content/plugins/elementor/assets/js/frontend.min.js?ver=3.32.5 HTTP/1.1" 200 14394 "-" "Python/3.10 aiohttp/3.13.1"
195.178.110.201 - - [24/Oct/2025:09:52:56 -0700] "GET /%22https:/www.elconferencista.com/wp-content/plugins/elementskit-lite/widgets/init/assets/js/animate-circle.min.js?ver=3.7.4%22 HTTP/1.1" 301 4056 "-" "Python/3.10 aiohttp/3.13.1"
195.178.110.201 - - [24/Oct/2025:09:52:56 -0700] "GET /%22https:/www.elconferencista.com/wp-includes/js/dist/i18n.min.js?ver=5e580eb46a90c2b997e6%22 HTTP/1.1" 301 3988 "-" "Python/3.10 aiohttp/3.13.1"
195.178.110.201 - - [24/Oct/2025:09:52:56 -0700] "GET /%22https:/www.elconferencista.com/wp-includes/js/mediaelement/wp-mediaelement.min.js?ver=6.8.3%22 HTTP/1.1" 301 3996 "-" "Python/3.10 aiohttp/3.13.1"
195.178.110.201 - - [24/Oct/2025:09:52:56 -0700] "GET /%22https:/www.elconferencista.com/wp-content/plugins/whatsapp-for-wordpress/assets/dist/js/njt-whatsapp.js?ver=3.1.2%22 HTTP/1.1" 301 4040 "-" "Python/3.10 aiohttp/3.13.1"
195.178.110.201 - - [24/Oct/2025:09:52:56 -0700] "GET /%22https:/www.elconferencista.com/wp-content/plugins/whatsapp-for-wordpress/assets/js/whatsapp-popup.js?ver=6.8.3%22 HTTP/1.1" 301 4034 "-" "Python/3.10 aiohttp/3.13.1"
195.178.110.201 - - [24/Oct/2025:09:52:56 -0700] "GET /%22https:/www.elconferencista.com/wp-includes/js/jquery/jquery-migrate.min.js?ver=3.4.1%22 HTTP/1.1" 301 3982 "-" "Python/3.10 aiohttp/3.13.1"
195.178.110.201 - - [24/Oct/2025:09:52:56 -0700] "GET /%22https:/www.elconferencista.com/wp-content/plugins/elementor-pro/assets/js/elements-handlers.min.js?ver=3.32.3%22 HTTP/1.1" 301 4032 "-" "Python/3.10 aiohttp/3.13.1"
195.178.110.201 - - [24/Oct/2025:09:52:56 -0700] "GET /wp-content/plugins/whatsapp-for-wordpress/assets/js/whatsapp-button.js?ver=3.1.2 HTTP/1.1" 200 4203 "-" "Python/3.10 aiohttp/3.13.1"
195.178.110.201 - - [24/Oct/2025:09:52:56 -0700] "GET /wp-content/plugins/elementor/assets/lib/font-awesome/js/v4-shims.min.js?ver=3.32.5 HTTP/1.1" 200 8007 "-" "Python/3.10 aiohttp/3.13.1"
195.178.110.201 - - [24/Oct/2025:09:52:56 -0700] "GET /wp-includes/js/jquery/jquery.min.js?ver=3.7.1 HTTP/1.1" 200 34870 "-" "Python/3.10 aiohttp/3.13.1"
195.178.110.201 - - [24/Oct/2025:09:52:56 -0700] "GET /%22https:/www.elconferencista.com/wp-content/themes/astra/assets/js/minified/frontend.min.js?ver=4.9.2%22 HTTP/1.1" 404 110661 "-" "Python/3.10 aiohttp/3.13.1"
195.178.110.201 - - [24/Oct/2025:09:52:56 -0700] "GET /%22https:/www.elconferencista.com/wp-includes/js/mediaelement/mediaelement-and-player.min.js?ver=4.2.17%22 HTTP/1.1" 404 110661 "-" "Python/3.10 aiohttp/3.13.1"
195.178.110.201 - - [24/Oct/2025:09:52:56 -0700] "GET /%22https:/www.elconferencista.com/wp-content/plugins/elementskit-lite/widgets/init/assets/js/widget-scripts.js?ver=3.7.4%22 HTTP/1.1" 404 114037 "-" "Python/3.10 aiohttp/3.13.1"
195.178.110.201 - - [24/Oct/2025:09:52:56 -0700] "GET /%22https:/www.elconferencista.com/wp-content/plugins/whatsapp-for-wordpress/assets/js/whatsapp-button.js?ver=3.1.2%22 HTTP/1.1" 404 110661 "-" "Python/3.10 aiohttp/3.13.1"
195.178.110.201 - - [24/Oct/2025:09:52:57 -0700] "GET /%22https:/www.elconferencista.com/wp-content/plugins/whatsapp-for-wordpress/assets/js/whatsapp-popup.js?ver=6.8.3%22 HTTP/1.1" 404 114037 "-" "Python/3.10 aiohttp/3.13.1"
195.178.110.201 - - [24/Oct/2025:09:52:56 -0700] "GET /%22https:/www.elconferencista.com/wp-content/plugins/elementskit-lite/widgets/init/assets/js/animate-circle.min.js?ver=3.7.4%22 HTTP/1.1" 404 110661 "-" "Python/3.10 aiohttp/3.13.1"
195.178.110.201 - - [24/Oct/2025:09:52:57 -0700] "GET /%22https:/www.elconferencista.com/wp-content/plugins/whatsapp-for-wordpress/assets/dist/js/njt-whatsapp.js?ver=3.1.2%22 HTTP/1.1" 404 114037 "-" "Python/3.10 aiohttp/3.13.1"
195.178.110.201 - - [24/Oct/2025:09:52:56 -0700] "GET /%22https:/www.elconferencista.com/wp-content/plugins/elementor/assets/js/webpack.runtime.min.js?ver=3.32.5%22 HTTP/1.1" 404 114037 "-" "Python/3.10 aiohttp/3.13.1"
195.178.110.201 - - [24/Oct/2025:09:52:56 -0700] "GET /%22https:/www.elconferencista.com/wp-content/plugins/elementor-pro/assets/js/webpack-pro.runtime.min.js?ver=3.32.3%22 HTTP/1.1" 404 114037 "-" "Python/3.10 aiohttp/3.13.1"
195.178.110.201 - - [24/Oct/2025:09:52:56 -0700] "GET /%22https:/www.elconferencista.com/wp-content/plugins/elementor-pro/assets/js/frontend.min.js?ver=3.32.3%22 HTTP/1.1" 404 114037 "-" "Python/3.10 aiohttp/3.13.1"
195.178.110.201 - - [24/Oct/2025:09:52:57 -0700] "GET /%22https:/www.elconferencista.com/wp-content/plugins/elementor-pro/assets/js/elements-handlers.min.js?ver=3.32.3%22 HTTP/1.1" 404 81636 "-" "Python/3.10 aiohttp/3.13.1"
195.178.110.201 - - [24/Oct/2025:09:52:56 -0700] "GET /%22https:/www.elconferencista.com/wp-includes/js/jquery/jquery-migrate.min.js?ver=3.4.1%22 HTTP/1.1" 404 78294 "-" "Python/3.10 aiohttp/3.13.1"
195.178.110.201 - - [24/Oct/2025:09:52:56 -0700] "GET /%22https:/www.elconferencista.com/wp-includes/js/dist/i18n.min.js?ver=5e580eb46a90c2b997e6%22 HTTP/1.1" 404 78294 "-" "Python/3.10 aiohttp/3.13.1"
195.178.110.201 - - [24/Oct/2025:09:52:56 -0700] "GET /%22https:/www.elconferencista.com/wp-includes/js/mediaelement/wp-mediaelement.min.js?ver=6.8.3%22 HTTP/1.1" 404 78294 "-" "Python/3.10 aiohttp/3.13.1"
69.163.179.91 - - [24/Oct/2025:09:52:56 -0700] "POST /wp-cron.php?doing_wp_cron=1761324776.7636098861694335937500 HTTP/1.1" 200 3647 "-" "WordPress/6.8.3; https://www.elconferencista.com"
216.73.216.180 - - [24/Oct/2025:09:53:26 -0700] "GET /8354012?products=0006961683 HTTP/2.0" 404 109997 "-" "Mozilla/5.0 AppleWebKit/537.36 (KHTML, like Gecko; compatible; ClaudeBot/1.0; +claudebot@anthropic.com)"
95.108.213.211 - - [24/Oct/2025:09:53:28 -0700] "GET /robots.txt HTTP/1.1" 200 3847 "-" "Mozilla/5.0 (compatible; YandexBot/3.0; +http://yandex.com/bots)"
213.180.203.36 - - [24/Oct/2025:09:53:29 -0700] "GET /?p=933 HTTP/1.1" 404 113988 "-" "Mozilla/5.0 (compatible; YandexBot/3.0; +http://yandex.com/bots)"
195.178.110.201 - - [24/Oct/2025:09:53:37 -0700] "GET /%22https:/www.elconferencista.com/wp-includes/js/mediaelement/mediaelement-migrate.min.js?ver=6.8.3%22 HTTP/1.1" 301 4006 "-" "Python/3.10 aiohttp/3.13.1"
195.178.110.201 - - [24/Oct/2025:09:53:37 -0700] "GET /%22https:/www.elconferencista.com/wp-content/plugins/elementor/assets/lib/e-gallery/js/e-gallery.min.js?ver=1.2.0%22 HTTP/1.1" 301 4034 "-" "Python/3.10 aiohttp/3.13.1"
195.178.110.201 - - [24/Oct/2025:09:53:37 -0700] "GET /%22https:/www.elconferencista.com/wp-content/plugins/elementor/assets/lib/swiper/v8/swiper.min.js?ver=8.4.5%22 HTTP/1.1" 301 4022 "-" "Python/3.10 aiohttp/3.13.1"
195.178.110.201 - - [24/Oct/2025:09:53:37 -0700] "GET /%22https:/www.elconferencista.com/wp-content/plugins/elementor/assets/lib/font-awesome/js/v4-shims.min.js?ver=3.32.5%22 HTTP/1.1" 301 4040 "-" "Python/3.10 aiohttp/3.13.1"
195.178.110.201 - - [24/Oct/2025:09:53:37 -0700] "GET /%22https:/www.elconferencista.com/wp-content/plugins/elementor/assets/js/frontend.min.js?ver=3.32.5%22 HTTP/1.1" 301 4006 "-" "Python/3.10 aiohttp/3.13.1"
195.178.110.201 - - [24/Oct/2025:09:53:37 -0700] "GET /%22https:/www.elconferencista.com/wp-content/plugins/elementor/assets/js/frontend-modules.min.js?ver=3.32.5%22 HTTP/1.1" 301 4022 "-" "Python/3.10 aiohttp/3.13.1"
195.178.110.201 - - [24/Oct/2025:09:53:37 -0700] "GET /%22https:/www.elconferencista.com/wp-content/plugins/elementor-pro/assets/lib/sticky/jquery.sticky.min.js?ver=3.32.3%22 HTTP/1.1" 301 4040 "-" "Python/3.10 aiohttp/3.13.1"
195.178.110.201 - - [24/Oct/2025:09:53:37 -0700] "GET /wp-includes/js/mediaelement/wp-mediaelement.min.js?ver=6.8.3 HTTP/1.1" 200 4290 "-" "Python/3.10 aiohttp/3.13.1"
195.178.110.201 - - [24/Oct/2025:09:53:37 -0700] "GET /wp-content/plugins/elementor/assets/js/webpack.runtime.min.js?ver=3.32.5 HTTP/1.1" 200 6291 "-" "Python/3.10 aiohttp/3.13.1"
195.178.110.201 - - [24/Oct/2025:09:53:37 -0700] "GET /wp-content/plugins/elementskit-lite/widgets/init/assets/js/widget-scripts.js?ver=3.7.4 HTTP/1.1" 200 46474 "-" "Python/3.10 aiohttp/3.13.1"
195.178.110.201 - - [24/Oct/2025:09:53:37 -0700] "GET /wp-content/plugins/elementor/assets/lib/swiper/v8/swiper.min.js?ver=8.4.5 HTTP/1.1" 200 44587 "-" "Python/3.10 aiohttp/3.13.1"
195.178.110.201 - - [24/Oct/2025:09:53:37 -0700] "GET /wp-content/plugins/elementskit-lite/widgets/init/assets/js/elementor.js?ver=3.7.4 HTTP/1.1" 200 9815 "-" "Python/3.10 aiohttp/3.13.1"
195.178.110.201 - - [24/Oct/2025:09:53:37 -0700] "GET /%22https:/www.elconferencista.com/wp-content/themes/astra/assets/js/minified/flexibility.min.js?ver=4.9.2%22 HTTP/1.1" 301 4018 "-" "Python/3.10 aiohttp/3.13.1"
195.178.110.201 - - [24/Oct/2025:09:53:37 -0700] "GET /wp-includes/js/dist/i18n.min.js?ver=5e580eb46a90c2b997e6 HTTP/1.1" 200 7447 "-" "Python/3.10 aiohttp/3.13.1"
195.178.110.201 - - [24/Oct/2025:09:53:37 -0700] "GET /%22https:/www.elconferencista.com/wp-content/plugins/elementor/assets/js/frontend-modules.min.js?ver=3.32.5%22 HTTP/1.1" 404 110661 "-" "Python/3.10 aiohttp/3.13.1"
195.178.110.201 - - [24/Oct/2025:09:53:37 -0700] "GET /%22https:/www.elconferencista.com/wp-content/plugins/elementor/assets/lib/font-awesome/js/v4-shims.min.js?ver=3.32.5%22 HTTP/1.1" 404 110661 "-" "Python/3.10 aiohttp/3.13.1"
195.178.110.201 - - [24/Oct/2025:09:53:37 -0700] "GET /%22https:/www.elconferencista.com/wp-content/plugins/elementor-pro/assets/lib/sticky/jquery.sticky.min.js?ver=3.32.3%22 HTTP/1.1" 404 110661 "-" "Python/3.10 aiohttp/3.13.1"
195.178.110.201 - - [24/Oct/2025:09:53:37 -0700] "GET /%22https:/www.elconferencista.com/wp-content/plugins/elementor/assets/js/frontend.min.js?ver=3.32.5%22 HTTP/1.1" 404 110661 "-" "Python/3.10 aiohttp/3.13.1"
195.178.110.201 - - [24/Oct/2025:09:53:38 -0700] "GET /%22https:/www.elconferencista.com/wp-content/plugins/elementor/assets/lib/e-gallery/js/e-gallery.min.js?ver=1.2.0%22 HTTP/1.1" 404 114037 "-" "Python/3.10 aiohttp/3.13.1"
195.178.110.201 - - [24/Oct/2025:09:53:38 -0700] "GET /%22https:/www.elconferencista.com/wp-includes/js/mediaelement/mediaelement-migrate.min.js?ver=6.8.3%22 HTTP/1.1" 404 114037 "-" "Python/3.10 aiohttp/3.13.1"
195.178.110.201 - - [24/Oct/2025:09:53:37 -0700] "GET /%22https:/www.elconferencista.com/wp-content/themes/astra/assets/js/minified/flexibility.min.js?ver=4.9.2%22 HTTP/1.1" 404 110661 "-" "Python/3.10 aiohttp/3.13.1"
195.178.110.201 - - [24/Oct/2025:09:53:38 -0700] "GET /%22https:/www.elconferencista.com/wp-content/plugins/elementor/assets/lib/swiper/v8/swiper.min.js?ver=8.4.5%22 HTTP/1.1" 404 114037 "-" "Python/3.10 aiohttp/3.13.1"
216.73.216.180 - - [24/Oct/2025:09:53:57 -0700] "GET /8349438?products=0006957872 HTTP/2.0" 404 109979 "-" "Mozilla/5.0 AppleWebKit/537.36 (KHTML, like Gecko; compatible; ClaudeBot/1.0; +claudebot@anthropic.com)"
195.178.110.201 - - [24/Oct/2025:09:53:59 -0700] "GET /.env HTTP/1.1" 301 3809 "-" "Python/3.10 aiohttp/3.13.1"
195.178.110.201 - - [24/Oct/2025:09:54:00 -0700] "GET /.env HTTP/1.1" 404 113944 "-" "Python/3.10 aiohttp/3.13.1"
195.178.110.201 - - [24/Oct/2025:09:54:02 -0700] "GET /.git/config HTTP/1.1" 301 481 "-" "Python/3.10 aiohttp/3.13.1"
69.163.179.91 - - [24/Oct/2025:09:54:04 -0700] "POST /wp-cron.php?doing_wp_cron=1761324844.4904320240020751953125 HTTP/1.1" 200 3647 "-" "WordPress/6.8.3; https://www.elconferencista.com"
195.178.110.201 - - [24/Oct/2025:09:54:03 -0700] "GET /.git/config HTTP/1.1" 404 113944 "-" "Python/3.10 aiohttp/3.13.1"
195.178.110.201 - - [24/Oct/2025:09:54:05 -0700] "GET /backend/.env HTTP/1.1" 301 483 "-" "Python/3.10 aiohttp/3.13.1"
195.178.110.201 - - [24/Oct/2025:09:54:07 -0700] "GET /backend/.env HTTP/1.1" 404 113944 "-" "Python/3.10 aiohttp/3.13.1"
195.178.110.201 - - [24/Oct/2025:09:54:08 -0700] "GET /admin/.env HTTP/1.1" 301 479 "-" "Python/3.10 aiohttp/3.13.1"
195.178.110.201 - - [24/Oct/2025:09:54:10 -0700] "GET /admin/.env HTTP/1.1" 404 113944 "-" "Python/3.10 aiohttp/3.13.1"
195.178.110.201 - - [24/Oct/2025:09:54:11 -0700] "GET /core/.env HTTP/1.1" 301 477 "-" "Python/3.10 aiohttp/3.13.1"
195.178.110.201 - - [24/Oct/2025:09:54:13 -0700] "GET /core/.env HTTP/1.1" 404 113944 "-" "Python/3.10 aiohttp/3.13.1"
195.178.110.201 - - [24/Oct/2025:09:54:15 -0700] "GET /.env.bak HTTP/1.1" 301 475 "-" "Python/3.10 aiohttp/3.13.1"
195.178.110.201 - - [24/Oct/2025:09:54:19 -0700] "GET /%22https:/www.elconferencista.com/wp-includes/js/jquery/ui/core.min.js?ver=1.13.3%22 HTTP/1.1" 301 628 "-" "Python/3.10 aiohttp/3.13.1"
195.178.110.201 - - [24/Oct/2025:09:54:20 -0700] "GET /%22https:/www.elconferencista.com/wp-includes/js/dist/hooks.min.js?ver=4d63a3d491d11ffd8ac6%22 HTTP/1.1" 301 3990 "-" "Python/3.10 aiohttp/3.13.1"
195.178.110.201 - - [24/Oct/2025:09:54:20 -0700] "GET /%22https:/www.elconferencista.com/wp-content/plugins/elementskit-lite/widgets/init/assets/js/elementor.js?ver=3.7.4%22 HTTP/1.1" 301 4038 "-" "Python/3.10 aiohttp/3.13.1"
195.178.110.201 - - [24/Oct/2025:09:54:20 -0700] "GET /wp-content/themes/astra/assets/js/minified/flexibility.min.js?ver=4.9.2 HTTP/1.1" 200 7762 "-" "Python/3.10 aiohttp/3.13.1"
195.178.110.201 - - [24/Oct/2025:09:54:20 -0700] "GET /wp-content/plugins/elementor/assets/lib/jquery-numerator/jquery-numerator.min.js?ver=0.2.1 HTTP/1.1" 200 4490 "-" "Python/3.10 aiohttp/3.13.1"
195.178.110.201 - - [24/Oct/2025:09:54:20 -0700] "GET /wp-content/plugins/elementor-pro/assets/js/elements-handlers.min.js?ver=3.32.3 HTTP/1.1" 200 14637 "-" "Python/3.10 aiohttp/3.13.1"
195.178.110.201 - - [24/Oct/2025:09:54:20 -0700] "GET /wp-content/plugins/elementor-pro/assets/js/frontend.min.js?ver=3.32.3 HTTP/1.1" 200 10403 "-" "Python/3.10 aiohttp/3.13.1"
195.178.110.201 - - [24/Oct/2025:09:54:20 -0700] "GET /wp-content/plugins/elementor/assets/lib/e-gallery/js/e-gallery.min.js?ver=1.2.0 HTTP/1.1" 200 8415 "-" "Python/3.10 aiohttp/3.13.1"
195.178.110.201 - - [24/Oct/2025:09:54:20 -0700] "GET /wp-content/themes/astra/assets/js/minified/frontend.min.js?ver=4.9.2 HTTP/1.1" 200 9763 "-" "Python/3.10 aiohttp/3.13.1"
195.178.110.201 - - [24/Oct/2025:09:54:20 -0700] "GET /.env.bak HTTP/1.1" 404 113944 "-" "Python/3.10 aiohttp/3.13.1"
195.178.110.201 - - [24/Oct/2025:09:54:22 -0700] "GET /.git/logs/HEAD HTTP/1.1" 301 487 "-" "Python/3.10 aiohttp/3.13.1"
195.178.110.201 - - [24/Oct/2025:09:54:20 -0700] "GET /%22https:/www.elconferencista.com/wp-includes/js/jquery/ui/core.min.js?ver=1.13.3%22 HTTP/1.1" 404 114037 "-" "Python/3.10 aiohttp/3.13.1"
195.178.110.201 - - [24/Oct/2025:09:54:20 -0700] "GET /%22https:/www.elconferencista.com/wp-content/plugins/elementskit-lite/widgets/init/assets/js/elementor.js?ver=3.7.4%22 HTTP/1.1" 404 110661 "-" "Python/3.10 aiohttp/3.13.1"
195.178.110.201 - - [24/Oct/2025:09:54:21 -0700] "GET /%22https:/www.elconferencista.com/wp-includes/js/dist/hooks.min.js?ver=4d63a3d491d11ffd8ac6%22 HTTP/1.1" 404 114037 "-" "Python/3.10 aiohttp/3.13.1"
195.178.110.201 - - [24/Oct/2025:09:54:22 -0700] "GET /.git/logs/HEAD HTTP/1.1" 404 110661 "-" "Python/3.10 aiohttp/3.13.1"
195.178.110.201 - - [24/Oct/2025:09:54:24 -0700] "GET /wp-config.php HTTP/1.1" 418 721 "-" "Python/3.10 aiohttp/3.13.1"
195.178.110.201 - - [24/Oct/2025:09:54:25 -0700] "GET /.gitlab-ci.yml HTTP/1.1" 301 487 "-" "Python/3.10 aiohttp/3.13.1"
195.178.110.201 - - [24/Oct/2025:09:54:27 -0700] "GET /.gitlab-ci.yml HTTP/1.1" 404 113944 "-" "Python/3.10 aiohttp/3.13.1"
195.178.110.201 - - [24/Oct/2025:09:54:28 -0700] "GET /config.json HTTP/1.1" 301 481 "-" "Python/3.10 aiohttp/3.13.1"
195.178.110.201 - - [24/Oct/2025:09:54:30 -0700] "GET /config.json HTTP/1.1" 404 113944 "-" "Python/3.10 aiohttp/3.13.1"
195.178.110.201 - - [24/Oct/2025:09:54:32 -0700] "GET /config.js HTTP/1.1" 301 477 "-" "Python/3.10 aiohttp/3.13.1"
195.178.110.201 - - [24/Oct/2025:09:54:33 -0700] "GET /config.js HTTP/1.1" 404 113944 "-" "Python/3.10 aiohttp/3.13.1"
195.178.110.201 - - [24/Oct/2025:09:54:35 -0700] "GET /aws-config.js HTTP/1.1" 301 485 "-" "Python/3.10 aiohttp/3.13.1"
195.178.110.201 - - [24/Oct/2025:09:54:37 -0700] "GET /aws-config.js HTTP/1.1" 404 113944 "-" "Python/3.10 aiohttp/3.13.1"
195.178.110.201 - - [24/Oct/2025:09:54:38 -0700] "GET /aws.config.js HTTP/1.1" 301 485 "-" "Python/3.10 aiohttp/3.13.1"
195.178.110.201 - - [24/Oct/2025:09:54:40 -0700] "GET /aws.config.js HTTP/1.1" 404 113944 "-" "Python/3.10 aiohttp/3.13.1"
43.167.245.18 - - [24/Oct/2025:09:55:04 -0700] "GET /wp-json/wp/v2/pages/11 HTTP/1.1" 429 3797 "-" "Mozilla/5.0 (iPhone; CPU iPhone OS 13_2_3 like Mac OS X) AppleWebKit/605.1.15 (KHTML, like Gecko) Version/13.0.3 Mobile/15E148 Safari/604.1"
216.73.216.180 - - [24/Oct/2025:09:56:13 -0700] "GET /8353062?products=0006960892 HTTP/2.0" 404 109979 "-" "Mozilla/5.0 AppleWebKit/537.36 (KHTML, like Gecko; compatible; ClaudeBot/1.0; +claudebot@anthropic.com)"
69.163.179.91 - - [24/Oct/2025:09:56:15 -0700] "POST /wp-cron.php?doing_wp_cron=1761324975.1008698940277099609375 HTTP/1.1" 200 3647 "-" "WordPress/6.8.3; https://www.elconferencista.com"
69.163.179.91 - - [24/Oct/2025:09:57:02 -0700] "POST /wp-cron.php?doing_wp_cron=1761325022.4436891078948974609375 HTTP/1.1" 200 3647 "-" "WordPress/6.8.3; https://www.elconferencista.com"
216.73.216.180 - - [24/Oct/2025:09:57:01 -0700] "GET /8351958?products=0006959972 HTTP/2.0" 404 109979 "-" "Mozilla/5.0 AppleWebKit/537.36 (KHTML, like Gecko; compatible; ClaudeBot/1.0; +claudebot@anthropic.com)"
173.252.82.112 - - [24/Oct/2025:09:58:45 -0700] "GET /robots.txt HTTP/2.0" 206 271 "-" "facebookexternalhit/1.1 (+http://www.facebook.com/externalhit_uatext.php)"
77.75.76.172 - - [24/Oct/2025:09:58:55 -0700] "GET /robots.txt HTTP/1.1" 200 3890 "-" "Mozilla/5.0 (compatible; SeznamBot/4.0; +https://o-seznam.cz/napoveda/vyhledavani/en/seznambot-crawler/)"
77.75.76.172 - - [24/Oct/2025:09:58:55 -0700] "GET / HTTP/1.1" 200 34858 "-" "Mozilla/5.0 (compatible; SeznamBot/4.0; +https://o-seznam.cz/napoveda/vyhledavani/en/seznambot-crawler/)"
69.163.179.91 - - [24/Oct/2025:09:58:57 -0700] "POST /wp-cron.php?doing_wp_cron=1761325137.5383789539337158203125 HTTP/1.1" 200 3647 "-" "WordPress/6.8.3; https://www.elconferencista.com"
69.163.179.91 - - [24/Oct/2025:09:59:04 -0700] "POST /wp-cron.php?doing_wp_cron=1761325144.3615660667419433593750 HTTP/1.1" 200 3647 "-" "WordPress/6.8.3; https://www.elconferencista.com"
216.73.216.180 - - [24/Oct/2025:09:59:03 -0700] "GET /8353920?products=0006961605 HTTP/2.0" 404 109997 "-" "Mozilla/5.0 AppleWebKit/537.36 (KHTML, like Gecko; compatible; ClaudeBot/1.0; +claudebot@anthropic.com)"
216.73.216.180 - - [24/Oct/2025:09:59:06 -0700] "GET /8353340?products=0006961123 HTTP/2.0" 404 109822 "-" "Mozilla/5.0 AppleWebKit/537.36 (KHTML, like Gecko; compatible; ClaudeBot/1.0; +claudebot@anthropic.com)"
216.73.216.180 - - [24/Oct/2025:09:59:09 -0700] "GET /8354732?products=0006962283 HTTP/2.0" 404 109822 "-" "Mozilla/5.0 AppleWebKit/537.36 (KHTML, like Gecko; compatible; ClaudeBot/1.0; +claudebot@anthropic.com)"
216.73.216.180 - - [24/Oct/2025:10:00:00 -0700] "GET /8352740?products=0006960623 HTTP/2.0" 404 109979 "-" "Mozilla/5.0 AppleWebKit/537.36 (KHTML, like Gecko; compatible; ClaudeBot/1.0; +claudebot@anthropic.com)"
69.163.179.91 - - [24/Oct/2025:10:00:03 -0700] "POST /wp-cron.php?doing_wp_cron=1761325203.6736729145050048828125 HTTP/1.1" 200 3647 "-" "WordPress/6.8.3; https://www.elconferencista.com"
216.73.216.180 - - [24/Oct/2025:10:00:03 -0700] "GET /8352840?products=0006960705 HTTP/2.0" 404 109822 "-" "Mozilla/5.0 AppleWebKit/537.36 (KHTML, like Gecko; compatible; ClaudeBot/1.0; +claudebot@anthropic.com)"
216.73.216.180 - - [24/Oct/2025:10:00:06 -0700] "GET /8354434?products=0006962034 HTTP/2.0" 404 109822 "-" "Mozilla/5.0 AppleWebKit/537.36 (KHTML, like Gecko; compatible; ClaudeBot/1.0; +claudebot@anthropic.com)"
34.1.16.165 - - [24/Oct/2025:10:01:23 -0700] "GET / HTTP/2.0" 429 348 "http://www.elconferencista.com/" "Mozilla/5.0 (Macintosh; Intel Mac OS X 10_15_7) AppleWebKit/537.36 (KHTML, like Gecko) Chrome/135.0.0.0 Safari/537.36"
34.1.16.165 - - [24/Oct/2025:10:01:23 -0700] "GET / HTTP/2.0" 429 255 "http://elconferencista.com/" "Mozilla/5.0 (Macintosh; Intel Mac OS X 10_15_7) AppleWebKit/537.36 (KHTML, like Gecko) Chrome/135.0.0.0 Safari/537.36"
34.1.16.165 - - [24/Oct/2025:10:01:24 -0700] "GET / HTTP/2.0" 429 278 "http://www.elconferencista.com/" "Mozilla/5.0 (Macintosh; Intel Mac OS X 10_15_7) AppleWebKit/537.36 (KHTML, like Gecko) Chrome/135.0.0.0 Safari/537.36"
69.163.179.91 - - [24/Oct/2025:10:02:37 -0700] "POST /wp-cron.php?doing_wp_cron=1761325357.4542920589447021484375 HTTP/1.1" 200 3647 "-" "WordPress/6.8.3; https://www.elconferencista.com"
69.163.179.91 - - [24/Oct/2025:10:02:38 -0700] "POST /wp-cron.php?doing_wp_cron=1761325358.4956719875335693359375 HTTP/1.1" 200 3647 "-" "WordPress/6.8.3; https://www.elconferencista.com"
216.73.216.180 - - [24/Oct/2025:10:02:35 -0700] "GET /8349966?products=0006958312 HTTP/2.0" 404 109988 "-" "Mozilla/5.0 AppleWebKit/537.36 (KHTML, like Gecko; compatible; ClaudeBot/1.0; +claudebot@anthropic.com)"
216.73.216.180 - - [24/Oct/2025:10:02:44 -0700] "GET /8353056?products=0006960885 HTTP/2.0" 404 109822 "-" "Mozilla/5.0 AppleWebKit/537.36 (KHTML, like Gecko; compatible; ClaudeBot/1.0; +claudebot@anthropic.com)"
216.73.216.180 - - [24/Oct/2025:10:02:47 -0700] "GET /8351790?products=0006959832 HTTP/2.0" 404 109822 "-" "Mozilla/5.0 AppleWebKit/537.36 (KHTML, like Gecko; compatible; ClaudeBot/1.0; +claudebot@anthropic.com)"
216.73.216.180 - - [24/Oct/2025:10:02:53 -0700] "GET /8354482?products=0006962074 HTTP/2.0" 404 110006 "-" "Mozilla/5.0 AppleWebKit/537.36 (KHTML, like Gecko; compatible; ClaudeBot/1.0; +claudebot@anthropic.com)"
216.73.216.180 - - [24/Oct/2025:10:02:56 -0700] "GET /8354492?products=0006962083 HTTP/2.0" 404 109813 "-" "Mozilla/5.0 AppleWebKit/537.36 (KHTML, like Gecko; compatible; ClaudeBot/1.0; +claudebot@anthropic.com)"
216.73.216.180 - - [24/Oct/2025:10:02:59 -0700] "GET /8349912?products=0006958265 HTTP/2.0" 404 109822 "-" "Mozilla/5.0 AppleWebKit/537.36 (KHTML, like Gecko; compatible; ClaudeBot/1.0; +claudebot@anthropic.com)"
216.73.216.180 - - [24/Oct/2025:10:05:57 -0700] "GET /8351132?products=0006959283 HTTP/2.0" 404 109997 "-" "Mozilla/5.0 AppleWebKit/537.36 (KHTML, like Gecko; compatible; ClaudeBot/1.0; +claudebot@anthropic.com)"
69.163.179.91 - - [24/Oct/2025:10:05:59 -0700] "POST /wp-cron.php?doing_wp_cron=1761325559.3326969146728515625000 HTTP/1.1" 200 3647 "-" "WordPress/6.8.3; https://www.elconferencista.com"
69.163.179.91 - - [24/Oct/2025:10:06:04 -0700] "POST /wp-cron.php?doing_wp_cron=1761325564.4984400272369384765625 HTTP/1.1" 200 3647 "-" "WordPress/6.8.3; https://www.elconferencista.com"
216.73.216.180 - - [24/Oct/2025:10:06:03 -0700] "GET /8351012?products=0006959183 HTTP/2.0" 404 109822 "-" "Mozilla/5.0 AppleWebKit/537.36 (KHTML, like Gecko; compatible; ClaudeBot/1.0; +claudebot@anthropic.com)"
216.73.216.180 - - [24/Oct/2025:10:06:06 -0700] "GET /8354516?products=0006962103 HTTP/2.0" 404 109822 "-" "Mozilla/5.0 AppleWebKit/537.36 (KHTML, like Gecko; compatible; ClaudeBot/1.0; +claudebot@anthropic.com)"
216.73.216.180 - - [24/Oct/2025:10:06:39 -0700] "GET /8351060?products=0006959223 HTTP/2.0" 404 109979 "-" "Mozilla/5.0 AppleWebKit/537.36 (KHTML, like Gecko; compatible; ClaudeBot/1.0; +claudebot@anthropic.com)"
216.73.216.180 - - [24/Oct/2025:10:06:42 -0700] "GET /8352250?products=0006960214 HTTP/2.0" 404 109822 "-" "Mozilla/5.0 AppleWebKit/537.36 (KHTML, like Gecko; compatible; ClaudeBot/1.0; +claudebot@anthropic.com)"
216.73.216.180 - - [24/Oct/2025:10:06:45 -0700] "GET /8352668?products=0006960563 HTTP/2.0" 404 109831 "-" "Mozilla/5.0 AppleWebKit/537.36 (KHTML, like Gecko; compatible; ClaudeBot/1.0; +claudebot@anthropic.com)"
114.119.144.65 - - [24/Oct/2025:10:08:50 -0700] "GET /solicita-tu-cotizacion?conferencia=%3Cspan%3E2%3C/span%3E%20M%C3%A1s%20All%C3%A1%20del%20Compromiso.%20%C2%AE HTTP/1.1" 404 113947 "https://www.elconferencista.com/solicita-tu-cotizacion/index.php?conferencia=%3Cspan%3E2%3C%2Fspan%3E%20M%C3%A1s%20All%C3%A1%20del%20Compromiso.%20%C2%AE" "Mozilla/5.0 (Linux; Android 7.0;) AppleWebKit/537.36 (KHTML, like Gecko) Mobile Safari/537.36 (compatible; PetalBot;+https://webmaster.petalsearch.com/site/petalbot)"
69.163.179.91 - - [24/Oct/2025:10:08:53 -0700] "POST /wp-cron.php?doing_wp_cron=1761325733.4732940196990966796875 HTTP/1.1" 200 3647 "-" "WordPress/6.8.3; https://www.elconferencista.com"
69.163.179.91 - - [24/Oct/2025:10:09:03 -0700] "POST /wp-cron.php?doing_wp_cron=1761325742.9560310840606689453125 HTTP/1.1" 200 3647 "-" "WordPress/6.8.3; https://www.elconferencista.com"
216.73.216.180 - - [24/Oct/2025:10:09:01 -0700] "GET /8351544?products=0006959625 HTTP/2.0" 404 109997 "-" "Mozilla/5.0 AppleWebKit/537.36 (KHTML, like Gecko; compatible; ClaudeBot/1.0; +claudebot@anthropic.com)"
216.73.216.180 - - [24/Oct/2025:10:09:04 -0700] "GET /8354578?products=0006962154 HTTP/2.0" 404 109822 "-" "Mozilla/5.0 AppleWebKit/537.36 (KHTML, like Gecko; compatible; ClaudeBot/1.0; +claudebot@anthropic.com)"
216.73.216.180 - - [24/Oct/2025:10:09:28 -0700] "GET /8350752?products=0006958965 HTTP/2.0" 404 109997 "-" "Mozilla/5.0 AppleWebKit/537.36 (KHTML, like Gecko; compatible; ClaudeBot/1.0; +claudebot@anthropic.com)"
216.73.216.180 - - [24/Oct/2025:10:09:30 -0700] "GET /8354002?products=0006961674 HTTP/2.0" 404 109813 "-" "Mozilla/5.0 AppleWebKit/537.36 (KHTML, like Gecko; compatible; ClaudeBot/1.0; +claudebot@anthropic.com)"
43.166.134.114 - - [24/Oct/2025:10:09:40 -0700] "GET /xmlrpc.php?rsd HTTP/1.1" 200 3960 "-" "Mozilla/5.0 (iPhone; CPU iPhone OS 13_2_3 like Mac OS X) AppleWebKit/605.1.15 (KHTML, like Gecko) Version/13.0.3 Mobile/15E148 Safari/604.1"
38.146.27.78 - - [24/Oct/2025:10:11:22 -0700] "GET /wp-login.php HTTP/2.0" 429 351 "-" "Mozilla/5.0 (Windows NT 6.3; WOW64; Trident/7.0; MATPJS; rv:11.0) like Gecko"
38.146.27.78 - - [24/Oct/2025:10:11:38 -0700] "GET /wp-login.php HTTP/2.0" 429 351 "-" "Mozilla/5.0 (Windows NT 6.3; WOW64; Trident/7.0; MATPJS; rv:11.0) like Gecko"
38.146.27.78 - - [24/Oct/2025:10:11:43 -0700] "POST /wp-login.php HTTP/2.0" 429 278 "https://www.elconferencista.com/wp-login.php" "Mozilla/5.0 (Windows NT 6.3; WOW64; Trident/7.0; MATPJS; rv:11.0) like Gecko"
216.73.216.180 - - [24/Oct/2025:10:12:00 -0700] "GET /8350734?products=0006958952 HTTP/2.0" 404 109997 "-" "Mozilla/5.0 AppleWebKit/537.36 (KHTML, like Gecko; compatible; ClaudeBot/1.0; +claudebot@anthropic.com)"
69.163.179.91 - - [24/Oct/2025:10:12:02 -0700] "POST /wp-cron.php?doing_wp_cron=1761325922.6450400352478027343750 HTTP/1.1" 200 3647 "-" "WordPress/6.8.3; https://www.elconferencista.com"
216.73.216.180 - - [24/Oct/2025:10:12:06 -0700] "GET /8350374?products=0006958652 HTTP/2.0" 404 109822 "-" "Mozilla/5.0 AppleWebKit/537.36 (KHTML, like Gecko; compatible; ClaudeBot/1.0; +claudebot@anthropic.com)"
216.73.216.180 - - [24/Oct/2025:10:12:23 -0700] "GET /8350378?products=0006958654 HTTP/2.0" 404 109997 "-" "Mozilla/5.0 AppleWebKit/537.36 (KHTML, like Gecko; compatible; ClaudeBot/1.0; +claudebot@anthropic.com)"
216.73.216.180 - - [24/Oct/2025:10:12:25 -0700] "GET /8350652?products=0006958883 HTTP/2.0" 404 109822 "-" "Mozilla/5.0 AppleWebKit/537.36 (KHTML, like Gecko; compatible; ClaudeBot/1.0; +claudebot@anthropic.com)"
51.161.65.131 - - [24/Oct/2025:10:12:27 -0700] "GET /wp-sitemap.xml HTTP/2.0" 200 3380 "-" "Mozilla/5.0 (compatible; AhrefsBot/7.0; +http://ahrefs.com/robot/)"
216.73.216.180 - - [24/Oct/2025:10:15:10 -0700] "GET /8351324?products=0006959443 HTTP/2.0" 404 109988 "-" "Mozilla/5.0 AppleWebKit/537.36 (KHTML, like Gecko; compatible; ClaudeBot/1.0; +claudebot@anthropic.com)"
69.163.179.91 - - [24/Oct/2025:10:15:13 -0700] "POST /wp-cron.php?doing_wp_cron=1761326113.1916658878326416015625 HTTP/1.1" 200 3647 "-" "WordPress/6.8.3; https://www.elconferencista.com"
216.73.216.180 - - [24/Oct/2025:10:15:16 -0700] "GET /8352068?products=0006960063 HTTP/2.0" 404 109822 "-" "Mozilla/5.0 AppleWebKit/537.36 (KHTML, like Gecko; compatible; ClaudeBot/1.0; +claudebot@anthropic.com)"
69.163.179.91 - - [24/Oct/2025:10:15:20 -0700] "POST /wp-cron.php?doing_wp_cron=1761326120.0645549297332763671875 HTTP/1.1" 200 3647 "-" "WordPress/6.8.3; https://www.elconferencista.com"
216.73.216.180 - - [24/Oct/2025:10:15:19 -0700] "GET /8353968?products=0006961645 HTTP/2.0" 404 109822 "-" "Mozilla/5.0 AppleWebKit/537.36 (KHTML, like Gecko; compatible; ClaudeBot/1.0; +claudebot@anthropic.com)"
216.73.216.180 - - [24/Oct/2025:10:15:54 -0700] "GET /8354084?products=0006961743 HTTP/2.0" 404 109997 "-" "Mozilla/5.0 AppleWebKit/537.36 (KHTML, like Gecko; compatible; ClaudeBot/1.0; +claudebot@anthropic.com)"
216.73.216.180 - - [24/Oct/2025:10:15:57 -0700] "GET /8350570?products=0006958814 HTTP/2.0" 404 109831 "-" "Mozilla/5.0 AppleWebKit/537.36 (KHTML, like Gecko; compatible; ClaudeBot/1.0; +claudebot@anthropic.com)"
216.73.216.180 - - [24/Oct/2025:10:17:40 -0700] "GET /8351722?products=0006959774 HTTP/2.0" 404 109997 "-" "Mozilla/5.0 AppleWebKit/537.36 (KHTML, like Gecko; compatible; ClaudeBot/1.0; +claudebot@anthropic.com)"
69.163.179.91 - - [24/Oct/2025:10:17:43 -0700] "POST /wp-cron.php?doing_wp_cron=1761326263.6502459049224853515625 HTTP/1.1" 200 3647 "-" "WordPress/6.8.3; https://www.elconferencista.com"
216.73.216.180 - - [24/Oct/2025:10:17:46 -0700] "GET /8352610?products=0006960514 HTTP/2.0" 404 109822 "-" "Mozilla/5.0 AppleWebKit/537.36 (KHTML, like Gecko; compatible; ClaudeBot/1.0; +claudebot@anthropic.com)"
43.166.251.233 - - [24/Oct/2025:10:18:52 -0700] "GET / HTTP/1.1" 200 34802 "-" "Mozilla/5.0 (iPhone; CPU iPhone OS 13_2_3 like Mac OS X) AppleWebKit/605.1.15 (KHTML, like Gecko) Version/13.0.3 Mobile/15E148 Safari/604.1"
69.163.179.91 - - [24/Oct/2025:10:18:54 -0700] "POST /wp-cron.php?doing_wp_cron=1761326334.8469851016998291015625 HTTP/1.1" 200 3647 "-" "WordPress/6.8.3; https://www.elconferencista.com"
216.73.216.180 - - [24/Oct/2025:10:23:35 -0700] "GET /8351400?products=0006959505 HTTP/2.0" 404 109997 "-" "Mozilla/5.0 AppleWebKit/537.36 (KHTML, like Gecko; compatible; ClaudeBot/1.0; +claudebot@anthropic.com)"
69.163.179.91 - - [24/Oct/2025:10:23:37 -0700] "POST /wp-cron.php?doing_wp_cron=1761326617.1228840351104736328125 HTTP/1.1" 200 3647 "-" "WordPress/6.8.3; https://www.elconferencista.com"
216.73.216.180 - - [24/Oct/2025:10:23:41 -0700] "GET /8350176?products=0006958485 HTTP/2.0" 404 109822 "-" "Mozilla/5.0 AppleWebKit/537.36 (KHTML, like Gecko; compatible; ClaudeBot/1.0; +claudebot@anthropic.com)"
216.73.216.180 - - [24/Oct/2025:10:26:55 -0700] "GET /8351832?products=0006959865 HTTP/2.0" 404 109997 "-" "Mozilla/5.0 AppleWebKit/537.36 (KHTML, like Gecko; compatible; ClaudeBot/1.0; +claudebot@anthropic.com)"
69.163.179.91 - - [24/Oct/2025:10:26:56 -0700] "POST /wp-cron.php?doing_wp_cron=1761326816.5079119205474853515625 HTTP/1.1" 200 3647 "-" "WordPress/6.8.3; https://www.elconferencista.com"
69.163.179.91 - - [24/Oct/2025:10:27:06 -0700] "POST /wp-cron.php?doing_wp_cron=1761326826.3346331119537353515625 HTTP/1.1" 200 3647 "-" "WordPress/6.8.3; https://www.elconferencista.com"
43.153.7.191 - - [24/Oct/2025:10:27:05 -0700] "GET / HTTP/1.1" 200 34802 "-" "Mozilla/5.0 (iPhone; CPU iPhone OS 13_2_3 like Mac OS X) AppleWebKit/605.1.15 (KHTML, like Gecko) Version/13.0.3 Mobile/15E148 Safari/604.1"
216.73.216.180 - - [24/Oct/2025:10:28:33 -0700] "GET /8350086?products=0006958412 HTTP/2.0" 404 109997 "-" "Mozilla/5.0 AppleWebKit/537.36 (KHTML, like Gecko; compatible; ClaudeBot/1.0; +claudebot@anthropic.com)"
69.163.179.91 - - [24/Oct/2025:10:28:34 -0700] "POST /wp-cron.php?doing_wp_cron=1761326914.7870519161224365234375 HTTP/1.1" 200 3647 "-" "WordPress/6.8.3; https://www.elconferencista.com"
66.33.200.4 - - [24/Oct/2025:10:29:27 -0700] "GET / HTTP/1.1" 301 3786 "-" "DreamHost Data Team (+http://www.dreamhost.com/support/)"
69.163.179.91 - - [24/Oct/2025:10:29:33 -0700] "POST /wp-cron.php?doing_wp_cron=1761326973.0310399532318115234375 HTTP/1.1" 200 3647 "-" "WordPress/6.8.3; https://www.elconferencista.com"
66.33.200.4 - - [24/Oct/2025:10:29:32 -0700] "GET / HTTP/1.1" 200 34799 "-" "DreamHost Data Team (+http://www.dreamhost.com/support/)"
69.163.179.91 - - [24/Oct/2025:10:30:55 -0700] "POST /wp-cron.php?doing_wp_cron=1761327054.9717729091644287109375 HTTP/1.1" 200 3647 "-" "WordPress/6.8.3; https://www.elconferencista.com"
148.113.128.218 - - [24/Oct/2025:10:30:54 -0700] "GET /articulo-3/ HTTP/2.0" 200 27229 "-" "Mozilla/5.0 (compatible; AhrefsBot/7.0; +http://ahrefs.com/robot/)"
194.233.93.51 - - [24/Oct/2025:10:32:38 -0700] "GET /wp-login.php HTTP/1.1" 200 7234 "-" "Mozilla/5.0 (Windows NT 10.0; Win64; x64) AppleWebKit/537.36 (KHTML, like Gecko) Chrome/120.0.0.0 Safari/537.36"
194.233.93.51 - - [24/Oct/2025:10:32:41 -0700] "POST /wp-login.php HTTP/1.1" 302 1671 "-" "Mozilla/5.0 (Windows NT 10.0; Win64; x64) AppleWebKit/537.36 (KHTML, like Gecko) Chrome/120.0.0.0 Safari/537.36"
69.163.179.91 - - [24/Oct/2025:10:32:40 -0700] "POST /wp-cron.php?doing_wp_cron=1761327160.1547501087188720703125 HTTP/1.1" 200 3647 "-" "WordPress/6.8.3; https://www.elconferencista.com"
194.233.93.51 - - [24/Oct/2025:10:32:43 -0700] "GET /wp-login.php?redirect_to=https%3A%2F%2Fwww.elconferencista.com%2Fwp-admin%2F&action=confirm_admin_email&wp_lang=es_ES HTTP/1.1" 200 2473 "-" "Mozilla/5.0 (Windows NT 10.0; Win64; x64) AppleWebKit/537.36 (KHTML, like Gecko) Chrome/120.0.0.0 Safari/537.36"
194.233.93.51 - - [24/Oct/2025:10:32:45 -0700] "GET /wp-admin/post-new.php HTTP/1.1" 500 163617 "-" "Mozilla/5.0 (Windows NT 10.0; Win64; x64) AppleWebKit/537.36 (KHTML, like Gecko) Chrome/120.0.0.0 Safari/537.36"
69.163.179.91 - - [24/Oct/2025:10:33:29 -0700] "POST /wp-cron.php?doing_wp_cron=1761327209.7318940162658691406250 HTTP/1.1" 200 3647 "-" "WordPress/6.8.3; https://www.elconferencista.com"
216.73.216.180 - - [24/Oct/2025:10:33:29 -0700] "GET /8350796?products=0006959003 HTTP/2.0" 404 109997 "-" "Mozilla/5.0 AppleWebKit/537.36 (KHTML, like Gecko; compatible; ClaudeBot/1.0; +claudebot@anthropic.com)"
142.44.220.229 - - [24/Oct/2025:10:34:05 -0700] "GET /wp-content/uploads/elementor/css/post-619.css?ver=1761162880 HTTP/2.0" 200 1740 "-" "Mozilla/5.0 (compatible; AhrefsBot/7.0; +http://ahrefs.com/robot/)"
142.44.220.136 - - [24/Oct/2025:10:34:06 -0700] "GET /wp-content/plugins/elementor-pro/assets/css/widget-share-buttons.min.css?ver=3.32.3 HTTP/2.0" 200 2592 "-" "Mozilla/5.0 (compatible; AhrefsBot/7.0; +http://ahrefs.com/robot/)"
54.39.89.103 - - [24/Oct/2025:10:34:07 -0700] "GET /wp-content/plugins/elementor-pro/assets/css/widget-post-info.min.css?ver=3.32.3 HTTP/2.0" 200 379 "-" "Mozilla/5.0 (compatible; AhrefsBot/7.0; +http://ahrefs.com/robot/)"
37.152.197.50 - - [24/Oct/2025:10:34:56 -0700] "GET /wp-json/wp/v2/users HTTP/1.1" 200 6265 "https://www.google.com" "Mozilla/5.0 (X11; Linux x86_64) AppleWebKit/537.36 (KHTML, like Gecko) Chrome/119.0.0.0 Safari/537.36"
69.163.179.91 - - [24/Oct/2025:10:34:58 -0700] "POST /wp-cron.php?doing_wp_cron=1761327298.0981709957122802734375 HTTP/1.1" 200 3647 "-" "WordPress/6.8.3; https://www.elconferencista.com"
69.163.179.91 - - [24/Oct/2025:10:35:06 -0700] "POST /wp-cron.php?doing_wp_cron=1761327306.1178619861602783203125 HTTP/1.1" 200 3647 "-" "WordPress/6.8.3; https://www.elconferencista.com"
216.73.216.180 - - [24/Oct/2025:10:35:05 -0700] "GET /8350350?products=0006958632 HTTP/2.0" 404 109997 "-" "Mozilla/5.0 AppleWebKit/537.36 (KHTML, like Gecko; compatible; ClaudeBot/1.0; +claudebot@anthropic.com)"
37.152.197.50 - - [24/Oct/2025:10:35:12 -0700] "GET /wp-login.php HTTP/1.1" 200 6988 "https://www.google.com" "Mozilla/5.0 (X11; Linux x86_64) AppleWebKit/537.36 (KHTML, like Gecko) Chrome/119.0.0.0 Safari/537.36"
216.73.216.180 - - [24/Oct/2025:10:36:41 -0700] "GET /8350474?products=0006958734 HTTP/2.0" 404 109979 "-" "Mozilla/5.0 AppleWebKit/537.36 (KHTML, like Gecko; compatible; ClaudeBot/1.0; +claudebot@anthropic.com)"
69.163.179.91 - - [24/Oct/2025:10:36:43 -0700] "POST /wp-cron.php?doing_wp_cron=1761327403.5855019092559814453125 HTTP/1.1" 200 3647 "-" "WordPress/6.8.3; https://www.elconferencista.com"
43.130.102.7 - - [24/Oct/2025:10:41:11 -0700] "GET /wp-json/wp/v2/pages/236 HTTP/1.1" 429 3787 "-" "Mozilla/5.0 (iPhone; CPU iPhone OS 13_2_3 like Mac OS X) AppleWebKit/605.1.15 (KHTML, like Gecko) Version/13.0.3 Mobile/15E148 Safari/604.1"
43.157.142.101 - - [24/Oct/2025:10:46:05 -0700] "GET /articulo-3/ HTTP/1.1" 429 3797 "-" "Mozilla/5.0 (iPhone; CPU iPhone OS 13_2_3 like Mac OS X) AppleWebKit/605.1.15 (KHTML, like Gecko) Version/13.0.3 Mobile/15E148 Safari/604.1"
129.150.46.7 - - [24/Oct/2025:10:49:08 -0700] "GET /wp-login.php HTTP/2.0" 429 351 "-" "Mozilla/5.0 (Windows NT 10.0; WOW64; Trident/7.0; Touch; ASU2JS; rv:11.0) like Gecko"
129.150.46.7 - - [24/Oct/2025:10:49:09 -0700] "POST /wp-login.php HTTP/2.0" 429 278 "https://www.elconferencista.com/wp-login.php" "Mozilla/5.0 (Windows NT 10.0; WOW64; Trident/7.0; Touch; ASU2JS; rv:11.0) like Gecko"
43.166.247.155 - - [24/Oct/2025:10:49:10 -0700] "GET / HTTP/1.1" 200 34802 "https://ednergranados.com/" "Mozilla/5.0 (iPhone; CPU iPhone OS 13_2_3 like Mac OS X) AppleWebKit/605.1.15 (KHTML, like Gecko) Version/13.0.3 Mobile/15E148 Safari/604.1"
69.163.179.91 - - [24/Oct/2025:10:49:12 -0700] "POST /wp-cron.php?doing_wp_cron=1761328152.3933179378509521484375 HTTP/1.1" 200 3647 "-" "WordPress/6.8.3; https://www.elconferencista.com"
54.39.136.192 - - [24/Oct/2025:10:53:13 -0700] "GET /articulo-1/ HTTP/2.0" 200 27236 "-" "Mozilla/5.0 (compatible; AhrefsBot/7.0; +http://ahrefs.com/robot/)"
69.163.179.91 - - [24/Oct/2025:10:53:14 -0700] "POST /wp-cron.php?doing_wp_cron=1761328394.5023589134216308593750 HTTP/1.1" 200 3647 "-" "WordPress/6.8.3; https://www.elconferencista.com"
170.106.167.214 - - [24/Oct/2025:10:59:28 -0700] "GET /wp-json/ HTTP/1.1" 200 600390 "-" "Mozilla/5.0 (iPhone; CPU iPhone OS 13_2_3 like Mac OS X) AppleWebKit/605.1.15 (KHTML, like Gecko) Version/13.0.3 Mobile/15E148 Safari/604.1"
69.163.179.91 - - [24/Oct/2025:10:59:30 -0700] "POST /wp-cron.php?doing_wp_cron=1761328770.2296950817108154296875 HTTP/1.1" 200 3647 "-" "WordPress/6.8.3; https://www.elconferencista.com"
69.163.179.91 - - [24/Oct/2025:11:03:06 -0700] "POST /wp-cron.php?doing_wp_cron=1761328986.4142899513244628906250 HTTP/1.1" 200 3647 "-" "WordPress/6.8.3; https://www.elconferencista.com"
69.163.179.91 - - [24/Oct/2025:11:03:07 -0700] "POST /wp-cron.php?doing_wp_cron=1761328987.4403939247131347656250 HTTP/1.1" 200 3647 "-" "WordPress/6.8.3; https://www.elconferencista.com"
34.1.17.167 - - [24/Oct/2025:11:03:04 -0700] "GET / HTTP/2.0" 200 31037 "http://www.elconferencista.com/" "Mozilla/5.0 (Macintosh; Intel Mac OS X 10_15_7) AppleWebKit/537.36 (KHTML, like Gecko) Chrome/135.0.0.0 Safari/537.36"
34.1.17.167 - - [24/Oct/2025:11:03:10 -0700] "GET /app/ HTTP/2.0" 404 109972 "-" "Mozilla/5.0 (Macintosh; Intel Mac OS X 10_15_7) AppleWebKit/537.36 (KHTML, like Gecko) Chrome/135.0.0.0 Safari/537.36"
34.1.17.167 - - [24/Oct/2025:11:03:11 -0700] "GET /login/ HTTP/2.0" 302 103 "-" "Mozilla/5.0 (Macintosh; Intel Mac OS X 10_15_7) AppleWebKit/537.36 (KHTML, like Gecko) Chrome/135.0.0.0 Safari/537.36"
34.1.17.167 - - [24/Oct/2025:11:03:11 -0700] "GET /wp-login.php HTTP/2.0" 200 3432 "https://www.elconferencista.com/login/" "Mozilla/5.0 (Macintosh; Intel Mac OS X 10_15_7) AppleWebKit/537.36 (KHTML, like Gecko) Chrome/135.0.0.0 Safari/537.36"
34.1.17.167 - - [24/Oct/2025:11:03:12 -0700] "GET /login/wp-admin//js//password-strength-meter.js HTTP/2.0" 301 105 "-" "Mozilla/5.0 (Macintosh; Intel Mac OS X 10_15_7) AppleWebKit/537.36 (KHTML, like Gecko) Chrome/135.0.0.0 Safari/537.36"
34.1.17.167 - - [24/Oct/2025:11:03:12 -0700] "GET /login/wp-admin/js/password-strength-meter.js HTTP/2.0" 404 109883 "https://www.elconferencista.com/login/wp-admin//js//password-strength-meter.js" "Mozilla/5.0 (Macintosh; Intel Mac OS X 10_15_7) AppleWebKit/537.36 (KHTML, like Gecko) Chrome/135.0.0.0 Safari/537.36"
34.1.17.167 - - [24/Oct/2025:11:03:13 -0700] "GET //wp-includes//js//zxcvbn.min.js HTTP/2.0" 200 406616 "-" "Mozilla/5.0 (Macintosh; Intel Mac OS X 10_15_7) AppleWebKit/537.36 (KHTML, like Gecko) Chrome/135.0.0.0 Safari/537.36"
