216.73.216.180 - - [24/Oct/2025:07:24:59 -0700] "GET /8354684?products=0006962243 HTTP/2.0" 404 109822 "-" "Mozilla/5.0 AppleWebKit/537.36 (KHTML, like Gecko; compatible; ClaudeBot/1.0; +claudebot@anthropic.com)"
69.163.179.91 - - [24/Oct/2025:07:25:02 -0700] "POST /wp-cron.php?doing_wp_cron=1761315902.9093799591064453125000 HTTP/1.1" 200 3647 "-" "WordPress/6.8.3; https://www.elconferencista.com"
216.73.216.180 - - [24/Oct/2025:07:25:02 -0700] "GET /8350782?products=0006958992 HTTP/2.0" 404 109822 "-" "Mozilla/5.0 AppleWebKit/537.36 (KHTML, like Gecko; compatible; ClaudeBot/1.0; +claudebot@anthropic.com)"
216.73.216.180 - - [24/Oct/2025:07:25:05 -0700] "GET /8349888?products=0006958245 HTTP/2.0" 404 109822 "-" "Mozilla/5.0 AppleWebKit/537.36 (KHTML, like Gecko; compatible; ClaudeBot/1.0; +claudebot@anthropic.com)"
216.73.216.180 - - [24/Oct/2025:07:25:08 -0700] "GET /8354232?products=0006961865 HTTP/2.0" 404 109822 "-" "Mozilla/5.0 AppleWebKit/537.36 (KHTML, like Gecko; compatible; ClaudeBot/1.0; +claudebot@anthropic.com)"
216.73.216.180 - - [24/Oct/2025:07:25:11 -0700] "GET /8354180?products=0006961823 HTTP/2.0" 404 109822 "-" "Mozilla/5.0 AppleWebKit/537.36 (KHTML, like Gecko; compatible; ClaudeBot/1.0; +claudebot@anthropic.com)"
216.73.216.180 - - [24/Oct/2025:07:25:14 -0700] "GET /8350522?products=0006958774 HTTP/2.0" 404 109822 "-" "Mozilla/5.0 AppleWebKit/537.36 (KHTML, like Gecko; compatible; ClaudeBot/1.0; +claudebot@anthropic.com)"
45.138.99.186 - - [24/Oct/2025:07:26:01 -0700] "GET /wp-login.php HTTP/2.0" 429 351 "-" "Mozilla/5.0 (Windows NT 10.0; WOW64; Trident/7.0; ASU2JS; rv:11.0) like Gecko"
45.138.99.186 - - [24/Oct/2025:07:26:14 -0700] "GET /wp-login.php HTTP/2.0" 429 351 "-" "Mozilla/5.0 (Windows NT 10.0; WOW64; Trident/7.0; ASU2JS; rv:11.0) like Gecko"
45.138.99.186 - - [24/Oct/2025:07:26:19 -0700] "POST /wp-login.php HTTP/2.0" 429 278 "https://www.elconferencista.com/wp-login.php" "Mozilla/5.0 (Windows NT 10.0; WOW64; Trident/7.0; ASU2JS; rv:11.0) like Gecko"
216.73.216.180 - - [24/Oct/2025:07:26:42 -0700] "GET /8349898?products=0006958254 HTTP/2.0" 404 109997 "-" "Mozilla/5.0 AppleWebKit/537.36 (KHTML, like Gecko; compatible; ClaudeBot/1.0; +claudebot@anthropic.com)"
69.163.179.91 - - [24/Oct/2025:07:26:45 -0700] "POST /wp-cron.php?doing_wp_cron=1761316004.9459369182586669921875 HTTP/1.1" 200 3647 "-" "WordPress/6.8.3; https://www.elconferencista.com"
216.73.216.180 - - [24/Oct/2025:07:26:48 -0700] "GET /8349634?products=0006958034 HTTP/2.0" 404 109822 "-" "Mozilla/5.0 AppleWebKit/537.36 (KHTML, like Gecko; compatible; ClaudeBot/1.0; +claudebot@anthropic.com)"
34.173.85.209 - - [24/Oct/2025:07:26:48 -0700] "GET / HTTP/2.0" 200 31037 "http://elconferencista.com" "Mozilla/5.0 (compatible; CMS-Checker/1.0; +https://example.com)"
216.73.216.180 - - [24/Oct/2025:07:26:51 -0700] "GET /8353656?products=0006961385 HTTP/2.0" 404 109822 "-" "Mozilla/5.0 AppleWebKit/537.36 (KHTML, like Gecko; compatible; ClaudeBot/1.0; +claudebot@anthropic.com)"
216.73.216.180 - - [24/Oct/2025:07:26:54 -0700] "GET /8349740?products=0006958123 HTTP/2.0" 404 109822 "-" "Mozilla/5.0 AppleWebKit/537.36 (KHTML, like Gecko; compatible; ClaudeBot/1.0; +claudebot@anthropic.com)"
216.73.216.180 - - [24/Oct/2025:07:26:57 -0700] "GET /8352024?products=0006960025 HTTP/2.0" 404 109831 "-" "Mozilla/5.0 AppleWebKit/537.36 (KHTML, like Gecko; compatible; ClaudeBot/1.0; +claudebot@anthropic.com)"
216.73.216.180 - - [24/Oct/2025:07:27:00 -0700] "GET /8351694?products=0006959752 HTTP/2.0" 404 109822 "-" "Mozilla/5.0 AppleWebKit/537.36 (KHTML, like Gecko; compatible; ClaudeBot/1.0; +claudebot@anthropic.com)"
69.163.179.91 - - [24/Oct/2025:07:27:04 -0700] "POST /wp-cron.php?doing_wp_cron=1761316024.2171258926391601562500 HTTP/1.1" 200 3647 "-" "WordPress/6.8.3; https://www.elconferencista.com"
216.73.216.180 - - [24/Oct/2025:07:27:03 -0700] "GET /8351396?products=0006959503 HTTP/2.0" 404 109813 "-" "Mozilla/5.0 AppleWebKit/537.36 (KHTML, like Gecko; compatible; ClaudeBot/1.0; +claudebot@anthropic.com)"
216.73.216.180 - - [24/Oct/2025:07:27:06 -0700] "GET /8353206?products=0006961012 HTTP/2.0" 404 109822 "-" "Mozilla/5.0 AppleWebKit/537.36 (KHTML, like Gecko; compatible; ClaudeBot/1.0; +claudebot@anthropic.com)"
216.73.216.180 - - [24/Oct/2025:07:27:09 -0700] "GET /8354708?products=0006962263 HTTP/2.0" 404 109822 "-" "Mozilla/5.0 AppleWebKit/537.36 (KHTML, like Gecko; compatible; ClaudeBot/1.0; +claudebot@anthropic.com)"
216.73.216.180 - - [24/Oct/2025:07:27:12 -0700] "GET /8353224?products=0006961025 HTTP/2.0" 404 109822 "-" "Mozilla/5.0 AppleWebKit/537.36 (KHTML, like Gecko; compatible; ClaudeBot/1.0; +claudebot@anthropic.com)"
216.73.216.180 - - [24/Oct/2025:07:27:15 -0700] "GET /8351636?products=0006959703 HTTP/2.0" 404 109822 "-" "Mozilla/5.0 AppleWebKit/537.36 (KHTML, like Gecko; compatible; ClaudeBot/1.0; +claudebot@anthropic.com)"
216.73.216.180 - - [24/Oct/2025:07:27:33 -0700] "GET /8352798?products=0006960672 HTTP/2.0" 404 109988 "-" "Mozilla/5.0 AppleWebKit/537.36 (KHTML, like Gecko; compatible; ClaudeBot/1.0; +claudebot@anthropic.com)"
216.73.216.180 - - [24/Oct/2025:07:27:36 -0700] "GET /8349750?products=0006958132 HTTP/2.0" 404 109831 "-" "Mozilla/5.0 AppleWebKit/537.36 (KHTML, like Gecko; compatible; ClaudeBot/1.0; +claudebot@anthropic.com)"
216.73.216.180 - - [24/Oct/2025:07:27:39 -0700] "GET /8349716?products=0006958103 HTTP/2.0" 404 109822 "-" "Mozilla/5.0 AppleWebKit/537.36 (KHTML, like Gecko; compatible; ClaudeBot/1.0; +claudebot@anthropic.com)"
216.73.216.180 - - [24/Oct/2025:07:27:42 -0700] "GET /8354324?products=0006961943 HTTP/2.0" 404 109822 "-" "Mozilla/5.0 AppleWebKit/537.36 (KHTML, like Gecko; compatible; ClaudeBot/1.0; +claudebot@anthropic.com)"
216.73.216.180 - - [24/Oct/2025:07:27:45 -0700] "GET /8351382?products=0006959492 HTTP/2.0" 404 109822 "-" "Mozilla/5.0 AppleWebKit/537.36 (KHTML, like Gecko; compatible; ClaudeBot/1.0; +claudebot@anthropic.com)"
216.73.216.180 - - [24/Oct/2025:07:27:48 -0700] "GET /8351112?products=0006959265 HTTP/2.0" 404 109831 "-" "Mozilla/5.0 AppleWebKit/537.36 (KHTML, like Gecko; compatible; ClaudeBot/1.0; +claudebot@anthropic.com)"
216.73.216.180 - - [24/Oct/2025:07:27:51 -0700] "GET /8354314?products=0006961934 HTTP/2.0" 404 109822 "-" "Mozilla/5.0 AppleWebKit/537.36 (KHTML, like Gecko; compatible; ClaudeBot/1.0; +claudebot@anthropic.com)"
216.73.216.180 - - [24/Oct/2025:07:27:54 -0700] "GET /8353018?products=0006960854 HTTP/2.0" 404 109822 "-" "Mozilla/5.0 AppleWebKit/537.36 (KHTML, like Gecko; compatible; ClaudeBot/1.0; +claudebot@anthropic.com)"
216.73.216.180 - - [24/Oct/2025:07:27:57 -0700] "GET /8352648?products=0006960545 HTTP/2.0" 404 109822 "-" "Mozilla/5.0 AppleWebKit/537.36 (KHTML, like Gecko; compatible; ClaudeBot/1.0; +claudebot@anthropic.com)"
216.73.216.180 - - [24/Oct/2025:07:28:00 -0700] "GET /8354568?products=0006962145 HTTP/2.0" 404 109822 "-" "Mozilla/5.0 AppleWebKit/537.36 (KHTML, like Gecko; compatible; ClaudeBot/1.0; +claudebot@anthropic.com)"
69.163.179.91 - - [24/Oct/2025:07:28:04 -0700] "POST /wp-cron.php?doing_wp_cron=1761316083.9896910190582275390625 HTTP/1.1" 200 3647 "-" "WordPress/6.8.3; https://www.elconferencista.com"
216.73.216.180 - - [24/Oct/2025:07:28:03 -0700] "GET /8354660?products=0006962223 HTTP/2.0" 404 109822 "-" "Mozilla/5.0 AppleWebKit/537.36 (KHTML, like Gecko; compatible; ClaudeBot/1.0; +claudebot@anthropic.com)"
216.73.216.180 - - [24/Oct/2025:07:29:19 -0700] "GET /8354160?products=0006961805 HTTP/2.0" 404 109979 "-" "Mozilla/5.0 AppleWebKit/537.36 (KHTML, like Gecko; compatible; ClaudeBot/1.0; +claudebot@anthropic.com)"
69.163.179.91 - - [24/Oct/2025:07:29:21 -0700] "POST /wp-cron.php?doing_wp_cron=1761316161.2501530647277832031250 HTTP/1.1" 200 3647 "-" "WordPress/6.8.3; https://www.elconferencista.com"
216.73.216.180 - - [24/Oct/2025:07:29:25 -0700] "GET /8354156?products=0006961803 HTTP/2.0" 404 109822 "-" "Mozilla/5.0 AppleWebKit/537.36 (KHTML, like Gecko; compatible; ClaudeBot/1.0; +claudebot@anthropic.com)"
216.73.216.180 - - [24/Oct/2025:07:29:28 -0700] "GET /8354252?products=0006961883 HTTP/2.0" 404 109822 "-" "Mozilla/5.0 AppleWebKit/537.36 (KHTML, like Gecko; compatible; ClaudeBot/1.0; +claudebot@anthropic.com)"
216.73.216.180 - - [24/Oct/2025:07:29:31 -0700] "GET /8350642?products=0006958874 HTTP/2.0" 404 109822 "-" "Mozilla/5.0 AppleWebKit/537.36 (KHTML, like Gecko; compatible; ClaudeBot/1.0; +claudebot@anthropic.com)"
216.73.216.180 - - [24/Oct/2025:07:29:34 -0700] "GET /8353124?products=0006960943 HTTP/2.0" 404 109822 "-" "Mozilla/5.0 AppleWebKit/537.36 (KHTML, like Gecko; compatible; ClaudeBot/1.0; +claudebot@anthropic.com)"
216.73.216.180 - - [24/Oct/2025:07:29:37 -0700] "GET /8353248?products=0006961045 HTTP/2.0" 404 109822 "-" "Mozilla/5.0 AppleWebKit/537.36 (KHTML, like Gecko; compatible; ClaudeBot/1.0; +claudebot@anthropic.com)"
216.73.216.180 - - [24/Oct/2025:07:29:40 -0700] "GET /8354142?products=0006961792 HTTP/2.0" 404 109813 "-" "Mozilla/5.0 AppleWebKit/537.36 (KHTML, like Gecko; compatible; ClaudeBot/1.0; +claudebot@anthropic.com)"
216.73.216.180 - - [24/Oct/2025:07:29:43 -0700] "GET /8350210?products=0006958514 HTTP/2.0" 404 109822 "-" "Mozilla/5.0 AppleWebKit/537.36 (KHTML, like Gecko; compatible; ClaudeBot/1.0; +claudebot@anthropic.com)"
216.73.216.180 - - [24/Oct/2025:07:29:46 -0700] "GET /8354074?products=0006961734 HTTP/2.0" 404 109822 "-" "Mozilla/5.0 AppleWebKit/537.36 (KHTML, like Gecko; compatible; ClaudeBot/1.0; +claudebot@anthropic.com)"
216.73.216.180 - - [24/Oct/2025:07:29:49 -0700] "GET /8349418?products=0006957854 HTTP/2.0" 404 109822 "-" "Mozilla/5.0 AppleWebKit/537.36 (KHTML, like Gecko; compatible; ClaudeBot/1.0; +claudebot@anthropic.com)"
216.73.216.180 - - [24/Oct/2025:07:29:52 -0700] "GET /8353752?products=0006961465 HTTP/2.0" 404 109813 "-" "Mozilla/5.0 AppleWebKit/537.36 (KHTML, like Gecko; compatible; ClaudeBot/1.0; +claudebot@anthropic.com)"
216.73.216.180 - - [24/Oct/2025:07:30:48 -0700] "GET /8351472?products=0006959565 HTTP/2.0" 404 109979 "-" "Mozilla/5.0 AppleWebKit/537.36 (KHTML, like Gecko; compatible; ClaudeBot/1.0; +claudebot@anthropic.com)"
69.163.179.91 - - [24/Oct/2025:07:30:49 -0700] "POST /wp-cron.php?doing_wp_cron=1761316249.4815800189971923828125 HTTP/1.1" 200 3647 "-" "WordPress/6.8.3; https://www.elconferencista.com"
216.73.216.180 - - [24/Oct/2025:07:30:51 -0700] "GET /8354574?products=0006962152 HTTP/2.0" 404 109822 "-" "Mozilla/5.0 AppleWebKit/537.36 (KHTML, like Gecko; compatible; ClaudeBot/1.0; +claudebot@anthropic.com)"
216.73.216.180 - - [24/Oct/2025:07:30:54 -0700] "GET /8351334?products=0006959452 HTTP/2.0" 404 109822 "-" "Mozilla/5.0 AppleWebKit/537.36 (KHTML, like Gecko; compatible; ClaudeBot/1.0; +claudebot@anthropic.com)"
216.73.216.180 - - [24/Oct/2025:07:30:57 -0700] "GET /8354636?products=0006962203 HTTP/2.0" 404 109822 "-" "Mozilla/5.0 AppleWebKit/537.36 (KHTML, like Gecko; compatible; ClaudeBot/1.0; +claudebot@anthropic.com)"
216.73.216.180 - - [24/Oct/2025:07:31:00 -0700] "GET /8352274?products=0006960234 HTTP/2.0" 404 109822 "-" "Mozilla/5.0 AppleWebKit/537.36 (KHTML, like Gecko; compatible; ClaudeBot/1.0; +claudebot@anthropic.com)"
69.163.179.91 - - [24/Oct/2025:07:31:04 -0700] "POST /wp-cron.php?doing_wp_cron=1761316264.4480860233306884765625 HTTP/1.1" 200 3647 "-" "WordPress/6.8.3; https://www.elconferencista.com"
216.73.216.180 - - [24/Oct/2025:07:31:03 -0700] "GET /8349826?products=0006958194 HTTP/2.0" 404 109813 "-" "Mozilla/5.0 AppleWebKit/537.36 (KHTML, like Gecko; compatible; ClaudeBot/1.0; +claudebot@anthropic.com)"
185.191.171.16 - - [24/Oct/2025:07:31:06 -0700] "GET /robots.txt HTTP/1.1" 200 3838 "-" "Mozilla/5.0 (compatible; SemrushBot/7~bl; +http://www.semrush.com/bot.html)"
216.73.216.180 - - [24/Oct/2025:07:31:06 -0700] "GET /8352126?products=0006960112 HTTP/2.0" 404 109822 "-" "Mozilla/5.0 AppleWebKit/537.36 (KHTML, like Gecko; compatible; ClaudeBot/1.0; +claudebot@anthropic.com)"
85.208.96.207 - - [24/Oct/2025:07:31:07 -0700] "GET /2022/09/29/ HTTP/1.1" 200 27310 "-" "Mozilla/5.0 (compatible; SemrushBot/7~bl; +http://www.semrush.com/bot.html)"
216.73.216.180 - - [24/Oct/2025:07:31:09 -0700] "GET /8353666?products=0006961394 HTTP/2.0" 404 109822 "-" "Mozilla/5.0 AppleWebKit/537.36 (KHTML, like Gecko; compatible; ClaudeBot/1.0; +claudebot@anthropic.com)"
216.73.216.180 - - [24/Oct/2025:07:31:12 -0700] "GET /8352534?products=0006960452 HTTP/2.0" 404 109822 "-" "Mozilla/5.0 AppleWebKit/537.36 (KHTML, like Gecko; compatible; ClaudeBot/1.0; +claudebot@anthropic.com)"
216.73.216.180 - - [24/Oct/2025:07:31:15 -0700] "GET /8350066?products=0006958394 HTTP/2.0" 404 109822 "-" "Mozilla/5.0 AppleWebKit/537.36 (KHTML, like Gecko; compatible; ClaudeBot/1.0; +claudebot@anthropic.com)"
216.73.216.180 - - [24/Oct/2025:07:31:18 -0700] "GET /8351386?products=0006959494 HTTP/2.0" 404 109822 "-" "Mozilla/5.0 AppleWebKit/537.36 (KHTML, like Gecko; compatible; ClaudeBot/1.0; +claudebot@anthropic.com)"
216.73.216.180 - - [24/Oct/2025:07:32:42 -0700] "GET /8349504?products=0006957925 HTTP/2.0" 404 109988 "-" "Mozilla/5.0 AppleWebKit/537.36 (KHTML, like Gecko; compatible; ClaudeBot/1.0; +claudebot@anthropic.com)"
69.163.179.91 - - [24/Oct/2025:07:32:43 -0700] "POST /wp-cron.php?doing_wp_cron=1761316363.7318789958953857421875 HTTP/1.1" 200 3647 "-" "WordPress/6.8.3; https://www.elconferencista.com"
216.73.216.180 - - [24/Oct/2025:07:32:47 -0700] "GET /8354478?products=0006962072 HTTP/2.0" 404 109822 "-" "Mozilla/5.0 AppleWebKit/537.36 (KHTML, like Gecko; compatible; ClaudeBot/1.0; +claudebot@anthropic.com)"
216.73.216.180 - - [24/Oct/2025:07:32:50 -0700] "GET /8350272?products=0006958565 HTTP/2.0" 404 109822 "-" "Mozilla/5.0 AppleWebKit/537.36 (KHTML, like Gecko; compatible; ClaudeBot/1.0; +claudebot@anthropic.com)"
216.73.216.180 - - [24/Oct/2025:07:32:53 -0700] "GET /8350354?products=0006958634 HTTP/2.0" 404 109822 "-" "Mozilla/5.0 AppleWebKit/537.36 (KHTML, like Gecko; compatible; ClaudeBot/1.0; +claudebot@anthropic.com)"
216.73.216.180 - - [24/Oct/2025:07:32:56 -0700] "GET /8349658?products=0006958054 HTTP/2.0" 404 109822 "-" "Mozilla/5.0 AppleWebKit/537.36 (KHTML, like Gecko; compatible; ClaudeBot/1.0; +claudebot@anthropic.com)"
216.73.216.180 - - [24/Oct/2025:07:32:59 -0700] "GET /8349754?products=0006958134 HTTP/2.0" 404 109813 "-" "Mozilla/5.0 AppleWebKit/537.36 (KHTML, like Gecko; compatible; ClaudeBot/1.0; +claudebot@anthropic.com)"
69.163.179.91 - - [24/Oct/2025:07:33:04 -0700] "POST /wp-cron.php?doing_wp_cron=1761316383.9819400310516357421875 HTTP/1.1" 200 3647 "-" "WordPress/6.8.3; https://www.elconferencista.com"
216.73.216.180 - - [24/Oct/2025:07:33:02 -0700] "GET /8350806?products=0006959012 HTTP/2.0" 404 109822 "-" "Mozilla/5.0 AppleWebKit/537.36 (KHTML, like Gecko; compatible; ClaudeBot/1.0; +claudebot@anthropic.com)"
216.73.216.180 - - [24/Oct/2025:07:33:05 -0700] "GET /8351088?products=0006959245 HTTP/2.0" 404 109822 "-" "Mozilla/5.0 AppleWebKit/537.36 (KHTML, like Gecko; compatible; ClaudeBot/1.0; +claudebot@anthropic.com)"
216.73.216.180 - - [24/Oct/2025:07:33:08 -0700] "GET /8349778?products=0006958154 HTTP/2.0" 404 109822 "-" "Mozilla/5.0 AppleWebKit/537.36 (KHTML, like Gecko; compatible; ClaudeBot/1.0; +claudebot@anthropic.com)"
216.73.216.180 - - [24/Oct/2025:07:33:11 -0700] "GET /8354276?products=0006961903 HTTP/2.0" 404 109822 "-" "Mozilla/5.0 AppleWebKit/537.36 (KHTML, like Gecko; compatible; ClaudeBot/1.0; +claudebot@anthropic.com)"
216.73.216.180 - - [24/Oct/2025:07:34:32 -0700] "GET /8350162?products=0006958474 HTTP/2.0" 404 109988 "-" "Mozilla/5.0 AppleWebKit/537.36 (KHTML, like Gecko; compatible; ClaudeBot/1.0; +claudebot@anthropic.com)"
69.163.179.91 - - [24/Oct/2025:07:34:34 -0700] "POST /wp-cron.php?doing_wp_cron=1761316474.4576470851898193359375 HTTP/1.1" 200 3647 "-" "WordPress/6.8.3; https://www.elconferencista.com"
216.73.216.180 - - [24/Oct/2025:07:34:38 -0700] "GET /8354146?products=0006961794 HTTP/2.0" 404 109822 "-" "Mozilla/5.0 AppleWebKit/537.36 (KHTML, like Gecko; compatible; ClaudeBot/1.0; +claudebot@anthropic.com)"
85.114.135.165 - - [24/Oct/2025:07:34:39 -0700] "GET /wp-login.php HTTP/2.0" 429 351 "-" "Mozilla/5.0 (Macintosh; Intel Mac OS X 10_13_2) AppleWebKit/604.4.7 (KHTML, like Gecko) Version/11.0.2 Safari/604.4.7"
85.114.135.165 - - [24/Oct/2025:07:34:41 -0700] "POST /wp-login.php HTTP/2.0" 429 278 "https://www.elconferencista.com/wp-login.php" "Mozilla/5.0 (Macintosh; Intel Mac OS X 10_13_2) AppleWebKit/604.4.7 (KHTML, like Gecko) Version/11.0.2 Safari/604.4.7"
216.73.216.180 - - [24/Oct/2025:07:34:41 -0700] "GET /8352678?products=0006960572 HTTP/2.0" 404 109822 "-" "Mozilla/5.0 AppleWebKit/537.36 (KHTML, like Gecko; compatible; ClaudeBot/1.0; +claudebot@anthropic.com)"
216.73.216.180 - - [24/Oct/2025:07:34:44 -0700] "GET /8350584?products=0006958825 HTTP/2.0" 404 109813 "-" "Mozilla/5.0 AppleWebKit/537.36 (KHTML, like Gecko; compatible; ClaudeBot/1.0; +claudebot@anthropic.com)"
216.73.216.180 - - [24/Oct/2025:07:37:34 -0700] "GET /8351136?products=0006959285 HTTP/2.0" 404 109988 "-" "Mozilla/5.0 AppleWebKit/537.36 (KHTML, like Gecko; compatible; ClaudeBot/1.0; +claudebot@anthropic.com)"
69.163.179.91 - - [24/Oct/2025:07:37:36 -0700] "POST /wp-cron.php?doing_wp_cron=1761316656.2506589889526367187500 HTTP/1.1" 200 3647 "-" "WordPress/6.8.3; https://www.elconferencista.com"
89.117.74.114 - - [24/Oct/2025:07:39:24 -0700] "GET /wp-login.php HTTP/2.0" 429 351 "-" "Mozilla/4.0 (compatible; MSIE 7.0; Windows NT 6.3; ARM; Trident/7.0; Touch; .NET4.0E; .NET4.0C; Tablet PC 2.0)"
89.117.74.114 - - [24/Oct/2025:07:39:24 -0700] "POST /wp-login.php HTTP/2.0" 429 255 "https://www.elconferencista.com/wp-login.php" "Mozilla/4.0 (compatible; MSIE 7.0; Windows NT 6.3; ARM; Trident/7.0; Touch; .NET4.0E; .NET4.0C; Tablet PC 2.0)"
216.73.216.180 - - [24/Oct/2025:07:40:53 -0700] "GET /8352164?products=0006960143 HTTP/2.0" 404 109997 "-" "Mozilla/5.0 AppleWebKit/537.36 (KHTML, like Gecko; compatible; ClaudeBot/1.0; +claudebot@anthropic.com)"
69.163.179.91 - - [24/Oct/2025:07:40:55 -0700] "POST /wp-cron.php?doing_wp_cron=1761316855.3566200733184814453125 HTTP/1.1" 200 3647 "-" "WordPress/6.8.3; https://www.elconferencista.com"
15.235.27.7 - - [24/Oct/2025:07:43:07 -0700] "GET /wp-sitemap.xml HTTP/2.0" 200 3384 "-" "Mozilla/5.0 (compatible; AhrefsBot/7.0; +http://ahrefs.com/robot/)"
136.114.223.17 - - [24/Oct/2025:07:45:34 -0700] "GET / HTTP/2.0" 429 348 "http://elconferencista.com" "Mozilla/5.0 (compatible; CMS-Checker/1.0; +https://example.com)"
35.245.150.135 - - [24/Oct/2025:07:49:14 -0700] "GET / HTTP/2.0" 429 348 "http://www.elconferencista.com" "Mozilla/5.0 (compatible; CMS-Checker/1.0; +https://example.com)"
85.114.135.165 - - [24/Oct/2025:07:51:26 -0700] "GET /wp-login.php HTTP/2.0" 429 351 "-" "Mozilla/5.0 (Windows NT 10.0; WOW64; Trident/7.0; Touch; LCTE; rv:11.0) like Gecko"
34.70.229.64 - - [24/Oct/2025:07:53:56 -0700] "GET / HTTP/1.1" 429 3648 "-" "Mozilla/5.0 (Windows NT 10.0; Win64; x64) AppleWebKit/537.36 (KHTML, like Gecko) Chrome/78.0.3904.108 Safari/537.36"
34.70.229.64 - - [24/Oct/2025:07:53:56 -0700] "GET //wp-includes/wlwmanifest.xml HTTP/1.1" 429 529 "-" "Mozilla/5.0 (Windows NT 10.0; Win64; x64) AppleWebKit/537.36 (KHTML, like Gecko) Chrome/78.0.3904.108 Safari/537.36"
34.70.229.64 - - [24/Oct/2025:07:53:56 -0700] "GET //xmlrpc.php?rsd HTTP/1.1" 429 529 "-" "Mozilla/5.0 (Windows NT 10.0; Win64; x64) AppleWebKit/537.36 (KHTML, like Gecko) Chrome/78.0.3904.108 Safari/537.36"
34.70.229.64 - - [24/Oct/2025:07:53:56 -0700] "GET / HTTP/1.1" 429 529 "-" "Mozilla/5.0 (Windows NT 10.0; Win64; x64) AppleWebKit/537.36 (KHTML, like Gecko) Chrome/78.0.3904.108 Safari/537.36"
34.70.229.64 - - [24/Oct/2025:07:53:56 -0700] "GET //blog/wp-includes/wlwmanifest.xml HTTP/1.1" 429 529 "-" "Mozilla/5.0 (Windows NT 10.0; Win64; x64) AppleWebKit/537.36 (KHTML, like Gecko) Chrome/78.0.3904.108 Safari/537.36"
34.70.229.64 - - [24/Oct/2025:07:53:56 -0700] "GET //web/wp-includes/wlwmanifest.xml HTTP/1.1" 429 529 "-" "Mozilla/5.0 (Windows NT 10.0; Win64; x64) AppleWebKit/537.36 (KHTML, like Gecko) Chrome/78.0.3904.108 Safari/537.36"
34.70.229.64 - - [24/Oct/2025:07:53:56 -0700] "GET //wordpress/wp-includes/wlwmanifest.xml HTTP/1.1" 429 529 "-" "Mozilla/5.0 (Windows NT 10.0; Win64; x64) AppleWebKit/537.36 (KHTML, like Gecko) Chrome/78.0.3904.108 Safari/537.36"
34.70.229.64 - - [24/Oct/2025:07:53:56 -0700] "GET //website/wp-includes/wlwmanifest.xml HTTP/1.1" 429 529 "-" "Mozilla/5.0 (Windows NT 10.0; Win64; x64) AppleWebKit/537.36 (KHTML, like Gecko) Chrome/78.0.3904.108 Safari/537.36"
34.70.229.64 - - [24/Oct/2025:07:53:56 -0700] "GET //wp/wp-includes/wlwmanifest.xml HTTP/1.1" 429 529 "-" "Mozilla/5.0 (Windows NT 10.0; Win64; x64) AppleWebKit/537.36 (KHTML, like Gecko) Chrome/78.0.3904.108 Safari/537.36"
34.70.229.64 - - [24/Oct/2025:07:53:56 -0700] "GET //news/wp-includes/wlwmanifest.xml HTTP/1.1" 429 529 "-" "Mozilla/5.0 (Windows NT 10.0; Win64; x64) AppleWebKit/537.36 (KHTML, like Gecko) Chrome/78.0.3904.108 Safari/537.36"
34.70.229.64 - - [24/Oct/2025:07:53:56 -0700] "GET //2018/wp-includes/wlwmanifest.xml HTTP/1.1" 429 529 "-" "Mozilla/5.0 (Windows NT 10.0; Win64; x64) AppleWebKit/537.36 (KHTML, like Gecko) Chrome/78.0.3904.108 Safari/537.36"
34.70.229.64 - - [24/Oct/2025:07:53:56 -0700] "GET //2019/wp-includes/wlwmanifest.xml HTTP/1.1" 429 529 "-" "Mozilla/5.0 (Windows NT 10.0; Win64; x64) AppleWebKit/537.36 (KHTML, like Gecko) Chrome/78.0.3904.108 Safari/537.36"
34.70.229.64 - - [24/Oct/2025:07:53:56 -0700] "GET //shop/wp-includes/wlwmanifest.xml HTTP/1.1" 429 529 "-" "Mozilla/5.0 (Windows NT 10.0; Win64; x64) AppleWebKit/537.36 (KHTML, like Gecko) Chrome/78.0.3904.108 Safari/537.36"
34.70.229.64 - - [24/Oct/2025:07:53:56 -0700] "GET //wp1/wp-includes/wlwmanifest.xml HTTP/1.1" 429 529 "-" "Mozilla/5.0 (Windows NT 10.0; Win64; x64) AppleWebKit/537.36 (KHTML, like Gecko) Chrome/78.0.3904.108 Safari/537.36"
34.70.229.64 - - [24/Oct/2025:07:53:56 -0700] "GET //test/wp-includes/wlwmanifest.xml HTTP/1.1" 429 529 "-" "Mozilla/5.0 (Windows NT 10.0; Win64; x64) AppleWebKit/537.36 (KHTML, like Gecko) Chrome/78.0.3904.108 Safari/537.36"
34.70.229.64 - - [24/Oct/2025:07:53:57 -0700] "GET //media/wp-includes/wlwmanifest.xml HTTP/1.1" 429 529 "-" "Mozilla/5.0 (Windows NT 10.0; Win64; x64) AppleWebKit/537.36 (KHTML, like Gecko) Chrome/78.0.3904.108 Safari/537.36"
34.70.229.64 - - [24/Oct/2025:07:53:57 -0700] "GET //wp2/wp-includes/wlwmanifest.xml HTTP/1.1" 429 529 "-" "Mozilla/5.0 (Windows NT 10.0; Win64; x64) AppleWebKit/537.36 (KHTML, like Gecko) Chrome/78.0.3904.108 Safari/537.36"
34.70.229.64 - - [24/Oct/2025:07:53:57 -0700] "GET //site/wp-includes/wlwmanifest.xml HTTP/1.1" 429 529 "-" "Mozilla/5.0 (Windows NT 10.0; Win64; x64) AppleWebKit/537.36 (KHTML, like Gecko) Chrome/78.0.3904.108 Safari/537.36"
34.70.229.64 - - [24/Oct/2025:07:53:57 -0700] "GET //cms/wp-includes/wlwmanifest.xml HTTP/1.1" 429 529 "-" "Mozilla/5.0 (Windows NT 10.0; Win64; x64) AppleWebKit/537.36 (KHTML, like Gecko) Chrome/78.0.3904.108 Safari/537.36"
34.70.229.64 - - [24/Oct/2025:07:53:57 -0700] "GET //sito/wp-includes/wlwmanifest.xml HTTP/1.1" 429 529 "-" "Mozilla/5.0 (Windows NT 10.0; Win64; x64) AppleWebKit/537.36 (KHTML, like Gecko) Chrome/78.0.3904.108 Safari/537.36"
185.133.206.116 - - [24/Oct/2025:07:57:29 -0700] "GET /wp-login.php HTTP/2.0" 429 351 "-" "Mozilla/5.0 (Windows NT 6.2; ARM; Trident/7.0; Touch; rv:11.0; WPDesktop; NOKIA; Lumia 520) like Gecko"
64.188.120.45 - - [24/Oct/2025:07:57:42 -0700] "GET / HTTP/1.1" 301 3805 "-" "axios/1.10.0"
69.163.179.91 - - [24/Oct/2025:07:57:46 -0700] "POST /wp-cron.php?doing_wp_cron=1761317866.0522770881652832031250 HTTP/1.1" 200 3647 "-" "WordPress/6.8.3; https://www.elconferencista.com"
145.223.44.195 - - [24/Oct/2025:07:57:44 -0700] "GET / HTTP/1.1" 200 162602 "-" "axios/1.10.0"
82.23.222.122 - - [24/Oct/2025:07:57:44 -0700] "GET / HTTP/1.1" 200 162602 "-" "axios/1.10.0"
69.163.179.91 - - [24/Oct/2025:07:57:47 -0700] "POST /wp-cron.php?doing_wp_cron=1761317867.0965030193328857421875 HTTP/1.1" 200 3647 "-" "WordPress/6.8.3; https://www.elconferencista.com"
69.163.179.91 - - [24/Oct/2025:07:57:47 -0700] "POST /wp-cron.php?doing_wp_cron=1761317867.1496438980102539062500 HTTP/1.1" 200 3647 "-" "WordPress/6.8.3; https://www.elconferencista.com"
69.163.179.91 - - [24/Oct/2025:07:57:49 -0700] "POST /wp-cron.php?doing_wp_cron=1761317869.1914470195770263671875 HTTP/1.1" 200 3647 "-" "WordPress/6.8.3; https://www.elconferencista.com"
103.99.33.208 - - [24/Oct/2025:07:57:48 -0700] "GET / HTTP/1.1" 200 162602 "-" "axios/1.10.0"
45.77.162.217 - - [24/Oct/2025:07:57:54 -0700] "GET / HTTP/1.1" 301 3820 "-" "Mozilla/5.0 (Macintosh; Intel Mac OS X 10_15_7) AppleWebKit/537.36 (KHTML, like Gecko) Chrome/91.0.4472.124 Safari/537.36 Vivaldi/4.0.2312.33"
45.77.162.217 - - [24/Oct/2025:07:57:54 -0700] "GET /robots.txt HTTP/1.1" 200 3853 "-" "axios/1.10.0"
45.77.162.217 - - [24/Oct/2025:07:57:54 -0700] "GET / HTTP/1.1" 200 121056 "-" "Mozilla/5.0 (Windows NT 10.0; Win64; x64) AppleWebKit/537.36 (KHTML, like Gecko) Chrome/91.0.4472.124 Safari/537.36"
45.77.162.217 - - [24/Oct/2025:07:57:55 -0700] "GET /sitemap.xml HTTP/1.1" 200 6972 "-" "axios/1.10.0"
145.223.44.195 - - [24/Oct/2025:07:57:54 -0700] "GET / HTTP/1.1" 200 162602 "-" "Mozilla/5.0 (Macintosh; Intel Mac OS X 10_15_7) AppleWebKit/537.36 (KHTML, like Gecko) Chrome/91.0.4472.124 Safari/537.36"
23.26.61.138 - - [24/Oct/2025:07:57:56 -0700] "GET / HTTP/1.1" 301 3805 "-" "Mozilla/5.0 (Windows NT 10.0; Win64; x64) AppleWebKit/537.36 (KHTML, like Gecko) Chrome/91.0.4472.124 Safari/537.36"
185.133.206.116 - - [24/Oct/2025:07:57:58 -0700] "POST /wp-login.php HTTP/2.0" 429 351 "https://www.elconferencista.com/wp-login.php" "Mozilla/5.0 (Windows NT 6.2; ARM; Trident/7.0; Touch; rv:11.0; WPDesktop; NOKIA; Lumia 520) like Gecko"
69.163.179.91 - - [24/Oct/2025:07:58:08 -0700] "POST /wp-cron.php?doing_wp_cron=1761317888.7470428943634033203125 HTTP/1.1" 200 3647 "-" "WordPress/6.8.3; https://www.elconferencista.com"
31.223.188.51 - - [24/Oct/2025:07:58:08 -0700] "GET / HTTP/1.1" 200 162602 "-" "axios/1.10.0"
107.172.156.79 - - [24/Oct/2025:07:58:10 -0700] "GET / HTTP/1.1" 200 162602 "-" "axios/1.10.0"
45.77.115.164 - - [24/Oct/2025:07:58:12 -0700] "GET / HTTP/2.0" 301 347 "-" "Mozilla/5.0 (Macintosh; Intel Mac OS X 10_15_7) AppleWebKit/605.1.15 (KHTML, like Gecko) Version/17.5 Safari/605.1.15 mDI/1.0"
149.28.109.69 - - [24/Oct/2025:07:58:12 -0700] "GET /robots.txt HTTP/2.0" 200 278 "http://elconferencista.com/robots.txt" "Mozilla/5.0 (Macintosh; Intel Mac OS X 10_15_7) AppleWebKit/605.1.15 (KHTML, like Gecko) Version/17.5 Safari/605.1.15 mDI/1.0"
104.156.246.244 - - [24/Oct/2025:07:58:12 -0700] "GET /sitemap.xml HTTP/2.0" 200 3378 "-" "Mozilla/5.0 (Macintosh; Intel Mac OS X 10_15_7) AppleWebKit/605.1.15 (KHTML, like Gecko) Version/17.5 Safari/605.1.15 mDI/1.0"
45.77.115.164 - - [24/Oct/2025:07:58:12 -0700] "GET / HTTP/2.0" 200 31037 "https://elconferencista.com/" "Mozilla/5.0 (Macintosh; Intel Mac OS X 10_15_7) AppleWebKit/605.1.15 (KHTML, like Gecko) Version/17.5 Safari/605.1.15 mDI/1.0"
104.156.246.244 - - [24/Oct/2025:07:58:12 -0700] "GET /blog HTTP/2.0" 404 109988 "http://elconferencista.com/blog" "Mozilla/5.0 (Macintosh; Intel Mac OS X 10_15_7) AppleWebKit/605.1.15 (KHTML, like Gecko) Version/17.5 Safari/605.1.15 mDI/1.0"
144.202.33.143 - - [24/Oct/2025:07:58:12 -0700] "GET / HTTP/2.0" 200 31037 "http://elconferencista.com/" "Mozilla/5.0 (Macintosh; Intel Mac OS X 10_15_7) AppleWebKit/605.1.15 (KHTML, like Gecko) Version/17.5 Safari/605.1.15 mDI/1.0"
104.156.246.244 - - [24/Oct/2025:07:58:14 -0700] "GET /blog/ HTTP/2.0" 404 109997 "http://elconferencista.com/blog/" "Mozilla/5.0 (Macintosh; Intel Mac OS X 10_15_7) AppleWebKit/605.1.15 (KHTML, like Gecko) Version/17.5 Safari/605.1.15 mDI/1.0"
144.202.33.143 - - [24/Oct/2025:07:58:15 -0700] "GET /conferencias/ HTTP/2.0" 200 28949 "-" "Mozilla/5.0 (Macintosh; Intel Mac OS X 10_15_7) AppleWebKit/605.1.15 (KHTML, like Gecko) Version/17.5 Safari/605.1.15 mDI/1.0"
45.77.115.164 - - [24/Oct/2025:07:58:17 -0700] "GET /conferencias-edner/14-conferencias-motivacion-y-crecimiento-personal-ser-quien-suenas-ser/ HTTP/2.0" 200 24505 "-" "Mozilla/5.0 (Macintosh; Intel Mac OS X 10_15_7) AppleWebKit/605.1.15 (KHTML, like Gecko) Version/17.5 Safari/605.1.15 mDI/1.0"
144.202.33.143 - - [24/Oct/2025:07:58:18 -0700] "GET /conferencias-edner/8-conferencia-de-la-vision-a-la-accion/ HTTP/2.0" 200 24630 "-" "Mozilla/5.0 (Macintosh; Intel Mac OS X 10_15_7) AppleWebKit/605.1.15 (KHTML, like Gecko) Version/17.5 Safari/605.1.15 mDI/1.0"
149.28.109.69 - - [24/Oct/2025:07:58:20 -0700] "GET /conferencias-edner/5-conferencia-innovas-y-si-vas/ HTTP/2.0" 200 24581 "-" "Mozilla/5.0 (Macintosh; Intel Mac OS X 10_15_7) AppleWebKit/605.1.15 (KHTML, like Gecko) Version/17.5 Safari/605.1.15 mDI/1.0"
45.77.115.164 - - [24/Oct/2025:07:58:21 -0700] "GET /conferencias-edner/6-conferencia-marca-personal-yo-branding-personal-en-tiempos-de-torbellino/ HTTP/2.0" 200 24646 "-" "Mozilla/5.0 (Macintosh; Intel Mac OS X 10_15_7) AppleWebKit/605.1.15 (KHTML, like Gecko) Version/17.5 Safari/605.1.15 mDI/1.0"
149.28.109.69 - - [24/Oct/2025:07:58:23 -0700] "GET /conferencias-edner/2-conferencia-reinventandonos-en-tiempos-criticos/ HTTP/2.0" 200 24748 "-" "Mozilla/5.0 (Macintosh; Intel Mac OS X 10_15_7) AppleWebKit/605.1.15 (KHTML, like Gecko) Version/17.5 Safari/605.1.15 mDI/1.0"
144.202.33.143 - - [24/Oct/2025:07:58:24 -0700] "GET /conferencias-edner/7-conferencias-manejo-de-estres-estres-o-es-cuatro/ HTTP/2.0" 200 24495 "-" "Mozilla/5.0 (Macintosh; Intel Mac OS X 10_15_7) AppleWebKit/605.1.15 (KHTML, like Gecko) Version/17.5 Safari/605.1.15 mDI/1.0"
104.156.246.244 - - [24/Oct/2025:07:58:26 -0700] "GET /conferencias-edner/4-conferencia-vendiendo-a-1000/ HTTP/2.0" 200 24527 "-" "Mozilla/5.0 (Macintosh; Intel Mac OS X 10_15_7) AppleWebKit/605.1.15 (KHTML, like Gecko) Version/17.5 Safari/605.1.15 mDI/1.0"
104.156.246.244 - - [24/Oct/2025:07:58:27 -0700] "GET /conferencias-edner/9-conferencias-motivacion-y-crecimiento-personal-tu-vida-de-subida/ HTTP/2.0" 200 24595 "-" "Mozilla/5.0 (Macintosh; Intel Mac OS X 10_15_7) AppleWebKit/605.1.15 (KHTML, like Gecko) Version/17.5 Safari/605.1.15 mDI/1.0"
149.28.109.69 - - [24/Oct/2025:07:58:29 -0700] "GET /conferencias-edner/10-conferencias-emociones-flojito-y-cooperando/ HTTP/2.0" 200 24639 "-" "Mozilla/5.0 (Macintosh; Intel Mac OS X 10_15_7) AppleWebKit/605.1.15 (KHTML, like Gecko) Version/17.5 Safari/605.1.15 mDI/1.0"
45.77.115.164 - - [24/Oct/2025:07:58:30 -0700] "GET /conferencias-edner/12-conferencias-comunicacion-comunicacion-de-alto-impacto-para-lideres-de-alto-impacto/ HTTP/2.0" 200 24708 "-" "Mozilla/5.0 (Macintosh; Intel Mac OS X 10_15_7) AppleWebKit/605.1.15 (KHTML, like Gecko) Version/17.5 Safari/605.1.15 mDI/1.0"
45.77.115.164 - - [24/Oct/2025:07:58:32 -0700] "GET /conferencias-edner/13-conferencias-para-mujeres-de-mi-para-mi/ HTTP/2.0" 200 24362 "-" "Mozilla/5.0 (Macintosh; Intel Mac OS X 10_15_7) AppleWebKit/605.1.15 (KHTML, like Gecko) Version/17.5 Safari/605.1.15 mDI/1.0"
45.77.115.164 - - [24/Oct/2025:07:58:33 -0700] "GET /conferencias-edner/11-conferencias-motivacion-y-crecimiento-personal-si-ves-para-arriba-se-ve-diferente/ HTTP/2.0" 200 24727 "-" "Mozilla/5.0 (Macintosh; Intel Mac OS X 10_15_7) AppleWebKit/605.1.15 (KHTML, like Gecko) Version/17.5 Safari/605.1.15 mDI/1.0"
149.28.109.69 - - [24/Oct/2025:07:58:34 -0700] "GET /conferencias-edner/1-conferencia-ir-mas-alla-nuestra-conferencia-estrella-ideal-para-juntas-de-planeacion-y-reuniones-de-fijacion-de-objetivos/ HTTP/2.0" 200 24743 "-" "Mozilla/5.0 (Macintosh; Intel Mac OS X 10_15_7) AppleWebKit/605.1.15 (KHTML, like Gecko) Version/17.5 Safari/605.1.15 mDI/1.0"
45.77.115.164 - - [24/Oct/2025:07:58:36 -0700] "GET /conferencias-edner/3-conferencia-las-4-as-del-lider-del-futuro-presente/ HTTP/2.0" 200 24592 "-" "Mozilla/5.0 (Macintosh; Intel Mac OS X 10_15_7) AppleWebKit/605.1.15 (KHTML, like Gecko) Version/17.5 Safari/605.1.15 mDI/1.0"
45.77.115.164 - - [24/Oct/2025:07:58:38 -0700] "GET / HTTP/2.0" 301 347 "-" "Mozilla/5.0 (Macintosh; Intel Mac OS X 10_15_7) AppleWebKit/605.1.15 (KHTML, like Gecko) Version/17.5 Safari/605.1.15 mDI/1.0"
149.28.109.69 - - [24/Oct/2025:07:58:38 -0700] "GET /robots.txt HTTP/2.0" 200 278 "http://elconferencista.com/robots.txt" "Mozilla/5.0 (Macintosh; Intel Mac OS X 10_15_7) AppleWebKit/605.1.15 (KHTML, like Gecko) Version/17.5 Safari/605.1.15 mDI/1.0"
45.77.115.164 - - [24/Oct/2025:07:58:38 -0700] "GET / HTTP/2.0" 200 31037 "http://www.elconferencista.com/" "Mozilla/5.0 (Macintosh; Intel Mac OS X 10_15_7) AppleWebKit/605.1.15 (KHTML, like Gecko) Version/17.5 Safari/605.1.15 mDI/1.0"
45.77.115.164 - - [24/Oct/2025:07:58:39 -0700] "GET / HTTP/2.0" 200 31037 "https://elconferencista.com/" "Mozilla/5.0 (Macintosh; Intel Mac OS X 10_15_7) AppleWebKit/605.1.15 (KHTML, like Gecko) Version/17.5 Safari/605.1.15 mDI/1.0"
45.77.115.164 - - [24/Oct/2025:07:58:40 -0700] "GET / HTTP/2.0" 200 31037 "http://elconferencista.com/" "Mozilla/5.0 (Macintosh; Intel Mac OS X 10_15_7) AppleWebKit/605.1.15 (KHTML, like Gecko) Version/17.5 Safari/605.1.15 mDI/1.0"
45.77.115.164 - - [24/Oct/2025:07:58:42 -0700] "GET / HTTP/2.0" 200 31037 "http://www.elconferencista.com/" "Mozilla/5.0 (Macintosh; Intel Mac OS X 10_15_7) AppleWebKit/605.1.15 (KHTML, like Gecko) Version/17.5 Safari/605.1.15 mDI/1.0"
45.77.115.164 - - [24/Oct/2025:07:58:44 -0700] "GET / HTTP/2.0" 200 31037 "http://elconferencista.com/" "Mozilla/5.0 (Macintosh; Intel Mac OS X 10_15_7) AppleWebKit/605.1.15 (KHTML, like Gecko) Version/17.5 Safari/605.1.15 mDI/1.0"
176.67.86.251 - - [24/Oct/2025:08:07:02 -0700] "GET / HTTP/1.0" 429 3596 "https://www.elconferencista.com/" "Mozilla/5.0 (Windows NT 10.0; Win64; x64) AppleWebKit/537.36 (KHTML, like Gecko) Chrome/131.0.0.0 Safari/537.36 Avast/131.0.0.0"
34.173.85.209 - - [24/Oct/2025:08:13:52 -0700] "GET / HTTP/1.1" 429 3637 "-" "Mozilla/5.0 (Windows NT 10.0; Win64; x64) AppleWebKit/537.36 (KHTML, like Gecko) Chrome/78.0.3904.108 Safari/537.36"
34.173.85.209 - - [24/Oct/2025:08:13:52 -0700] "GET //wp-includes/wlwmanifest.xml HTTP/1.1" 429 528 "-" "Mozilla/5.0 (Windows NT 10.0; Win64; x64) AppleWebKit/537.36 (KHTML, like Gecko) Chrome/78.0.3904.108 Safari/537.36"
34.173.85.209 - - [24/Oct/2025:08:13:52 -0700] "GET //xmlrpc.php?rsd HTTP/1.1" 429 528 "-" "Mozilla/5.0 (Windows NT 10.0; Win64; x64) AppleWebKit/537.36 (KHTML, like Gecko) Chrome/78.0.3904.108 Safari/537.36"
34.173.85.209 - - [24/Oct/2025:08:13:52 -0700] "GET / HTTP/1.1" 429 528 "-" "Mozilla/5.0 (Windows NT 10.0; Win64; x64) AppleWebKit/537.36 (KHTML, like Gecko) Chrome/78.0.3904.108 Safari/537.36"
34.173.85.209 - - [24/Oct/2025:08:13:52 -0700] "GET //blog/wp-includes/wlwmanifest.xml HTTP/1.1" 429 528 "-" "Mozilla/5.0 (Windows NT 10.0; Win64; x64) AppleWebKit/537.36 (KHTML, like Gecko) Chrome/78.0.3904.108 Safari/537.36"
34.173.85.209 - - [24/Oct/2025:08:13:53 -0700] "GET //web/wp-includes/wlwmanifest.xml HTTP/1.1" 429 528 "-" "Mozilla/5.0 (Windows NT 10.0; Win64; x64) AppleWebKit/537.36 (KHTML, like Gecko) Chrome/78.0.3904.108 Safari/537.36"
34.173.85.209 - - [24/Oct/2025:08:13:53 -0700] "GET //wordpress/wp-includes/wlwmanifest.xml HTTP/1.1" 429 528 "-" "Mozilla/5.0 (Windows NT 10.0; Win64; x64) AppleWebKit/537.36 (KHTML, like Gecko) Chrome/78.0.3904.108 Safari/537.36"
34.173.85.209 - - [24/Oct/2025:08:13:53 -0700] "GET //website/wp-includes/wlwmanifest.xml HTTP/1.1" 429 528 "-" "Mozilla/5.0 (Windows NT 10.0; Win64; x64) AppleWebKit/537.36 (KHTML, like Gecko) Chrome/78.0.3904.108 Safari/537.36"
34.173.85.209 - - [24/Oct/2025:08:13:53 -0700] "GET //wp/wp-includes/wlwmanifest.xml HTTP/1.1" 429 528 "-" "Mozilla/5.0 (Windows NT 10.0; Win64; x64) AppleWebKit/537.36 (KHTML, like Gecko) Chrome/78.0.3904.108 Safari/537.36"
34.173.85.209 - - [24/Oct/2025:08:13:53 -0700] "GET //news/wp-includes/wlwmanifest.xml HTTP/1.1" 429 528 "-" "Mozilla/5.0 (Windows NT 10.0; Win64; x64) AppleWebKit/537.36 (KHTML, like Gecko) Chrome/78.0.3904.108 Safari/537.36"
34.173.85.209 - - [24/Oct/2025:08:13:53 -0700] "GET //2018/wp-includes/wlwmanifest.xml HTTP/1.1" 429 528 "-" "Mozilla/5.0 (Windows NT 10.0; Win64; x64) AppleWebKit/537.36 (KHTML, like Gecko) Chrome/78.0.3904.108 Safari/537.36"
34.173.85.209 - - [24/Oct/2025:08:13:53 -0700] "GET //2019/wp-includes/wlwmanifest.xml HTTP/1.1" 429 528 "-" "Mozilla/5.0 (Windows NT 10.0; Win64; x64) AppleWebKit/537.36 (KHTML, like Gecko) Chrome/78.0.3904.108 Safari/537.36"
34.173.85.209 - - [24/Oct/2025:08:13:53 -0700] "GET //shop/wp-includes/wlwmanifest.xml HTTP/1.1" 429 528 "-" "Mozilla/5.0 (Windows NT 10.0; Win64; x64) AppleWebKit/537.36 (KHTML, like Gecko) Chrome/78.0.3904.108 Safari/537.36"
34.173.85.209 - - [24/Oct/2025:08:13:54 -0700] "GET //wp1/wp-includes/wlwmanifest.xml HTTP/1.1" 429 528 "-" "Mozilla/5.0 (Windows NT 10.0; Win64; x64) AppleWebKit/537.36 (KHTML, like Gecko) Chrome/78.0.3904.108 Safari/537.36"
34.173.85.209 - - [24/Oct/2025:08:13:54 -0700] "GET //test/wp-includes/wlwmanifest.xml HTTP/1.1" 429 528 "-" "Mozilla/5.0 (Windows NT 10.0; Win64; x64) AppleWebKit/537.36 (KHTML, like Gecko) Chrome/78.0.3904.108 Safari/537.36"
34.173.85.209 - - [24/Oct/2025:08:13:54 -0700] "GET //media/wp-includes/wlwmanifest.xml HTTP/1.1" 429 528 "-" "Mozilla/5.0 (Windows NT 10.0; Win64; x64) AppleWebKit/537.36 (KHTML, like Gecko) Chrome/78.0.3904.108 Safari/537.36"
34.173.85.209 - - [24/Oct/2025:08:13:54 -0700] "GET //wp2/wp-includes/wlwmanifest.xml HTTP/1.1" 429 528 "-" "Mozilla/5.0 (Windows NT 10.0; Win64; x64) AppleWebKit/537.36 (KHTML, like Gecko) Chrome/78.0.3904.108 Safari/537.36"
34.173.85.209 - - [24/Oct/2025:08:13:54 -0700] "GET //site/wp-includes/wlwmanifest.xml HTTP/1.1" 429 528 "-" "Mozilla/5.0 (Windows NT 10.0; Win64; x64) AppleWebKit/537.36 (KHTML, like Gecko) Chrome/78.0.3904.108 Safari/537.36"
34.173.85.209 - - [24/Oct/2025:08:13:54 -0700] "GET //cms/wp-includes/wlwmanifest.xml HTTP/1.1" 429 528 "-" "Mozilla/5.0 (Windows NT 10.0; Win64; x64) AppleWebKit/537.36 (KHTML, like Gecko) Chrome/78.0.3904.108 Safari/537.36"
34.173.85.209 - - [24/Oct/2025:08:13:54 -0700] "GET //sito/wp-includes/wlwmanifest.xml HTTP/1.1" 429 528 "-" "Mozilla/5.0 (Windows NT 10.0; Win64; x64) AppleWebKit/537.36 (KHTML, like Gecko) Chrome/78.0.3904.108 Safari/537.36"
4.227.36.4 - - [24/Oct/2025:08:14:31 -0700] "GET /robots.txt HTTP/2.0" 200 278 "https://ednergranados.com/robots.txt" "Mozilla/5.0 (Macintosh; Intel Mac OS X 10_15_7) AppleWebKit/537.36 (KHTML, like Gecko) Chrome/131.0.0.0 Safari/537.36; compatible; OAI-SearchBot/1.0; +https://openai.com/searchbot"
121.229.156.116 - - [24/Oct/2025:08:23:00 -0700] "GET / HTTP/1.1" 200 34843 "-" "Sogou web spider/4.0(+http://www.sogou.com/docs/help/webmasters.htm#07)"
69.163.179.91 - - [24/Oct/2025:08:23:02 -0700] "POST /wp-cron.php?doing_wp_cron=1761319382.2469370365142822265625 HTTP/1.1" 200 3647 "-" "WordPress/6.8.3; https://www.elconferencista.com"
199.16.157.180 - - [24/Oct/2025:08:27:21 -0700] "GET /robots.txt HTTP/1.1" 200 3557 "-" "Twitterbot/1.0"
199.16.157.180 - - [24/Oct/2025:08:27:21 -0700] "GET / HTTP/1.1" 200 31501 "-" "Twitterbot/1.0"
69.163.179.91 - - [24/Oct/2025:08:27:23 -0700] "POST /wp-cron.php?doing_wp_cron=1761319643.1563820838928222656250 HTTP/1.1" 200 3647 "-" "WordPress/6.8.3; https://www.elconferencista.com"
43.135.138.128 - - [24/Oct/2025:08:29:50 -0700] "GET / HTTP/1.1" 200 34802 "http://elconferencista.com" "Mozilla/5.0 (iPhone; CPU iPhone OS 13_2_3 like Mac OS X) AppleWebKit/605.1.15 (KHTML, like Gecko) Version/13.0.3 Mobile/15E148 Safari/604.1"
69.163.179.91 - - [24/Oct/2025:08:29:51 -0700] "POST /wp-cron.php?doing_wp_cron=1761319791.7100610733032226562500 HTTP/1.1" 200 3647 "-" "WordPress/6.8.3; https://www.elconferencista.com"
51.161.37.230 - - [24/Oct/2025:08:41:23 -0700] "GET /tag/test/ HTTP/2.0" 200 23668 "-" "Mozilla/5.0 (compatible; AhrefsBot/7.0; +http://ahrefs.com/robot/)"
69.163.179.91 - - [24/Oct/2025:08:41:24 -0700] "POST /wp-cron.php?doing_wp_cron=1761320484.9068388938903808593750 HTTP/1.1" 200 3647 "-" "WordPress/6.8.3; https://www.elconferencista.com"
94.137.227.201 - - [24/Oct/2025:08:41:40 -0700] "GET /wp-content/plugins/WordPressCore/include.php HTTP/1.1" 404 114037 "-" "Mozilla/5.0 (X11; Linux x86_64) AppleWebKit/537.36 (KHTML, like Gecko) Chrome/124.0.0.0 Safari/537.36"
46.150.165.255 - - [24/Oct/2025:08:43:56 -0700] "GET /wp-content/plugins/WordPressCore/include.php HTTP/1.1" 500 73476 "-" "Mozilla/5.0 (Macintosh; Intel Mac OS X 10_15_7) AppleWebKit/537.36 (KHTML, like Gecko) Chrome/137.0.0.0 Safari/537.36"
69.163.179.91 - - [24/Oct/2025:08:43:57 -0700] "POST /wp-cron.php?doing_wp_cron=1761320637.6263999938964843750000 HTTP/1.1" 200 3647 "-" "WordPress/6.8.3; https://www.elconferencista.com"
121.229.156.85 - - [24/Oct/2025:08:47:42 -0700] "GET / HTTP/1.1" 200 34843 "-" "Sogou web spider/4.0(+http://www.sogou.com/docs/help/webmasters.htm#07)"
69.163.179.91 - - [24/Oct/2025:08:47:44 -0700] "POST /wp-cron.php?doing_wp_cron=1761320864.5489420890808105468750 HTTP/1.1" 200 3647 "-" "WordPress/6.8.3; https://www.elconferencista.com"
173.252.95.11 - - [24/Oct/2025:08:50:42 -0700] "GET /robots.txt HTTP/2.0" 301 367 "-" "facebookexternalhit/1.1 (+http://www.facebook.com/externalhit_uatext.php)"
173.252.95.11 - - [24/Oct/2025:08:50:42 -0700] "GET /robots.txt HTTP/2.0" 206 271 "-" "facebookexternalhit/1.1 (+http://www.facebook.com/externalhit_uatext.php)"
69.163.179.91 - - [24/Oct/2025:09:02:18 -0700] "POST /wp-cron.php?doing_wp_cron=1761321738.2329630851745605468750 HTTP/1.1" 200 3647 "-" "WordPress/6.8.3; https://www.elconferencista.com"
69.163.179.91 - - [24/Oct/2025:09:02:19 -0700] "POST /wp-cron.php?doing_wp_cron=1761321739.2709228992462158203125 HTTP/1.1" 200 3647 "-" "WordPress/6.8.3; https://www.elconferencista.com"
200.71.127.63 - - [24/Oct/2025:09:02:16 -0700] "GET / HTTP/1.1" 200 34843 "http://elconferencista.com" "Mozilla/5.0 (Windows NT 10.0; WOW64) AppleWebKit/537.36 (KHTML, like Gecko) Chrome/114.0.0.0 YaBrowser/22.7.0 Yowser/2.5 Safari/537.36"
23.229.49.138 - - [24/Oct/2025:09:02:40 -0700] "GET /comments/feed/ HTTP/1.1" 200 4290 "https://www.elconferencista.com/" "Mozilla/5.0 (Windows NT 10.0; WOW64) AppleWebKit/537.36 (KHTML, like Gecko) Chrome/114.0.0.0 YaBrowser/22.7.0 Yowser/2.5 Safari/537.36"
23.229.49.138 - - [24/Oct/2025:09:02:45 -0700] "GET /conferencias/ HTTP/1.1" 200 32736 "https://www.elconferencista.com/" "Mozilla/5.0 (Windows NT 10.0; WOW64) AppleWebKit/537.36 (KHTML, like Gecko) Chrome/114.0.0.0 YaBrowser/22.7.0 Yowser/2.5 Safari/537.36"
23.229.49.138 - - [24/Oct/2025:09:02:49 -0700] "GET /feed/ HTTP/1.1" 200 4964 "https://www.elconferencista.com/" "Mozilla/5.0 (Windows NT 10.0; WOW64) AppleWebKit/537.36 (KHTML, like Gecko) Chrome/114.0.0.0 YaBrowser/22.7.0 Yowser/2.5 Safari/537.36"
95.108.213.144 - - [24/Oct/2025:09:03:29 -0700] "GET /robots.txt HTTP/1.1" 200 3847 "-" "Mozilla/5.0 (compatible; YandexBot/3.0; +http://yandex.com/bots)"
69.163.179.91 - - [24/Oct/2025:09:03:31 -0700] "POST /wp-cron.php?doing_wp_cron=1761321811.0440289974212646484375 HTTP/1.1" 200 3647 "-" "WordPress/6.8.3; https://www.elconferencista.com"
87.250.224.208 - - [24/Oct/2025:09:03:30 -0700] "GET /post_clientes/cerveceria-cuauhtemoc-moctezuma/ HTTP/1.1" 404 113988 "-" "Mozilla/5.0 (compatible; YandexBot/3.0; +http://yandex.com/bots)"
176.65.149.195 - - [24/Oct/2025:09:03:52 -0700] "GET / HTTP/1.1" 301 3805 "-" "Mozilla/5.0 (Windows NT 10.0; Win64; x64) AppleWebKit/537.36 (KHTML, like Gecko) Chrome/134.0.0.0 Safari/537.3"
176.65.149.195 - - [24/Oct/2025:09:03:53 -0700] "GET / HTTP/1.1" 429 3798 "-" "Mozilla/5.0 (Windows NT 10.0; Win64; x64) AppleWebKit/537.36 (KHTML, like Gecko) Chrome/134.0.0.0 Safari/537.3"
168.196.237.111 - - [24/Oct/2025:09:03:58 -0700] "GET /wp-json/elementskit/v1/ HTTP/1.1" 404 4100 "https://www.elconferencista.com/" "Mozilla/5.0 (Windows NT 10.0; WOW64) AppleWebKit/537.36 (KHTML, like Gecko) Chrome/114.0.0.0 YaBrowser/22.7.0 Yowser/2.5 Safari/537.36"
69.163.179.91 - - [24/Oct/2025:09:04:02 -0700] "POST /wp-cron.php?doing_wp_cron=1761321842.2027781009674072265625 HTTP/1.1" 200 3647 "-" "WordPress/6.8.3; https://www.elconferencista.com"
168.196.237.111 - - [24/Oct/2025:09:04:01 -0700] "GET /wp-json/wp/v2/pages/11 HTTP/1.1" 200 51645 "https://www.elconferencista.com/" "Mozilla/5.0 (Windows NT 10.0; WOW64) AppleWebKit/537.36 (KHTML, like Gecko) Chrome/114.0.0.0 YaBrowser/22.7.0 Yowser/2.5 Safari/537.36"
124.236.100.56 - - [24/Oct/2025:09:07:08 -0700] "GET / HTTP/1.1" 200 34902 "-" "Mozilla/5.0 (Windows NT 6.1; WOW64; rv:56.0) Gecko/20100101 Firefox/56.0"
69.163.179.91 - - [24/Oct/2025:09:07:10 -0700] "POST /wp-cron.php?doing_wp_cron=1761322030.3015320301055908203125 HTTP/1.1" 200 3647 "-" "WordPress/6.8.3; https://www.elconferencista.com"
195.154.56.155 - - [24/Oct/2025:09:08:53 -0700] "GET /contacto/ HTTP/1.1" 429 3828 "http://www.elconferencista.com/contacto/" "Mozilla/5.0 (Windows NT 10.0; WOW64) AppleWebKit/537.36 (KHTML, like Gecko) Chrome/114.0.0.0 YaBrowser/22.7.0 Yowser/2.5 Safari/537.36"
195.154.56.155 - - [24/Oct/2025:09:08:54 -0700] "GET / HTTP/1.1" 429 3838 "-" "Mozilla/5.0 (Windows NT 10.0; WOW64) AppleWebKit/537.36 (KHTML, like Gecko) Chrome/114.0.0.0 YaBrowser/22.7.0 Yowser/2.5 Safari/537.36"
43.166.247.82 - - [24/Oct/2025:09:22:34 -0700] "GET / HTTP/1.1" 200 34802 "https://ednergranados.com/" "Mozilla/5.0 (iPhone; CPU iPhone OS 13_2_3 like Mac OS X) AppleWebKit/605.1.15 (KHTML, like Gecko) Version/13.0.3 Mobile/15E148 Safari/604.1"
69.163.179.91 - - [24/Oct/2025:09:22:36 -0700] "POST /wp-cron.php?doing_wp_cron=1761322956.7873280048370361328125 HTTP/1.1" 200 3647 "-" "WordPress/6.8.3; https://www.elconferencista.com"
114.119.148.103 - - [24/Oct/2025:09:28:33 -0700] "GET /post_conferencias/2-mas-alla-del-compromiso HTTP/1.1" 404 113947 "-" "Mozilla/5.0 (Linux; Android 7.0;) AppleWebKit/537.36 (KHTML, like Gecko) Mobile Safari/537.36 (compatible; PetalBot;+https://webmaster.petalsearch.com/site/petalbot)"
69.163.179.91 - - [24/Oct/2025:09:28:35 -0700] "POST /wp-cron.php?doing_wp_cron=1761323315.2638220787048339843750 HTTP/1.1" 200 3647 "-" "WordPress/6.8.3; https://www.elconferencista.com"
69.163.179.91 - - [24/Oct/2025:09:29:53 -0700] "POST /wp-cron.php?doing_wp_cron=1761323393.1645939350128173828125 HTTP/1.1" 200 3647 "-" "WordPress/6.8.3; https://www.elconferencista.com"
114.119.133.253 - - [24/Oct/2025:09:29:51 -0700] "GET /post_clientes/daiichi-sankyo/ HTTP/1.1" 404 113947 "-" "Mozilla/5.0 (Linux; Android 7.0;) AppleWebKit/537.36 (KHTML, like Gecko) Mobile Safari/537.36 (compatible; PetalBot;+https://webmaster.petalsearch.com/site/petalbot)"
69.163.179.91 - - [24/Oct/2025:09:31:13 -0700] "POST /wp-cron.php?doing_wp_cron=1761323473.4645009040832519531250 HTTP/1.1" 200 3647 "-" "WordPress/6.8.3; https://www.elconferencista.com"
114.119.131.136 - - [24/Oct/2025:09:31:12 -0700] "GET /conferencias-edner/8-conferencia-de-la-vision-a-la-accion/ HTTP/1.1" 200 28429 "-" "Mozilla/5.0 (Linux; Android 7.0;) AppleWebKit/537.36 (KHTML, like Gecko) Mobile Safari/537.36 (compatible; PetalBot;+https://webmaster.petalsearch.com/site/petalbot)"
114.119.133.126 - - [24/Oct/2025:09:32:39 -0700] "GET /conferencias-edner/5-conferencia-innovas-y-si-vas HTTP/1.1" 301 3742 "-" "Mozilla/5.0 (Linux; Android 7.0;) AppleWebKit/537.36 (KHTML, like Gecko) Mobile Safari/537.36 (compatible; PetalBot;+https://webmaster.petalsearch.com/site/petalbot)"
69.163.179.91 - - [24/Oct/2025:09:32:41 -0700] "POST /wp-cron.php?doing_wp_cron=1761323561.3273830413818359375000 HTTP/1.1" 200 3647 "-" "WordPress/6.8.3; https://www.elconferencista.com"
114.119.133.126 - - [24/Oct/2025:09:32:43 -0700] "GET /conferencias-edner/5-conferencia-innovas-y-si-vas/ HTTP/1.1" 200 28378 "-" "Mozilla/5.0 (Linux; Android 7.0;) AppleWebKit/537.36 (KHTML, like Gecko) Mobile Safari/537.36 (compatible; PetalBot;+https://webmaster.petalsearch.com/site/petalbot)"
114.119.148.103 - - [24/Oct/2025:09:34:01 -0700] "GET /conferencias HTTP/1.1" 301 3705 "-" "Mozilla/5.0 (Linux; Android 7.0;) AppleWebKit/537.36 (KHTML, like Gecko) Mobile Safari/537.36 (compatible; PetalBot;+https://webmaster.petalsearch.com/site/petalbot)"
69.163.179.91 - - [24/Oct/2025:09:34:01 -0700] "POST /wp-cron.php?doing_wp_cron=1761323641.7638568878173828125000 HTTP/1.1" 200 3647 "-" "WordPress/6.8.3; https://www.elconferencista.com"
114.119.148.103 - - [24/Oct/2025:09:34:04 -0700] "GET /conferencias/ HTTP/1.1" 200 32693 "-" "Mozilla/5.0 (Linux; Android 7.0;) AppleWebKit/537.36 (KHTML, like Gecko) Mobile Safari/537.36 (compatible; PetalBot;+https://webmaster.petalsearch.com/site/petalbot)"
34.1.17.195 - - [24/Oct/2025:09:35:41 -0700] "GET / HTTP/2.0" 429 348 "http://elconferencista.com/" "Mozilla/5.0 (Macintosh; Intel Mac OS X 10_15_7) AppleWebKit/537.36 (KHTML, like Gecko) Chrome/135.0.0.0 Safari/537.36"
34.1.17.195 - - [24/Oct/2025:09:35:41 -0700] "GET / HTTP/2.0" 429 255 "http://www.elconferencista.com/" "Mozilla/5.0 (Macintosh; Intel Mac OS X 10_15_7) AppleWebKit/537.36 (KHTML, like Gecko) Chrome/135.0.0.0 Safari/537.36"
34.1.17.195 - - [24/Oct/2025:09:35:41 -0700] "GET / HTTP/2.0" 429 255 "http://www.elconferencista.com/" "Mozilla/5.0 (Macintosh; Intel Mac OS X 10_15_7) AppleWebKit/537.36 (KHTML, like Gecko) Chrome/135.0.0.0 Safari/537.36"
43.153.12.58 - - [24/Oct/2025:09:37:41 -0700] "GET /conferencias/ HTTP/1.1" 200 32694 "-" "Mozilla/5.0 (iPhone; CPU iPhone OS 13_2_3 like Mac OS X) AppleWebKit/605.1.15 (KHTML, like Gecko) Version/13.0.3 Mobile/15E148 Safari/604.1"
69.163.179.91 - - [24/Oct/2025:09:37:43 -0700] "POST /wp-cron.php?doing_wp_cron=1761323862.9896008968353271484375 HTTP/1.1" 200 3647 "-" "WordPress/6.8.3; https://www.elconferencista.com"
