216.73.216.180 - - [24/Oct/2025:06:12:19 -0700] "GET /14087742?products=0011739792 HTTP/2.0" 404 109979 "-" "Mozilla/5.0 AppleWebKit/537.36 (KHTML, like Gecko; compatible; ClaudeBot/1.0; +claudebot@anthropic.com)"
69.163.179.91 - - [24/Oct/2025:06:12:20 -0700] "POST /wp-cron.php?doing_wp_cron=1761311540.8522319793701171875000 HTTP/1.1" 200 3647 "-" "WordPress/6.8.3; https://www.elconferencista.com"
216.73.216.180 - - [24/Oct/2025:06:12:24 -0700] "GET /14085894?products=0011738252 HTTP/2.0" 404 109822 "-" "Mozilla/5.0 AppleWebKit/537.36 (KHTML, like Gecko; compatible; ClaudeBot/1.0; +claudebot@anthropic.com)"
216.73.216.180 - - [24/Oct/2025:06:14:35 -0700] "GET /14087108?products=0011739263 HTTP/2.0" 404 109979 "-" "Mozilla/5.0 AppleWebKit/537.36 (KHTML, like Gecko; compatible; ClaudeBot/1.0; +claudebot@anthropic.com)"
69.163.179.91 - - [24/Oct/2025:06:14:37 -0700] "POST /wp-cron.php?doing_wp_cron=1761311677.4604649543762207031250 HTTP/1.1" 200 3647 "-" "WordPress/6.8.3; https://www.elconferencista.com"
216.73.216.180 - - [24/Oct/2025:06:14:41 -0700] "GET /14086800?products=0011739005 HTTP/2.0" 404 109822 "-" "Mozilla/5.0 AppleWebKit/537.36 (KHTML, like Gecko; compatible; ClaudeBot/1.0; +claudebot@anthropic.com)"
216.73.216.180 - - [24/Oct/2025:06:16:57 -0700] "GET /14085270?products=0011737732 HTTP/2.0" 404 109979 "-" "Mozilla/5.0 AppleWebKit/537.36 (KHTML, like Gecko; compatible; ClaudeBot/1.0; +claudebot@anthropic.com)"
69.163.179.91 - - [24/Oct/2025:06:16:59 -0700] "POST /wp-cron.php?doing_wp_cron=1761311819.2299809455871582031250 HTTP/1.1" 200 3647 "-" "WordPress/6.8.3; https://www.elconferencista.com"
69.163.179.91 - - [24/Oct/2025:06:17:03 -0700] "POST /wp-cron.php?doing_wp_cron=1761311823.8139150142669677734375 HTTP/1.1" 200 3647 "-" "WordPress/6.8.3; https://www.elconferencista.com"
216.73.216.180 - - [24/Oct/2025:06:17:03 -0700] "GET /14085116?products=0011737603 HTTP/2.0" 404 109813 "-" "Mozilla/5.0 AppleWebKit/537.36 (KHTML, like Gecko; compatible; ClaudeBot/1.0; +claudebot@anthropic.com)"
216.73.216.180 - - [24/Oct/2025:06:18:45 -0700] "GET /14088500?products=0011740423 HTTP/2.0" 404 109988 "-" "Mozilla/5.0 AppleWebKit/537.36 (KHTML, like Gecko; compatible; ClaudeBot/1.0; +claudebot@anthropic.com)"
69.163.179.91 - - [24/Oct/2025:06:18:48 -0700] "POST /wp-cron.php?doing_wp_cron=1761311928.2546439170837402343750 HTTP/1.1" 200 3647 "-" "WordPress/6.8.3; https://www.elconferencista.com"
216.73.216.180 - - [24/Oct/2025:06:18:51 -0700] "GET /14088106?products=0011740094 HTTP/2.0" 404 109822 "-" "Mozilla/5.0 AppleWebKit/537.36 (KHTML, like Gecko; compatible; ClaudeBot/1.0; +claudebot@anthropic.com)"
216.73.216.180 - - [24/Oct/2025:06:18:54 -0700] "GET /14085644?products=0011738043 HTTP/2.0" 404 109831 "-" "Mozilla/5.0 AppleWebKit/537.36 (KHTML, like Gecko; compatible; ClaudeBot/1.0; +claudebot@anthropic.com)"
216.73.216.180 - - [24/Oct/2025:06:20:18 -0700] "GET /14085126?products=0011737612 HTTP/2.0" 404 109979 "-" "Mozilla/5.0 AppleWebKit/537.36 (KHTML, like Gecko; compatible; ClaudeBot/1.0; +claudebot@anthropic.com)"
69.163.179.91 - - [24/Oct/2025:06:20:20 -0700] "POST /wp-cron.php?doing_wp_cron=1761312020.6622419357299804687500 HTTP/1.1" 200 3647 "-" "WordPress/6.8.3; https://www.elconferencista.com"
216.73.216.180 - - [24/Oct/2025:06:20:24 -0700] "GET /14085106?products=0011737594 HTTP/2.0" 404 109822 "-" "Mozilla/5.0 AppleWebKit/537.36 (KHTML, like Gecko; compatible; ClaudeBot/1.0; +claudebot@anthropic.com)"
216.73.216.180 - - [24/Oct/2025:06:22:06 -0700] "GET /14088552?products=0011740465 HTTP/2.0" 404 109997 "-" "Mozilla/5.0 AppleWebKit/537.36 (KHTML, like Gecko; compatible; ClaudeBot/1.0; +claudebot@anthropic.com)"
69.163.179.91 - - [24/Oct/2025:06:22:08 -0700] "POST /wp-cron.php?doing_wp_cron=1761312128.0799229145050048828125 HTTP/1.1" 200 3647 "-" "WordPress/6.8.3; https://www.elconferencista.com"
216.73.216.180 - - [24/Oct/2025:06:22:11 -0700] "GET /14086700?products=0011738923 HTTP/2.0" 404 109822 "-" "Mozilla/5.0 AppleWebKit/537.36 (KHTML, like Gecko; compatible; ClaudeBot/1.0; +claudebot@anthropic.com)"
74.235.234.40 - - [24/Oct/2025:06:24:37 -0700] "GET /wp-content/plugins/hellopress/wp_filemanager.php HTTP/1.1" 429 3779 "-" "-"
74.235.234.40 - - [24/Oct/2025:06:24:38 -0700] "GET /atomlib.php HTTP/1.1" 429 452 "-" "-"
74.235.234.40 - - [24/Oct/2025:06:24:38 -0700] "GET /a.php HTTP/1.1" 429 452 "-" "-"
74.235.234.40 - - [24/Oct/2025:06:24:38 -0700] "GET /v.php HTTP/1.1" 429 452 "-" "-"
74.235.234.40 - - [24/Oct/2025:06:24:38 -0700] "GET /d2.php HTTP/1.1" 429 452 "-" "-"
74.235.234.40 - - [24/Oct/2025:06:24:39 -0700] "GET /xc.php HTTP/1.1" 429 452 "-" "-"
74.235.234.40 - - [24/Oct/2025:06:24:39 -0700] "GET /g.php HTTP/1.1" 429 452 "-" "-"
74.235.234.40 - - [24/Oct/2025:06:24:39 -0700] "GET /gmo.php HTTP/1.1" 429 452 "-" "-"
74.235.234.40 - - [24/Oct/2025:06:24:39 -0700] "GET /11.php HTTP/1.1" 429 452 "-" "-"
74.235.234.40 - - [24/Oct/2025:06:24:39 -0700] "GET /20.php HTTP/1.1" 429 452 "-" "-"
74.235.234.40 - - [24/Oct/2025:06:24:40 -0700] "GET /f35.php HTTP/1.1" 429 452 "-" "-"
74.235.234.40 - - [24/Oct/2025:06:24:40 -0700] "GET /1.php HTTP/1.1" 429 452 "-" "-"
74.235.234.40 - - [24/Oct/2025:06:24:40 -0700] "GET /c.php HTTP/1.1" 429 452 "-" "-"
74.235.234.40 - - [24/Oct/2025:06:24:41 -0700] "GET /build.php HTTP/1.1" 429 452 "-" "-"
74.235.234.40 - - [24/Oct/2025:06:24:41 -0700] "GET /bless.php HTTP/1.1" 429 452 "-" "-"
74.235.234.40 - - [24/Oct/2025:06:24:41 -0700] "GET /admin/upload/css.php HTTP/1.1" 429 452 "-" "-"
74.235.234.40 - - [24/Oct/2025:06:24:41 -0700] "GET /lock360.php HTTP/1.1" 429 452 "-" "-"
74.235.234.40 - - [24/Oct/2025:06:24:41 -0700] "GET /4.php?p= HTTP/1.1" 429 452 "-" "-"
74.235.234.40 - - [24/Oct/2025:06:24:42 -0700] "GET /about.php HTTP/1.1" 429 452 "-" "-"
74.235.234.40 - - [24/Oct/2025:06:24:42 -0700] "GET /r.php HTTP/1.1" 429 452 "-" "-"
74.235.234.40 - - [24/Oct/2025:06:24:42 -0700] "GET /v4.php HTTP/1.1" 429 452 "-" "-"
74.235.234.40 - - [24/Oct/2025:06:24:43 -0700] "GET /wp-22.php HTTP/1.1" 429 452 "-" "-"
74.235.234.40 - - [24/Oct/2025:06:24:43 -0700] "GET /makeasmtp.php?p= HTTP/1.1" 429 452 "-" "-"
74.235.234.40 - - [24/Oct/2025:06:24:43 -0700] "GET /system_log.php HTTP/1.1" 429 452 "-" "-"
74.235.234.40 - - [24/Oct/2025:06:24:44 -0700] "GET /NewFile.php HTTP/1.1" 429 452 "-" "-"
74.235.234.40 - - [24/Oct/2025:06:24:44 -0700] "GET /t.php?p= HTTP/1.1" 429 452 "-" "-"
74.235.234.40 - - [24/Oct/2025:06:24:44 -0700] "GET /ee.php HTTP/1.1" 429 452 "-" "-"
74.235.234.40 - - [24/Oct/2025:06:24:45 -0700] "GET /2.php HTTP/1.1" 429 452 "-" "-"
74.235.234.40 - - [24/Oct/2025:06:24:46 -0700] "GET /gmo.php HTTP/1.1" 429 452 "-" "-"
74.235.234.40 - - [24/Oct/2025:06:24:46 -0700] "GET /6.php HTTP/1.1" 429 452 "-" "-"
74.235.234.40 - - [24/Oct/2025:06:24:46 -0700] "GET /12.php HTTP/1.1" 429 452 "-" "-"
74.235.234.40 - - [24/Oct/2025:06:24:47 -0700] "GET /0.php HTTP/1.1" 429 452 "-" "-"
74.235.234.40 - - [24/Oct/2025:06:24:47 -0700] "GET /wp-admin/css/wp-conflg.php?p= HTTP/1.1" 429 452 "-" "-"
74.235.234.40 - - [24/Oct/2025:06:24:47 -0700] "GET /wp-includes/js/codemirror/index.php HTTP/1.1" 429 452 "-" "-"
74.235.234.40 - - [24/Oct/2025:06:24:47 -0700] "GET /02.php HTTP/1.1" 429 452 "-" "-"
74.235.234.40 - - [24/Oct/2025:06:24:47 -0700] "GET /w.php HTTP/1.1" 429 452 "-" "-"
74.235.234.40 - - [24/Oct/2025:06:24:48 -0700] "GET /go.php?p= HTTP/1.1" 429 452 "-" "-"
74.235.234.40 - - [24/Oct/2025:06:24:48 -0700] "GET /public_html HTTP/1.1" 429 452 "-" "-"
74.235.234.40 - - [24/Oct/2025:06:24:49 -0700] "GET /r.php HTTP/1.1" 429 452 "-" "-"
74.235.234.40 - - [24/Oct/2025:06:24:49 -0700] "GET /ee.php HTTP/1.1" 429 452 "-" "-"
74.235.234.40 - - [24/Oct/2025:06:24:49 -0700] "GET /an.php HTTP/1.1" 429 452 "-" "-"
74.235.234.40 - - [24/Oct/2025:06:24:49 -0700] "GET /wp.php HTTP/1.1" 429 452 "-" "-"
74.235.234.40 - - [24/Oct/2025:06:24:49 -0700] "GET /wp-content/plugins/TOPXOH/wDR.php HTTP/1.1" 429 452 "-" "-"
74.235.234.40 - - [24/Oct/2025:06:24:50 -0700] "GET /admin.php HTTP/1.1" 429 452 "-" "-"
74.235.234.40 - - [24/Oct/2025:06:24:50 -0700] "GET /admin.php HTTP/1.1" 429 452 "-" "-"
74.235.234.40 - - [24/Oct/2025:06:24:51 -0700] "GET /wp-includes/Text/Diff/Engine/about.php HTTP/1.1" 429 452 "-" "-"
74.235.234.40 - - [24/Oct/2025:06:24:51 -0700] "GET /index/function.php HTTP/1.1" 429 452 "-" "-"
74.235.234.40 - - [24/Oct/2025:06:24:51 -0700] "GET /wp-includes/ID3/rk2.php HTTP/1.1" 429 452 "-" "-"
74.235.234.40 - - [24/Oct/2025:06:24:51 -0700] "GET /license.php HTTP/1.1" 429 452 "-" "-"
74.235.234.40 - - [24/Oct/2025:06:24:51 -0700] "GET /radio.php HTTP/1.1" 429 452 "-" "-"
74.235.234.40 - - [24/Oct/2025:06:24:52 -0700] "GET /info.php HTTP/1.1" 429 452 "-" "-"
74.235.234.40 - - [24/Oct/2025:06:24:52 -0700] "GET /alfanew.php HTTP/1.1" 429 452 "-" "-"
74.235.234.40 - - [24/Oct/2025:06:24:52 -0700] "GET /inputs.php HTTP/1.1" 429 452 "-" "-"
74.235.234.40 - - [24/Oct/2025:06:24:53 -0700] "GET /admin/function.php HTTP/1.1" 429 452 "-" "-"
74.235.234.40 - - [24/Oct/2025:06:24:53 -0700] "GET /wp-includes/assets/index.php HTTP/1.1" 429 452 "-" "-"
74.235.234.40 - - [24/Oct/2025:06:24:53 -0700] "GET /wp-admin/images/index.php HTTP/1.1" 429 452 "-" "-"
74.235.234.40 - - [24/Oct/2025:06:24:54 -0700] "GET /default.php HTTP/1.1" 429 452 "-" "-"
74.235.234.40 - - [24/Oct/2025:06:24:54 -0700] "GET /lv.php HTTP/1.1" 429 452 "-" "-"
74.235.234.40 - - [24/Oct/2025:06:24:54 -0700] "GET /wp-content/themes/wp-pridmag/init.php HTTP/1.1" 429 452 "-" "-"
74.235.234.40 - - [24/Oct/2025:06:24:54 -0700] "GET /marijuana.php HTTP/1.1" 429 452 "-" "-"
74.235.234.40 - - [24/Oct/2025:06:24:55 -0700] "GET /wp-includes/autoload_classmap.php HTTP/1.1" 429 452 "-" "-"
74.235.234.40 - - [24/Oct/2025:06:24:55 -0700] "GET /wp-content/403.php HTTP/1.1" 429 452 "-" "-"
74.235.234.40 - - [24/Oct/2025:06:24:55 -0700] "GET /css/colors/coffee/index.php HTTP/1.1" 429 452 "-" "-"
74.235.234.40 - - [24/Oct/2025:06:24:55 -0700] "GET /css.php HTTP/1.1" 429 452 "-" "-"
74.235.234.40 - - [24/Oct/2025:06:24:56 -0700] "GET /wp-admin/user/about.php HTTP/1.1" 429 452 "-" "-"
74.235.234.40 - - [24/Oct/2025:06:24:56 -0700] "GET /about.php HTTP/1.1" 429 452 "-" "-"
74.235.234.40 - - [24/Oct/2025:06:24:56 -0700] "GET /1.php? HTTP/1.1" 429 452 "-" "-"
74.235.234.40 - - [24/Oct/2025:06:24:57 -0700] "GET /marijuana.php? HTTP/1.1" 429 452 "-" "-"
74.235.234.40 - - [24/Oct/2025:06:24:57 -0700] "GET /about/function.php? HTTP/1.1" 429 452 "-" "-"
74.235.234.40 - - [24/Oct/2025:06:24:57 -0700] "GET /simple.php HTTP/1.1" 429 452 "-" "-"
74.235.234.40 - - [24/Oct/2025:06:24:58 -0700] "GET /goat1.php HTTP/1.1" 429 452 "-" "-"
74.235.234.40 - - [24/Oct/2025:06:24:58 -0700] "GET /chosen.php? HTTP/1.1" 429 452 "-" "-"
74.235.234.40 - - [24/Oct/2025:06:24:58 -0700] "GET /wp-cron.php? HTTP/1.1" 429 452 "-" "-"
74.235.234.40 - - [24/Oct/2025:06:24:58 -0700] "GET /yanz.php HTTP/1.1" 429 452 "-" "-"
74.235.234.40 - - [24/Oct/2025:06:24:59 -0700] "GET /config.php? HTTP/1.1" 418 721 "-" "-"
74.235.234.40 - - [24/Oct/2025:06:25:00 -0700] "GET /network.php HTTP/1.1" 429 776 "-" "-"
74.235.234.40 - - [24/Oct/2025:06:25:00 -0700] "GET /wp-2019.php? HTTP/1.1" 429 452 "-" "-"
74.235.234.40 - - [24/Oct/2025:06:25:00 -0700] "GET /bypass.php HTTP/1.1" 429 452 "-" "-"
74.235.234.40 - - [24/Oct/2025:06:25:01 -0700] "GET /wp-includes/IXR/admin.php HTTP/1.1" 429 452 "-" "-"
74.235.234.40 - - [24/Oct/2025:06:25:02 -0700] "GET /wp-includes/theme-compat/wp-login.php HTTP/1.1" 429 452 "-" "-"
74.235.234.40 - - [24/Oct/2025:06:25:02 -0700] "GET /tiny.php?p= HTTP/1.1" 429 452 "-" "-"
74.235.234.40 - - [24/Oct/2025:06:25:02 -0700] "GET /lock.php HTTP/1.1" 429 452 "-" "-"
74.235.234.40 - - [24/Oct/2025:06:25:03 -0700] "GET /mail.php? HTTP/1.1" 429 452 "-" "-"
74.235.234.40 - - [24/Oct/2025:06:25:03 -0700] "GET /wp-includes/system_log.php? HTTP/1.1" 429 452 "-" "-"
74.235.234.40 - - [24/Oct/2025:06:25:03 -0700] "GET /file.php? HTTP/1.1" 429 452 "-" "-"
74.235.234.40 - - [24/Oct/2025:06:25:04 -0700] "GET /as.php HTTP/1.1" 429 452 "-" "-"
74.235.234.40 - - [24/Oct/2025:06:25:04 -0700] "GET /.well-known/acme-challenge/index.php HTTP/1.1" 429 452 "-" "-"
74.235.234.40 - - [24/Oct/2025:06:25:04 -0700] "GET /wp-content/themes/wp-pridmag/init.php? HTTP/1.1" 429 452 "-" "-"
74.235.234.40 - - [24/Oct/2025:06:25:05 -0700] "GET /manager.php?p= HTTP/1.1" 429 452 "-" "-"
74.235.234.40 - - [24/Oct/2025:06:25:05 -0700] "GET /plugins/pwnd/as.php HTTP/1.1" 429 452 "-" "-"
74.235.234.40 - - [24/Oct/2025:06:25:06 -0700] "GET /wp-configs.php? HTTP/1.1" 429 452 "-" "-"
74.235.234.40 - - [24/Oct/2025:06:25:06 -0700] "GET /wp-includes/html-api/wp-conflg.php?p= HTTP/1.1" 429 452 "-" "-"
74.235.234.40 - - [24/Oct/2025:06:25:06 -0700] "GET /wp-includes/js/crop/zmFM.php HTTP/1.1" 429 452 "-" "-"
74.235.234.40 - - [24/Oct/2025:06:25:06 -0700] "GET /wp-includes/rest-api/fields/index.php? HTTP/1.1" 429 452 "-" "-"
74.235.234.40 - - [24/Oct/2025:06:25:07 -0700] "GET /index/fucku.php HTTP/1.1" 429 452 "-" "-"
74.235.234.40 - - [24/Oct/2025:06:25:07 -0700] "GET /upload/wp-info.php HTTP/1.1" 429 452 "-" "-"
74.235.234.40 - - [24/Oct/2025:06:25:08 -0700] "GET /post.php HTTP/1.1" 429 452 "-" "-"
74.235.234.40 - - [24/Oct/2025:06:25:08 -0700] "GET /.well-known/acme-challenge/admin.php HTTP/1.1" 429 452 "-" "-"
198.244.226.161 - - [24/Oct/2025:06:31:06 -0700] "GET /robots.txt HTTP/2.0" 200 278 "-" "Mozilla/5.0 (compatible; AhrefsBot/7.0; +http://ahrefs.com/robot/)"
54.39.6.48 - - [24/Oct/2025:06:31:09 -0700] "GET /sitemap.xml HTTP/2.0" 200 3361 "-" "Mozilla/5.0 (compatible; AhrefsBot/7.0; +http://ahrefs.com/robot/)"
69.163.179.91 - - [24/Oct/2025:06:44:24 -0700] "POST /wp-cron.php?doing_wp_cron=1761313464.0202391147613525390625 HTTP/1.1" 200 3647 "-" "WordPress/6.8.3; https://www.elconferencista.com"
69.163.179.91 - - [24/Oct/2025:06:44:25 -0700] "POST /wp-cron.php?doing_wp_cron=1761313465.0912919044494628906250 HTTP/1.1" 200 3647 "-" "WordPress/6.8.3; https://www.elconferencista.com"
84.247.129.156 - - [24/Oct/2025:06:44:21 -0700] "GET /wp-admin/css/ HTTP/1.1" 404 113926 "binance.com" "Mozilla/5.0 (Windows NT 10.0; Win64; x64) AppleWebKit/537.36 (KHTML, like Gecko) Chrome/90.0.4430.85 Safari/537.36"
84.247.129.156 - - [24/Oct/2025:06:44:42 -0700] "GET /.well-known/ HTTP/1.1" 404 113926 "binance.com" "Mozilla/5.0 (Windows NT 10.0; Win64; x64) AppleWebKit/537.36 (KHTML, like Gecko) Chrome/90.0.4430.85 Safari/537.36"
84.247.129.156 - - [24/Oct/2025:06:44:56 -0700] "GET /sites/default/files/ HTTP/1.1" 404 114019 "binance.com" "Mozilla/5.0 (Windows NT 10.0; Win64; x64) AppleWebKit/537.36 (KHTML, like Gecko) Chrome/90.0.4430.85 Safari/537.36"
69.163.179.91 - - [24/Oct/2025:06:45:11 -0700] "POST /wp-cron.php?doing_wp_cron=1761313511.1751980781555175781250 HTTP/1.1" 200 3647 "-" "WordPress/6.8.3; https://www.elconferencista.com"
84.247.129.156 - - [24/Oct/2025:06:45:09 -0700] "GET /admin/controller/extension/extension/ HTTP/1.1" 404 114019 "binance.com" "Mozilla/5.0 (Windows NT 10.0; Win64; x64) AppleWebKit/537.36 (KHTML, like Gecko) Chrome/90.0.4430.85 Safari/537.36"
84.247.129.156 - - [24/Oct/2025:06:45:28 -0700] "GET /uploads/ HTTP/1.1" 404 113926 "binance.com" "Mozilla/5.0 (Windows NT 10.0; Win64; x64) AppleWebKit/537.36 (KHTML, like Gecko) Chrome/90.0.4430.85 Safari/537.36"
84.247.129.156 - - [24/Oct/2025:06:45:45 -0700] "GET /images/ HTTP/1.1" 404 113926 "binance.com" "Mozilla/5.0 (Windows NT 10.0; Win64; x64) AppleWebKit/537.36 (KHTML, like Gecko) Chrome/90.0.4430.85 Safari/537.36"
66.33.200.4 - - [24/Oct/2025:06:46:05 -0700] "GET / HTTP/1.1" 301 3786 "-" "DreamHost Data Team (+http://www.dreamhost.com/support/)"
69.163.179.91 - - [24/Oct/2025:06:46:07 -0700] "POST /wp-cron.php?doing_wp_cron=1761313567.9045059680938720703125 HTTP/1.1" 200 3647 "-" "WordPress/6.8.3; https://www.elconferencista.com"
84.247.129.156 - - [24/Oct/2025:06:46:06 -0700] "GET /files/ HTTP/1.1" 404 113926 "binance.com" "Mozilla/5.0 (Windows NT 10.0; Win64; x64) AppleWebKit/537.36 (KHTML, like Gecko) Chrome/90.0.4430.85 Safari/537.36"
66.33.200.4 - - [24/Oct/2025:06:46:08 -0700] "GET / HTTP/1.1" 200 34799 "-" "DreamHost Data Team (+http://www.dreamhost.com/support/)"
66.33.200.4 - - [24/Oct/2025:06:46:14 -0700] "GET / HTTP/1.1" 200 31438 "-" "DreamHost Data Team (+http://www.dreamhost.com/support/)"
69.163.179.91 - - [24/Oct/2025:06:55:08 -0700] "POST /wp-cron.php?doing_wp_cron=1761314108.6700220108032226562500 HTTP/1.1" 200 3647 "-" "WordPress/6.8.3; https://www.elconferencista.com"
220.181.108.158 - - [24/Oct/2025:06:55:07 -0700] "GET /post_conferencias/6-vendiendo-a-1000-con-neurociencia/ HTTP/1.1" 404 113874 "-" "Mozilla/5.0 (compatible; Baiduspider/2.0; +http://www.baidu.com/search/spider.html)"
116.179.32.14 - - [24/Oct/2025:06:55:06 -0700] "GET /post_conferencias/1-conferencia-especial-para-convenciones-ir-mas-alla/ HTTP/1.1" 404 113874 "-" "Mozilla/5.0 (compatible; Baiduspider/2.0; +http://www.baidu.com/search/spider.html)"
220.181.108.83 - - [24/Oct/2025:06:55:08 -0700] "GET /conferencistas-famosos-y-el-coaching-motivacional/ HTTP/1.1" 404 113874 "-" "Mozilla/5.0 (compatible; Baiduspider/2.0; +http://www.baidu.com/search/spider.html)"
116.179.32.136 - - [24/Oct/2025:06:55:08 -0700] "GET /post_conferencias/12-orquesta/ HTTP/1.1" 404 113874 "-" "Mozilla/5.0 (compatible; Baiduspider/2.0; +http://www.baidu.com/search/spider.html)"
132.145.204.71 - - [24/Oct/2025:06:56:08 -0700] "GET /wp-login.php HTTP/2.0" 429 355 "-" "Mozilla/5.0 (Windows NT 6.1; WOW64; Trident/7.0; MALCJS; rv:11.0) like Gecko"
216.73.216.180 - - [24/Oct/2025:06:59:03 -0700] "GET /robots.txt HTTP/2.0" 200 278 "-" "Mozilla/5.0 AppleWebKit/537.36 (KHTML, like Gecko; compatible; ClaudeBot/1.0; +claudebot@anthropic.com)"
216.73.216.180 - - [24/Oct/2025:06:59:03 -0700] "GET /8352308?products=0006960263 HTTP/2.0" 404 109977 "-" "Mozilla/5.0 AppleWebKit/537.36 (KHTML, like Gecko; compatible; ClaudeBot/1.0; +claudebot@anthropic.com)"
69.163.179.91 - - [24/Oct/2025:06:59:05 -0700] "POST /wp-cron.php?doing_wp_cron=1761314345.5890579223632812500000 HTTP/1.1" 200 3647 "-" "WordPress/6.8.3; https://www.elconferencista.com"
216.73.216.180 - - [24/Oct/2025:06:59:09 -0700] "GET /8354016?products=0006961685 HTTP/2.0" 404 109822 "-" "Mozilla/5.0 AppleWebKit/537.36 (KHTML, like Gecko; compatible; ClaudeBot/1.0; +claudebot@anthropic.com)"
45.82.121.130 - - [24/Oct/2025:06:59:12 -0700] "GET /wp-login.php HTTP/2.0" 429 351 "-" "Mozilla/5.0 (Macintosh; Intel Mac OS X 10_13_6) AppleWebKit/605.1.15 (KHTML, like Gecko) Version/11.1.2 Safari/605.1.15"
45.82.121.130 - - [24/Oct/2025:06:59:13 -0700] "POST /wp-login.php HTTP/2.0" 429 278 "https://www.elconferencista.com/wp-login.php" "Mozilla/5.0 (Macintosh; Intel Mac OS X 10_13_6) AppleWebKit/605.1.15 (KHTML, like Gecko) Version/11.1.2 Safari/605.1.15"
216.73.216.180 - - [24/Oct/2025:06:59:12 -0700] "GET /8354420?products=0006962023 HTTP/2.0" 404 109822 "-" "Mozilla/5.0 AppleWebKit/537.36 (KHTML, like Gecko; compatible; ClaudeBot/1.0; +claudebot@anthropic.com)"
216.73.216.180 - - [24/Oct/2025:06:59:15 -0700] "GET /8352246?products=0006960212 HTTP/2.0" 404 109822 "-" "Mozilla/5.0 AppleWebKit/537.36 (KHTML, like Gecko; compatible; ClaudeBot/1.0; +claudebot@anthropic.com)"
216.73.216.180 - - [24/Oct/2025:06:59:18 -0700] "GET /8351640?products=0006959705 HTTP/2.0" 404 109822 "-" "Mozilla/5.0 AppleWebKit/537.36 (KHTML, like Gecko; compatible; ClaudeBot/1.0; +claudebot@anthropic.com)"
216.73.216.180 - - [24/Oct/2025:06:59:21 -0700] "GET /8352912?products=0006960765 HTTP/2.0" 404 109822 "-" "Mozilla/5.0 AppleWebKit/537.36 (KHTML, like Gecko; compatible; ClaudeBot/1.0; +claudebot@anthropic.com)"
216.73.216.180 - - [24/Oct/2025:06:59:24 -0700] "GET /8354406?products=0006962012 HTTP/2.0" 404 109813 "-" "Mozilla/5.0 AppleWebKit/537.36 (KHTML, like Gecko; compatible; ClaudeBot/1.0; +claudebot@anthropic.com)"
216.73.216.180 - - [24/Oct/2025:06:59:27 -0700] "GET /8349648?products=0006958045 HTTP/2.0" 404 109822 "-" "Mozilla/5.0 AppleWebKit/537.36 (KHTML, like Gecko; compatible; ClaudeBot/1.0; +claudebot@anthropic.com)"
216.73.216.180 - - [24/Oct/2025:06:59:30 -0700] "GET /8351036?products=0006959203 HTTP/2.0" 404 109822 "-" "Mozilla/5.0 AppleWebKit/537.36 (KHTML, like Gecko; compatible; ClaudeBot/1.0; +claudebot@anthropic.com)"
216.73.216.180 - - [24/Oct/2025:06:59:35 -0700] "GET /8353086?products=0006960912 HTTP/2.0" 404 109997 "-" "Mozilla/5.0 AppleWebKit/537.36 (KHTML, like Gecko; compatible; ClaudeBot/1.0; +claudebot@anthropic.com)"
216.73.216.180 - - [24/Oct/2025:06:59:38 -0700] "GET /8353066?products=0006960894 HTTP/2.0" 404 109822 "-" "Mozilla/5.0 AppleWebKit/537.36 (KHTML, like Gecko; compatible; ClaudeBot/1.0; +claudebot@anthropic.com)"
216.73.216.180 - - [24/Oct/2025:06:59:41 -0700] "GET /8351372?products=0006959483 HTTP/2.0" 404 109822 "-" "Mozilla/5.0 AppleWebKit/537.36 (KHTML, like Gecko; compatible; ClaudeBot/1.0; +claudebot@anthropic.com)"
216.73.216.180 - - [24/Oct/2025:06:59:44 -0700] "GET /8353556?products=0006961303 HTTP/2.0" 404 109822 "-" "Mozilla/5.0 AppleWebKit/537.36 (KHTML, like Gecko; compatible; ClaudeBot/1.0; +claudebot@anthropic.com)"
216.73.216.180 - - [24/Oct/2025:07:01:57 -0700] "GET /8351458?products=0006959554 HTTP/2.0" 404 109988 "-" "Mozilla/5.0 AppleWebKit/537.36 (KHTML, like Gecko; compatible; ClaudeBot/1.0; +claudebot@anthropic.com)"
69.163.179.91 - - [24/Oct/2025:07:01:59 -0700] "POST /wp-cron.php?doing_wp_cron=1761314519.3578639030456542968750 HTTP/1.1" 200 3647 "-" "WordPress/6.8.3; https://www.elconferencista.com"
69.163.179.91 - - [24/Oct/2025:07:02:04 -0700] "POST /wp-cron.php?doing_wp_cron=1761314524.4399929046630859375000 HTTP/1.1" 200 3647 "-" "WordPress/6.8.3; https://www.elconferencista.com"
216.73.216.180 - - [24/Oct/2025:07:02:03 -0700] "GET /8352000?products=0006960005 HTTP/2.0" 404 109813 "-" "Mozilla/5.0 AppleWebKit/537.36 (KHTML, like Gecko; compatible; ClaudeBot/1.0; +claudebot@anthropic.com)"
216.73.216.180 - - [24/Oct/2025:07:02:06 -0700] "GET /8353820?products=0006961523 HTTP/2.0" 404 109813 "-" "Mozilla/5.0 AppleWebKit/537.36 (KHTML, like Gecko; compatible; ClaudeBot/1.0; +claudebot@anthropic.com)"
216.73.216.180 - - [24/Oct/2025:07:02:09 -0700] "GET /8352270?products=0006960232 HTTP/2.0" 404 109822 "-" "Mozilla/5.0 AppleWebKit/537.36 (KHTML, like Gecko; compatible; ClaudeBot/1.0; +claudebot@anthropic.com)"
216.73.216.180 - - [24/Oct/2025:07:02:12 -0700] "GET /8354746?products=0006962294 HTTP/2.0" 404 109822 "-" "Mozilla/5.0 AppleWebKit/537.36 (KHTML, like Gecko; compatible; ClaudeBot/1.0; +claudebot@anthropic.com)"
216.73.216.180 - - [24/Oct/2025:07:02:15 -0700] "GET /8353560?products=0006961305 HTTP/2.0" 404 109822 "-" "Mozilla/5.0 AppleWebKit/537.36 (KHTML, like Gecko; compatible; ClaudeBot/1.0; +claudebot@anthropic.com)"
216.73.216.180 - - [24/Oct/2025:07:02:18 -0700] "GET /8354612?products=0006962183 HTTP/2.0" 404 109822 "-" "Mozilla/5.0 AppleWebKit/537.36 (KHTML, like Gecko; compatible; ClaudeBot/1.0; +claudebot@anthropic.com)"
216.73.216.180 - - [24/Oct/2025:07:02:21 -0700] "GET /8352706?products=0006960594 HTTP/2.0" 404 109822 "-" "Mozilla/5.0 AppleWebKit/537.36 (KHTML, like Gecko; compatible; ClaudeBot/1.0; +claudebot@anthropic.com)"
216.73.216.180 - - [24/Oct/2025:07:02:24 -0700] "GET /8352620?products=0006960523 HTTP/2.0" 404 109831 "-" "Mozilla/5.0 AppleWebKit/537.36 (KHTML, like Gecko; compatible; ClaudeBot/1.0; +claudebot@anthropic.com)"
216.73.216.180 - - [24/Oct/2025:07:02:27 -0700] "GET /8351578?products=0006959654 HTTP/2.0" 404 109997 "-" "Mozilla/5.0 AppleWebKit/537.36 (KHTML, like Gecko; compatible; ClaudeBot/1.0; +claudebot@anthropic.com)"
216.73.216.180 - - [24/Oct/2025:07:02:30 -0700] "GET /8352946?products=0006960794 HTTP/2.0" 404 109822 "-" "Mozilla/5.0 AppleWebKit/537.36 (KHTML, like Gecko; compatible; ClaudeBot/1.0; +claudebot@anthropic.com)"
216.73.216.180 - - [24/Oct/2025:07:02:33 -0700] "GET /8351194?products=0006959334 HTTP/2.0" 404 109822 "-" "Mozilla/5.0 AppleWebKit/537.36 (KHTML, like Gecko; compatible; ClaudeBot/1.0; +claudebot@anthropic.com)"
43.135.211.148 - - [24/Oct/2025:07:02:36 -0700] "GET / HTTP/1.1" 429 3797 "http://www.elconferencista.com" "Mozilla/5.0 (iPhone; CPU iPhone OS 13_2_3 like Mac OS X) AppleWebKit/605.1.15 (KHTML, like Gecko) Version/13.0.3 Mobile/15E148 Safari/604.1"
216.73.216.180 - - [24/Oct/2025:07:04:15 -0700] "GET /8349432?products=0006957865 HTTP/2.0" 404 109979 "-" "Mozilla/5.0 AppleWebKit/537.36 (KHTML, like Gecko; compatible; ClaudeBot/1.0; +claudebot@anthropic.com)"
69.163.179.91 - - [24/Oct/2025:07:04:16 -0700] "POST /wp-cron.php?doing_wp_cron=1761314656.7251400947570800781250 HTTP/1.1" 200 3647 "-" "WordPress/6.8.3; https://www.elconferencista.com"
216.73.216.180 - - [24/Oct/2025:07:04:20 -0700] "GET /8352630?products=0006960532 HTTP/2.0" 404 109822 "-" "Mozilla/5.0 AppleWebKit/537.36 (KHTML, like Gecko; compatible; ClaudeBot/1.0; +claudebot@anthropic.com)"
216.73.216.180 - - [24/Oct/2025:07:04:23 -0700] "GET /8353176?products=0006960985 HTTP/2.0" 404 109822 "-" "Mozilla/5.0 AppleWebKit/537.36 (KHTML, like Gecko; compatible; ClaudeBot/1.0; +claudebot@anthropic.com)"
216.73.216.180 - - [24/Oct/2025:07:04:26 -0700] "GET /8350580?products=0006958823 HTTP/2.0" 404 109822 "-" "Mozilla/5.0 AppleWebKit/537.36 (KHTML, like Gecko; compatible; ClaudeBot/1.0; +claudebot@anthropic.com)"
216.73.216.180 - - [24/Oct/2025:07:04:30 -0700] "GET /8353642?products=0006961374 HTTP/2.0" 404 109822 "-" "Mozilla/5.0 AppleWebKit/537.36 (KHTML, like Gecko; compatible; ClaudeBot/1.0; +claudebot@anthropic.com)"
216.73.216.180 - - [24/Oct/2025:07:04:33 -0700] "GET /8352318?products=0006960272 HTTP/2.0" 404 109822 "-" "Mozilla/5.0 AppleWebKit/537.36 (KHTML, like Gecko; compatible; ClaudeBot/1.0; +claudebot@anthropic.com)"
216.73.216.180 - - [24/Oct/2025:07:04:36 -0700] "GET /8353662?products=0006961392 HTTP/2.0" 404 109822 "-" "Mozilla/5.0 AppleWebKit/537.36 (KHTML, like Gecko; compatible; ClaudeBot/1.0; +claudebot@anthropic.com)"
216.73.216.180 - - [24/Oct/2025:07:04:39 -0700] "GET /8350878?products=0006959072 HTTP/2.0" 404 109822 "-" "Mozilla/5.0 AppleWebKit/537.36 (KHTML, like Gecko; compatible; ClaudeBot/1.0; +claudebot@anthropic.com)"
216.73.216.180 - - [24/Oct/2025:07:04:42 -0700] "GET /8353930?products=0006961614 HTTP/2.0" 404 109831 "-" "Mozilla/5.0 AppleWebKit/537.36 (KHTML, like Gecko; compatible; ClaudeBot/1.0; +claudebot@anthropic.com)"
216.73.216.180 - - [24/Oct/2025:07:04:50 -0700] "GET /8353518?products=0006961272 HTTP/2.0" 404 109997 "-" "Mozilla/5.0 AppleWebKit/537.36 (KHTML, like Gecko; compatible; ClaudeBot/1.0; +claudebot@anthropic.com)"
216.73.216.180 - - [24/Oct/2025:07:04:53 -0700] "GET /8351670?products=0006959732 HTTP/2.0" 404 109813 "-" "Mozilla/5.0 AppleWebKit/537.36 (KHTML, like Gecko; compatible; ClaudeBot/1.0; +claudebot@anthropic.com)"
216.73.216.180 - - [24/Oct/2025:07:04:56 -0700] "GET /8354616?products=0006962185 HTTP/2.0" 404 109831 "-" "Mozilla/5.0 AppleWebKit/537.36 (KHTML, like Gecko; compatible; ClaudeBot/1.0; +claudebot@anthropic.com)"
216.73.216.180 - - [24/Oct/2025:07:05:00 -0700] "GET /8354088?products=0006961745 HTTP/2.0" 404 109979 "-" "Mozilla/5.0 AppleWebKit/537.36 (KHTML, like Gecko; compatible; ClaudeBot/1.0; +claudebot@anthropic.com)"
69.163.179.91 - - [24/Oct/2025:07:05:03 -0700] "POST /wp-cron.php?doing_wp_cron=1761314703.0742709636688232421875 HTTP/1.1" 200 3647 "-" "WordPress/6.8.3; https://www.elconferencista.com"
216.73.216.180 - - [24/Oct/2025:07:05:02 -0700] "GET /8353330?products=0006961114 HTTP/2.0" 404 109822 "-" "Mozilla/5.0 AppleWebKit/537.36 (KHTML, like Gecko; compatible; ClaudeBot/1.0; +claudebot@anthropic.com)"
216.73.216.180 - - [24/Oct/2025:07:07:37 -0700] "GET /8352010?products=0006960014 HTTP/2.0" 404 109997 "-" "Mozilla/5.0 AppleWebKit/537.36 (KHTML, like Gecko; compatible; ClaudeBot/1.0; +claudebot@anthropic.com)"
69.163.179.91 - - [24/Oct/2025:07:07:38 -0700] "POST /wp-cron.php?doing_wp_cron=1761314858.6256330013275146484375 HTTP/1.1" 200 3647 "-" "WordPress/6.8.3; https://www.elconferencista.com"
216.73.216.180 - - [24/Oct/2025:07:07:43 -0700] "GET /8353800?products=0006961505 HTTP/2.0" 404 109822 "-" "Mozilla/5.0 AppleWebKit/537.36 (KHTML, like Gecko; compatible; ClaudeBot/1.0; +claudebot@anthropic.com)"
216.73.216.180 - - [24/Oct/2025:07:07:46 -0700] "GET /8353686?products=0006961412 HTTP/2.0" 404 109822 "-" "Mozilla/5.0 AppleWebKit/537.36 (KHTML, like Gecko; compatible; ClaudeBot/1.0; +claudebot@anthropic.com)"
216.73.216.180 - - [24/Oct/2025:07:07:49 -0700] "GET /8353964?products=0006961643 HTTP/2.0" 404 109822 "-" "Mozilla/5.0 AppleWebKit/537.36 (KHTML, like Gecko; compatible; ClaudeBot/1.0; +claudebot@anthropic.com)"
216.73.216.180 - - [24/Oct/2025:07:07:52 -0700] "GET /8353446?products=0006961212 HTTP/2.0" 404 109822 "-" "Mozilla/5.0 AppleWebKit/537.36 (KHTML, like Gecko; compatible; ClaudeBot/1.0; +claudebot@anthropic.com)"
216.73.216.180 - - [24/Oct/2025:07:07:55 -0700] "GET /8351852?products=0006959883 HTTP/2.0" 404 109822 "-" "Mozilla/5.0 AppleWebKit/537.36 (KHTML, like Gecko; compatible; ClaudeBot/1.0; +claudebot@anthropic.com)"
216.73.216.180 - - [24/Oct/2025:07:07:58 -0700] "GET /8349562?products=0006957974 HTTP/2.0" 404 109822 "-" "Mozilla/5.0 AppleWebKit/537.36 (KHTML, like Gecko; compatible; ClaudeBot/1.0; +claudebot@anthropic.com)"
216.73.216.180 - - [24/Oct/2025:07:08:01 -0700] "GET /8353734?products=0006961452 HTTP/2.0" 404 109822 "-" "Mozilla/5.0 AppleWebKit/537.36 (KHTML, like Gecko; compatible; ClaudeBot/1.0; +claudebot@anthropic.com)"
216.73.216.180 - - [24/Oct/2025:07:09:03 -0700] "GET /8354300?products=0006961923 HTTP/2.0" 404 109988 "-" "Mozilla/5.0 AppleWebKit/537.36 (KHTML, like Gecko; compatible; ClaudeBot/1.0; +claudebot@anthropic.com)"
216.73.216.180 - - [24/Oct/2025:07:09:05 -0700] "GET /8354804?products=0006962343 HTTP/2.0" 404 109822 "-" "Mozilla/5.0 AppleWebKit/537.36 (KHTML, like Gecko; compatible; ClaudeBot/1.0; +claudebot@anthropic.com)"
69.163.179.91 - - [24/Oct/2025:07:09:04 -0700] "POST /wp-cron.php?doing_wp_cron=1761314944.0545029640197753906250 HTTP/1.1" 200 3647 "-" "WordPress/6.8.3; https://www.elconferencista.com"
216.73.216.180 - - [24/Oct/2025:07:09:08 -0700] "GET /8352696?products=0006960585 HTTP/2.0" 404 109822 "-" "Mozilla/5.0 AppleWebKit/537.36 (KHTML, like Gecko; compatible; ClaudeBot/1.0; +claudebot@anthropic.com)"
216.73.216.180 - - [24/Oct/2025:07:09:11 -0700] "GET /8352802?products=0006960674 HTTP/2.0" 404 109822 "-" "Mozilla/5.0 AppleWebKit/537.36 (KHTML, like Gecko; compatible; ClaudeBot/1.0; +claudebot@anthropic.com)"
216.73.216.180 - - [24/Oct/2025:07:09:14 -0700] "GET /8352432?products=0006960365 HTTP/2.0" 404 109822 "-" "Mozilla/5.0 AppleWebKit/537.36 (KHTML, like Gecko; compatible; ClaudeBot/1.0; +claudebot@anthropic.com)"
216.73.216.180 - - [24/Oct/2025:07:09:17 -0700] "GET /8350848?products=0006959045 HTTP/2.0" 404 109822 "-" "Mozilla/5.0 AppleWebKit/537.36 (KHTML, like Gecko; compatible; ClaudeBot/1.0; +claudebot@anthropic.com)"
69.163.179.91 - - [24/Oct/2025:07:10:22 -0700] "POST /wp-cron.php?doing_wp_cron=1761315022.5063049793243408203125 HTTP/1.1" 200 3647 "-" "WordPress/6.8.3; https://www.elconferencista.com"
216.73.216.180 - - [24/Oct/2025:07:10:21 -0700] "GET /8351976?products=0006959985 HTTP/2.0" 404 109988 "-" "Mozilla/5.0 AppleWebKit/537.36 (KHTML, like Gecko; compatible; ClaudeBot/1.0; +claudebot@anthropic.com)"
216.73.216.180 - - [24/Oct/2025:07:10:24 -0700] "GET /8353594?products=0006961334 HTTP/2.0" 404 109822 "-" "Mozilla/5.0 AppleWebKit/537.36 (KHTML, like Gecko; compatible; ClaudeBot/1.0; +claudebot@anthropic.com)"
216.73.216.180 - - [24/Oct/2025:07:10:27 -0700] "GET /8351890?products=0006959914 HTTP/2.0" 404 109822 "-" "Mozilla/5.0 AppleWebKit/537.36 (KHTML, like Gecko; compatible; ClaudeBot/1.0; +claudebot@anthropic.com)"
216.73.216.180 - - [24/Oct/2025:07:10:30 -0700] "GET /8351098?products=0006959254 HTTP/2.0" 404 109822 "-" "Mozilla/5.0 AppleWebKit/537.36 (KHTML, like Gecko; compatible; ClaudeBot/1.0; +claudebot@anthropic.com)"
216.73.216.180 - - [24/Oct/2025:07:10:33 -0700] "GET /8354050?products=0006961714 HTTP/2.0" 404 109822 "-" "Mozilla/5.0 AppleWebKit/537.36 (KHTML, like Gecko; compatible; ClaudeBot/1.0; +claudebot@anthropic.com)"
216.73.216.180 - - [24/Oct/2025:07:10:36 -0700] "GET /8354036?products=0006961703 HTTP/2.0" 404 109822 "-" "Mozilla/5.0 AppleWebKit/537.36 (KHTML, like Gecko; compatible; ClaudeBot/1.0; +claudebot@anthropic.com)"
216.73.216.180 - - [24/Oct/2025:07:10:39 -0700] "GET /8353182?products=0006960992 HTTP/2.0" 404 109813 "-" "Mozilla/5.0 AppleWebKit/537.36 (KHTML, like Gecko; compatible; ClaudeBot/1.0; +claudebot@anthropic.com)"
216.73.216.180 - - [24/Oct/2025:07:10:42 -0700] "GET /8352750?products=0006960632 HTTP/2.0" 404 109813 "-" "Mozilla/5.0 AppleWebKit/537.36 (KHTML, like Gecko; compatible; ClaudeBot/1.0; +claudebot@anthropic.com)"
216.73.216.180 - - [24/Oct/2025:07:12:04 -0700] "GET /8350950?products=0006959132 HTTP/2.0" 404 109979 "-" "Mozilla/5.0 AppleWebKit/537.36 (KHTML, like Gecko; compatible; ClaudeBot/1.0; +claudebot@anthropic.com)"
69.163.179.91 - - [24/Oct/2025:07:12:05 -0700] "POST /wp-cron.php?doing_wp_cron=1761315125.1275000572204589843750 HTTP/1.1" 200 3647 "-" "WordPress/6.8.3; https://www.elconferencista.com"
216.73.216.180 - - [24/Oct/2025:07:12:07 -0700] "GET /8353100?products=0006960923 HTTP/2.0" 404 109822 "-" "Mozilla/5.0 AppleWebKit/537.36 (KHTML, like Gecko; compatible; ClaudeBot/1.0; +claudebot@anthropic.com)"
216.73.216.180 - - [24/Oct/2025:07:12:10 -0700] "GET /8353700?products=0006961423 HTTP/2.0" 404 109822 "-" "Mozilla/5.0 AppleWebKit/537.36 (KHTML, like Gecko; compatible; ClaudeBot/1.0; +claudebot@anthropic.com)"
216.73.216.180 - - [24/Oct/2025:07:12:13 -0700] "GET /8351818?products=0006959854 HTTP/2.0" 404 109822 "-" "Mozilla/5.0 AppleWebKit/537.36 (KHTML, like Gecko; compatible; ClaudeBot/1.0; +claudebot@anthropic.com)"
216.73.216.180 - - [24/Oct/2025:07:12:16 -0700] "GET /8351218?products=0006959354 HTTP/2.0" 404 109822 "-" "Mozilla/5.0 AppleWebKit/537.36 (KHTML, like Gecko; compatible; ClaudeBot/1.0; +claudebot@anthropic.com)"
216.73.216.180 - - [24/Oct/2025:07:12:23 -0700] "GET /8350738?products=0006958954 HTTP/2.0" 404 109997 "-" "Mozilla/5.0 AppleWebKit/537.36 (KHTML, like Gecko; compatible; ClaudeBot/1.0; +claudebot@anthropic.com)"
216.73.216.180 - - [24/Oct/2025:07:14:09 -0700] "GET /8352322?products=0006960274 HTTP/2.0" 404 109988 "-" "Mozilla/5.0 AppleWebKit/537.36 (KHTML, like Gecko; compatible; ClaudeBot/1.0; +claudebot@anthropic.com)"
69.163.179.91 - - [24/Oct/2025:07:14:11 -0700] "POST /wp-cron.php?doing_wp_cron=1761315251.4028749465942382812500 HTTP/1.1" 200 3647 "-" "WordPress/6.8.3; https://www.elconferencista.com"
216.73.216.180 - - [24/Oct/2025:07:14:15 -0700] "GET /8353354?products=0006961134 HTTP/2.0" 404 109822 "-" "Mozilla/5.0 AppleWebKit/537.36 (KHTML, like Gecko; compatible; ClaudeBot/1.0; +claudebot@anthropic.com)"
216.73.216.180 - - [24/Oct/2025:07:14:18 -0700] "GET /8350196?products=0006958503 HTTP/2.0" 404 109822 "-" "Mozilla/5.0 AppleWebKit/537.36 (KHTML, like Gecko; compatible; ClaudeBot/1.0; +claudebot@anthropic.com)"
216.73.216.180 - - [24/Oct/2025:07:14:21 -0700] "GET /8351886?products=0006959912 HTTP/2.0" 404 109822 "-" "Mozilla/5.0 AppleWebKit/537.36 (KHTML, like Gecko; compatible; ClaudeBot/1.0; +claudebot@anthropic.com)"
216.73.216.180 - - [24/Oct/2025:07:14:24 -0700] "GET /8353868?products=0006961563 HTTP/2.0" 404 109822 "-" "Mozilla/5.0 AppleWebKit/537.36 (KHTML, like Gecko; compatible; ClaudeBot/1.0; +claudebot@anthropic.com)"
216.73.216.180 - - [24/Oct/2025:07:14:27 -0700] "GET /8353824?products=0006961525 HTTP/2.0" 404 109822 "-" "Mozilla/5.0 AppleWebKit/537.36 (KHTML, like Gecko; compatible; ClaudeBot/1.0; +claudebot@anthropic.com)"
216.73.216.180 - - [24/Oct/2025:07:14:30 -0700] "GET /8354622?products=0006962192 HTTP/2.0" 404 109822 "-" "Mozilla/5.0 AppleWebKit/537.36 (KHTML, like Gecko; compatible; ClaudeBot/1.0; +claudebot@anthropic.com)"
216.73.216.180 - - [24/Oct/2025:07:14:33 -0700] "GET /8349788?products=0006958163 HTTP/2.0" 404 109822 "-" "Mozilla/5.0 AppleWebKit/537.36 (KHTML, like Gecko; compatible; ClaudeBot/1.0; +claudebot@anthropic.com)"
216.73.216.180 - - [24/Oct/2025:07:16:03 -0700] "GET /8352058?products=0006960054 HTTP/2.0" 404 109997 "-" "Mozilla/5.0 AppleWebKit/537.36 (KHTML, like Gecko; compatible; ClaudeBot/1.0; +claudebot@anthropic.com)"
69.163.179.91 - - [24/Oct/2025:07:16:04 -0700] "POST /wp-cron.php?doing_wp_cron=1761315364.9352378845214843750000 HTTP/1.1" 200 3647 "-" "WordPress/6.8.3; https://www.elconferencista.com"
216.73.216.180 - - [24/Oct/2025:07:16:09 -0700] "GET /8351674?products=0006959734 HTTP/2.0" 404 109822 "-" "Mozilla/5.0 AppleWebKit/537.36 (KHTML, like Gecko; compatible; ClaudeBot/1.0; +claudebot@anthropic.com)"
216.73.216.180 - - [24/Oct/2025:07:16:12 -0700] "GET /8352658?products=0006960554 HTTP/2.0" 404 109822 "-" "Mozilla/5.0 AppleWebKit/537.36 (KHTML, like Gecko; compatible; ClaudeBot/1.0; +claudebot@anthropic.com)"
216.73.216.180 - - [24/Oct/2025:07:16:15 -0700] "GET /8352942?products=0006960792 HTTP/2.0" 404 109822 "-" "Mozilla/5.0 AppleWebKit/537.36 (KHTML, like Gecko; compatible; ClaudeBot/1.0; +claudebot@anthropic.com)"
216.73.216.180 - - [24/Oct/2025:07:16:18 -0700] "GET /8352078?products=0006960072 HTTP/2.0" 404 109822 "-" "Mozilla/5.0 AppleWebKit/537.36 (KHTML, like Gecko; compatible; ClaudeBot/1.0; +claudebot@anthropic.com)"
216.73.216.180 - - [24/Oct/2025:07:16:21 -0700] "GET /8350614?products=0006958852 HTTP/2.0" 404 109822 "-" "Mozilla/5.0 AppleWebKit/537.36 (KHTML, like Gecko; compatible; ClaudeBot/1.0; +claudebot@anthropic.com)"
216.73.216.180 - - [24/Oct/2025:07:16:24 -0700] "GET /8353350?products=0006961132 HTTP/2.0" 404 109813 "-" "Mozilla/5.0 AppleWebKit/537.36 (KHTML, like Gecko; compatible; ClaudeBot/1.0; +claudebot@anthropic.com)"
216.73.216.180 - - [24/Oct/2025:07:16:27 -0700] "GET /8352716?products=0006960603 HTTP/2.0" 404 109813 "-" "Mozilla/5.0 AppleWebKit/537.36 (KHTML, like Gecko; compatible; ClaudeBot/1.0; +claudebot@anthropic.com)"
216.73.216.180 - - [24/Oct/2025:07:16:31 -0700] "GET /8353796?products=0006961503 HTTP/2.0" 404 109997 "-" "Mozilla/5.0 AppleWebKit/537.36 (KHTML, like Gecko; compatible; ClaudeBot/1.0; +claudebot@anthropic.com)"
216.73.216.180 - - [24/Oct/2025:07:16:34 -0700] "GET /8352720?products=0006960605 HTTP/2.0" 404 109822 "-" "Mozilla/5.0 AppleWebKit/537.36 (KHTML, like Gecko; compatible; ClaudeBot/1.0; +claudebot@anthropic.com)"
216.73.216.180 - - [24/Oct/2025:07:18:29 -0700] "GET /8351420?products=0006959523 HTTP/2.0" 404 109997 "-" "Mozilla/5.0 AppleWebKit/537.36 (KHTML, like Gecko; compatible; ClaudeBot/1.0; +claudebot@anthropic.com)"
69.163.179.91 - - [24/Oct/2025:07:18:31 -0700] "POST /wp-cron.php?doing_wp_cron=1761315510.9641768932342529296875 HTTP/1.1" 200 3647 "-" "WordPress/6.8.3; https://www.elconferencista.com"
216.73.216.180 - - [24/Oct/2025:07:18:34 -0700] "GET /8351328?products=0006959445 HTTP/2.0" 404 109831 "-" "Mozilla/5.0 AppleWebKit/537.36 (KHTML, like Gecko; compatible; ClaudeBot/1.0; +claudebot@anthropic.com)"
216.73.216.180 - - [24/Oct/2025:07:18:37 -0700] "GET /8353878?products=0006961572 HTTP/2.0" 404 109822 "-" "Mozilla/5.0 AppleWebKit/537.36 (KHTML, like Gecko; compatible; ClaudeBot/1.0; +claudebot@anthropic.com)"
216.73.216.180 - - [24/Oct/2025:07:18:40 -0700] "GET /8353080?products=0006960905 HTTP/2.0" 404 109822 "-" "Mozilla/5.0 AppleWebKit/537.36 (KHTML, like Gecko; compatible; ClaudeBot/1.0; +claudebot@anthropic.com)"
216.73.216.180 - - [24/Oct/2025:07:18:43 -0700] "GET /8352860?products=0006960723 HTTP/2.0" 404 109822 "-" "Mozilla/5.0 AppleWebKit/537.36 (KHTML, like Gecko; compatible; ClaudeBot/1.0; +claudebot@anthropic.com)"
216.73.216.180 - - [24/Oct/2025:07:18:46 -0700] "GET /8349870?products=0006958232 HTTP/2.0" 404 109822 "-" "Mozilla/5.0 AppleWebKit/537.36 (KHTML, like Gecko; compatible; ClaudeBot/1.0; +claudebot@anthropic.com)"
216.73.216.180 - - [24/Oct/2025:07:18:49 -0700] "GET /8352486?products=0006960412 HTTP/2.0" 404 109822 "-" "Mozilla/5.0 AppleWebKit/537.36 (KHTML, like Gecko; compatible; ClaudeBot/1.0; +claudebot@anthropic.com)"
216.73.216.180 - - [24/Oct/2025:07:18:52 -0700] "GET /8351616?products=0006959685 HTTP/2.0" 404 109822 "-" "Mozilla/5.0 AppleWebKit/537.36 (KHTML, like Gecko; compatible; ClaudeBot/1.0; +claudebot@anthropic.com)"
216.73.216.180 - - [24/Oct/2025:07:18:55 -0700] "GET /8352960?products=0006960805 HTTP/2.0" 404 109822 "-" "Mozilla/5.0 AppleWebKit/537.36 (KHTML, like Gecko; compatible; ClaudeBot/1.0; +claudebot@anthropic.com)"
216.73.216.180 - - [24/Oct/2025:07:18:58 -0700] "GET /8352370?products=0006960314 HTTP/2.0" 404 109822 "-" "Mozilla/5.0 AppleWebKit/537.36 (KHTML, like Gecko; compatible; ClaudeBot/1.0; +claudebot@anthropic.com)"
69.163.179.91 - - [24/Oct/2025:07:19:02 -0700] "POST /wp-cron.php?doing_wp_cron=1761315542.7043108940124511718750 HTTP/1.1" 200 3647 "-" "WordPress/6.8.3; https://www.elconferencista.com"
216.73.216.180 - - [24/Oct/2025:07:19:01 -0700] "GET /8351338?products=0006959454 HTTP/2.0" 404 109822 "-" "Mozilla/5.0 AppleWebKit/537.36 (KHTML, like Gecko; compatible; ClaudeBot/1.0; +claudebot@anthropic.com)"
216.73.216.180 - - [24/Oct/2025:07:19:45 -0700] "GET /8351760?products=0006959805 HTTP/2.0" 404 109979 "-" "Mozilla/5.0 AppleWebKit/537.36 (KHTML, like Gecko; compatible; ClaudeBot/1.0; +claudebot@anthropic.com)"
216.73.216.180 - - [24/Oct/2025:07:19:48 -0700] "GET /8353782?products=0006961492 HTTP/2.0" 404 109813 "-" "Mozilla/5.0 AppleWebKit/537.36 (KHTML, like Gecko; compatible; ClaudeBot/1.0; +claudebot@anthropic.com)"
216.73.216.180 - - [24/Oct/2025:07:19:51 -0700] "GET /8354598?products=0006962172 HTTP/2.0" 404 109822 "-" "Mozilla/5.0 AppleWebKit/537.36 (KHTML, like Gecko; compatible; ClaudeBot/1.0; +claudebot@anthropic.com)"
216.73.216.180 - - [24/Oct/2025:07:19:54 -0700] "GET /8350470?products=0006958732 HTTP/2.0" 404 109822 "-" "Mozilla/5.0 AppleWebKit/537.36 (KHTML, like Gecko; compatible; ClaudeBot/1.0; +claudebot@anthropic.com)"
216.73.216.180 - - [24/Oct/2025:07:19:57 -0700] "GET /8351300?products=0006959423 HTTP/2.0" 404 109822 "-" "Mozilla/5.0 AppleWebKit/537.36 (KHTML, like Gecko; compatible; ClaudeBot/1.0; +claudebot@anthropic.com)"
216.73.216.180 - - [24/Oct/2025:07:20:00 -0700] "GET /8352260?products=0006960223 HTTP/2.0" 404 109997 "-" "Mozilla/5.0 AppleWebKit/537.36 (KHTML, like Gecko; compatible; ClaudeBot/1.0; +claudebot@anthropic.com)"
69.163.179.91 - - [24/Oct/2025:07:20:03 -0700] "POST /wp-cron.php?doing_wp_cron=1761315603.9372711181640625000000 HTTP/1.1" 200 3647 "-" "WordPress/6.8.3; https://www.elconferencista.com"
216.73.216.180 - - [24/Oct/2025:07:20:03 -0700] "GET /8351156?products=0006959303 HTTP/2.0" 404 109822 "-" "Mozilla/5.0 AppleWebKit/537.36 (KHTML, like Gecko; compatible; ClaudeBot/1.0; +claudebot@anthropic.com)"
216.73.216.180 - - [24/Oct/2025:07:20:06 -0700] "GET /8353268?products=0006961063 HTTP/2.0" 404 109822 "-" "Mozilla/5.0 AppleWebKit/537.36 (KHTML, like Gecko; compatible; ClaudeBot/1.0; +claudebot@anthropic.com)"
216.73.216.180 - - [24/Oct/2025:07:20:09 -0700] "GET /8352634?products=0006960534 HTTP/2.0" 404 109822 "-" "Mozilla/5.0 AppleWebKit/537.36 (KHTML, like Gecko; compatible; ClaudeBot/1.0; +claudebot@anthropic.com)"
216.73.216.180 - - [24/Oct/2025:07:20:12 -0700] "GET /8352874?products=0006960734 HTTP/2.0" 404 109822 "-" "Mozilla/5.0 AppleWebKit/537.36 (KHTML, like Gecko; compatible; ClaudeBot/1.0; +claudebot@anthropic.com)"
216.73.216.180 - - [24/Oct/2025:07:20:15 -0700] "GET /8352490?products=0006960414 HTTP/2.0" 404 109822 "-" "Mozilla/5.0 AppleWebKit/537.36 (KHTML, like Gecko; compatible; ClaudeBot/1.0; +claudebot@anthropic.com)"
216.73.216.180 - - [24/Oct/2025:07:20:18 -0700] "GET /8349654?products=0006958052 HTTP/2.0" 404 109822 "-" "Mozilla/5.0 AppleWebKit/537.36 (KHTML, like Gecko; compatible; ClaudeBot/1.0; +claudebot@anthropic.com)"
216.73.216.180 - - [24/Oct/2025:07:20:21 -0700] "GET /8349726?products=0006958112 HTTP/2.0" 404 109831 "-" "Mozilla/5.0 AppleWebKit/537.36 (KHTML, like Gecko; compatible; ClaudeBot/1.0; +claudebot@anthropic.com)"
216.73.216.180 - - [24/Oct/2025:07:20:24 -0700] "GET /8353460?products=0006961223 HTTP/2.0" 404 109822 "-" "Mozilla/5.0 AppleWebKit/537.36 (KHTML, like Gecko; compatible; ClaudeBot/1.0; +claudebot@anthropic.com)"
216.73.216.180 - - [24/Oct/2025:07:20:27 -0700] "GET /8352264?products=0006960225 HTTP/2.0" 404 109822 "-" "Mozilla/5.0 AppleWebKit/537.36 (KHTML, like Gecko; compatible; ClaudeBot/1.0; +claudebot@anthropic.com)"
216.73.216.180 - - [24/Oct/2025:07:20:30 -0700] "GET /8354046?products=0006961712 HTTP/2.0" 404 109822 "-" "Mozilla/5.0 AppleWebKit/537.36 (KHTML, like Gecko; compatible; ClaudeBot/1.0; +claudebot@anthropic.com)"
216.73.216.180 - - [24/Oct/2025:07:22:14 -0700] "GET /8353632?products=0006961365 HTTP/2.0" 404 109997 "-" "Mozilla/5.0 AppleWebKit/537.36 (KHTML, like Gecko; compatible; ClaudeBot/1.0; +claudebot@anthropic.com)"
69.163.179.91 - - [24/Oct/2025:07:22:15 -0700] "POST /wp-cron.php?doing_wp_cron=1761315735.7757670879364013671875 HTTP/1.1" 200 3647 "-" "WordPress/6.8.3; https://www.elconferencista.com"
216.73.216.180 - - [24/Oct/2025:07:22:19 -0700] "GET /8349894?products=0006958252 HTTP/2.0" 404 109822 "-" "Mozilla/5.0 AppleWebKit/537.36 (KHTML, like Gecko; compatible; ClaudeBot/1.0; +claudebot@anthropic.com)"
216.73.216.180 - - [24/Oct/2025:07:22:22 -0700] "GET /8352120?products=0006960105 HTTP/2.0" 404 109822 "-" "Mozilla/5.0 AppleWebKit/537.36 (KHTML, like Gecko; compatible; ClaudeBot/1.0; +claudebot@anthropic.com)"
216.73.216.180 - - [24/Oct/2025:07:22:25 -0700] "GET /8350954?products=0006959134 HTTP/2.0" 404 109822 "-" "Mozilla/5.0 AppleWebKit/537.36 (KHTML, like Gecko; compatible; ClaudeBot/1.0; +claudebot@anthropic.com)"
216.73.216.180 - - [24/Oct/2025:07:22:28 -0700] "GET /8352552?products=0006960465 HTTP/2.0" 404 109822 "-" "Mozilla/5.0 AppleWebKit/537.36 (KHTML, like Gecko; compatible; ClaudeBot/1.0; +claudebot@anthropic.com)"
216.73.216.180 - - [24/Oct/2025:07:22:31 -0700] "GET /8353916?products=0006961603 HTTP/2.0" 404 109813 "-" "Mozilla/5.0 AppleWebKit/537.36 (KHTML, like Gecko; compatible; ClaudeBot/1.0; +claudebot@anthropic.com)"
216.73.216.180 - - [24/Oct/2025:07:22:34 -0700] "GET /8351742?products=0006959792 HTTP/2.0" 404 109822 "-" "Mozilla/5.0 AppleWebKit/537.36 (KHTML, like Gecko; compatible; ClaudeBot/1.0; +claudebot@anthropic.com)"
216.73.216.180 - - [24/Oct/2025:07:22:37 -0700] "GET /8351190?products=0006959332 HTTP/2.0" 404 109822 "-" "Mozilla/5.0 AppleWebKit/537.36 (KHTML, like Gecko; compatible; ClaudeBot/1.0; +claudebot@anthropic.com)"
216.73.216.180 - - [24/Oct/2025:07:22:40 -0700] "GET /8352054?products=0006960052 HTTP/2.0" 404 109813 "-" "Mozilla/5.0 AppleWebKit/537.36 (KHTML, like Gecko; compatible; ClaudeBot/1.0; +claudebot@anthropic.com)"
216.73.216.180 - - [24/Oct/2025:07:22:43 -0700] "GET /8353488?products=0006961245 HTTP/2.0" 404 109822 "-" "Mozilla/5.0 AppleWebKit/537.36 (KHTML, like Gecko; compatible; ClaudeBot/1.0; +claudebot@anthropic.com)"
216.73.216.180 - - [24/Oct/2025:07:22:46 -0700] "GET /8351780?products=0006959823 HTTP/2.0" 404 109813 "-" "Mozilla/5.0 AppleWebKit/537.36 (KHTML, like Gecko; compatible; ClaudeBot/1.0; +claudebot@anthropic.com)"
216.73.216.180 - - [24/Oct/2025:07:24:04 -0700] "GET /8350296?products=0006958585 HTTP/2.0" 404 109997 "-" "Mozilla/5.0 AppleWebKit/537.36 (KHTML, like Gecko; compatible; ClaudeBot/1.0; +claudebot@anthropic.com)"
69.163.179.91 - - [24/Oct/2025:07:24:05 -0700] "POST /wp-cron.php?doing_wp_cron=1761315845.8456668853759765625000 HTTP/1.1" 200 3647 "-" "WordPress/6.8.3; https://www.elconferencista.com"
216.73.216.180 - - [24/Oct/2025:07:24:10 -0700] "GET /8349908?products=0006958263 HTTP/2.0" 404 109822 "-" "Mozilla/5.0 AppleWebKit/537.36 (KHTML, like Gecko; compatible; ClaudeBot/1.0; +claudebot@anthropic.com)"
216.73.216.180 - - [24/Oct/2025:07:24:13 -0700] "GET /8350302?products=0006958592 HTTP/2.0" 404 109822 "-" "Mozilla/5.0 AppleWebKit/537.36 (KHTML, like Gecko; compatible; ClaudeBot/1.0; +claudebot@anthropic.com)"
216.73.216.180 - - [24/Oct/2025:07:24:16 -0700] "GET /8350494?products=0006958752 HTTP/2.0" 404 109822 "-" "Mozilla/5.0 AppleWebKit/537.36 (KHTML, like Gecko; compatible; ClaudeBot/1.0; +claudebot@anthropic.com)"
216.73.216.180 - - [24/Oct/2025:07:24:19 -0700] "GET /8350758?products=0006958972 HTTP/2.0" 404 109813 "-" "Mozilla/5.0 AppleWebKit/537.36 (KHTML, like Gecko; compatible; ClaudeBot/1.0; +claudebot@anthropic.com)"
34.70.229.64 - - [24/Oct/2025:07:24:38 -0700] "GET / HTTP/2.0" 200 31037 "http://www.elconferencista.com" "Mozilla/5.0 (compatible; CMS-Checker/1.0; +https://example.com)"
216.73.216.180 - - [24/Oct/2025:07:24:47 -0700] "GET /8350388?products=0006958663 HTTP/2.0" 404 109979 "-" "Mozilla/5.0 AppleWebKit/537.36 (KHTML, like Gecko; compatible; ClaudeBot/1.0; +claudebot@anthropic.com)"
216.73.216.180 - - [24/Oct/2025:07:24:49 -0700] "GET /8350776?products=0006958985 HTTP/2.0" 404 109822 "-" "Mozilla/5.0 AppleWebKit/537.36 (KHTML, like Gecko; compatible; ClaudeBot/1.0; +claudebot@anthropic.com)"
216.73.216.180 - - [24/Oct/2025:07:24:53 -0700] "GET /8354228?products=0006961863 HTTP/2.0" 404 109822 "-" "Mozilla/5.0 AppleWebKit/537.36 (KHTML, like Gecko; compatible; ClaudeBot/1.0; +claudebot@anthropic.com)"
216.73.216.180 - - [24/Oct/2025:07:24:56 -0700] "GET /8353830?products=0006961532 HTTP/2.0" 404 109822 "-" "Mozilla/5.0 AppleWebKit/537.36 (KHTML, like Gecko; compatible; ClaudeBot/1.0; +claudebot@anthropic.com)"
