3.127.23.167 - - [23/Oct/2025:21:30:22 -0700] "GET /includes/info.php.save HTTP/1.1" 404 110623 "https://www.google.com/" "Mozilla/5.0 (Windows; U; MSIE 7.0; Linux i386; .NET CLR 2.1.28028; X11)"
3.127.23.167 - - [23/Oct/2025:21:30:24 -0700] "GET /scripts/phpinfo.php HTTP/1.1" 404 110623 "https://www.google.com/" "Mozilla/5.0 (Windows; U; MSIE 7.0; Linux i386; .NET CLR 2.1.28028; X11)"
3.127.23.167 - - [23/Oct/2025:21:30:26 -0700] "GET /scripts/info.php HTTP/1.1" 404 110623 "https://www.google.com/" "Mozilla/5.0 (Windows; U; MSIE 7.0; Linux i386; .NET CLR 2.1.28028; X11)"
3.127.23.167 - - [23/Oct/2025:21:30:28 -0700] "GET /scripts/phpinfo.php.save HTTP/1.1" 404 110623 "https://www.google.com/" "Mozilla/5.0 (Windows; U; MSIE 7.0; Linux i386; .NET CLR 2.1.28028; X11)"
3.127.23.167 - - [23/Oct/2025:21:30:31 -0700] "GET /scripts/info.php.save HTTP/1.1" 404 110623 "https://www.google.com/" "Mozilla/5.0 (Windows; U; MSIE 7.0; Linux i386; .NET CLR 2.1.28028; X11)"
3.127.23.167 - - [23/Oct/2025:21:30:33 -0700] "GET /cgi-bin/phpinfo.php HTTP/1.1" 404 110601 "https://www.google.com/" "Mozilla/5.0 (Windows; U; MSIE 7.0; Linux i386; .NET CLR 2.1.28028; X11)"
3.127.23.167 - - [23/Oct/2025:21:30:35 -0700] "GET /cgi-bin/info.php HTTP/1.1" 404 110623 "https://www.google.com/" "Mozilla/5.0 (Windows; U; MSIE 7.0; Linux i386; .NET CLR 2.1.28028; X11)"
3.127.23.167 - - [23/Oct/2025:21:30:38 -0700] "GET /cgi-bin/phpinfo.php.save HTTP/1.1" 404 110622 "https://www.google.com/" "Mozilla/5.0 (Windows; U; MSIE 7.0; Linux i386; .NET CLR 2.1.28028; X11)"
3.127.23.167 - - [23/Oct/2025:21:30:40 -0700] "GET /cgi-bin/info.php.save HTTP/1.1" 404 110622 "https://www.google.com/" "Mozilla/5.0 (Windows; U; MSIE 7.0; Linux i386; .NET CLR 2.1.28028; X11)"
3.127.23.167 - - [23/Oct/2025:21:30:42 -0700] "GET /public/phpinfo.php HTTP/1.1" 404 110622 "https://www.google.com/" "Mozilla/5.0 (Windows; U; MSIE 7.0; Linux i386; .NET CLR 2.1.28028; X11)"
3.127.23.167 - - [23/Oct/2025:21:30:45 -0700] "GET /public/info.php HTTP/1.1" 404 110622 "https://www.google.com/" "Mozilla/5.0 (Windows; U; MSIE 7.0; Linux i386; .NET CLR 2.1.28028; X11)"
3.127.23.167 - - [23/Oct/2025:21:30:48 -0700] "GET /public/phpinfo.php.save HTTP/1.1" 404 110622 "https://www.google.com/" "Mozilla/5.0 (Windows; U; MSIE 7.0; Linux i386; .NET CLR 2.1.28028; X11)"
3.127.23.167 - - [23/Oct/2025:21:30:50 -0700] "GET /public/info.php.save HTTP/1.1" 404 110622 "https://www.google.com/" "Mozilla/5.0 (Windows; U; MSIE 7.0; Linux i386; .NET CLR 2.1.28028; X11)"
3.127.23.167 - - [23/Oct/2025:21:30:52 -0700] "GET /web/phpinfo.php HTTP/1.1" 404 110622 "https://www.google.com/" "Mozilla/5.0 (Windows; U; MSIE 7.0; Linux i386; .NET CLR 2.1.28028; X11)"
3.127.23.167 - - [23/Oct/2025:21:30:54 -0700] "GET /web/info.php HTTP/1.1" 404 110622 "https://www.google.com/" "Mozilla/5.0 (Windows; U; MSIE 7.0; Linux i386; .NET CLR 2.1.28028; X11)"
3.127.23.167 - - [23/Oct/2025:21:30:56 -0700] "GET /web/phpinfo.php.save HTTP/1.1" 404 110622 "https://www.google.com/" "Mozilla/5.0 (Windows; U; MSIE 7.0; Linux i386; .NET CLR 2.1.28028; X11)"
3.127.23.167 - - [23/Oct/2025:21:30:58 -0700] "GET /web/info.php.save HTTP/1.1" 404 110587 "https://www.google.com/" "Mozilla/5.0 (Windows; U; MSIE 7.0; Linux i386; .NET CLR 2.1.28028; X11)"
3.127.23.167 - - [23/Oct/2025:21:31:01 -0700] "GET /www/phpinfo.php HTTP/1.1" 404 113988 "https://www.google.com/" "Mozilla/5.0 (Windows; U; MSIE 7.0; Linux i386; .NET CLR 2.1.28028; X11)"
3.127.23.167 - - [23/Oct/2025:21:31:03 -0700] "GET /www/info.php HTTP/1.1" 404 110623 "https://www.google.com/" "Mozilla/5.0 (Windows; U; MSIE 7.0; Linux i386; .NET CLR 2.1.28028; X11)"
69.163.179.91 - - [23/Oct/2025:21:31:04 -0700] "POST /wp-cron.php?doing_wp_cron=1761280264.5328080654144287109375 HTTP/1.1" 200 3647 "-" "WordPress/6.8.3; https://www.elconferencista.com"
3.127.23.167 - - [23/Oct/2025:21:31:06 -0700] "GET /www/phpinfo.php.save HTTP/1.1" 404 110623 "https://www.google.com/" "Mozilla/5.0 (Windows; U; MSIE 7.0; Linux i386; .NET CLR 2.1.28028; X11)"
3.127.23.167 - - [23/Oct/2025:21:31:08 -0700] "GET /www/info.php.save HTTP/1.1" 404 110623 "https://www.google.com/" "Mozilla/5.0 (Windows; U; MSIE 7.0; Linux i386; .NET CLR 2.1.28028; X11)"
3.127.23.167 - - [23/Oct/2025:21:31:10 -0700] "GET /site/phpinfo.php HTTP/1.1" 404 110623 "https://www.google.com/" "Mozilla/5.0 (Windows; U; MSIE 7.0; Linux i386; .NET CLR 2.1.28028; X11)"
3.127.23.167 - - [23/Oct/2025:21:31:12 -0700] "GET /site/info.php HTTP/1.1" 404 110623 "https://www.google.com/" "Mozilla/5.0 (Windows; U; MSIE 7.0; Linux i386; .NET CLR 2.1.28028; X11)"
3.127.23.167 - - [23/Oct/2025:21:31:14 -0700] "GET /site/phpinfo.php.save HTTP/1.1" 404 110623 "https://www.google.com/" "Mozilla/5.0 (Windows; U; MSIE 7.0; Linux i386; .NET CLR 2.1.28028; X11)"
3.127.23.167 - - [23/Oct/2025:21:31:16 -0700] "GET /site/info.php.save HTTP/1.1" 404 110623 "https://www.google.com/" "Mozilla/5.0 (Windows; U; MSIE 7.0; Linux i386; .NET CLR 2.1.28028; X11)"
3.127.23.167 - - [23/Oct/2025:21:31:19 -0700] "GET /.git/config HTTP/1.1" 404 110623 "https://www.google.com/" "Mozilla/5.0 (Windows; U; MSIE 7.0; Linux i386; .NET CLR 2.1.28028; X11)"
3.127.23.167 - - [23/Oct/2025:21:31:22 -0700] "GET / HTTP/1.1" 200 34858 "https://www.google.com/" "Mozilla/5.0 (Windows; U; MSIE 7.0; Linux i386; .NET CLR 2.1.28028; X11)"
170.106.35.153 - - [23/Oct/2025:21:37:45 -0700] "GET / HTTP/1.1" 200 34801 "http://elconferencista.com" "Mozilla/5.0 (iPhone; CPU iPhone OS 13_2_3 like Mac OS X) AppleWebKit/605.1.15 (KHTML, like Gecko) Version/13.0.3 Mobile/15E148 Safari/604.1"
69.163.179.91 - - [23/Oct/2025:21:37:46 -0700] "POST /wp-cron.php?doing_wp_cron=1761280666.8017659187316894531250 HTTP/1.1" 200 3647 "-" "WordPress/6.8.3; https://www.elconferencista.com"
198.20.104.194 - - [23/Oct/2025:21:45:03 -0700] "GET /wp-login.php HTTP/2.0" 429 351 "-" "Mozilla/5.0 (Windows NT 10.0; Win64; x64) AppleWebKit/537.36 (KHTML, like Gecko) Chrome/63.0.3239.132 Safari/537.36 OPR/50.0.2762.58"
198.20.104.194 - - [23/Oct/2025:21:45:04 -0700] "POST /wp-login.php HTTP/2.0" 429 278 "https://www.elconferencista.com/wp-login.php" "Mozilla/5.0 (Windows NT 10.0; Win64; x64) AppleWebKit/537.36 (KHTML, like Gecko) Chrome/63.0.3239.132 Safari/537.36 OPR/50.0.2762.58"
185.177.72.8 - - [23/Oct/2025:21:50:41 -0700] "GET /.git/config HTTP/1.1" 301 3827 "-" "Mozilla/5.0 (Windows NT 6.2) AppleWebKit/536.6 (KHTML, like Gecko) Chrome/20.0.1090.0 Safari/536.6"
102.209.20.90 - - [23/Oct/2025:21:57:07 -0700] "GET /wp-login.php HTTP/2.0" 429 351 "-" "Mozilla/4.0 (compatible; MSIE 7.0; Windows NT 10.0; WOW64; Trident/7.0; .NET4.0C; .NET4.0E; .NET CLR 2.0.50727; .NET CLR 3.0.30729; .NET CLR 3.5.30729; ms-office)"
102.209.20.90 - - [23/Oct/2025:21:57:10 -0700] "POST /wp-login.php HTTP/2.0" 429 278 "https://www.elconferencista.com/wp-login.php" "Mozilla/4.0 (compatible; MSIE 7.0; Windows NT 10.0; WOW64; Trident/7.0; .NET4.0C; .NET4.0E; .NET CLR 2.0.50727; .NET CLR 3.0.30729; .NET CLR 3.5.30729; ms-office)"
15.235.27.79 - - [23/Oct/2025:21:57:58 -0700] "GET /sitemap.xml HTTP/2.0" 200 3365 "-" "Mozilla/5.0 (compatible; AhrefsBot/7.0; +http://ahrefs.com/robot/)"
160.30.112.53 - - [23/Oct/2025:22:03:30 -0700] "GET /wp-login.php HTTP/2.0" 429 351 "-" "Mozilla/4.0 (compatible; MSIE 7.0; Windows NT 6.1; WOW64; Trident/7.0; SLCC2; .NET CLR 2.0.50727; .NET CLR 3.5.30729; .NET CLR 3.0.30729; Media Center PC 6.0; .NET4.0C; .NET4.0E; InfoPath.3; ms-office)"
160.30.112.53 - - [23/Oct/2025:22:03:31 -0700] "POST /wp-login.php HTTP/2.0" 429 278 "https://www.elconferencista.com/wp-login.php" "Mozilla/4.0 (compatible; MSIE 7.0; Windows NT 6.1; WOW64; Trident/7.0; SLCC2; .NET CLR 2.0.50727; .NET CLR 3.5.30729; .NET CLR 3.0.30729; Media Center PC 6.0; .NET4.0C; .NET4.0E; InfoPath.3; ms-office)"
130.33.52.240 - - [23/Oct/2025:22:08:02 -0700] "POST /wp-plain.php HTTP/1.1" 429 3835 "www.google.com" "Mozilla/5.0 (Linux; Android 7.0; SM-G892A Bulid/NRD90M; wv) AppleWebKit/537.36 (KHTML, like Gecko) Version/4.0 Chrome/60.0.3112.107 Moblie Safari/537.36"
130.33.52.240 - - [23/Oct/2025:22:08:02 -0700] "GET / HTTP/1.1" 429 3835 "-" "Mozlila/5.0 (Linux; Android 7.0; SM-G892A Bulid/NRD90M; wv) AppleWebKit/537.36 (KHTML, like Gecko) Version/4.0 Chrome/60.0.3112.107 Moblie Safari/537.36"
130.33.52.240 - - [23/Oct/2025:22:08:02 -0700] "GET /wp-content/themes/seotheme/db.php?u HTTP/1.1" 429 3835 "www.google.com" "Mozlila/5.0 (Linux; Android 7.0; SM-G892A Bulid/NRD90M; wv) AppleWebKit/537.36 (KHTML, like Gecko) Version/4.0 Chrome/60.0.3112.107 Moblie Safari/537.36"
130.33.52.240 - - [23/Oct/2025:22:08:08 -0700] "GET /wp-content/themes/seotheme/db.php?u HTTP/1.1" 301 3912 "www.google.com" "Mozlila/5.0 (Linux; Android 7.0; SM-G892A Bulid/NRD90M; wv) AppleWebKit/537.36 (KHTML, like Gecko) Version/4.0 Chrome/60.0.3112.107 Moblie Safari/537.36"
130.33.52.240 - - [23/Oct/2025:22:08:08 -0700] "GET /afapgjqc.php?Fox=d3wL7 HTTP/1.1" 301 3886 "www.google.com" "Mozilla/5.0 (Linux; Android 7.0; SM-G892A Bulid/NRD90M; wv) AppleWebKit/537.36 (KHTML, like Gecko) Version/4.0 Chrome/60.0.3112.107 Moblie Safari/537.36"
130.33.52.240 - - [23/Oct/2025:22:08:11 -0700] "GET /afapgjqc.php?Fox=d3wL7 HTTP/1.1" 429 832 "www.google.com" "Mozilla/5.0 (Linux; Android 7.0; SM-G892A Bulid/NRD90M; wv) AppleWebKit/537.36 (KHTML, like Gecko) Version/4.0 Chrome/60.0.3112.107 Moblie Safari/537.36"
130.33.52.240 - - [23/Oct/2025:22:08:11 -0700] "GET /wp-content/themes/seotheme/db.php?u HTTP/1.1" 429 832 "www.google.com" "Mozlila/5.0 (Linux; Android 7.0; SM-G892A Bulid/NRD90M; wv) AppleWebKit/537.36 (KHTML, like Gecko) Version/4.0 Chrome/60.0.3112.107 Moblie Safari/537.36"
34.1.24.168 - - [23/Oct/2025:22:10:14 -0700] "GET / HTTP/2.0" 200 31037 "http://elconferencista.com/" "Mozilla/5.0 (Macintosh; Intel Mac OS X 10_15_7) AppleWebKit/537.36 (KHTML, like Gecko) Chrome/135.0.0.0 Safari/537.36"
69.163.179.91 - - [23/Oct/2025:22:10:15 -0700] "POST /wp-cron.php?doing_wp_cron=1761282615.8281650543212890625000 HTTP/1.1" 200 3647 "-" "WordPress/6.8.3; https://www.elconferencista.com"
34.1.24.168 - - [23/Oct/2025:22:10:17 -0700] "GET /app/ HTTP/2.0" 404 109972 "-" "Mozilla/5.0 (Macintosh; Intel Mac OS X 10_15_7) AppleWebKit/537.36 (KHTML, like Gecko) Chrome/135.0.0.0 Safari/537.36"
34.1.24.168 - - [23/Oct/2025:22:10:19 -0700] "GET /login/ HTTP/2.0" 302 103 "-" "Mozilla/5.0 (Macintosh; Intel Mac OS X 10_15_7) AppleWebKit/537.36 (KHTML, like Gecko) Chrome/135.0.0.0 Safari/537.36"
34.1.24.168 - - [23/Oct/2025:22:10:19 -0700] "GET /wp-login.php HTTP/2.0" 200 3431 "https://www.elconferencista.com/login/" "Mozilla/5.0 (Macintosh; Intel Mac OS X 10_15_7) AppleWebKit/537.36 (KHTML, like Gecko) Chrome/135.0.0.0 Safari/537.36"
34.1.24.168 - - [23/Oct/2025:22:10:20 -0700] "GET /login/wp-admin//js//password-strength-meter.js HTTP/2.0" 301 105 "-" "Mozilla/5.0 (Macintosh; Intel Mac OS X 10_15_7) AppleWebKit/537.36 (KHTML, like Gecko) Chrome/135.0.0.0 Safari/537.36"
34.1.24.168 - - [23/Oct/2025:22:10:20 -0700] "GET /login/wp-admin/js/password-strength-meter.js HTTP/2.0" 404 109892 "https://www.elconferencista.com/login/wp-admin//js//password-strength-meter.js" "Mozilla/5.0 (Macintosh; Intel Mac OS X 10_15_7) AppleWebKit/537.36 (KHTML, like Gecko) Chrome/135.0.0.0 Safari/537.36"
34.1.24.168 - - [23/Oct/2025:22:10:21 -0700] "GET /login/wp-admin//js//user-profile.js HTTP/2.0" 301 95 "-" "Mozilla/5.0 (Macintosh; Intel Mac OS X 10_15_7) AppleWebKit/537.36 (KHTML, like Gecko) Chrome/135.0.0.0 Safari/537.36"
34.1.24.168 - - [23/Oct/2025:22:10:22 -0700] "GET /login/wp-admin/js/user-profile.js HTTP/2.0" 404 109915 "https://www.elconferencista.com/login/wp-admin//js//user-profile.js" "Mozilla/5.0 (Macintosh; Intel Mac OS X 10_15_7) AppleWebKit/537.36 (KHTML, like Gecko) Chrome/135.0.0.0 Safari/537.36"
34.1.24.168 - - [23/Oct/2025:22:10:23 -0700] "GET /login/wp-includes//js//dist//a11y.js HTTP/2.0" 301 95 "-" "Mozilla/5.0 (Macintosh; Intel Mac OS X 10_15_7) AppleWebKit/537.36 (KHTML, like Gecko) Chrome/135.0.0.0 Safari/537.36"
34.1.24.168 - - [23/Oct/2025:22:10:23 -0700] "GET /login/wp-includes/js/dist/a11y.js HTTP/2.0" 404 109892 "https://www.elconferencista.com/login/wp-includes//js//dist//a11y.js" "Mozilla/5.0 (Macintosh; Intel Mac OS X 10_15_7) AppleWebKit/537.36 (KHTML, like Gecko) Chrome/135.0.0.0 Safari/537.36"
34.1.24.168 - - [23/Oct/2025:22:10:24 -0700] "GET //wp-includes//js//zxcvbn.min.js HTTP/2.0" 200 406616 "-" "Mozilla/5.0 (Macintosh; Intel Mac OS X 10_15_7) AppleWebKit/537.36 (KHTML, like Gecko) Chrome/135.0.0.0 Safari/537.36"
34.1.24.168 - - [23/Oct/2025:22:10:24 -0700] "GET / HTTP/2.0" 200 30775 "http://www.elconferencista.com/" "Mozilla/5.0 (Macintosh; Intel Mac OS X 10_15_7) AppleWebKit/537.36 (KHTML, like Gecko) Chrome/135.0.0.0 Safari/537.36"
34.1.24.168 - - [23/Oct/2025:22:10:25 -0700] "GET /app/ HTTP/2.0" 404 109822 "-" "Mozilla/5.0 (Macintosh; Intel Mac OS X 10_15_7) AppleWebKit/537.36 (KHTML, like Gecko) Chrome/135.0.0.0 Safari/537.36"
34.1.24.168 - - [23/Oct/2025:22:10:27 -0700] "GET /login/ HTTP/2.0" 302 81 "-" "Mozilla/5.0 (Macintosh; Intel Mac OS X 10_15_7) AppleWebKit/537.36 (KHTML, like Gecko) Chrome/135.0.0.0 Safari/537.36"
34.1.24.168 - - [23/Oct/2025:22:10:27 -0700] "GET /wp-login.php HTTP/2.0" 200 3310 "https://www.elconferencista.com/login/" "Mozilla/5.0 (Macintosh; Intel Mac OS X 10_15_7) AppleWebKit/537.36 (KHTML, like Gecko) Chrome/135.0.0.0 Safari/537.36"
34.1.24.168 - - [23/Oct/2025:22:10:32 -0700] "GET / HTTP/2.0" 200 30798 "http://www.elconferencista.com/" "Mozilla/5.0 (Macintosh; Intel Mac OS X 10_15_7) AppleWebKit/537.36 (KHTML, like Gecko) Chrome/135.0.0.0 Safari/537.36"
34.1.24.168 - - [23/Oct/2025:22:10:33 -0700] "GET /app/ HTTP/2.0" 404 109822 "-" "Mozilla/5.0 (Macintosh; Intel Mac OS X 10_15_7) AppleWebKit/537.36 (KHTML, like Gecko) Chrome/135.0.0.0 Safari/537.36"
34.1.24.168 - - [23/Oct/2025:22:10:34 -0700] "GET /login/ HTTP/2.0" 302 81 "-" "Mozilla/5.0 (Macintosh; Intel Mac OS X 10_15_7) AppleWebKit/537.36 (KHTML, like Gecko) Chrome/135.0.0.0 Safari/537.36"
34.1.24.168 - - [23/Oct/2025:22:10:35 -0700] "GET /wp-login.php HTTP/2.0" 200 3333 "https://www.elconferencista.com/login/" "Mozilla/5.0 (Macintosh; Intel Mac OS X 10_15_7) AppleWebKit/537.36 (KHTML, like Gecko) Chrome/135.0.0.0 Safari/537.36"
185.68.185.160 - - [23/Oct/2025:22:10:49 -0700] "GET /wp-login.php HTTP/1.1" 200 7181 "-" "Mozilla/5.0 (Windows NT 10.0; Win64; x64) AppleWebKit/537.36 (KHTML, like Gecko) Chrome/115.0.0.0 Safari/537.36 Edg/115.0.1901.203"
130.49.11.181 - - [23/Oct/2025:22:10:49 -0700] "GET /wp-login.php HTTP/1.1" 200 7181 "-" "Mozilla/5.0 (Windows NT 10.0; Win64; x64) AppleWebKit/537.36 (KHTML, like Gecko) Chrome/115.0.0.0 Safari/537.36 Edg/115.0.1901.203"
185.68.185.160 - - [23/Oct/2025:22:10:52 -0700] "GET /wp-json/wp/v2/users HTTP/1.1" 200 3456 "-" "Mozilla/5.0 (Windows NT 10.0; Win64; x64) AppleWebKit/537.36 (KHTML, like Gecko) Chrome/115.0.0.0 Safari/537.36 Edg/115.0.1901.203"
130.49.11.181 - - [23/Oct/2025:22:10:52 -0700] "GET /wp-json/wp/v2/users HTTP/1.1" 200 3456 "-" "Mozilla/5.0 (Windows NT 10.0; Win64; x64) AppleWebKit/537.36 (KHTML, like Gecko) Chrome/115.0.0.0 Safari/537.36 Edg/115.0.1901.203"
45.159.20.120 - - [23/Oct/2025:22:10:58 -0700] "GET /wp-login.php HTTP/1.1" 200 7181 "-" "Mozilla/5.0 (Windows NT 10.0; Win64; x64) AppleWebKit/537.36 (KHTML, like Gecko) Chrome/115.0.0.0 Safari/537.36 Edg/115.0.1901.203"
45.132.184.103 - - [23/Oct/2025:22:10:59 -0700] "GET /wp-login.php HTTP/1.1" 200 7181 "-" "Mozilla/5.0 (Windows NT 10.0; Win64; x64) AppleWebKit/537.36 (KHTML, like Gecko) Chrome/115.0.0.0 Safari/537.36 Edg/115.0.1901.203"
185.61.216.194 - - [23/Oct/2025:22:10:59 -0700] "GET /wp-login.php HTTP/1.1" 200 7181 "-" "Mozilla/5.0 (Windows NT 10.0; Win64; x64) AppleWebKit/537.36 (KHTML, like Gecko) Chrome/115.0.0.0 Safari/537.36 Edg/115.0.1901.203"
69.163.179.91 - - [23/Oct/2025:22:11:02 -0700] "POST /wp-cron.php?doing_wp_cron=1761282662.0391099452972412109375 HTTP/1.1" 200 3647 "-" "WordPress/6.8.3; https://www.elconferencista.com"
193.233.88.221 - - [23/Oct/2025:22:11:00 -0700] "GET /wp-login.php HTTP/1.1" 200 7181 "-" "Mozilla/5.0 (Windows NT 10.0; Win64; x64) AppleWebKit/537.36 (KHTML, like Gecko) Chrome/115.0.0.0 Safari/537.36 Edg/115.0.1901.203"
69.163.179.91 - - [23/Oct/2025:22:11:03 -0700] "POST /wp-cron.php?doing_wp_cron=1761282663.7384529113769531250000 HTTP/1.1" 200 3647 "-" "WordPress/6.8.3; https://www.elconferencista.com"
45.159.20.120 - - [23/Oct/2025:22:11:02 -0700] "POST /wp-login.php HTTP/1.1" 200 4310 "https://www.elconferencista.com/wp-login.php" "Mozilla/5.0 (Windows NT 10.0; Win64; x64) AppleWebKit/537.36 (KHTML, like Gecko) Chrome/115.0.0.0 Safari/537.36 Edg/115.0.1901.203"
45.132.184.103 - - [23/Oct/2025:22:11:03 -0700] "POST /wp-login.php HTTP/1.1" 200 4309 "https://www.elconferencista.com/wp-login.php" "Mozilla/5.0 (Windows NT 10.0; Win64; x64) AppleWebKit/537.36 (KHTML, like Gecko) Chrome/115.0.0.0 Safari/537.36 Edg/115.0.1901.203"
193.233.88.221 - - [23/Oct/2025:22:11:05 -0700] "POST /wp-login.php HTTP/1.1" 200 4309 "https://www.elconferencista.com/wp-login.php" "Mozilla/5.0 (Windows NT 10.0; Win64; x64) AppleWebKit/537.36 (KHTML, like Gecko) Chrome/115.0.0.0 Safari/537.36 Edg/115.0.1901.203"
185.61.216.194 - - [23/Oct/2025:22:11:04 -0700] "POST /wp-login.php HTTP/1.1" 200 4310 "https://www.elconferencista.com/wp-login.php" "Mozilla/5.0 (Windows NT 10.0; Win64; x64) AppleWebKit/537.36 (KHTML, like Gecko) Chrome/115.0.0.0 Safari/537.36 Edg/115.0.1901.203"
170.168.175.88 - - [23/Oct/2025:22:11:09 -0700] "GET /wp-login.php HTTP/1.1" 200 7181 "-" "Mozilla/5.0 (Windows NT 10.0; Win64; x64) AppleWebKit/537.36 (KHTML, like Gecko) Chrome/115.0.0.0 Safari/537.36 Edg/115.0.1901.203"
193.203.11.88 - - [23/Oct/2025:22:11:09 -0700] "GET /wp-login.php HTTP/1.1" 200 7181 "-" "Mozilla/5.0 (Windows NT 10.0; Win64; x64) AppleWebKit/537.36 (KHTML, like Gecko) Chrome/115.0.0.0 Safari/537.36 Edg/115.0.1901.203"
45.138.100.82 - - [23/Oct/2025:22:11:10 -0700] "GET /wp-login.php HTTP/1.1" 200 7181 "-" "Mozilla/5.0 (Windows NT 10.0; Win64; x64) AppleWebKit/537.36 (KHTML, like Gecko) Chrome/115.0.0.0 Safari/537.36 Edg/115.0.1901.203"
77.220.195.54 - - [23/Oct/2025:22:11:11 -0700] "GET /wp-login.php HTTP/1.1" 200 7181 "-" "Mozilla/5.0 (Windows NT 10.0; Win64; x64) AppleWebKit/537.36 (KHTML, like Gecko) Chrome/115.0.0.0 Safari/537.36 Edg/115.0.1901.203"
170.168.175.88 - - [23/Oct/2025:22:11:12 -0700] "POST /wp-login.php HTTP/1.1" 200 4311 "https://www.elconferencista.com/wp-login.php" "Mozilla/5.0 (Windows NT 10.0; Win64; x64) AppleWebKit/537.36 (KHTML, like Gecko) Chrome/115.0.0.0 Safari/537.36 Edg/115.0.1901.203"
193.203.11.88 - - [23/Oct/2025:22:11:13 -0700] "POST /wp-login.php HTTP/1.1" 200 4311 "https://www.elconferencista.com/wp-login.php" "Mozilla/5.0 (Windows NT 10.0; Win64; x64) AppleWebKit/537.36 (KHTML, like Gecko) Chrome/115.0.0.0 Safari/537.36 Edg/115.0.1901.203"
45.138.100.82 - - [23/Oct/2025:22:11:13 -0700] "POST /wp-login.php HTTP/1.1" 200 4289 "https://www.elconferencista.com/wp-login.php" "Mozilla/5.0 (Windows NT 10.0; Win64; x64) AppleWebKit/537.36 (KHTML, like Gecko) Chrome/115.0.0.0 Safari/537.36 Edg/115.0.1901.203"
77.220.195.54 - - [23/Oct/2025:22:11:14 -0700] "POST /wp-login.php HTTP/1.1" 200 4336 "https://www.elconferencista.com/wp-login.php" "Mozilla/5.0 (Windows NT 10.0; Win64; x64) AppleWebKit/537.36 (KHTML, like Gecko) Chrome/115.0.0.0 Safari/537.36 Edg/115.0.1901.203"
95.108.213.1 - - [23/Oct/2025:22:13:18 -0700] "GET /robots.txt HTTP/1.1" 200 3847 "-" "Mozilla/5.0 (compatible; YandexBot/3.0; +http://yandex.com/bots)"
213.180.203.211 - - [23/Oct/2025:22:13:19 -0700] "GET /robots.txt HTTP/1.1" 200 3847 "-" "Mozilla/5.0 (compatible; YandexBot/3.0; +http://yandex.com/bots)"
95.108.213.4 - - [23/Oct/2025:22:13:19 -0700] "GET /blog-transicional/ HTTP/1.1" 404 113988 "-" "Mozilla/5.0 (compatible; YandexBot/3.0; +http://yandex.com/bots)"
69.163.179.91 - - [23/Oct/2025:22:13:21 -0700] "POST /wp-cron.php?doing_wp_cron=1761282801.5155351161956787109375 HTTP/1.1" 200 3647 "-" "WordPress/6.8.3; https://www.elconferencista.com"
213.180.203.213 - - [23/Oct/2025:22:13:20 -0700] "GET /blog-transicional/ HTTP/1.1" 404 113988 "-" "Mozilla/5.0 (compatible; YandexBot/3.0; +http://yandex.com/bots)"
185.191.171.13 - - [23/Oct/2025:22:14:12 -0700] "GET /robots.txt HTTP/1.1" 200 3838 "-" "Mozilla/5.0 (compatible; SemrushBot/7~bl; +http://www.semrush.com/bot.html)"
85.208.96.197 - - [23/Oct/2025:22:14:14 -0700] "GET /sitemap.xml HTTP/1.1" 200 6958 "-" "Mozilla/5.0 (compatible; SemrushBot/7~bl; +http://www.semrush.com/bot.html)"
69.163.179.91 - - [23/Oct/2025:22:14:13 -0700] "POST /wp-cron.php?doing_wp_cron=1761282853.8415160179138183593750 HTTP/1.1" 200 3647 "-" "WordPress/6.8.3; https://www.elconferencista.com"
185.191.171.18 - - [23/Oct/2025:22:14:13 -0700] "GET /conferencias-edner/page/2/ HTTP/1.1" 200 28037 "-" "Mozilla/5.0 (compatible; SemrushBot/7~bl; +http://www.semrush.com/bot.html)"
167.172.159.207 - - [23/Oct/2025:22:15:25 -0700] "GET /wp-login.php HTTP/2.0" 429 351 "-" "Mozilla/5.0 (Windows NT 10.0; WOW64) AppleWebKit/537.36 (KHTML, like Gecko) Chrome/67.0.3396.87 Safari/537.36"
167.172.159.207 - - [23/Oct/2025:22:15:28 -0700] "POST /wp-login.php HTTP/2.0" 429 278 "https://www.elconferencista.com/wp-login.php" "Mozilla/5.0 (Windows NT 10.0; WOW64) AppleWebKit/537.36 (KHTML, like Gecko) Chrome/67.0.3396.87 Safari/537.36"
137.184.10.124 - - [23/Oct/2025:22:15:46 -0700] "GET / HTTP/1.1" 429 3648 "-" "Mozilla/5.0 (Windows NT 10.0; Win64; x64) AppleWebKit/537.36 (KHTML, like Gecko) Chrome/78.0.3904.108 Safari/537.36"
137.184.10.124 - - [23/Oct/2025:22:15:46 -0700] "GET //wp-includes/wlwmanifest.xml HTTP/1.1" 429 529 "-" "Mozilla/5.0 (Windows NT 10.0; Win64; x64) AppleWebKit/537.36 (KHTML, like Gecko) Chrome/78.0.3904.108 Safari/537.36"
137.184.10.124 - - [23/Oct/2025:22:15:46 -0700] "GET //xmlrpc.php?rsd HTTP/1.1" 429 529 "-" "Mozilla/5.0 (Windows NT 10.0; Win64; x64) AppleWebKit/537.36 (KHTML, like Gecko) Chrome/78.0.3904.108 Safari/537.36"
137.184.10.124 - - [23/Oct/2025:22:15:46 -0700] "GET / HTTP/1.1" 429 529 "-" "Mozilla/5.0 (Windows NT 10.0; Win64; x64) AppleWebKit/537.36 (KHTML, like Gecko) Chrome/78.0.3904.108 Safari/537.36"
137.184.10.124 - - [23/Oct/2025:22:15:46 -0700] "GET //blog/wp-includes/wlwmanifest.xml HTTP/1.1" 429 529 "-" "Mozilla/5.0 (Windows NT 10.0; Win64; x64) AppleWebKit/537.36 (KHTML, like Gecko) Chrome/78.0.3904.108 Safari/537.36"
137.184.10.124 - - [23/Oct/2025:22:15:46 -0700] "GET //web/wp-includes/wlwmanifest.xml HTTP/1.1" 429 529 "-" "Mozilla/5.0 (Windows NT 10.0; Win64; x64) AppleWebKit/537.36 (KHTML, like Gecko) Chrome/78.0.3904.108 Safari/537.36"
137.184.10.124 - - [23/Oct/2025:22:15:46 -0700] "GET //wordpress/wp-includes/wlwmanifest.xml HTTP/1.1" 429 529 "-" "Mozilla/5.0 (Windows NT 10.0; Win64; x64) AppleWebKit/537.36 (KHTML, like Gecko) Chrome/78.0.3904.108 Safari/537.36"
137.184.10.124 - - [23/Oct/2025:22:15:46 -0700] "GET //website/wp-includes/wlwmanifest.xml HTTP/1.1" 429 529 "-" "Mozilla/5.0 (Windows NT 10.0; Win64; x64) AppleWebKit/537.36 (KHTML, like Gecko) Chrome/78.0.3904.108 Safari/537.36"
137.184.10.124 - - [23/Oct/2025:22:15:46 -0700] "GET //wp/wp-includes/wlwmanifest.xml HTTP/1.1" 429 529 "-" "Mozilla/5.0 (Windows NT 10.0; Win64; x64) AppleWebKit/537.36 (KHTML, like Gecko) Chrome/78.0.3904.108 Safari/537.36"
137.184.10.124 - - [23/Oct/2025:22:15:46 -0700] "GET //news/wp-includes/wlwmanifest.xml HTTP/1.1" 429 529 "-" "Mozilla/5.0 (Windows NT 10.0; Win64; x64) AppleWebKit/537.36 (KHTML, like Gecko) Chrome/78.0.3904.108 Safari/537.36"
137.184.10.124 - - [23/Oct/2025:22:15:46 -0700] "GET //2018/wp-includes/wlwmanifest.xml HTTP/1.1" 429 529 "-" "Mozilla/5.0 (Windows NT 10.0; Win64; x64) AppleWebKit/537.36 (KHTML, like Gecko) Chrome/78.0.3904.108 Safari/537.36"
137.184.10.124 - - [23/Oct/2025:22:15:46 -0700] "GET //2019/wp-includes/wlwmanifest.xml HTTP/1.1" 429 529 "-" "Mozilla/5.0 (Windows NT 10.0; Win64; x64) AppleWebKit/537.36 (KHTML, like Gecko) Chrome/78.0.3904.108 Safari/537.36"
137.184.10.124 - - [23/Oct/2025:22:15:46 -0700] "GET //shop/wp-includes/wlwmanifest.xml HTTP/1.1" 429 529 "-" "Mozilla/5.0 (Windows NT 10.0; Win64; x64) AppleWebKit/537.36 (KHTML, like Gecko) Chrome/78.0.3904.108 Safari/537.36"
137.184.10.124 - - [23/Oct/2025:22:15:46 -0700] "GET //wp1/wp-includes/wlwmanifest.xml HTTP/1.1" 429 529 "-" "Mozilla/5.0 (Windows NT 10.0; Win64; x64) AppleWebKit/537.36 (KHTML, like Gecko) Chrome/78.0.3904.108 Safari/537.36"
137.184.10.124 - - [23/Oct/2025:22:15:46 -0700] "GET //test/wp-includes/wlwmanifest.xml HTTP/1.1" 429 529 "-" "Mozilla/5.0 (Windows NT 10.0; Win64; x64) AppleWebKit/537.36 (KHTML, like Gecko) Chrome/78.0.3904.108 Safari/537.36"
137.184.10.124 - - [23/Oct/2025:22:15:46 -0700] "GET //media/wp-includes/wlwmanifest.xml HTTP/1.1" 429 529 "-" "Mozilla/5.0 (Windows NT 10.0; Win64; x64) AppleWebKit/537.36 (KHTML, like Gecko) Chrome/78.0.3904.108 Safari/537.36"
137.184.10.124 - - [23/Oct/2025:22:15:46 -0700] "GET //wp2/wp-includes/wlwmanifest.xml HTTP/1.1" 429 529 "-" "Mozilla/5.0 (Windows NT 10.0; Win64; x64) AppleWebKit/537.36 (KHTML, like Gecko) Chrome/78.0.3904.108 Safari/537.36"
137.184.10.124 - - [23/Oct/2025:22:15:47 -0700] "GET //site/wp-includes/wlwmanifest.xml HTTP/1.1" 429 529 "-" "Mozilla/5.0 (Windows NT 10.0; Win64; x64) AppleWebKit/537.36 (KHTML, like Gecko) Chrome/78.0.3904.108 Safari/537.36"
137.184.10.124 - - [23/Oct/2025:22:15:47 -0700] "GET //cms/wp-includes/wlwmanifest.xml HTTP/1.1" 429 529 "-" "Mozilla/5.0 (Windows NT 10.0; Win64; x64) AppleWebKit/537.36 (KHTML, like Gecko) Chrome/78.0.3904.108 Safari/537.36"
137.184.10.124 - - [23/Oct/2025:22:15:47 -0700] "GET //sito/wp-includes/wlwmanifest.xml HTTP/1.1" 429 529 "-" "Mozilla/5.0 (Windows NT 10.0; Win64; x64) AppleWebKit/537.36 (KHTML, like Gecko) Chrome/78.0.3904.108 Safari/537.36"
143.110.150.225 - - [23/Oct/2025:22:17:58 -0700] "GET /wp-login.php HTTP/1.1" 301 4618 "-" "Mozilla/5.0"
43.153.35.128 - - [23/Oct/2025:22:19:53 -0700] "GET / HTTP/1.1" 200 34801 "https://ednergranados.com/" "Mozilla/5.0 (iPhone; CPU iPhone OS 13_2_3 like Mac OS X) AppleWebKit/605.1.15 (KHTML, like Gecko) Version/13.0.3 Mobile/15E148 Safari/604.1"
69.163.179.91 - - [23/Oct/2025:22:19:54 -0700] "POST /wp-cron.php?doing_wp_cron=1761283194.5184249877929687500000 HTTP/1.1" 200 3647 "-" "WordPress/6.8.3; https://www.elconferencista.com"
216.73.216.180 - - [23/Oct/2025:22:23:35 -0700] "GET /robots.txt HTTP/2.0" 200 278 "-" "Mozilla/5.0 AppleWebKit/537.36 (KHTML, like Gecko; compatible; ClaudeBot/1.0; +claudebot@anthropic.com)"
216.73.216.180 - - [23/Oct/2025:22:23:35 -0700] "GET /14086220?products=0011738523 HTTP/2.0" 404 109950 "-" "Mozilla/5.0 AppleWebKit/537.36 (KHTML, like Gecko; compatible; ClaudeBot/1.0; +claudebot@anthropic.com)"
69.163.179.91 - - [23/Oct/2025:22:23:36 -0700] "POST /wp-cron.php?doing_wp_cron=1761283416.7684829235076904296875 HTTP/1.1" 200 3647 "-" "WordPress/6.8.3; https://www.elconferencista.com"
216.73.216.180 - - [23/Oct/2025:22:23:38 -0700] "GET /14086104?products=0011738425 HTTP/2.0" 404 109822 "-" "Mozilla/5.0 AppleWebKit/537.36 (KHTML, like Gecko; compatible; ClaudeBot/1.0; +claudebot@anthropic.com)"
216.73.216.180 - - [23/Oct/2025:22:23:41 -0700] "GET /14085864?products=0011738225 HTTP/2.0" 404 109813 "-" "Mozilla/5.0 AppleWebKit/537.36 (KHTML, like Gecko; compatible; ClaudeBot/1.0; +claudebot@anthropic.com)"
216.73.216.180 - - [23/Oct/2025:22:23:44 -0700] "GET /14085874?products=0011738234 HTTP/2.0" 404 109822 "-" "Mozilla/5.0 AppleWebKit/537.36 (KHTML, like Gecko; compatible; ClaudeBot/1.0; +claudebot@anthropic.com)"
216.73.216.180 - - [23/Oct/2025:22:23:47 -0700] "GET /14088020?products=0011740023 HTTP/2.0" 404 109822 "-" "Mozilla/5.0 AppleWebKit/537.36 (KHTML, like Gecko; compatible; ClaudeBot/1.0; +claudebot@anthropic.com)"
216.73.216.180 - - [23/Oct/2025:22:23:50 -0700] "GET /14090094?products=0011741752 HTTP/2.0" 404 109822 "-" "Mozilla/5.0 AppleWebKit/537.36 (KHTML, like Gecko; compatible; ClaudeBot/1.0; +claudebot@anthropic.com)"
216.73.216.180 - - [23/Oct/2025:22:23:53 -0700] "GET /14086968?products=0011739145 HTTP/2.0" 404 109822 "-" "Mozilla/5.0 AppleWebKit/537.36 (KHTML, like Gecko; compatible; ClaudeBot/1.0; +claudebot@anthropic.com)"
216.73.216.180 - - [23/Oct/2025:22:23:56 -0700] "GET /14086882?products=0011739074 HTTP/2.0" 404 109822 "-" "Mozilla/5.0 AppleWebKit/537.36 (KHTML, like Gecko; compatible; ClaudeBot/1.0; +claudebot@anthropic.com)"
216.73.216.180 - - [23/Oct/2025:22:23:59 -0700] "GET /14088980?products=0011740823 HTTP/2.0" 404 109822 "-" "Mozilla/5.0 AppleWebKit/537.36 (KHTML, like Gecko; compatible; ClaudeBot/1.0; +claudebot@anthropic.com)"
69.163.179.91 - - [23/Oct/2025:22:24:02 -0700] "POST /wp-cron.php?doing_wp_cron=1761283442.8855400085449218750000 HTTP/1.1" 200 3647 "-" "WordPress/6.8.3; https://www.elconferencista.com"
216.73.216.180 - - [23/Oct/2025:22:24:02 -0700] "GET /14087766?products=0011739812 HTTP/2.0" 404 109822 "-" "Mozilla/5.0 AppleWebKit/537.36 (KHTML, like Gecko; compatible; ClaudeBot/1.0; +claudebot@anthropic.com)"
216.73.216.180 - - [23/Oct/2025:22:24:05 -0700] "GET /14090016?products=0011741685 HTTP/2.0" 404 109822 "-" "Mozilla/5.0 AppleWebKit/537.36 (KHTML, like Gecko; compatible; ClaudeBot/1.0; +claudebot@anthropic.com)"
216.73.216.180 - - [23/Oct/2025:22:24:08 -0700] "GET /14086738?products=0011738954 HTTP/2.0" 404 109822 "-" "Mozilla/5.0 AppleWebKit/537.36 (KHTML, like Gecko; compatible; ClaudeBot/1.0; +claudebot@anthropic.com)"
216.73.216.180 - - [23/Oct/2025:22:24:11 -0700] "GET /14086772?products=0011738983 HTTP/2.0" 404 109822 "-" "Mozilla/5.0 AppleWebKit/537.36 (KHTML, like Gecko; compatible; ClaudeBot/1.0; +claudebot@anthropic.com)"
216.73.216.180 - - [23/Oct/2025:22:24:14 -0700] "GET /14089388?products=0011741163 HTTP/2.0" 404 109822 "-" "Mozilla/5.0 AppleWebKit/537.36 (KHTML, like Gecko; compatible; ClaudeBot/1.0; +claudebot@anthropic.com)"
216.73.216.180 - - [23/Oct/2025:22:24:17 -0700] "GET /14090214?products=0011741852 HTTP/2.0" 404 109831 "-" "Mozilla/5.0 AppleWebKit/537.36 (KHTML, like Gecko; compatible; ClaudeBot/1.0; +claudebot@anthropic.com)"
216.73.216.180 - - [23/Oct/2025:22:24:20 -0700] "GET /14087756?products=0011739803 HTTP/2.0" 404 109822 "-" "Mozilla/5.0 AppleWebKit/537.36 (KHTML, like Gecko; compatible; ClaudeBot/1.0; +claudebot@anthropic.com)"
216.73.216.180 - - [23/Oct/2025:22:24:23 -0700] "GET /14085912?products=0011738265 HTTP/2.0" 404 109822 "-" "Mozilla/5.0 AppleWebKit/537.36 (KHTML, like Gecko; compatible; ClaudeBot/1.0; +claudebot@anthropic.com)"
216.73.216.180 - - [23/Oct/2025:22:24:26 -0700] "GET /14088380?products=0011740323 HTTP/2.0" 404 109822 "-" "Mozilla/5.0 AppleWebKit/537.36 (KHTML, like Gecko; compatible; ClaudeBot/1.0; +claudebot@anthropic.com)"
216.73.216.180 - - [23/Oct/2025:22:24:29 -0700] "GET /14089066?products=0011740894 HTTP/2.0" 404 109822 "-" "Mozilla/5.0 AppleWebKit/537.36 (KHTML, like Gecko; compatible; ClaudeBot/1.0; +claudebot@anthropic.com)"
216.73.216.180 - - [23/Oct/2025:22:24:32 -0700] "GET /14087828?products=0011739863 HTTP/2.0" 404 109822 "-" "Mozilla/5.0 AppleWebKit/537.36 (KHTML, like Gecko; compatible; ClaudeBot/1.0; +claudebot@anthropic.com)"
216.73.216.180 - - [23/Oct/2025:22:24:35 -0700] "GET /14089398?products=0011741172 HTTP/2.0" 404 109831 "-" "Mozilla/5.0 AppleWebKit/537.36 (KHTML, like Gecko; compatible; ClaudeBot/1.0; +claudebot@anthropic.com)"
216.73.216.180 - - [23/Oct/2025:22:24:38 -0700] "GET /14085654?products=0011738052 HTTP/2.0" 404 109822 "-" "Mozilla/5.0 AppleWebKit/537.36 (KHTML, like Gecko; compatible; ClaudeBot/1.0; +claudebot@anthropic.com)"
216.73.216.180 - - [23/Oct/2025:22:24:41 -0700] "GET /14090040?products=0011741705 HTTP/2.0" 404 109822 "-" "Mozilla/5.0 AppleWebKit/537.36 (KHTML, like Gecko; compatible; ClaudeBot/1.0; +claudebot@anthropic.com)"
216.73.216.180 - - [23/Oct/2025:22:24:44 -0700] "GET /14089172?products=0011740983 HTTP/2.0" 404 109822 "-" "Mozilla/5.0 AppleWebKit/537.36 (KHTML, like Gecko; compatible; ClaudeBot/1.0; +claudebot@anthropic.com)"
216.73.216.180 - - [23/Oct/2025:22:24:47 -0700] "GET /14087688?products=0011739745 HTTP/2.0" 404 109822 "-" "Mozilla/5.0 AppleWebKit/537.36 (KHTML, like Gecko; compatible; ClaudeBot/1.0; +claudebot@anthropic.com)"
216.73.216.180 - - [23/Oct/2025:22:24:50 -0700] "GET /14090070?products=0011741732 HTTP/2.0" 404 109822 "-" "Mozilla/5.0 AppleWebKit/537.36 (KHTML, like Gecko; compatible; ClaudeBot/1.0; +claudebot@anthropic.com)"
216.73.216.180 - - [23/Oct/2025:22:24:53 -0700] "GET /14090026?products=0011741694 HTTP/2.0" 404 109813 "-" "Mozilla/5.0 AppleWebKit/537.36 (KHTML, like Gecko; compatible; ClaudeBot/1.0; +claudebot@anthropic.com)"
216.73.216.180 - - [23/Oct/2025:22:24:56 -0700] "GET /14090400?products=0011742005 HTTP/2.0" 404 109822 "-" "Mozilla/5.0 AppleWebKit/537.36 (KHTML, like Gecko; compatible; ClaudeBot/1.0; +claudebot@anthropic.com)"
216.73.216.180 - - [23/Oct/2025:22:24:59 -0700] "GET /14085288?products=0011737745 HTTP/2.0" 404 109822 "-" "Mozilla/5.0 AppleWebKit/537.36 (KHTML, like Gecko; compatible; ClaudeBot/1.0; +claudebot@anthropic.com)"
69.163.179.91 - - [23/Oct/2025:22:25:03 -0700] "POST /wp-cron.php?doing_wp_cron=1761283503.1239569187164306640625 HTTP/1.1" 200 3647 "-" "WordPress/6.8.3; https://www.elconferencista.com"
216.73.216.180 - - [23/Oct/2025:22:25:02 -0700] "GET /14086656?products=0011738885 HTTP/2.0" 404 109822 "-" "Mozilla/5.0 AppleWebKit/537.36 (KHTML, like Gecko; compatible; ClaudeBot/1.0; +claudebot@anthropic.com)"
216.73.216.180 - - [23/Oct/2025:22:25:05 -0700] "GET /14087910?products=0011739932 HTTP/2.0" 404 109822 "-" "Mozilla/5.0 AppleWebKit/537.36 (KHTML, like Gecko; compatible; ClaudeBot/1.0; +claudebot@anthropic.com)"
216.73.216.180 - - [23/Oct/2025:22:25:08 -0700] "GET /14089008?products=0011740845 HTTP/2.0" 404 109822 "-" "Mozilla/5.0 AppleWebKit/537.36 (KHTML, like Gecko; compatible; ClaudeBot/1.0; +claudebot@anthropic.com)"
216.73.216.180 - - [23/Oct/2025:22:25:11 -0700] "GET /14089738?products=0011741454 HTTP/2.0" 404 109822 "-" "Mozilla/5.0 AppleWebKit/537.36 (KHTML, like Gecko; compatible; ClaudeBot/1.0; +claudebot@anthropic.com)"
216.73.216.180 - - [23/Oct/2025:22:25:14 -0700] "GET /14089148?products=0011740963 HTTP/2.0" 404 109822 "-" "Mozilla/5.0 AppleWebKit/537.36 (KHTML, like Gecko; compatible; ClaudeBot/1.0; +claudebot@anthropic.com)"
216.73.216.180 - - [23/Oct/2025:22:25:17 -0700] "GET /14090012?products=0011741683 HTTP/2.0" 404 109822 "-" "Mozilla/5.0 AppleWebKit/537.36 (KHTML, like Gecko; compatible; ClaudeBot/1.0; +claudebot@anthropic.com)"
69.163.179.91 - - [23/Oct/2025:22:25:21 -0700] "POST /wp-cron.php?doing_wp_cron=1761283521.3366980552673339843750 HTTP/1.1" 200 3647 "-" "WordPress/6.8.3; https://www.elconferencista.com"
216.73.216.180 - - [23/Oct/2025:22:25:20 -0700] "GET /14086590?products=0011738832 HTTP/2.0" 404 109822 "-" "Mozilla/5.0 AppleWebKit/537.36 (KHTML, like Gecko; compatible; ClaudeBot/1.0; +claudebot@anthropic.com)"
216.73.216.180 - - [23/Oct/2025:22:25:23 -0700] "GET /14088514?products=0011740434 HTTP/2.0" 404 109822 "-" "Mozilla/5.0 AppleWebKit/537.36 (KHTML, like Gecko; compatible; ClaudeBot/1.0; +claudebot@anthropic.com)"
216.73.216.180 - - [23/Oct/2025:22:25:26 -0700] "GET /14089320?products=0011741105 HTTP/2.0" 404 109822 "-" "Mozilla/5.0 AppleWebKit/537.36 (KHTML, like Gecko; compatible; ClaudeBot/1.0; +claudebot@anthropic.com)"
216.73.216.180 - - [23/Oct/2025:22:25:29 -0700] "GET /14087712?products=0011739765 HTTP/2.0" 404 109813 "-" "Mozilla/5.0 AppleWebKit/537.36 (KHTML, like Gecko; compatible; ClaudeBot/1.0; +claudebot@anthropic.com)"
216.73.216.180 - - [23/Oct/2025:22:25:32 -0700] "GET /14087112?products=0011739265 HTTP/2.0" 404 109813 "-" "Mozilla/5.0 AppleWebKit/537.36 (KHTML, like Gecko; compatible; ClaudeBot/1.0; +claudebot@anthropic.com)"
148.113.128.24 - - [23/Oct/2025:22:25:34 -0700] "GET /wp-sitemap.xml HTTP/2.0" 200 3382 "-" "Mozilla/5.0 (compatible; AhrefsBot/7.0; +http://ahrefs.com/robot/)"
216.73.216.180 - - [23/Oct/2025:22:25:35 -0700] "GET /14088048?products=0011740045 HTTP/2.0" 404 109822 "-" "Mozilla/5.0 AppleWebKit/537.36 (KHTML, like Gecko; compatible; ClaudeBot/1.0; +claudebot@anthropic.com)"
216.73.216.180 - - [23/Oct/2025:22:25:38 -0700] "GET /14089426?products=0011741194 HTTP/2.0" 404 109822 "-" "Mozilla/5.0 AppleWebKit/537.36 (KHTML, like Gecko; compatible; ClaudeBot/1.0; +claudebot@anthropic.com)"
216.73.216.180 - - [23/Oct/2025:22:25:41 -0700] "GET /14086806?products=0011739012 HTTP/2.0" 404 109831 "-" "Mozilla/5.0 AppleWebKit/537.36 (KHTML, like Gecko; compatible; ClaudeBot/1.0; +claudebot@anthropic.com)"
216.73.216.180 - - [23/Oct/2025:22:25:44 -0700] "GET /14089944?products=0011741625 HTTP/2.0" 404 109813 "-" "Mozilla/5.0 AppleWebKit/537.36 (KHTML, like Gecko; compatible; ClaudeBot/1.0; +claudebot@anthropic.com)"
216.73.216.180 - - [23/Oct/2025:22:25:47 -0700] "GET /14090434?products=0011742034 HTTP/2.0" 404 109822 "-" "Mozilla/5.0 AppleWebKit/537.36 (KHTML, like Gecko; compatible; ClaudeBot/1.0; +claudebot@anthropic.com)"
216.73.216.180 - - [23/Oct/2025:22:25:50 -0700] "GET /14086714?products=0011738934 HTTP/2.0" 404 109822 "-" "Mozilla/5.0 AppleWebKit/537.36 (KHTML, like Gecko; compatible; ClaudeBot/1.0; +claudebot@anthropic.com)"
216.73.216.180 - - [23/Oct/2025:22:25:53 -0700] "GET /14086896?products=0011739085 HTTP/2.0" 404 109831 "-" "Mozilla/5.0 AppleWebKit/537.36 (KHTML, like Gecko; compatible; ClaudeBot/1.0; +claudebot@anthropic.com)"
216.73.216.180 - - [23/Oct/2025:22:25:56 -0700] "GET /14089062?products=0011740892 HTTP/2.0" 404 109822 "-" "Mozilla/5.0 AppleWebKit/537.36 (KHTML, like Gecko; compatible; ClaudeBot/1.0; +claudebot@anthropic.com)"
216.73.216.180 - - [23/Oct/2025:22:25:59 -0700] "GET /14090064?products=0011741725 HTTP/2.0" 404 109822 "-" "Mozilla/5.0 AppleWebKit/537.36 (KHTML, like Gecko; compatible; ClaudeBot/1.0; +claudebot@anthropic.com)"
69.163.179.91 - - [23/Oct/2025:22:26:03 -0700] "POST /wp-cron.php?doing_wp_cron=1761283563.0219628810882568359375 HTTP/1.1" 200 3647 "-" "WordPress/6.8.3; https://www.elconferencista.com"
216.73.216.180 - - [23/Oct/2025:22:26:02 -0700] "GET /14087958?products=0011739972 HTTP/2.0" 404 109822 "-" "Mozilla/5.0 AppleWebKit/537.36 (KHTML, like Gecko; compatible; ClaudeBot/1.0; +claudebot@anthropic.com)"
216.73.216.180 - - [23/Oct/2025:22:26:05 -0700] "GET /14086858?products=0011739054 HTTP/2.0" 404 109813 "-" "Mozilla/5.0 AppleWebKit/537.36 (KHTML, like Gecko; compatible; ClaudeBot/1.0; +claudebot@anthropic.com)"
216.73.216.180 - - [23/Oct/2025:22:26:10 -0700] "GET /14090280?products=0011741905 HTTP/2.0" 404 109997 "-" "Mozilla/5.0 AppleWebKit/537.36 (KHTML, like Gecko; compatible; ClaudeBot/1.0; +claudebot@anthropic.com)"
216.73.216.180 - - [23/Oct/2025:22:26:13 -0700] "GET /14087670?products=0011739732 HTTP/2.0" 404 109822 "-" "Mozilla/5.0 AppleWebKit/537.36 (KHTML, like Gecko; compatible; ClaudeBot/1.0; +claudebot@anthropic.com)"
216.73.216.180 - - [23/Oct/2025:22:26:16 -0700] "GET /14090160?products=0011741805 HTTP/2.0" 404 109822 "-" "Mozilla/5.0 AppleWebKit/537.36 (KHTML, like Gecko; compatible; ClaudeBot/1.0; +claudebot@anthropic.com)"
216.73.216.180 - - [23/Oct/2025:22:26:19 -0700] "GET /14088726?products=0011740612 HTTP/2.0" 404 109822 "-" "Mozilla/5.0 AppleWebKit/537.36 (KHTML, like Gecko; compatible; ClaudeBot/1.0; +claudebot@anthropic.com)"
216.73.216.180 - - [23/Oct/2025:22:26:22 -0700] "GET /14085462?products=0011737892 HTTP/2.0" 404 109822 "-" "Mozilla/5.0 AppleWebKit/537.36 (KHTML, like Gecko; compatible; ClaudeBot/1.0; +claudebot@anthropic.com)"
216.73.216.180 - - [23/Oct/2025:22:26:25 -0700] "GET /14089964?products=0011741643 HTTP/2.0" 404 109822 "-" "Mozilla/5.0 AppleWebKit/537.36 (KHTML, like Gecko; compatible; ClaudeBot/1.0; +claudebot@anthropic.com)"
216.73.216.180 - - [23/Oct/2025:22:26:28 -0700] "GET /14088826?products=0011740694 HTTP/2.0" 404 109822 "-" "Mozilla/5.0 AppleWebKit/537.36 (KHTML, like Gecko; compatible; ClaudeBot/1.0; +claudebot@anthropic.com)"
216.73.216.180 - - [23/Oct/2025:22:26:31 -0700] "GET /14090166?products=0011741812 HTTP/2.0" 404 109822 "-" "Mozilla/5.0 AppleWebKit/537.36 (KHTML, like Gecko; compatible; ClaudeBot/1.0; +claudebot@anthropic.com)"
216.73.216.180 - - [23/Oct/2025:22:26:34 -0700] "GET /14085630?products=0011738032 HTTP/2.0" 404 109822 "-" "Mozilla/5.0 AppleWebKit/537.36 (KHTML, like Gecko; compatible; ClaudeBot/1.0; +claudebot@anthropic.com)"
216.73.216.180 - - [23/Oct/2025:22:26:37 -0700] "GET /14088970?products=0011740814 HTTP/2.0" 404 109822 "-" "Mozilla/5.0 AppleWebKit/537.36 (KHTML, like Gecko; compatible; ClaudeBot/1.0; +claudebot@anthropic.com)"
216.73.216.180 - - [23/Oct/2025:22:26:40 -0700] "GET /14088370?products=0011740314 HTTP/2.0" 404 109822 "-" "Mozilla/5.0 AppleWebKit/537.36 (KHTML, like Gecko; compatible; ClaudeBot/1.0; +claudebot@anthropic.com)"
216.73.216.180 - - [23/Oct/2025:22:26:43 -0700] "GET /14088034?products=0011740034 HTTP/2.0" 404 109822 "-" "Mozilla/5.0 AppleWebKit/537.36 (KHTML, like Gecko; compatible; ClaudeBot/1.0; +claudebot@anthropic.com)"
216.73.216.180 - - [23/Oct/2025:22:26:46 -0700] "GET /14086940?products=0011739123 HTTP/2.0" 404 109831 "-" "Mozilla/5.0 AppleWebKit/537.36 (KHTML, like Gecko; compatible; ClaudeBot/1.0; +claudebot@anthropic.com)"
216.73.216.180 - - [23/Oct/2025:22:26:49 -0700] "GET /14087938?products=0011739954 HTTP/2.0" 404 109822 "-" "Mozilla/5.0 AppleWebKit/537.36 (KHTML, like Gecko; compatible; ClaudeBot/1.0; +claudebot@anthropic.com)"
216.73.216.180 - - [23/Oct/2025:22:26:52 -0700] "GET /14088058?products=0011740054 HTTP/2.0" 404 109813 "-" "Mozilla/5.0 AppleWebKit/537.36 (KHTML, like Gecko; compatible; ClaudeBot/1.0; +claudebot@anthropic.com)"
216.73.216.180 - - [23/Oct/2025:22:26:55 -0700] "GET /14086580?products=0011738823 HTTP/2.0" 404 109822 "-" "Mozilla/5.0 AppleWebKit/537.36 (KHTML, like Gecko; compatible; ClaudeBot/1.0; +claudebot@anthropic.com)"
216.73.216.180 - - [23/Oct/2025:22:26:58 -0700] "GET /14087976?products=0011739985 HTTP/2.0" 404 109822 "-" "Mozilla/5.0 AppleWebKit/537.36 (KHTML, like Gecko; compatible; ClaudeBot/1.0; +claudebot@anthropic.com)"
216.73.216.180 - - [23/Oct/2025:22:27:01 -0700] "GET /14086680?products=0011738905 HTTP/2.0" 404 109822 "-" "Mozilla/5.0 AppleWebKit/537.36 (KHTML, like Gecko; compatible; ClaudeBot/1.0; +claudebot@anthropic.com)"
69.163.179.91 - - [23/Oct/2025:22:27:04 -0700] "POST /wp-cron.php?doing_wp_cron=1761283624.8226039409637451171875 HTTP/1.1" 200 3647 "-" "WordPress/6.8.3; https://www.elconferencista.com"
216.73.216.180 - - [23/Oct/2025:22:27:04 -0700] "GET /14085082?products=0011737574 HTTP/2.0" 404 109822 "-" "Mozilla/5.0 AppleWebKit/537.36 (KHTML, like Gecko; compatible; ClaudeBot/1.0; +claudebot@anthropic.com)"
216.73.216.180 - - [23/Oct/2025:22:27:07 -0700] "GET /14086614?products=0011738852 HTTP/2.0" 404 109822 "-" "Mozilla/5.0 AppleWebKit/537.36 (KHTML, like Gecko; compatible; ClaudeBot/1.0; +claudebot@anthropic.com)"
216.73.216.180 - - [23/Oct/2025:22:27:10 -0700] "GET /14089416?products=0011741185 HTTP/2.0" 404 109822 "-" "Mozilla/5.0 AppleWebKit/537.36 (KHTML, like Gecko; compatible; ClaudeBot/1.0; +claudebot@anthropic.com)"
216.73.216.180 - - [23/Oct/2025:22:27:13 -0700] "GET /14088538?products=0011740454 HTTP/2.0" 404 109822 "-" "Mozilla/5.0 AppleWebKit/537.36 (KHTML, like Gecko; compatible; ClaudeBot/1.0; +claudebot@anthropic.com)"
216.73.216.180 - - [23/Oct/2025:22:27:16 -0700] "GET /14085524?products=0011737943 HTTP/2.0" 404 109822 "-" "Mozilla/5.0 AppleWebKit/537.36 (KHTML, like Gecko; compatible; ClaudeBot/1.0; +claudebot@anthropic.com)"
216.73.216.180 - - [23/Oct/2025:22:27:19 -0700] "GET /14089224?products=0011741025 HTTP/2.0" 404 109813 "-" "Mozilla/5.0 AppleWebKit/537.36 (KHTML, like Gecko; compatible; ClaudeBot/1.0; +claudebot@anthropic.com)"
216.73.216.180 - - [23/Oct/2025:22:27:22 -0700] "GET /14086878?products=0011739072 HTTP/2.0" 404 109822 "-" "Mozilla/5.0 AppleWebKit/537.36 (KHTML, like Gecko; compatible; ClaudeBot/1.0; +claudebot@anthropic.com)"
216.73.216.180 - - [23/Oct/2025:22:27:25 -0700] "GET /14085596?products=0011738003 HTTP/2.0" 404 109822 "-" "Mozilla/5.0 AppleWebKit/537.36 (KHTML, like Gecko; compatible; ClaudeBot/1.0; +claudebot@anthropic.com)"
216.73.216.180 - - [23/Oct/2025:22:27:28 -0700] "GET /14088630?products=0011740532 HTTP/2.0" 404 109813 "-" "Mozilla/5.0 AppleWebKit/537.36 (KHTML, like Gecko; compatible; ClaudeBot/1.0; +claudebot@anthropic.com)"
216.73.216.180 - - [23/Oct/2025:22:27:31 -0700] "GET /14087780?products=0011739823 HTTP/2.0" 404 109822 "-" "Mozilla/5.0 AppleWebKit/537.36 (KHTML, like Gecko; compatible; ClaudeBot/1.0; +claudebot@anthropic.com)"
216.73.216.180 - - [23/Oct/2025:22:27:34 -0700] "GET /14086920?products=0011739105 HTTP/2.0" 404 109822 "-" "Mozilla/5.0 AppleWebKit/537.36 (KHTML, like Gecko; compatible; ClaudeBot/1.0; +claudebot@anthropic.com)"
216.73.216.180 - - [23/Oct/2025:22:27:37 -0700] "GET /14086820?products=0011739023 HTTP/2.0" 404 109822 "-" "Mozilla/5.0 AppleWebKit/537.36 (KHTML, like Gecko; compatible; ClaudeBot/1.0; +claudebot@anthropic.com)"
216.73.216.180 - - [23/Oct/2025:22:27:40 -0700] "GET /14087924?products=0011739943 HTTP/2.0" 404 109822 "-" "Mozilla/5.0 AppleWebKit/537.36 (KHTML, like Gecko; compatible; ClaudeBot/1.0; +claudebot@anthropic.com)"
216.73.216.180 - - [23/Oct/2025:22:27:43 -0700] "GET /14088510?products=0011740432 HTTP/2.0" 404 109822 "-" "Mozilla/5.0 AppleWebKit/537.36 (KHTML, like Gecko; compatible; ClaudeBot/1.0; +claudebot@anthropic.com)"
216.73.216.180 - - [23/Oct/2025:22:27:46 -0700] "GET /14086536?products=0011738785 HTTP/2.0" 404 109822 "-" "Mozilla/5.0 AppleWebKit/537.36 (KHTML, like Gecko; compatible; ClaudeBot/1.0; +claudebot@anthropic.com)"
216.73.216.180 - - [23/Oct/2025:22:27:49 -0700] "GET /14087736?products=0011739785 HTTP/2.0" 404 109822 "-" "Mozilla/5.0 AppleWebKit/537.36 (KHTML, like Gecko; compatible; ClaudeBot/1.0; +claudebot@anthropic.com)"
216.73.216.180 - - [23/Oct/2025:22:27:52 -0700] "GET /14088936?products=0011740785 HTTP/2.0" 404 109813 "-" "Mozilla/5.0 AppleWebKit/537.36 (KHTML, like Gecko; compatible; ClaudeBot/1.0; +claudebot@anthropic.com)"
98.88.137.2 - - [23/Oct/2025:22:27:54 -0700] "GET / HTTP/1.1" 200 162595 "-" "-"
216.73.216.180 - - [23/Oct/2025:22:27:55 -0700] "GET /14090424?products=0011742025 HTTP/2.0" 404 109822 "-" "Mozilla/5.0 AppleWebKit/537.36 (KHTML, like Gecko; compatible; ClaudeBot/1.0; +claudebot@anthropic.com)"
216.73.216.180 - - [23/Oct/2025:22:27:58 -0700] "GET /14088768?products=0011740645 HTTP/2.0" 404 109822 "-" "Mozilla/5.0 AppleWebKit/537.36 (KHTML, like Gecko; compatible; ClaudeBot/1.0; +claudebot@anthropic.com)"
66.29.148.110 - - [23/Oct/2025:22:28:01 -0700] "GET /wp-login.php HTTP/2.0" 200 3581 "-" "Mozilla/5.0 (Windows NT 10.0; WOW64; Trident/7.0; ASU2JS; rv:11.0) like Gecko"
69.163.179.91 - - [23/Oct/2025:22:28:02 -0700] "POST /wp-cron.php?doing_wp_cron=1761283682.0641560554504394531250 HTTP/1.1" 200 3647 "-" "WordPress/6.8.3; https://www.elconferencista.com"
216.73.216.180 - - [23/Oct/2025:22:28:01 -0700] "GET /14088528?products=0011740445 HTTP/2.0" 404 109822 "-" "Mozilla/5.0 AppleWebKit/537.36 (KHTML, like Gecko; compatible; ClaudeBot/1.0; +claudebot@anthropic.com)"
216.73.216.180 - - [23/Oct/2025:22:28:04 -0700] "GET /14086008?products=0011738345 HTTP/2.0" 404 109813 "-" "Mozilla/5.0 AppleWebKit/537.36 (KHTML, like Gecko; compatible; ClaudeBot/1.0; +claudebot@anthropic.com)"
66.29.148.110 - - [23/Oct/2025:22:28:04 -0700] "POST /wp-login.php HTTP/2.0" 200 3464 "https://www.elconferencista.com/wp-login.php" "Mozilla/5.0 (Windows NT 10.0; WOW64; Trident/7.0; ASU2JS; rv:11.0) like Gecko"
69.163.179.91 - - [23/Oct/2025:22:28:05 -0700] "POST /wp-cron.php?doing_wp_cron=1761283685.1352601051330566406250 HTTP/1.1" 200 3647 "-" "WordPress/6.8.3; https://www.elconferencista.com"
216.73.216.180 - - [23/Oct/2025:22:28:07 -0700] "GET /14089100?products=0011740923 HTTP/2.0" 404 109822 "-" "Mozilla/5.0 AppleWebKit/537.36 (KHTML, like Gecko; compatible; ClaudeBot/1.0; +claudebot@anthropic.com)"
216.73.216.180 - - [23/Oct/2025:22:28:10 -0700] "GET /14085720?products=0011738105 HTTP/2.0" 404 109813 "-" "Mozilla/5.0 AppleWebKit/537.36 (KHTML, like Gecko; compatible; ClaudeBot/1.0; +claudebot@anthropic.com)"
216.73.216.180 - - [23/Oct/2025:22:28:13 -0700] "GET /14090406?products=0011742012 HTTP/2.0" 404 109822 "-" "Mozilla/5.0 AppleWebKit/537.36 (KHTML, like Gecko; compatible; ClaudeBot/1.0; +claudebot@anthropic.com)"
216.73.216.180 - - [23/Oct/2025:22:28:16 -0700] "GET /14087506?products=0011739594 HTTP/2.0" 404 109822 "-" "Mozilla/5.0 AppleWebKit/537.36 (KHTML, like Gecko; compatible; ClaudeBot/1.0; +claudebot@anthropic.com)"
216.73.216.180 - - [23/Oct/2025:22:28:19 -0700] "GET /14088846?products=0011740712 HTTP/2.0" 404 109822 "-" "Mozilla/5.0 AppleWebKit/537.36 (KHTML, like Gecko; compatible; ClaudeBot/1.0; +claudebot@anthropic.com)"
216.73.216.180 - - [23/Oct/2025:22:28:22 -0700] "GET /14088918?products=0011740772 HTTP/2.0" 404 109822 "-" "Mozilla/5.0 AppleWebKit/537.36 (KHTML, like Gecko; compatible; ClaudeBot/1.0; +claudebot@anthropic.com)"
216.73.216.180 - - [23/Oct/2025:22:28:25 -0700] "GET /14087314?products=0011739434 HTTP/2.0" 404 109822 "-" "Mozilla/5.0 AppleWebKit/537.36 (KHTML, like Gecko; compatible; ClaudeBot/1.0; +claudebot@anthropic.com)"
216.73.216.180 - - [23/Oct/2025:22:28:28 -0700] "GET /14090084?products=0011741743 HTTP/2.0" 404 109822 "-" "Mozilla/5.0 AppleWebKit/537.36 (KHTML, like Gecko; compatible; ClaudeBot/1.0; +claudebot@anthropic.com)"
216.73.216.180 - - [23/Oct/2025:22:28:31 -0700] "GET /14090430?products=0011742032 HTTP/2.0" 404 109822 "-" "Mozilla/5.0 AppleWebKit/537.36 (KHTML, like Gecko; compatible; ClaudeBot/1.0; +claudebot@anthropic.com)"
