File: /home/ednermusika/logs/elconferencista.com/https/access.log.2025-10-23
43.157.50.58 - - [23/Oct/2025:01:26:17 -0700] "GET / HTTP/1.1" 200 34800 "https://ednergranados.com/" "Mozilla/5.0 (iPhone; CPU iPhone OS 13_2_3 like Mac OS X) AppleWebKit/605.1.15 (KHTML, like Gecko) Version/13.0.3 Mobile/15E148 Safari/604.1"
69.163.179.91 - - [23/Oct/2025:01:26:19 -0700] "POST /wp-cron.php?doing_wp_cron=1761207979.4983370304107666015625 HTTP/1.1" 200 3646 "-" "WordPress/6.8.3; https://www.elconferencista.com"
37.139.53.32 - - [23/Oct/2025:01:27:00 -0700] "POST /wp-admin/admin-ajax.php HTTP/1.0" 200 3663 "https://www.elconferencista.com/" "Mozilla/5.0 (Windows NT 10.0; Win64; x64) AppleWebKit/537.36 (KHTML, like Gecko) Chrome/131.0.0.0 Safari/537.36 Avast/131.0.0.0"
193.163.187.64 - - [23/Oct/2025:01:34:30 -0700] "GET /xmlrpc.php HTTP/1.1" 405 3416 "-" "Mozilla/5.0 (X11; Ubuntu; Linux x86_64; x64) AppleWebKit/537.36 (KHTML, like Gecko) Edge/87.0.0.0 Safari/537.36"
69.163.179.91 - - [23/Oct/2025:01:34:32 -0700] "POST /wp-cron.php?doing_wp_cron=1761208472.1219840049743652343750 HTTP/1.1" 200 3646 "-" "WordPress/6.8.3; https://www.elconferencista.com"
193.163.187.64 - - [23/Oct/2025:01:34:42 -0700] "GET /xmlrpc.php HTTP/1.1" 405 3416 "-" "Mozilla/5.0 (Windows NT 10.0; Win64; x64) AppleWebKit/537.36 (KHTML, like Gecko) Chrome/91.0.4472.124 Safari/537.36"
35.194.45.168 - - [23/Oct/2025:01:34:59 -0700] "POST /xmlrpc.php HTTP/1.1" 429 3562 "-" "Mozilla/5.0 (X11; Ubuntu; Linux x86_64; rv:85.0) Gecko/20100101 Firefox/91.0"
23.178.112.210 - - [23/Oct/2025:01:37:44 -0700] "GET /.well-known/acme-challenge/5STASyI0A80F8DN2rWQDHDn1svb2Ljj_PgpOcncBiJI HTTP/1.1" 200 3682 "http://www.elconferencista.com/.well-known/acme-challenge/5STASyI0A80F8DN2rWQDHDn1svb2Ljj_PgpOcncBiJI" "Mozilla/5.0 (compatible; Let's Encrypt validation server; +https://www.letsencrypt.org)"
34.213.148.150 - - [23/Oct/2025:01:37:44 -0700] "GET /.well-known/acme-challenge/5STASyI0A80F8DN2rWQDHDn1svb2Ljj_PgpOcncBiJI HTTP/1.1" 200 3682 "http://www.elconferencista.com/.well-known/acme-challenge/5STASyI0A80F8DN2rWQDHDn1svb2Ljj_PgpOcncBiJI" "Mozilla/5.0 (compatible; Let's Encrypt validation server; +https://www.letsencrypt.org)"
18.191.185.38 - - [23/Oct/2025:01:37:45 -0700] "GET /.well-known/acme-challenge/5STASyI0A80F8DN2rWQDHDn1svb2Ljj_PgpOcncBiJI HTTP/1.1" 200 3682 "http://www.elconferencista.com/.well-known/acme-challenge/5STASyI0A80F8DN2rWQDHDn1svb2Ljj_PgpOcncBiJI" "Mozilla/5.0 (compatible; Let's Encrypt validation server; +https://www.letsencrypt.org)"
13.53.46.240 - - [23/Oct/2025:01:37:45 -0700] "GET /.well-known/acme-challenge/5STASyI0A80F8DN2rWQDHDn1svb2Ljj_PgpOcncBiJI HTTP/1.1" 200 3682 "http://www.elconferencista.com/.well-known/acme-challenge/5STASyI0A80F8DN2rWQDHDn1svb2Ljj_PgpOcncBiJI" "Mozilla/5.0 (compatible; Let's Encrypt validation server; +https://www.letsencrypt.org)"
13.212.226.82 - - [23/Oct/2025:01:37:46 -0700] "GET /.well-known/acme-challenge/5STASyI0A80F8DN2rWQDHDn1svb2Ljj_PgpOcncBiJI HTTP/1.1" 200 3682 "http://www.elconferencista.com/.well-known/acme-challenge/5STASyI0A80F8DN2rWQDHDn1svb2Ljj_PgpOcncBiJI" "Mozilla/5.0 (compatible; Let's Encrypt validation server; +https://www.letsencrypt.org)"
23.178.112.219 - - [23/Oct/2025:01:37:49 -0700] "GET /.well-known/acme-challenge/wFKNyify65kwaaMpBgyA_SgjZijpmVPTOUPbloW60As HTTP/1.1" 200 3682 "http://elconferencista.com/.well-known/acme-challenge/wFKNyify65kwaaMpBgyA_SgjZijpmVPTOUPbloW60As" "Mozilla/5.0 (compatible; Let's Encrypt validation server; +https://www.letsencrypt.org)"
52.39.165.244 - - [23/Oct/2025:01:37:49 -0700] "GET /.well-known/acme-challenge/wFKNyify65kwaaMpBgyA_SgjZijpmVPTOUPbloW60As HTTP/1.1" 200 3682 "http://elconferencista.com/.well-known/acme-challenge/wFKNyify65kwaaMpBgyA_SgjZijpmVPTOUPbloW60As" "Mozilla/5.0 (compatible; Let's Encrypt validation server; +https://www.letsencrypt.org)"
18.191.185.38 - - [23/Oct/2025:01:37:49 -0700] "GET /.well-known/acme-challenge/wFKNyify65kwaaMpBgyA_SgjZijpmVPTOUPbloW60As HTTP/1.1" 200 3682 "http://elconferencista.com/.well-known/acme-challenge/wFKNyify65kwaaMpBgyA_SgjZijpmVPTOUPbloW60As" "Mozilla/5.0 (compatible; Let's Encrypt validation server; +https://www.letsencrypt.org)"
16.171.70.110 - - [23/Oct/2025:01:37:50 -0700] "GET /.well-known/acme-challenge/wFKNyify65kwaaMpBgyA_SgjZijpmVPTOUPbloW60As HTTP/1.1" 200 3682 "http://elconferencista.com/.well-known/acme-challenge/wFKNyify65kwaaMpBgyA_SgjZijpmVPTOUPbloW60As" "Mozilla/5.0 (compatible; Let's Encrypt validation server; +https://www.letsencrypt.org)"
54.254.58.192 - - [23/Oct/2025:01:37:50 -0700] "GET /.well-known/acme-challenge/wFKNyify65kwaaMpBgyA_SgjZijpmVPTOUPbloW60As HTTP/1.1" 200 3682 "http://elconferencista.com/.well-known/acme-challenge/wFKNyify65kwaaMpBgyA_SgjZijpmVPTOUPbloW60As" "Mozilla/5.0 (compatible; Let's Encrypt validation server; +https://www.letsencrypt.org)"
154.222.132.136 - - [23/Oct/2025:01:38:02 -0700] "GET /.git/config HTTP/1.1" 404 113935 "-" "Mozilla/5.0 (Knoppix; Linux x86_64) AppleWebKit/537.36 (KHTML, like Gecko) Chrome/129.0.0.0 Safari/537.36"
69.163.179.91 - - [23/Oct/2025:01:38:04 -0700] "POST /wp-cron.php?doing_wp_cron=1761208684.4267079830169677734375 HTTP/1.1" 200 3646 "-" "WordPress/6.8.3; https://www.elconferencista.com"
209.38.248.17 - - [23/Oct/2025:01:38:14 -0700] "GET / HTTP/1.1" 301 3804 "-" "-"
209.38.208.202 - - [23/Oct/2025:01:38:16 -0700] "GET / HTTP/1.1" 200 3326 "-" "-"
195.211.77.140 - - [23/Oct/2025:01:38:30 -0700] "HEAD / HTTP/1.1" 301 3595 "-" "Mozilla/5.0 (Windows NT 10.0; Win64; x64) AppleWebKit/537.36 (KHTML, like Gecko) Chrome/108.0.0.0 Safari/537.36"
209.38.248.17 - - [23/Oct/2025:01:38:40 -0700] "GET / HTTP/1.1" 301 3804 "-" "Mozilla/5.0 (Linux; Android 6.0; HTC One M9 Build/MRA359702) AppleWebKit/537.36 (KHTML, like Gecko) Chrome/52.0.1168.98 Mobile Safari/537.3"
209.38.248.17 - - [23/Oct/2025:01:38:40 -0700] "POST /graphql HTTP/1.1" 301 3818 "-" "Mozilla/5.0 (l9scan/2.0.237313e2937313e2336313e29363; +https://leakix.net)"
209.38.248.17 - - [23/Oct/2025:01:38:42 -0700] "POST /api HTTP/1.1" 301 808 "-" "Mozilla/5.0 (l9scan/2.0.237313e2937313e2336313e29363; +https://leakix.net)"
209.38.248.17 - - [23/Oct/2025:01:38:42 -0700] "POST /api/graphql HTTP/1.1" 301 824 "-" "Mozilla/5.0 (l9scan/2.0.237313e2937313e2336313e29363; +https://leakix.net)"
209.38.248.17 - - [23/Oct/2025:01:38:44 -0700] "POST /graphql/api HTTP/1.1" 301 824 "-" "Mozilla/5.0 (l9scan/2.0.237313e2937313e2336313e29363; +https://leakix.net)"
209.38.248.17 - - [23/Oct/2025:01:38:44 -0700] "POST /api/gql HTTP/1.1" 301 816 "-" "Mozilla/5.0 (l9scan/2.0.237313e2937313e2336313e29363; +https://leakix.net)"
209.38.248.17 - - [23/Oct/2025:01:38:45 -0700] "GET /swagger-ui.html HTTP/1.1" 301 832 "-" "Mozilla/5.0 (l9scan/2.0.237313e2937313e2336313e29363; +https://leakix.net)"
209.38.208.202 - - [23/Oct/2025:01:38:45 -0700] "GET / HTTP/1.1" 200 162612 "-" "Mozilla/5.0 (Linux; Android 6.0; HTC One M9 Build/MRA359702) AppleWebKit/537.36 (KHTML, like Gecko) Chrome/52.0.1168.98 Mobile Safari/537.3"
209.38.248.17 - - [23/Oct/2025:01:38:46 -0700] "GET /swagger/index.html HTTP/1.1" 301 838 "-" "Mozilla/5.0 (l9scan/2.0.237313e2937313e2336313e29363; +https://leakix.net)"
209.38.248.17 - - [23/Oct/2025:01:38:47 -0700] "GET /swagger/swagger-ui.html HTTP/1.1" 301 848 "-" "Mozilla/5.0 (l9scan/2.0.237313e2937313e2336313e29363; +https://leakix.net)"
209.38.248.17 - - [23/Oct/2025:01:38:48 -0700] "GET /webjars/swagger-ui/index.html HTTP/1.1" 301 860 "-" "Mozilla/5.0 (l9scan/2.0.237313e2937313e2336313e29363; +https://leakix.net)"
209.38.208.202 - - [23/Oct/2025:01:38:47 -0700] "POST /graphql HTTP/1.1" 404 113862 "-" "Mozilla/5.0 (l9scan/2.0.237313e2937313e2336313e29363; +https://leakix.net)"
209.38.248.17 - - [23/Oct/2025:01:38:49 -0700] "GET /swagger.json HTTP/1.1" 301 826 "-" "Mozilla/5.0 (l9scan/2.0.237313e2937313e2336313e29363; +https://leakix.net)"
209.38.248.17 - - [23/Oct/2025:01:38:50 -0700] "GET /swagger/v1/swagger.json HTTP/1.1" 301 848 "-" "Mozilla/5.0 (l9scan/2.0.237313e2937313e2336313e29363; +https://leakix.net)"
209.38.248.17 - - [23/Oct/2025:01:38:51 -0700] "GET /v2/api-docs HTTP/1.1" 301 824 "-" "Mozilla/5.0 (l9scan/2.0.237313e2937313e2336313e29363; +https://leakix.net)"
209.38.208.202 - - [23/Oct/2025:01:38:50 -0700] "POST /api HTTP/1.1" 404 78618 "-" "Mozilla/5.0 (l9scan/2.0.237313e2937313e2336313e29363; +https://leakix.net)"
209.38.248.17 - - [23/Oct/2025:01:38:51 -0700] "GET /v3/api-docs HTTP/1.1" 301 824 "-" "Mozilla/5.0 (l9scan/2.0.237313e2937313e2336313e29363; +https://leakix.net)"
209.38.248.17 - - [23/Oct/2025:01:38:53 -0700] "GET /api-docs/swagger.json HTTP/1.1" 301 844 "-" "Mozilla/5.0 (l9scan/2.0.237313e2937313e2336313e29363; +https://leakix.net)"
209.38.208.202 - - [23/Oct/2025:01:38:52 -0700] "POST /api/graphql HTTP/1.1" 404 113862 "-" "Mozilla/5.0 (l9scan/2.0.237313e2937313e2336313e29363; +https://leakix.net)"
209.38.248.17 - - [23/Oct/2025:01:38:53 -0700] "GET /api/swagger.json HTTP/1.1" 301 834 "-" "Mozilla/5.0 (l9scan/2.0.237313e2937313e2336313e29363; +https://leakix.net)"
195.211.77.142 - - [23/Oct/2025:01:38:54 -0700] "GET / HTTP/1.1" 301 3856 "-" "Mozilla/5.0 (Windows NT 10.0; Win64; x64) AppleWebKit/537.36 (KHTML, like Gecko) Chrome/108.0.0.0 Safari/537.36"
209.38.248.17 - - [23/Oct/2025:01:38:54 -0700] "GET /@vite/env HTTP/1.1" 301 820 "-" "Go-http-client/1.1"
209.38.208.202 - - [23/Oct/2025:01:38:54 -0700] "POST /graphql/api HTTP/1.1" 404 78618 "-" "Mozilla/5.0 (l9scan/2.0.237313e2937313e2336313e29363; +https://leakix.net)"
209.38.248.17 - - [23/Oct/2025:01:38:55 -0700] "GET /actuator/env HTTP/1.1" 301 826 "-" "Go-http-client/1.1"
209.38.248.17 - - [23/Oct/2025:01:38:56 -0700] "GET /server HTTP/1.1" 301 814 "-" "Go-http-client/1.1"
209.38.208.202 - - [23/Oct/2025:01:38:56 -0700] "POST /api/gql HTTP/1.1" 500 3326 "-" "Mozilla/5.0 (l9scan/2.0.237313e2937313e2336313e29363; +https://leakix.net)"
209.38.248.17 - - [23/Oct/2025:01:38:57 -0700] "GET /.vscode/sftp.json HTTP/1.1" 301 836 "-" "Go-http-client/1.1"
209.38.248.17 - - [23/Oct/2025:01:38:58 -0700] "GET /about HTTP/1.1" 301 812 "-" "Go-http-client/1.1"
209.38.208.202 - - [23/Oct/2025:01:38:57 -0700] "GET /swagger-ui.html HTTP/1.1" 404 110911 "-" "Mozilla/5.0 (l9scan/2.0.237313e2937313e2336313e29363; +https://leakix.net)"
209.38.248.17 - - [23/Oct/2025:01:38:59 -0700] "GET /debug/default/view?panel=config HTTP/1.1" 301 864 "-" "Go-http-client/1.1"
209.38.248.17 - - [23/Oct/2025:01:39:00 -0700] "GET /v2/_catalog HTTP/1.1" 301 824 "-" "Go-http-client/1.1"
209.38.208.202 - - [23/Oct/2025:01:38:59 -0700] "GET /swagger/index.html HTTP/1.1" 404 110933 "-" "Mozilla/5.0 (l9scan/2.0.237313e2937313e2336313e29363; +https://leakix.net)"
209.38.248.17 - - [23/Oct/2025:01:39:01 -0700] "GET /ecp/Current/exporttool/microsoft.exchange.ediscovery.exporttool.application HTTP/1.1" 301 952 "-" "Go-http-client/1.1"
209.38.248.17 - - [23/Oct/2025:01:39:02 -0700] "GET /server-status HTTP/1.1" 301 828 "-" "Go-http-client/1.1"
209.38.248.17 - - [23/Oct/2025:01:39:03 -0700] "GET /login.action HTTP/1.1" 301 826 "-" "Go-http-client/1.1"
69.163.179.91 - - [23/Oct/2025:01:39:03 -0700] "POST /wp-cron.php?doing_wp_cron=1761208743.5916941165924072265625 HTTP/1.1" 200 3646 "-" "WordPress/6.8.3; https://www.elconferencista.com"
209.38.248.17 - - [23/Oct/2025:01:39:04 -0700] "GET /_all_dbs HTTP/1.1" 301 818 "-" "Mozilla/5.0 (l9scan/2.0.237313e2937313e2336313e29363; +https://leakix.net)"
209.38.208.202 - - [23/Oct/2025:01:39:02 -0700] "GET /swagger/swagger-ui.html HTTP/1.1" 404 110933 "-" "Mozilla/5.0 (l9scan/2.0.237313e2937313e2336313e29363; +https://leakix.net)"
209.38.248.17 - - [23/Oct/2025:01:39:05 -0700] "GET /.DS_Store HTTP/1.1" 301 820 "-" "Go-http-client/1.1"
18.206.126.82 - - [23/Oct/2025:01:39:04 -0700] "GET / HTTP/1.1" 200 34842 "-" "Mozilla/5.0 (Windows NT 10.0; Win64; x64) AppleWebKit/537.36 (KHTML, like Gecko) Chrome/103.0.5060.66 Safari/537.36 Edg/103.0.1264.44"
18.206.126.82 - - [23/Oct/2025:01:39:05 -0700] "GET /wp-content/themes/astra/assets/css/minified/main.min.css?ver=4.9.2 HTTP/1.1" 200 9428 "https://www.elconferencista.com/" "Mozilla/5.0 (Windows NT 10.0; Win64; x64) AppleWebKit/537.36 (KHTML, like Gecko) Chrome/103.0.5060.66 Safari/537.36 Edg/103.0.1264.44"
18.206.126.82 - - [23/Oct/2025:01:39:05 -0700] "GET /wp-content/plugins/jet-engine/assets/css/frontend.css?ver=3.6.6.1 HTTP/1.1" 200 8394 "https://www.elconferencista.com/" "Mozilla/5.0 (Windows NT 10.0; Win64; x64) AppleWebKit/537.36 (KHTML, like Gecko) Chrome/103.0.5060.66 Safari/537.36 Edg/103.0.1264.44"
18.206.126.82 - - [23/Oct/2025:01:39:05 -0700] "GET /wp-content/plugins/elementor/assets/css/widget-heading.min.css?ver=3.32.5 HTTP/1.1" 200 612 "https://www.elconferencista.com/" "Mozilla/5.0 (Windows NT 10.0; Win64; x64) AppleWebKit/537.36 (KHTML, like Gecko) Chrome/103.0.5060.66 Safari/537.36 Edg/103.0.1264.44"
18.206.126.82 - - [23/Oct/2025:01:39:05 -0700] "GET /wp-content/plugins/whatsapp-for-wordpress/assets/dist/css/style.css?ver=6.8.3 HTTP/1.1" 200 9682 "https://www.elconferencista.com/" "Mozilla/5.0 (Windows NT 10.0; Win64; x64) AppleWebKit/537.36 (KHTML, like Gecko) Chrome/103.0.5060.66 Safari/537.36 Edg/103.0.1264.44"
18.206.126.82 - - [23/Oct/2025:01:39:05 -0700] "GET /wp-content/plugins/elementor/assets/lib/animations/styles/fadeIn.min.css?ver=3.32.5 HTTP/1.1" 200 3850 "https://www.elconferencista.com/" "Mozilla/5.0 (Windows NT 10.0; Win64; x64) AppleWebKit/537.36 (KHTML, like Gecko) Chrome/103.0.5060.66 Safari/537.36 Edg/103.0.1264.44"
18.206.126.82 - - [23/Oct/2025:01:39:05 -0700] "GET /wp-content/plugins/elementor/assets/css/frontend.min.css?ver=3.32.5 HTTP/1.1" 200 11171 "https://www.elconferencista.com/" "Mozilla/5.0 (Windows NT 10.0; Win64; x64) AppleWebKit/537.36 (KHTML, like Gecko) Chrome/103.0.5060.66 Safari/537.36 Edg/103.0.1264.44"
18.206.126.82 - - [23/Oct/2025:01:39:05 -0700] "GET /wp-content/plugins/elementor-pro/assets/css/modules/sticky.min.css?ver=3.32.3 HTTP/1.1" 200 3888 "https://www.elconferencista.com/" "Mozilla/5.0 (Windows NT 10.0; Win64; x64) AppleWebKit/537.36 (KHTML, like Gecko) Chrome/103.0.5060.66 Safari/537.36 Edg/103.0.1264.44"
18.206.126.82 - - [23/Oct/2025:01:39:05 -0700] "GET /wp-content/plugins/elementor/assets/css/widget-image.min.css?ver=3.32.5 HTTP/1.1" 200 3936 "https://www.elconferencista.com/" "Mozilla/5.0 (Windows NT 10.0; Win64; x64) AppleWebKit/537.36 (KHTML, like Gecko) Chrome/103.0.5060.66 Safari/537.36 Edg/103.0.1264.44"
18.206.126.82 - - [23/Oct/2025:01:39:05 -0700] "GET /wp-content/plugins/elementor/assets/css/widget-social-icons.min.css?ver=3.32.5 HTTP/1.1" 200 1596 "https://www.elconferencista.com/" "Mozilla/5.0 (Windows NT 10.0; Win64; x64) AppleWebKit/537.36 (KHTML, like Gecko) Chrome/103.0.5060.66 Safari/537.36 Edg/103.0.1264.44"
18.206.126.82 - - [23/Oct/2025:01:39:05 -0700] "GET /wp-content/plugins/elementor/assets/css/conditionals/apple-webkit.min.css?ver=3.32.5 HTTP/1.1" 200 988 "https://www.elconferencista.com/" "Mozilla/5.0 (Windows NT 10.0; Win64; x64) AppleWebKit/537.36 (KHTML, like Gecko) Chrome/103.0.5060.66 Safari/537.36 Edg/103.0.1264.44"
18.206.126.82 - - [23/Oct/2025:01:39:05 -0700] "GET /wp-content/uploads/elementor/css/post-7.css?ver=1761121031 HTTP/1.1" 200 821 "https://www.elconferencista.com/" "Mozilla/5.0 (Windows NT 10.0; Win64; x64) AppleWebKit/537.36 (KHTML, like Gecko) Chrome/103.0.5060.66 Safari/537.36 Edg/103.0.1264.44"
18.206.126.82 - - [23/Oct/2025:01:39:05 -0700] "GET /wp-content/plugins/elementor/assets/lib/font-awesome/css/all.min.css?ver=3.32.5 HTTP/1.1" 200 13341 "https://www.elconferencista.com/" "Mozilla/5.0 (Windows NT 10.0; Win64; x64) AppleWebKit/537.36 (KHTML, like Gecko) Chrome/103.0.5060.66 Safari/537.36 Edg/103.0.1264.44"
18.206.126.82 - - [23/Oct/2025:01:39:05 -0700] "GET /wp-content/plugins/elementor/assets/lib/animations/styles/fadeInUp.min.css?ver=3.32.5 HTTP/1.1" 200 540 "https://www.elconferencista.com/" "Mozilla/5.0 (Windows NT 10.0; Win64; x64) AppleWebKit/537.36 (KHTML, like Gecko) Chrome/103.0.5060.66 Safari/537.36 Edg/103.0.1264.44"
18.206.126.82 - - [23/Oct/2025:01:39:05 -0700] "GET /wp-content/plugins/elementor/assets/lib/font-awesome/css/v4-shims.min.css?ver=3.32.5 HTTP/1.1" 200 4709 "https://www.elconferencista.com/" "Mozilla/5.0 (Windows NT 10.0; Win64; x64) AppleWebKit/537.36 (KHTML, like Gecko) Chrome/103.0.5060.66 Safari/537.36 Edg/103.0.1264.44"
18.206.126.82 - - [23/Oct/2025:01:39:05 -0700] "GET /wp-includes/js/mediaelement/mediaelementplayer-legacy.min.css?ver=4.2.17 HTTP/1.1" 200 3018 "https://www.elconferencista.com/" "Mozilla/5.0 (Windows NT 10.0; Win64; x64) AppleWebKit/537.36 (KHTML, like Gecko) Chrome/103.0.5060.66 Safari/537.36 Edg/103.0.1264.44"
18.206.126.82 - - [23/Oct/2025:01:39:05 -0700] "GET /wp-includes/js/mediaelement/wp-mediaelement.min.css?ver=6.8.3 HTTP/1.1" 200 1587 "https://www.elconferencista.com/" "Mozilla/5.0 (Windows NT 10.0; Win64; x64) AppleWebKit/537.36 (KHTML, like Gecko) Chrome/103.0.5060.66 Safari/537.36 Edg/103.0.1264.44"
18.206.126.82 - - [23/Oct/2025:01:39:06 -0700] "GET /wp-content/plugins/elementor/assets/css/widget-icon-box.min.css?ver=3.32.5 HTTP/1.1" 200 937 "https://www.elconferencista.com/" "Mozilla/5.0 (Windows NT 10.0; Win64; x64) AppleWebKit/537.36 (KHTML, like Gecko) Chrome/103.0.5060.66 Safari/537.36 Edg/103.0.1264.44"
18.206.126.82 - - [23/Oct/2025:01:39:06 -0700] "GET /wp-content/plugins/elementor/assets/css/widget-icon-list.min.css?ver=3.32.5 HTTP/1.1" 200 1538 "https://www.elconferencista.com/" "Mozilla/5.0 (Windows NT 10.0; Win64; x64) AppleWebKit/537.36 (KHTML, like Gecko) Chrome/103.0.5060.66 Safari/537.36 Edg/103.0.1264.44"
18.206.126.82 - - [23/Oct/2025:01:39:06 -0700] "GET /wp-content/plugins/elementor/assets/lib/animations/styles/fadeInRight.min.css?ver=3.32.5 HTTP/1.1" 200 543 "https://www.elconferencista.com/" "Mozilla/5.0 (Windows NT 10.0; Win64; x64) AppleWebKit/537.36 (KHTML, like Gecko) Chrome/103.0.5060.66 Safari/537.36 Edg/103.0.1264.44"
18.206.126.82 - - [23/Oct/2025:01:39:06 -0700] "GET /wp-content/plugins/elementor/assets/lib/animations/styles/fadeInDown.min.css?ver=3.32.5 HTTP/1.1" 200 543 "https://www.elconferencista.com/" "Mozilla/5.0 (Windows NT 10.0; Win64; x64) AppleWebKit/537.36 (KHTML, like Gecko) Chrome/103.0.5060.66 Safari/537.36 Edg/103.0.1264.44"
18.206.126.82 - - [23/Oct/2025:01:39:06 -0700] "GET /wp-content/plugins/elementor/assets/css/conditionals/shapes.min.css?ver=3.32.5 HTTP/1.1" 200 712 "https://www.elconferencista.com/" "Mozilla/5.0 (Windows NT 10.0; Win64; x64) AppleWebKit/537.36 (KHTML, like Gecko) Chrome/103.0.5060.66 Safari/537.36 Edg/103.0.1264.44"
18.206.126.82 - - [23/Oct/2025:01:39:06 -0700] "GET /wp-content/plugins/elementor/assets/css/widget-counter.min.css?ver=3.32.5 HTTP/1.1" 200 729 "https://www.elconferencista.com/" "Mozilla/5.0 (Windows NT 10.0; Win64; x64) AppleWebKit/537.36 (KHTML, like Gecko) Chrome/103.0.5060.66 Safari/537.36 Edg/103.0.1264.44"
18.206.126.82 - - [23/Oct/2025:01:39:06 -0700] "GET /wp-content/plugins/elementor/assets/css/conditionals/e-swiper.min.css?ver=3.32.5 HTTP/1.1" 200 1228 "https://www.elconferencista.com/" "Mozilla/5.0 (Windows NT 10.0; Win64; x64) AppleWebKit/537.36 (KHTML, like Gecko) Chrome/103.0.5060.66 Safari/537.36 Edg/103.0.1264.44"
18.206.126.82 - - [23/Oct/2025:01:39:06 -0700] "GET /wp-content/plugins/elementor/assets/lib/swiper/v8/css/swiper.min.css?ver=8.4.5 HTTP/1.1" 200 4886 "https://www.elconferencista.com/" "Mozilla/5.0 (Windows NT 10.0; Win64; x64) AppleWebKit/537.36 (KHTML, like Gecko) Chrome/103.0.5060.66 Safari/537.36 Edg/103.0.1264.44"
18.206.126.82 - - [23/Oct/2025:01:39:06 -0700] "GET /wp-content/plugins/elementor-pro/assets/css/widget-gallery.min.css?ver=3.32.3 HTTP/1.1" 200 1545 "https://www.elconferencista.com/" "Mozilla/5.0 (Windows NT 10.0; Win64; x64) AppleWebKit/537.36 (KHTML, like Gecko) Chrome/103.0.5060.66 Safari/537.36 Edg/103.0.1264.44"
18.206.126.82 - - [23/Oct/2025:01:39:06 -0700] "GET /wp-content/plugins/elementor/assets/lib/e-gallery/css/e-gallery.min.css?ver=1.2.0 HTTP/1.1" 200 1270 "https://www.elconferencista.com/" "Mozilla/5.0 (Windows NT 10.0; Win64; x64) AppleWebKit/537.36 (KHTML, like Gecko) Chrome/103.0.5060.66 Safari/537.36 Edg/103.0.1264.44"
18.206.126.82 - - [23/Oct/2025:01:39:06 -0700] "GET /wp-content/plugins/elementor-pro/assets/css/conditionals/transitions.min.css?ver=3.32.3 HTTP/1.1" 200 1089 "https://www.elconferencista.com/" "Mozilla/5.0 (Windows NT 10.0; Win64; x64) AppleWebKit/537.36 (KHTML, like Gecko) Chrome/103.0.5060.66 Safari/537.36 Edg/103.0.1264.44"
18.206.126.82 - - [23/Oct/2025:01:39:06 -0700] "GET /wp-content/plugins/elementor/assets/css/widget-divider.min.css?ver=3.32.5 HTTP/1.1" 200 1204 "https://www.elconferencista.com/" "Mozilla/5.0 (Windows NT 10.0; Win64; x64) AppleWebKit/537.36 (KHTML, like Gecko) Chrome/103.0.5060.66 Safari/537.36 Edg/103.0.1264.44"
18.206.126.82 - - [23/Oct/2025:01:39:06 -0700] "GET /wp-content/plugins/elementor/assets/css/widget-video.min.css?ver=3.32.5 HTTP/1.1" 200 855 "https://www.elconferencista.com/" "Mozilla/5.0 (Windows NT 10.0; Win64; x64) AppleWebKit/537.36 (KHTML, like Gecko) Chrome/103.0.5060.66 Safari/537.36 Edg/103.0.1264.44"
18.206.126.82 - - [23/Oct/2025:01:39:06 -0700] "GET /wp-content/plugins/elementor-pro/assets/css/widget-form.min.css?ver=3.32.3 HTTP/1.1" 200 2015 "https://www.elconferencista.com/" "Mozilla/5.0 (Windows NT 10.0; Win64; x64) AppleWebKit/537.36 (KHTML, like Gecko) Chrome/103.0.5060.66 Safari/537.36 Edg/103.0.1264.44"
18.206.126.82 - - [23/Oct/2025:01:39:06 -0700] "GET /wp-content/uploads/elementor/css/post-11.css?ver=1761121032 HTTP/1.1" 200 5097 "https://www.elconferencista.com/" "Mozilla/5.0 (Windows NT 10.0; Win64; x64) AppleWebKit/537.36 (KHTML, like Gecko) Chrome/103.0.5060.66 Safari/537.36 Edg/103.0.1264.44"
18.206.126.82 - - [23/Oct/2025:01:39:06 -0700] "GET /wp-content/uploads/elementor/css/post-219.css?ver=1761121032 HTTP/1.1" 200 2161 "https://www.elconferencista.com/" "Mozilla/5.0 (Windows NT 10.0; Win64; x64) AppleWebKit/537.36 (KHTML, like Gecko) Chrome/103.0.5060.66 Safari/537.36 Edg/103.0.1264.44"
18.206.126.82 - - [23/Oct/2025:01:39:06 -0700] "GET /wp-content/uploads/elementor/css/post-613.css?ver=1761121032 HTTP/1.1" 200 1691 "https://www.elconferencista.com/" "Mozilla/5.0 (Windows NT 10.0; Win64; x64) AppleWebKit/537.36 (KHTML, like Gecko) Chrome/103.0.5060.66 Safari/537.36 Edg/103.0.1264.44"
18.206.126.82 - - [23/Oct/2025:01:39:06 -0700] "GET /wp-content/plugins/elementskit-lite/widgets/init/assets/css/widget-styles.css?ver=3.7.4 HTTP/1.1" 200 54384 "https://www.elconferencista.com/" "Mozilla/5.0 (Windows NT 10.0; Win64; x64) AppleWebKit/537.36 (KHTML, like Gecko) Chrome/103.0.5060.66 Safari/537.36 Edg/103.0.1264.44"
18.206.126.82 - - [23/Oct/2025:01:39:06 -0700] "GET /wp-content/uploads/elementor/google-fonts/css/roboto.css?ver=1742243097 HTTP/1.1" 200 3459 "https://www.elconferencista.com/" "Mozilla/5.0 (Windows NT 10.0; Win64; x64) AppleWebKit/537.36 (KHTML, like Gecko) Chrome/103.0.5060.66 Safari/537.36 Edg/103.0.1264.44"
18.206.126.82 - - [23/Oct/2025:01:39:06 -0700] "GET /wp-content/plugins/elementskit-lite/widgets/init/assets/css/responsive.css?ver=3.7.4 HTTP/1.1" 200 3701 "https://www.elconferencista.com/" "Mozilla/5.0 (Windows NT 10.0; Win64; x64) AppleWebKit/537.36 (KHTML, like Gecko) Chrome/103.0.5060.66 Safari/537.36 Edg/103.0.1264.44"
18.206.126.82 - - [23/Oct/2025:01:39:06 -0700] "GET /wp-content/uploads/elementor/google-fonts/css/robotoslab.css?ver=1742243104 HTTP/1.1" 200 1372 "https://www.elconferencista.com/" "Mozilla/5.0 (Windows NT 10.0; Win64; x64) AppleWebKit/537.36 (KHTML, like Gecko) Chrome/103.0.5060.66 Safari/537.36 Edg/103.0.1264.44"
18.206.126.82 - - [23/Oct/2025:01:39:06 -0700] "GET /wp-content/plugins/elementskit-lite/modules/elementskit-icon-pack/assets/css/ekiticons.css?ver=3.7.4 HTTP/1.1" 200 13688 "https://www.elconferencista.com/" "Mozilla/5.0 (Windows NT 10.0; Win64; x64) AppleWebKit/537.36 (KHTML, like Gecko) Chrome/103.0.5060.66 Safari/537.36 Edg/103.0.1264.44"
18.206.126.82 - - [23/Oct/2025:01:39:06 -0700] "GET /wp-includes/js/jquery/jquery.min.js?ver=3.7.1 HTTP/1.1" 200 31549 "https://www.elconferencista.com/" "Mozilla/5.0 (Windows NT 10.0; Win64; x64) AppleWebKit/537.36 (KHTML, like Gecko) Chrome/103.0.5060.66 Safari/537.36 Edg/103.0.1264.44"
209.38.248.17 - - [23/Oct/2025:01:39:06 -0700] "GET /.env HTTP/1.1" 301 810 "-" "Go-http-client/1.1"
18.206.126.82 - - [23/Oct/2025:01:39:06 -0700] "GET /wp-includes/js/jquery/jquery-migrate.min.js?ver=3.4.1 HTTP/1.1" 200 5340 "https://www.elconferencista.com/" "Mozilla/5.0 (Windows NT 10.0; Win64; x64) AppleWebKit/537.36 (KHTML, like Gecko) Chrome/103.0.5060.66 Safari/537.36 Edg/103.0.1264.44"
18.206.126.82 - - [23/Oct/2025:01:39:06 -0700] "GET /wp-content/plugins/elementor/assets/lib/font-awesome/js/v4-shims.min.js?ver=3.32.5 HTTP/1.1" 200 4686 "https://www.elconferencista.com/" "Mozilla/5.0 (Windows NT 10.0; Win64; x64) AppleWebKit/537.36 (KHTML, like Gecko) Chrome/103.0.5060.66 Safari/537.36 Edg/103.0.1264.44"
18.206.126.82 - - [23/Oct/2025:01:39:06 -0700] "GET /wp-content/themes/astra/assets/js/minified/frontend.min.js?ver=4.9.2 HTTP/1.1" 200 6442 "https://www.elconferencista.com/" "Mozilla/5.0 (Windows NT 10.0; Win64; x64) AppleWebKit/537.36 (KHTML, like Gecko) Chrome/103.0.5060.66 Safari/537.36 Edg/103.0.1264.44"
18.206.126.82 - - [23/Oct/2025:01:39:06 -0700] "GET /wp-content/plugins/whatsapp-for-wordpress/assets/dist/js/njt-whatsapp.js?ver=3.1.2 HTTP/1.1" 200 31949 "https://www.elconferencista.com/" "Mozilla/5.0 (Windows NT 10.0; Win64; x64) AppleWebKit/537.36 (KHTML, like Gecko) Chrome/103.0.5060.66 Safari/537.36 Edg/103.0.1264.44"
18.206.126.82 - - [23/Oct/2025:01:39:06 -0700] "GET /wp-content/plugins/whatsapp-for-wordpress/assets/js/whatsapp-button.js?ver=3.1.2 HTTP/1.1" 200 882 "https://www.elconferencista.com/" "Mozilla/5.0 (Windows NT 10.0; Win64; x64) AppleWebKit/537.36 (KHTML, like Gecko) Chrome/103.0.5060.66 Safari/537.36 Edg/103.0.1264.44"
18.206.126.82 - - [23/Oct/2025:01:39:06 -0700] "GET /wp-content/plugins/elementor/assets/js/webpack.runtime.min.js?ver=3.32.5 HTTP/1.1" 200 2970 "https://www.elconferencista.com/" "Mozilla/5.0 (Windows NT 10.0; Win64; x64) AppleWebKit/537.36 (KHTML, like Gecko) Chrome/103.0.5060.66 Safari/537.36 Edg/103.0.1264.44"
18.206.126.82 - - [23/Oct/2025:01:39:06 -0700] "GET /wp-content/plugins/elementor/assets/js/frontend-modules.min.js?ver=3.32.5 HTTP/1.1" 200 19469 "https://www.elconferencista.com/" "Mozilla/5.0 (Windows NT 10.0; Win64; x64) AppleWebKit/537.36 (KHTML, like Gecko) Chrome/103.0.5060.66 Safari/537.36 Edg/103.0.1264.44"
18.206.126.82 - - [23/Oct/2025:01:39:06 -0700] "GET /wp-includes/js/jquery/ui/core.min.js?ver=1.13.3 HTTP/1.1" 200 7581 "https://www.elconferencista.com/" "Mozilla/5.0 (Windows NT 10.0; Win64; x64) AppleWebKit/537.36 (KHTML, like Gecko) Chrome/103.0.5060.66 Safari/537.36 Edg/103.0.1264.44"
18.206.126.82 - - [23/Oct/2025:01:39:06 -0700] "GET /wp-content/plugins/elementor/assets/js/frontend.min.js?ver=3.32.5 HTTP/1.1" 200 11073 "https://www.elconferencista.com/" "Mozilla/5.0 (Windows NT 10.0; Win64; x64) AppleWebKit/537.36 (KHTML, like Gecko) Chrome/103.0.5060.66 Safari/537.36 Edg/103.0.1264.44"
18.206.126.82 - - [23/Oct/2025:01:39:06 -0700] "GET /wp-content/plugins/elementor-pro/assets/lib/sticky/jquery.sticky.min.js?ver=3.32.3 HTTP/1.1" 200 1976 "https://www.elconferencista.com/" "Mozilla/5.0 (Windows NT 10.0; Win64; x64) AppleWebKit/537.36 (KHTML, like Gecko) Chrome/103.0.5060.66 Safari/537.36 Edg/103.0.1264.44"
18.206.126.82 - - [23/Oct/2025:01:39:06 -0700] "GET /wp-includes/js/mediaelement/mediaelement-and-player.min.js?ver=4.2.17 HTTP/1.1" 200 40347 "https://www.elconferencista.com/" "Mozilla/5.0 (Windows NT 10.0; Win64; x64) AppleWebKit/537.36 (KHTML, like Gecko) Chrome/103.0.5060.66 Safari/537.36 Edg/103.0.1264.44"
18.206.126.82 - - [23/Oct/2025:01:39:06 -0700] "GET /wp-includes/js/mediaelement/mediaelement-migrate.min.js?ver=6.8.3 HTTP/1.1" 200 971 "https://www.elconferencista.com/" "Mozilla/5.0 (Windows NT 10.0; Win64; x64) AppleWebKit/537.36 (KHTML, like Gecko) Chrome/103.0.5060.66 Safari/537.36 Edg/103.0.1264.44"
18.206.126.82 - - [23/Oct/2025:01:39:06 -0700] "GET /wp-includes/js/mediaelement/wp-mediaelement.min.js?ver=6.8.3 HTTP/1.1" 200 969 "https://www.elconferencista.com/" "Mozilla/5.0 (Windows NT 10.0; Win64; x64) AppleWebKit/537.36 (KHTML, like Gecko) Chrome/103.0.5060.66 Safari/537.36 Edg/103.0.1264.44"
18.206.126.82 - - [23/Oct/2025:01:39:06 -0700] "GET /wp-content/plugins/elementor/assets/lib/jquery-numerator/jquery-numerator.min.js?ver=0.2.1 HTTP/1.1" 200 1169 "https://www.elconferencista.com/" "Mozilla/5.0 (Windows NT 10.0; Win64; x64) AppleWebKit/537.36 (KHTML, like Gecko) Chrome/103.0.5060.66 Safari/537.36 Edg/103.0.1264.44"
18.206.126.82 - - [23/Oct/2025:01:39:06 -0700] "GET /wp-content/plugins/elementor/assets/lib/e-gallery/js/e-gallery.min.js?ver=1.2.0 HTTP/1.1" 200 5094 "https://www.elconferencista.com/" "Mozilla/5.0 (Windows NT 10.0; Win64; x64) AppleWebKit/537.36 (KHTML, like Gecko) Chrome/103.0.5060.66 Safari/537.36 Edg/103.0.1264.44"
18.206.126.82 - - [23/Oct/2025:01:39:06 -0700] "GET /wp-content/plugins/elementor/assets/lib/swiper/v8/swiper.min.js?ver=8.4.5 HTTP/1.1" 200 41266 "https://www.elconferencista.com/" "Mozilla/5.0 (Windows NT 10.0; Win64; x64) AppleWebKit/537.36 (KHTML, like Gecko) Chrome/103.0.5060.66 Safari/537.36 Edg/103.0.1264.44"
18.206.126.82 - - [23/Oct/2025:01:39:06 -0700] "GET /wp-content/plugins/elementskit-lite/libs/framework/assets/js/frontend-script.js?ver=3.7.4 HTTP/1.1" 200 440 "https://www.elconferencista.com/" "Mozilla/5.0 (Windows NT 10.0; Win64; x64) AppleWebKit/537.36 (KHTML, like Gecko) Chrome/103.0.5060.66 Safari/537.36 Edg/103.0.1264.44"
18.206.126.82 - - [23/Oct/2025:01:39:06 -0700] "GET /wp-content/plugins/whatsapp-for-wordpress/assets/js/whatsapp-popup.js?ver=6.8.3 HTTP/1.1" 200 722 "https://www.elconferencista.com/" "Mozilla/5.0 (Windows NT 10.0; Win64; x64) AppleWebKit/537.36 (KHTML, like Gecko) Chrome/103.0.5060.66 Safari/537.36 Edg/103.0.1264.44"
18.206.126.82 - - [23/Oct/2025:01:39:06 -0700] "GET /wp-content/plugins/elementskit-lite/widgets/init/assets/js/widget-scripts.js?ver=3.7.4 HTTP/1.1" 200 43153 "https://www.elconferencista.com/" "Mozilla/5.0 (Windows NT 10.0; Win64; x64) AppleWebKit/537.36 (KHTML, like Gecko) Chrome/103.0.5060.66 Safari/537.36 Edg/103.0.1264.44"
18.206.126.82 - - [23/Oct/2025:01:39:06 -0700] "GET /wp-includes/js/dist/hooks.min.js?ver=4d63a3d491d11ffd8ac6 HTTP/1.1" 200 2082 "https://www.elconferencista.com/" "Mozilla/5.0 (Windows NT 10.0; Win64; x64) AppleWebKit/537.36 (KHTML, like Gecko) Chrome/103.0.5060.66 Safari/537.36 Edg/103.0.1264.44"
18.206.126.82 - - [23/Oct/2025:01:39:06 -0700] "GET /wp-content/plugins/elementor-pro/assets/js/webpack-pro.runtime.min.js?ver=3.32.3 HTTP/1.1" 200 3281 "https://www.elconferencista.com/" "Mozilla/5.0 (Windows NT 10.0; Win64; x64) AppleWebKit/537.36 (KHTML, like Gecko) Chrome/103.0.5060.66 Safari/537.36 Edg/103.0.1264.44"
18.206.126.82 - - [23/Oct/2025:01:39:06 -0700] "GET /wp-includes/js/dist/i18n.min.js?ver=5e580eb46a90c2b997e6 HTTP/1.1" 200 4126 "https://www.elconferencista.com/" "Mozilla/5.0 (Windows NT 10.0; Win64; x64) AppleWebKit/537.36 (KHTML, like Gecko) Chrome/103.0.5060.66 Safari/537.36 Edg/103.0.1264.44"
18.206.126.82 - - [23/Oct/2025:01:39:06 -0700] "GET /wp-content/plugins/elementor-pro/assets/js/frontend.min.js?ver=3.32.3 HTTP/1.1" 200 7082 "https://www.elconferencista.com/" "Mozilla/5.0 (Windows NT 10.0; Win64; x64) AppleWebKit/537.36 (KHTML, like Gecko) Chrome/103.0.5060.66 Safari/537.36 Edg/103.0.1264.44"
18.206.126.82 - - [23/Oct/2025:01:39:06 -0700] "GET /wp-content/plugins/elementor-pro/assets/js/elements-handlers.min.js?ver=3.32.3 HTTP/1.1" 200 11316 "https://www.elconferencista.com/" "Mozilla/5.0 (Windows NT 10.0; Win64; x64) AppleWebKit/537.36 (KHTML, like Gecko) Chrome/103.0.5060.66 Safari/537.36 Edg/103.0.1264.44"
18.206.126.82 - - [23/Oct/2025:01:39:06 -0700] "GET /wp-content/plugins/elementskit-lite/widgets/init/assets/js/animate-circle.min.js?ver=3.7.4 HTTP/1.1" 200 882 "https://www.elconferencista.com/" "Mozilla/5.0 (Windows NT 10.0; Win64; x64) AppleWebKit/537.36 (KHTML, like Gecko) Chrome/103.0.5060.66 Safari/537.36 Edg/103.0.1264.44"
18.206.126.82 - - [23/Oct/2025:01:39:06 -0700] "GET /wp-content/uploads/2022/09/logo-edner-granados-rojo.jpeg HTTP/1.1" 200 90883 "https://www.elconferencista.com/" "Mozilla/5.0 (Windows NT 10.0; Win64; x64) AppleWebKit/537.36 (KHTML, like Gecko) Chrome/103.0.5060.66 Safari/537.36 Edg/103.0.1264.44"
18.206.126.82 - - [23/Oct/2025:01:39:06 -0700] "GET /wp-content/plugins/elementskit-lite/widgets/init/assets/js/elementor.js?ver=3.7.4 HTTP/1.1" 200 6494 "https://www.elconferencista.com/" "Mozilla/5.0 (Windows NT 10.0; Win64; x64) AppleWebKit/537.36 (KHTML, like Gecko) Chrome/103.0.5060.66 Safari/537.36 Edg/103.0.1264.44"
18.206.126.82 - - [23/Oct/2025:01:39:06 -0700] "GET /wp-content/uploads/2022/09/275944674_952978798749881_5870331188178632551_n-1024x768.jpg HTTP/1.1" 200 176035 "https://www.elconferencista.com/" "Mozilla/5.0 (Windows NT 10.0; Win64; x64) AppleWebKit/537.36 (KHTML, like Gecko) Chrome/103.0.5060.66 Safari/537.36 Edg/103.0.1264.44"
18.206.126.82 - - [23/Oct/2025:01:39:06 -0700] "GET /wp-content/uploads/2022/09/89941859_523545041683207_8273911308307233517_n-1024x1024.jpg HTTP/1.1" 200 124443 "https://www.elconferencista.com/" "Mozilla/5.0 (Windows NT 10.0; Win64; x64) AppleWebKit/537.36 (KHTML, like Gecko) Chrome/103.0.5060.66 Safari/537.36 Edg/103.0.1264.44"
18.206.126.82 - - [23/Oct/2025:01:39:06 -0700] "GET /wp-content/uploads/2022/09/MINIATURA-DE-PORQUE-EDNER-GRANADOS-1024x768.jpg HTTP/1.1" 200 151622 "https://www.elconferencista.com/" "Mozilla/5.0 (Windows NT 10.0; Win64; x64) AppleWebKit/537.36 (KHTML, like Gecko) Chrome/103.0.5060.66 Safari/537.36 Edg/103.0.1264.44"
18.206.126.82 - - [23/Oct/2025:01:39:06 -0700] "GET /wp-content/uploads/2022/09/eventum-img1.jpg HTTP/1.1" 200 204467 "https://www.elconferencista.com/" "Mozilla/5.0 (Windows NT 10.0; Win64; x64) AppleWebKit/537.36 (KHTML, like Gecko) Chrome/103.0.5060.66 Safari/537.36 Edg/103.0.1264.44"
18.206.126.82 - - [23/Oct/2025:01:39:06 -0700] "GET /wp-content/uploads/2022/09/89636034_199205457972115_4256094188653888311_n-1024x1024.jpg HTTP/1.1" 200 280584 "https://www.elconferencista.com/" "Mozilla/5.0 (Windows NT 10.0; Win64; x64) AppleWebKit/537.36 (KHTML, like Gecko) Chrome/103.0.5060.66 Safari/537.36 Edg/103.0.1264.44"
18.206.126.82 - - [23/Oct/2025:01:39:06 -0700] "GET /wp-content/uploads/2022/09/edner-granados.png HTTP/1.1" 200 338389 "https://www.elconferencista.com/" "Mozilla/5.0 (Windows NT 10.0; Win64; x64) AppleWebKit/537.36 (KHTML, like Gecko) Chrome/103.0.5060.66 Safari/537.36 Edg/103.0.1264.44"
18.206.126.82 - - [23/Oct/2025:01:39:06 -0700] "GET /wp-content/uploads/2022/09/circle.png HTTP/1.1" 200 12192 "https://www.elconferencista.com/" "Mozilla/5.0 (Windows NT 10.0; Win64; x64) AppleWebKit/537.36 (KHTML, like Gecko) Chrome/103.0.5060.66 Safari/537.36 Edg/103.0.1264.44"
18.206.126.82 - - [23/Oct/2025:01:39:06 -0700] "GET /wp-content/uploads/elementor/google-fonts/fonts/roboto-kfo7cnqeu92fr1me7ksn66agldtyluama3yuba.woff2 HTTP/1.1" 200 40637 "https://www.elconferencista.com/" "Mozilla/5.0 (Windows NT 10.0; Win64; x64) AppleWebKit/537.36 (KHTML, like Gecko) Chrome/103.0.5060.66 Safari/537.36 Edg/103.0.1264.44"
209.38.248.17 - - [23/Oct/2025:01:39:06 -0700] "GET /.git/config HTTP/1.1" 301 824 "-" "Go-http-client/1.1"
18.206.126.82 - - [23/Oct/2025:01:39:06 -0700] "GET /wp-content/uploads/elementor/google-fonts/fonts/roboto-kfo7cnqeu92fr1me7ksn66agldtyluama3kubgee.woff2 HTTP/1.1" 200 26893 "https://www.elconferencista.com/" "Mozilla/5.0 (Windows NT 10.0; Win64; x64) AppleWebKit/537.36 (KHTML, like Gecko) Chrome/103.0.5060.66 Safari/537.36 Edg/103.0.1264.44"
18.206.126.82 - - [23/Oct/2025:01:39:06 -0700] "GET /wp-content/uploads/elementor/google-fonts/fonts/roboto-kfo7cnqeu92fr1me7ksn66agldtyluama3oubgee.woff2 HTTP/1.1" 200 13425 "https://www.elconferencista.com/" "Mozilla/5.0 (Windows NT 10.0; Win64; x64) AppleWebKit/537.36 (KHTML, like Gecko) Chrome/103.0.5060.66 Safari/537.36 Edg/103.0.1264.44"
18.206.126.82 - - [23/Oct/2025:01:39:07 -0700] "GET /wp-content/uploads/elementor/google-fonts/fonts/roboto-kfo7cnqeu92fr1me7ksn66agldtyluamaxkubgee.woff2 HTTP/1.1" 200 20851 "https://www.elconferencista.com/" "Mozilla/5.0 (Windows NT 10.0; Win64; x64) AppleWebKit/537.36 (KHTML, like Gecko) Chrome/103.0.5060.66 Safari/537.36 Edg/103.0.1264.44"
18.206.126.82 - - [23/Oct/2025:01:39:07 -0700] "GET /wp-content/uploads/elementor/google-fonts/fonts/roboto-kfo7cnqeu92fr1me7ksn66agldtyluamawcubgee.woff2 HTTP/1.1" 200 41081 "https://www.elconferencista.com/" "Mozilla/5.0 (Windows NT 10.0; Win64; x64) AppleWebKit/537.36 (KHTML, like Gecko) Chrome/103.0.5060.66 Safari/537.36 Edg/103.0.1264.44"
18.206.126.82 - - [23/Oct/2025:01:39:07 -0700] "GET /wp-content/uploads/elementor/google-fonts/fonts/roboto-kfo7cnqeu92fr1me7ksn66agldtyluama3cubgee.woff2 HTTP/1.1" 200 4738 "https://www.elconferencista.com/" "Mozilla/5.0 (Windows NT 10.0; Win64; x64) AppleWebKit/537.36 (KHTML, like Gecko) Chrome/103.0.5060.66 Safari/537.36 Edg/103.0.1264.44"
18.206.126.82 - - [23/Oct/2025:01:39:07 -0700] "GET /wp-content/uploads/elementor/google-fonts/fonts/roboto-kfo7cnqeu92fr1me7ksn66agldtyluama3-ubgee.woff2 HTTP/1.1" 200 18071 "https://www.elconferencista.com/" "Mozilla/5.0 (Windows NT 10.0; Win64; x64) AppleWebKit/537.36 (KHTML, like Gecko) Chrome/103.0.5060.66 Safari/537.36 Edg/103.0.1264.44"
18.206.126.82 - - [23/Oct/2025:01:39:07 -0700] "GET /wp-content/uploads/elementor/google-fonts/fonts/roboto-kfo7cnqeu92fr1me7ksn66agldtyluama3iubgee.woff2 HTTP/1.1" 200 23239 "https://www.elconferencista.com/" "Mozilla/5.0 (Windows NT 10.0; Win64; x64) AppleWebKit/537.36 (KHTML, like Gecko) Chrome/103.0.5060.66 Safari/537.36 Edg/103.0.1264.44"
18.206.126.82 - - [23/Oct/2025:01:39:07 -0700] "GET /wp-content/uploads/elementor/google-fonts/fonts/roboto-kfo7cnqeu92fr1me7ksn66agldtyluama3gubgee.woff2 HTTP/1.1" 200 36055 "https://www.elconferencista.com/" "Mozilla/5.0 (Windows NT 10.0; Win64; x64) AppleWebKit/537.36 (KHTML, like Gecko) Chrome/103.0.5060.66 Safari/537.36 Edg/103.0.1264.44"
18.206.126.82 - - [23/Oct/2025:01:39:07 -0700] "GET /wp-content/uploads/elementor/google-fonts/fonts/robotoslab-bngmuxzytxpivibgjjsb6ufn5qu.woff2 HTTP/1.1" 200 34815 "https://www.elconferencista.com/" "Mozilla/5.0 (Windows NT 10.0; Win64; x64) AppleWebKit/537.36 (KHTML, like Gecko) Chrome/103.0.5060.66 Safari/537.36 Edg/103.0.1264.44"
18.206.126.82 - - [23/Oct/2025:01:39:07 -0700] "GET /wp-content/uploads/elementor/google-fonts/fonts/robotoslab-bngmuxzytxpivibgjjsb6ufd5qw54a.woff2 HTTP/1.1" 200 21203 "https://www.elconferencista.com/" "Mozilla/5.0 (Windows NT 10.0; Win64; x64) AppleWebKit/537.36 (KHTML, like Gecko) Chrome/103.0.5060.66 Safari/537.36 Edg/103.0.1264.44"
18.206.126.82 - - [23/Oct/2025:01:39:07 -0700] "GET /wp-content/uploads/elementor/google-fonts/fonts/robotoslab-bngmuxzytxpivibgjjsb6ufo5qw54a.woff2 HTTP/1.1" 200 15273 "https://www.elconferencista.com/" "Mozilla/5.0 (Windows NT 10.0; Win64; x64) AppleWebKit/537.36 (KHTML, like Gecko) Chrome/103.0.5060.66 Safari/537.36 Edg/103.0.1264.44"
18.206.126.82 - - [23/Oct/2025:01:39:07 -0700] "GET /wp-content/uploads/elementor/google-fonts/fonts/robotoslab-bngmuxzytxpivibgjjsb6ufc5qw54a.woff2 HTTP/1.1" 200 10292 "https://www.elconferencista.com/" "Mozilla/5.0 (Windows NT 10.0; Win64; x64) AppleWebKit/537.36 (KHTML, like Gecko) Chrome/103.0.5060.66 Safari/537.36 Edg/103.0.1264.44"
18.206.126.82 - - [23/Oct/2025:01:39:07 -0700] "GET /wp-content/uploads/elementor/google-fonts/fonts/robotoslab-bngmuxzytxpivibgjjsb6ufb5qw54a.woff2 HTTP/1.1" 200 2581 "https://www.elconferencista.com/" "Mozilla/5.0 (Windows NT 10.0; Win64; x64) AppleWebKit/537.36 (KHTML, like Gecko) Chrome/103.0.5060.66 Safari/537.36 Edg/103.0.1264.44"
209.38.208.202 - - [23/Oct/2025:01:39:06 -0700] "GET /webjars/swagger-ui/index.html HTTP/1.1" 500 324 "-" "Mozilla/5.0 (l9scan/2.0.237313e2937313e2336313e29363; +https://leakix.net)"
18.206.126.82 - - [23/Oct/2025:01:39:07 -0700] "GET /wp-content/uploads/elementor/google-fonts/fonts/robotoslab-bngmuxzytxpivibgjjsb6ufj5qw54a.woff2 HTTP/1.1" 200 21715 "https://www.elconferencista.com/" "Mozilla/5.0 (Windows NT 10.0; Win64; x64) AppleWebKit/537.36 (KHTML, like Gecko) Chrome/103.0.5060.66 Safari/537.36 Edg/103.0.1264.44"
18.206.126.82 - - [23/Oct/2025:01:39:07 -0700] "GET /wp-content/uploads/elementor/google-fonts/fonts/robotoslab-bngmuxzytxpivibgjjsb6ufa5qw54a.woff2 HTTP/1.1" 200 32771 "https://www.elconferencista.com/" "Mozilla/5.0 (Windows NT 10.0; Win64; x64) AppleWebKit/537.36 (KHTML, like Gecko) Chrome/103.0.5060.66 Safari/537.36 Edg/103.0.1264.44"
18.206.126.82 - - [23/Oct/2025:01:39:07 -0700] "GET /wp-includes/js/wp-emoji-release.min.js?ver=6.8.3 HTTP/1.1" 200 5666 "https://www.elconferencista.com/" "Mozilla/5.0 (Windows NT 10.0; Win64; x64) AppleWebKit/537.36 (KHTML, like Gecko) Chrome/103.0.5060.66 Safari/537.36 Edg/103.0.1264.44"
18.206.126.82 - - [23/Oct/2025:01:39:07 -0700] "GET /wp-content/plugins/elementskit-lite/modules/elementskit-icon-pack/assets/fonts/elementskit.woff?itek3h HTTP/1.1" 200 461954 "https://www.elconferencista.com/" "Mozilla/5.0 (Windows NT 10.0; Win64; x64) AppleWebKit/537.36 (KHTML, like Gecko) Chrome/103.0.5060.66 Safari/537.36 Edg/103.0.1264.44"
44.208.24.79 - - [23/Oct/2025:01:39:07 -0700] "GET /wp-content/uploads/2022/09/cropped-logo-edner-granados-rojo-180x180.jpeg HTTP/1.1" 200 66490 "-" "Mozilla/5.0 (Windows NT 6.3; WOW64; rv:38.0) Gecko/20100101 Firefox/38.0"
44.208.24.79 - - [23/Oct/2025:01:39:07 -0700] "GET /wp-content/uploads/2022/09/cropped-logo-edner-granados-rojo-32x32.jpeg HTTP/1.1" 200 56954 "-" "Mozilla/5.0 (Windows NT 6.3; WOW64; rv:38.0) Gecko/20100101 Firefox/38.0"
44.208.24.79 - - [23/Oct/2025:01:39:08 -0700] "GET /wp-content/uploads/2022/09/cropped-logo-edner-granados-rojo-192x192.jpeg HTTP/1.1" 200 63729 "-" "Mozilla/5.0 (Windows NT 6.3; WOW64; rv:38.0) Gecko/20100101 Firefox/38.0"
44.208.24.79 - - [23/Oct/2025:01:39:08 -0700] "GET /favicon.ico HTTP/1.1" 200 390 "-" "Mozilla/5.0 (Windows NT 6.3; WOW64; rv:38.0) Gecko/20100101 Firefox/38.0"
209.38.248.17 - - [23/Oct/2025:01:39:08 -0700] "GET /s/237313e2937313e2336313e29363/_/;/META-INF/maven/com.atlassian.jira/jira-webapp-dist/pom.properties HTTP/1.1" 301 1002 "-" "Go-http-client/1.1"
209.38.208.202 - - [23/Oct/2025:01:39:07 -0700] "GET /@vite/env HTTP/1.1" 404 113935 "-" "Go-http-client/1.1"
209.38.248.17 - - [23/Oct/2025:01:39:08 -0700] "GET /config.json HTTP/1.1" 301 824 "-" "Go-http-client/1.1"
3.226.253.1 - - [23/Oct/2025:01:39:08 -0700] "GET / HTTP/2.0" 200 31032 "-" "Mozilla/5.0 (iPhone; CPU iPhone OS 12_2 like Mac OS X) AppleWebKit/605.1.15 (KHTML, like Gecko) Mobile/15E148"
209.38.248.17 - - [23/Oct/2025:01:39:09 -0700] "GET /telescope/requests HTTP/1.1" 301 838 "-" "Go-http-client/1.1"
3.226.253.1 - - [23/Oct/2025:01:39:09 -0700] "GET /wp-content/themes/astra/assets/css/minified/main.min.css?ver=4.9.2 HTTP/2.0" 200 9107 "https://www.elconferencista.com/" "Mozilla/5.0 (iPhone; CPU iPhone OS 12_2 like Mac OS X) AppleWebKit/605.1.15 (KHTML, like Gecko) Mobile/15E148"
3.226.253.1 - - [23/Oct/2025:01:39:09 -0700] "GET /wp-content/plugins/elementor/assets/css/frontend.min.css?ver=3.32.5 HTTP/2.0" 200 7475 "https://www.elconferencista.com/" "Mozilla/5.0 (iPhone; CPU iPhone OS 12_2 like Mac OS X) AppleWebKit/605.1.15 (KHTML, like Gecko) Mobile/15E148"
3.226.253.1 - - [23/Oct/2025:01:39:09 -0700] "GET /wp-content/plugins/elementor/assets/css/widget-heading.min.css?ver=3.32.5 HTTP/2.0" 200 244 "https://www.elconferencista.com/" "Mozilla/5.0 (iPhone; CPU iPhone OS 12_2 like Mac OS X) AppleWebKit/605.1.15 (KHTML, like Gecko) Mobile/15E148"
3.226.253.1 - - [23/Oct/2025:01:39:09 -0700] "GET /wp-content/plugins/elementor/assets/css/conditionals/apple-webkit.min.css?ver=3.32.5 HTTP/2.0" 200 619 "https://www.elconferencista.com/" "Mozilla/5.0 (iPhone; CPU iPhone OS 12_2 like Mac OS X) AppleWebKit/605.1.15 (KHTML, like Gecko) Mobile/15E148"
3.226.253.1 - - [23/Oct/2025:01:39:09 -0700] "GET /wp-content/plugins/elementor/assets/lib/animations/styles/fadeIn.min.css?ver=3.32.5 HTTP/2.0" 200 156 "https://www.elconferencista.com/" "Mozilla/5.0 (iPhone; CPU iPhone OS 12_2 like Mac OS X) AppleWebKit/605.1.15 (KHTML, like Gecko) Mobile/15E148"
3.226.253.1 - - [23/Oct/2025:01:39:09 -0700] "GET /wp-content/plugins/elementor/assets/css/widget-image.min.css?ver=3.32.5 HTTP/2.0" 200 219 "https://www.elconferencista.com/" "Mozilla/5.0 (iPhone; CPU iPhone OS 12_2 like Mac OS X) AppleWebKit/605.1.15 (KHTML, like Gecko) Mobile/15E148"
3.226.253.1 - - [23/Oct/2025:01:39:09 -0700] "GET /wp-content/plugins/elementor-pro/assets/css/modules/sticky.min.css?ver=3.32.3 HTTP/2.0" 200 193 "https://www.elconferencista.com/" "Mozilla/5.0 (iPhone; CPU iPhone OS 12_2 like Mac OS X) AppleWebKit/605.1.15 (KHTML, like Gecko) Mobile/15E148"
3.226.253.1 - - [23/Oct/2025:01:39:09 -0700] "GET /wp-content/plugins/whatsapp-for-wordpress/assets/dist/css/style.css?ver=6.8.3 HTTP/2.0" 200 5986 "https://www.elconferencista.com/" "Mozilla/5.0 (iPhone; CPU iPhone OS 12_2 like Mac OS X) AppleWebKit/605.1.15 (KHTML, like Gecko) Mobile/15E148"
3.226.253.1 - - [23/Oct/2025:01:39:09 -0700] "GET /wp-content/plugins/elementor/assets/css/widget-social-icons.min.css?ver=3.32.5 HTTP/2.0" 200 1226 "https://www.elconferencista.com/" "Mozilla/5.0 (iPhone; CPU iPhone OS 12_2 like Mac OS X) AppleWebKit/605.1.15 (KHTML, like Gecko) Mobile/15E148"
3.226.253.1 - - [23/Oct/2025:01:39:09 -0700] "GET /wp-content/plugins/elementor/assets/lib/font-awesome/css/all.min.css?ver=3.32.5 HTTP/2.0" 200 12905 "https://www.elconferencista.com/" "Mozilla/5.0 (iPhone; CPU iPhone OS 12_2 like Mac OS X) AppleWebKit/605.1.15 (KHTML, like Gecko) Mobile/15E148"
3.226.253.1 - - [23/Oct/2025:01:39:09 -0700] "GET /wp-content/uploads/elementor/css/post-7.css?ver=1761121031 HTTP/2.0" 200 476 "https://www.elconferencista.com/" "Mozilla/5.0 (iPhone; CPU iPhone OS 12_2 like Mac OS X) AppleWebKit/605.1.15 (KHTML, like Gecko) Mobile/15E148"
3.226.253.1 - - [23/Oct/2025:01:39:09 -0700] "GET /wp-content/plugins/elementor/assets/lib/animations/styles/fadeInUp.min.css?ver=3.32.5 HTTP/2.0" 200 171 "https://www.elconferencista.com/" "Mozilla/5.0 (iPhone; CPU iPhone OS 12_2 like Mac OS X) AppleWebKit/605.1.15 (KHTML, like Gecko) Mobile/15E148"
3.226.253.1 - - [23/Oct/2025:01:39:09 -0700] "GET /wp-content/plugins/jet-engine/assets/css/frontend.css?ver=3.6.6.1 HTTP/2.0" 200 8004 "https://www.elconferencista.com/" "Mozilla/5.0 (iPhone; CPU iPhone OS 12_2 like Mac OS X) AppleWebKit/605.1.15 (KHTML, like Gecko) Mobile/15E148"
3.226.253.1 - - [23/Oct/2025:01:39:09 -0700] "GET /wp-includes/js/mediaelement/mediaelementplayer-legacy.min.css?ver=4.2.17 HTTP/2.0" 200 2672 "https://www.elconferencista.com/" "Mozilla/5.0 (iPhone; CPU iPhone OS 12_2 like Mac OS X) AppleWebKit/605.1.15 (KHTML, like Gecko) Mobile/15E148"
3.226.253.1 - - [23/Oct/2025:01:39:09 -0700] "GET /wp-content/plugins/elementor/assets/lib/font-awesome/css/v4-shims.min.css?ver=3.32.5 HTTP/2.0" 200 4339 "https://www.elconferencista.com/" "Mozilla/5.0 (iPhone; CPU iPhone OS 12_2 like Mac OS X) AppleWebKit/605.1.15 (KHTML, like Gecko) Mobile/15E148"
3.226.253.1 - - [23/Oct/2025:01:39:09 -0700] "GET /wp-content/plugins/elementor/assets/lib/animations/styles/fadeInRight.min.css?ver=3.32.5 HTTP/2.0" 200 174 "https://www.elconferencista.com/" "Mozilla/5.0 (iPhone; CPU iPhone OS 12_2 like Mac OS X) AppleWebKit/605.1.15 (KHTML, like Gecko) Mobile/15E148"
3.226.253.1 - - [23/Oct/2025:01:39:09 -0700] "GET /wp-includes/js/mediaelement/wp-mediaelement.min.css?ver=6.8.3 HTTP/2.0" 200 1240 "https://www.elconferencista.com/" "Mozilla/5.0 (iPhone; CPU iPhone OS 12_2 like Mac OS X) AppleWebKit/605.1.15 (KHTML, like Gecko) Mobile/15E148"
3.226.253.1 - - [23/Oct/2025:01:39:09 -0700] "GET /wp-content/plugins/elementor/assets/css/widget-icon-box.min.css?ver=3.32.5 HTTP/2.0" 200 567 "https://www.elconferencista.com/" "Mozilla/5.0 (iPhone; CPU iPhone OS 12_2 like Mac OS X) AppleWebKit/605.1.15 (KHTML, like Gecko) Mobile/15E148"
3.226.253.1 - - [23/Oct/2025:01:39:09 -0700] "GET /wp-content/plugins/elementor/assets/css/widget-icon-list.min.css?ver=3.32.5 HTTP/2.0" 200 1168 "https://www.elconferencista.com/" "Mozilla/5.0 (iPhone; CPU iPhone OS 12_2 like Mac OS X) AppleWebKit/605.1.15 (KHTML, like Gecko) Mobile/15E148"
3.226.253.1 - - [23/Oct/2025:01:39:09 -0700] "GET /wp-content/plugins/elementor-pro/assets/css/widget-gallery.min.css?ver=3.32.3 HTTP/2.0" 200 1198 "https://www.elconferencista.com/" "Mozilla/5.0 (iPhone; CPU iPhone OS 12_2 like Mac OS X) AppleWebKit/605.1.15 (KHTML, like Gecko) Mobile/15E148"
3.226.253.1 - - [23/Oct/2025:01:39:09 -0700] "GET /wp-content/plugins/elementor/assets/lib/swiper/v8/css/swiper.min.css?ver=8.4.5 HTTP/2.0" 200 4516 "https://www.elconferencista.com/" "Mozilla/5.0 (iPhone; CPU iPhone OS 12_2 like Mac OS X) AppleWebKit/605.1.15 (KHTML, like Gecko) Mobile/15E148"
3.226.253.1 - - [23/Oct/2025:01:39:09 -0700] "GET /wp-content/plugins/elementor/assets/css/conditionals/e-swiper.min.css?ver=3.32.5 HTTP/2.0" 200 859 "https://www.elconferencista.com/" "Mozilla/5.0 (iPhone; CPU iPhone OS 12_2 like Mac OS X) AppleWebKit/605.1.15 (KHTML, like Gecko) Mobile/15E148"
3.226.253.1 - - [23/Oct/2025:01:39:09 -0700] "GET /wp-content/plugins/elementor/assets/lib/animations/styles/fadeInDown.min.css?ver=3.32.5 HTTP/2.0" 200 174 "https://www.elconferencista.com/" "Mozilla/5.0 (iPhone; CPU iPhone OS 12_2 like Mac OS X) AppleWebKit/605.1.15 (KHTML, like Gecko) Mobile/15E148"
