89.110.126.203 - - [23/Oct/2025:16:25:42 -0700] "GET /wp-includes/ HTTP/1.1" 404 110623 "-" "Mozilla/5.0 (Windows NT 10.0; Win64; x64) AppleWebKit/537.36 (KHTML, like Gecko) Chrome/115.0.0.0 Safari/537.36"
89.110.126.203 - - [23/Oct/2025:16:25:44 -0700] "GET /wp-admin/ HTTP/1.1" 302 496 "-" "Mozilla/5.0 (Windows NT 10.0; Win64; x64) AppleWebKit/537.36 (KHTML, like Gecko) Chrome/115.0.0.0 Safari/537.36"
89.110.126.203 - - [23/Oct/2025:16:25:45 -0700] "GET /wp-content/uploads/ HTTP/1.1" 404 110623 "-" "Mozilla/5.0 (Windows NT 10.0; Win64; x64) AppleWebKit/537.36 (KHTML, like Gecko) Chrome/115.0.0.0 Safari/537.36"
89.110.126.203 - - [23/Oct/2025:16:25:46 -0700] "GET /wp-content/uploads/2025/ HTTP/1.1" 404 110716 "-" "Mozilla/5.0 (Windows NT 10.0; Win64; x64) AppleWebKit/537.36 (KHTML, like Gecko) Chrome/115.0.0.0 Safari/537.36"
89.110.126.203 - - [23/Oct/2025:16:25:48 -0700] "GET /wp-content/uploads/2024/ HTTP/1.1" 404 110716 "-" "Mozilla/5.0 (Windows NT 10.0; Win64; x64) AppleWebKit/537.36 (KHTML, like Gecko) Chrome/115.0.0.0 Safari/537.36"
89.110.126.203 - - [23/Oct/2025:16:25:50 -0700] "GET /wp-content/uploads/2023/ HTTP/1.1" 404 110716 "-" "Mozilla/5.0 (Windows NT 10.0; Win64; x64) AppleWebKit/537.36 (KHTML, like Gecko) Chrome/115.0.0.0 Safari/537.36"
89.110.126.203 - - [23/Oct/2025:16:25:51 -0700] "GET /wp-content/uploads/2022/ HTTP/1.1" 404 110716 "-" "Mozilla/5.0 (Windows NT 10.0; Win64; x64) AppleWebKit/537.36 (KHTML, like Gecko) Chrome/115.0.0.0 Safari/537.36"
89.110.126.203 - - [23/Oct/2025:16:25:53 -0700] "GET /wp-content/uploads/2021/ HTTP/1.1" 404 110716 "-" "Mozilla/5.0 (Windows NT 10.0; Win64; x64) AppleWebKit/537.36 (KHTML, like Gecko) Chrome/115.0.0.0 Safari/537.36"
89.110.126.203 - - [23/Oct/2025:16:25:54 -0700] "GET /wp-content/themes/ HTTP/1.1" 404 110623 "-" "Mozilla/5.0 (Windows NT 10.0; Win64; x64) AppleWebKit/537.36 (KHTML, like Gecko) Chrome/115.0.0.0 Safari/537.36"
89.110.126.203 - - [23/Oct/2025:16:25:56 -0700] "GET /wp-content/themes/twentytwentythree/ HTTP/1.1" 404 110716 "-" "Mozilla/5.0 (Windows NT 10.0; Win64; x64) AppleWebKit/537.36 (KHTML, like Gecko) Chrome/115.0.0.0 Safari/537.36"
89.110.126.203 - - [23/Oct/2025:16:25:57 -0700] "GET /wp-content/themes/twentytwentytwo/ HTTP/1.1" 404 110716 "-" "Mozilla/5.0 (Windows NT 10.0; Win64; x64) AppleWebKit/537.36 (KHTML, like Gecko) Chrome/115.0.0.0 Safari/537.36"
89.110.126.203 - - [23/Oct/2025:16:25:59 -0700] "GET /wp-content/themes/astra/ HTTP/1.1" 404 110716 "-" "Mozilla/5.0 (Windows NT 10.0; Win64; x64) AppleWebKit/537.36 (KHTML, like Gecko) Chrome/115.0.0.0 Safari/537.36"
89.110.126.203 - - [23/Oct/2025:16:26:00 -0700] "GET /wp-content/themes/hello-elementor/ HTTP/1.1" 404 110716 "-" "Mozilla/5.0 (Windows NT 10.0; Win64; x64) AppleWebKit/537.36 (KHTML, like Gecko) Chrome/115.0.0.0 Safari/537.36"
69.163.179.91 - - [23/Oct/2025:16:26:03 -0700] "POST /wp-cron.php?doing_wp_cron=1761261963.1598351001739501953125 HTTP/1.1" 200 3647 "-" "WordPress/6.8.3; https://www.elconferencista.com"
89.110.126.203 - - [23/Oct/2025:16:26:02 -0700] "GET /wp-content/themes/oceanwp/ HTTP/1.1" 404 110716 "-" "Mozilla/5.0 (Windows NT 10.0; Win64; x64) AppleWebKit/537.36 (KHTML, like Gecko) Chrome/115.0.0.0 Safari/537.36"
89.110.126.203 - - [23/Oct/2025:16:26:04 -0700] "GET /wp-content/themes/neve/ HTTP/1.1" 404 110716 "-" "Mozilla/5.0 (Windows NT 10.0; Win64; x64) AppleWebKit/537.36 (KHTML, like Gecko) Chrome/115.0.0.0 Safari/537.36"
89.110.126.203 - - [23/Oct/2025:16:26:06 -0700] "GET /wp-content/themes/divi/ HTTP/1.1" 404 110716 "-" "Mozilla/5.0 (Windows NT 10.0; Win64; x64) AppleWebKit/537.36 (KHTML, like Gecko) Chrome/115.0.0.0 Safari/537.36"
89.110.126.203 - - [23/Oct/2025:16:26:07 -0700] "GET /wp-content/plugins/ HTTP/1.1" 404 110623 "-" "Mozilla/5.0 (Windows NT 10.0; Win64; x64) AppleWebKit/537.36 (KHTML, like Gecko) Chrome/115.0.0.0 Safari/537.36"
89.110.126.203 - - [23/Oct/2025:16:26:09 -0700] "GET /wp-content/plugins/contact-form-7/ HTTP/1.1" 404 110716 "-" "Mozilla/5.0 (Windows NT 10.0; Win64; x64) AppleWebKit/537.36 (KHTML, like Gecko) Chrome/115.0.0.0 Safari/537.36"
89.110.126.203 - - [23/Oct/2025:16:26:10 -0700] "GET /wp-content/plugins/woocommerce/ HTTP/1.1" 404 110716 "-" "Mozilla/5.0 (Windows NT 10.0; Win64; x64) AppleWebKit/537.36 (KHTML, like Gecko) Chrome/115.0.0.0 Safari/537.36"
89.110.126.203 - - [23/Oct/2025:16:26:12 -0700] "GET /wp-content/plugins/elementor/ HTTP/1.1" 404 110716 "-" "Mozilla/5.0 (Windows NT 10.0; Win64; x64) AppleWebKit/537.36 (KHTML, like Gecko) Chrome/115.0.0.0 Safari/537.36"
89.110.126.203 - - [23/Oct/2025:16:26:13 -0700] "GET /wp-content/plugins/wpforms-lite/ HTTP/1.1" 404 110716 "-" "Mozilla/5.0 (Windows NT 10.0; Win64; x64) AppleWebKit/537.36 (KHTML, like Gecko) Chrome/115.0.0.0 Safari/537.36"
89.110.126.203 - - [23/Oct/2025:16:26:15 -0700] "GET /wp-content/plugins/updraftplus/ HTTP/1.1" 404 110716 "-" "Mozilla/5.0 (Windows NT 10.0; Win64; x64) AppleWebKit/537.36 (KHTML, like Gecko) Chrome/115.0.0.0 Safari/537.36"
89.110.126.203 - - [23/Oct/2025:16:26:16 -0700] "GET /wp-content/plugins/wordfence/ HTTP/1.1" 404 110716 "-" "Mozilla/5.0 (Windows NT 10.0; Win64; x64) AppleWebKit/537.36 (KHTML, like Gecko) Chrome/115.0.0.0 Safari/537.36"
89.110.126.203 - - [23/Oct/2025:16:26:18 -0700] "GET /.well-known/ HTTP/1.1" 404 110623 "-" "Mozilla/5.0 (Windows NT 10.0; Win64; x64) AppleWebKit/537.36 (KHTML, like Gecko) Chrome/115.0.0.0 Safari/537.36"
40.160.16.154 - - [23/Oct/2025:16:31:34 -0700] "GET / HTTP/2.0" 301 347 "-" "Mozilla/5.0 (Windows NT 10.0; Win64; x64) AppleWebKit/537.36 (KHTML, like Gecko) Chrome/135.0.0.0 Safari/537.36"
40.160.16.154 - - [23/Oct/2025:16:31:35 -0700] "GET / HTTP/2.0" 429 348 "https://elconferencista.com/" "Mozilla/5.0 (Windows NT 10.0; Win64; x64) AppleWebKit/537.36 (KHTML, like Gecko) Chrome/135.0.0.0 Safari/537.36"
69.163.179.91 - - [23/Oct/2025:16:45:18 -0700] "POST /wp-cron.php?doing_wp_cron=1761263118.5683100223541259765625 HTTP/1.1" 200 3647 "-" "WordPress/6.8.3; https://www.elconferencista.com"
69.163.179.91 - - [23/Oct/2025:16:45:19 -0700] "POST /wp-cron.php?doing_wp_cron=1761263119.6042890548706054687500 HTTP/1.1" 200 3647 "-" "WordPress/6.8.3; https://www.elconferencista.com"
114.119.133.126 - - [23/Oct/2025:16:45:17 -0700] "GET / HTTP/1.1" 200 34798 "-" "Mozilla/5.0 (Linux; Android 7.0;) AppleWebKit/537.36 (KHTML, like Gecko) Mobile Safari/537.36 (compatible; PetalBot;+https://webmaster.petalsearch.com/site/petalbot)"
95.169.180.109 - - [23/Oct/2025:16:46:12 -0700] "GET /wp-login.php HTTP/2.0" 429 351 "-" "Mozilla/5.0 (X11; Linux x86_64) AppleWebKit/537.36 (KHTML, like Gecko) Chrome/66.0.3359.158 Safari/537.36"
95.169.180.109 - - [23/Oct/2025:16:46:17 -0700] "POST /wp-login.php HTTP/2.0" 429 278 "https://www.elconferencista.com/wp-login.php" "Mozilla/5.0 (X11; Linux x86_64) AppleWebKit/537.36 (KHTML, like Gecko) Chrome/66.0.3359.158 Safari/537.36"
178.20.45.182 - - [23/Oct/2025:16:51:59 -0700] "GET / HTTP/1.0" 429 3595 "https://www.elconferencista.com/" "Mozilla/5.0 (Windows NT 10.0; Win64; x64) AppleWebKit/537.36 (KHTML, like Gecko) Chrome/130.0.0.0 Safari/537.36 CCleaner/130.0.0.0"
178.130.43.18 - - [23/Oct/2025:16:53:33 -0700] "GET / HTTP/1.1" 301 3857 "-" "Mozilla/5.0 (Windows NT 10.0; Win64; x64; rv:109.0) Gecko/20100101 Firefox/116.0"
51.222.168.194 - - [23/Oct/2025:16:53:33 -0700] "GET /2022/09/ HTTP/2.0" 200 23537 "-" "Mozilla/5.0 (compatible; AhrefsBot/7.0; +http://ahrefs.com/robot/)"
178.130.43.18 - - [23/Oct/2025:16:53:33 -0700] "GET / HTTP/1.1" 200 34853 "-" "Mozilla/5.0 (Windows NT 10.0; Win64; x64; rv:109.0) Gecko/20100101 Firefox/116.0"
178.130.43.18 - - [23/Oct/2025:16:53:37 -0700] "GET /wp-content/ HTTP/1.1" 200 294 "-" "Mozilla/5.0 (Windows NT 10.0; Win64; x64; rv:109.0) Gecko/20100101 Firefox/116.0"
69.163.179.91 - - [23/Oct/2025:16:53:35 -0700] "POST /wp-cron.php?doing_wp_cron=1761263615.7327280044555664062500 HTTP/1.1" 200 3647 "-" "WordPress/6.8.3; https://www.elconferencista.com"
178.130.43.18 - - [23/Oct/2025:16:53:38 -0700] "GET /wp-includes/ HTTP/1.1" 404 110623 "-" "Mozilla/5.0 (Windows NT 10.0; Win64; x64; rv:109.0) Gecko/20100101 Firefox/116.0"
178.130.43.18 - - [23/Oct/2025:16:53:39 -0700] "GET /wp-admin/ HTTP/1.1" 302 496 "-" "Mozilla/5.0 (Windows NT 10.0; Win64; x64; rv:109.0) Gecko/20100101 Firefox/116.0"
178.130.43.18 - - [23/Oct/2025:16:53:40 -0700] "GET /wp-content/uploads/ HTTP/1.1" 404 110623 "-" "Mozilla/5.0 (Windows NT 10.0; Win64; x64; rv:109.0) Gecko/20100101 Firefox/116.0"
178.130.43.18 - - [23/Oct/2025:16:53:41 -0700] "GET /wp-content/uploads/2025/ HTTP/1.1" 404 110716 "-" "Mozilla/5.0 (Windows NT 10.0; Win64; x64; rv:109.0) Gecko/20100101 Firefox/116.0"
178.130.43.18 - - [23/Oct/2025:16:53:43 -0700] "GET /wp-content/uploads/2024/ HTTP/1.1" 404 110716 "-" "Mozilla/5.0 (Windows NT 10.0; Win64; x64; rv:109.0) Gecko/20100101 Firefox/116.0"
178.130.43.18 - - [23/Oct/2025:16:53:44 -0700] "GET /wp-content/uploads/2023/ HTTP/1.1" 404 110716 "-" "Mozilla/5.0 (Windows NT 10.0; Win64; x64; rv:109.0) Gecko/20100101 Firefox/116.0"
178.130.43.18 - - [23/Oct/2025:16:53:46 -0700] "GET /wp-content/uploads/2022/ HTTP/1.1" 404 110716 "-" "Mozilla/5.0 (Windows NT 10.0; Win64; x64; rv:109.0) Gecko/20100101 Firefox/116.0"
178.130.43.18 - - [23/Oct/2025:16:53:47 -0700] "GET /wp-content/uploads/2021/ HTTP/1.1" 404 110716 "-" "Mozilla/5.0 (Windows NT 10.0; Win64; x64; rv:109.0) Gecko/20100101 Firefox/116.0"
178.130.43.18 - - [23/Oct/2025:16:53:48 -0700] "GET /wp-content/themes/ HTTP/1.1" 404 110623 "-" "Mozilla/5.0 (Windows NT 10.0; Win64; x64; rv:109.0) Gecko/20100101 Firefox/116.0"
178.130.43.18 - - [23/Oct/2025:16:53:50 -0700] "GET /wp-content/themes/twentytwentythree/ HTTP/1.1" 404 110716 "-" "Mozilla/5.0 (Windows NT 10.0; Win64; x64; rv:109.0) Gecko/20100101 Firefox/116.0"
178.130.43.18 - - [23/Oct/2025:16:53:51 -0700] "GET /wp-content/themes/twentytwentytwo/ HTTP/1.1" 404 110716 "-" "Mozilla/5.0 (Windows NT 10.0; Win64; x64; rv:109.0) Gecko/20100101 Firefox/116.0"
178.130.43.18 - - [23/Oct/2025:16:53:53 -0700] "GET /wp-content/themes/astra/ HTTP/1.1" 404 110716 "-" "Mozilla/5.0 (Windows NT 10.0; Win64; x64; rv:109.0) Gecko/20100101 Firefox/116.0"
178.130.43.18 - - [23/Oct/2025:16:53:54 -0700] "GET /wp-content/themes/hello-elementor/ HTTP/1.1" 404 110716 "-" "Mozilla/5.0 (Windows NT 10.0; Win64; x64; rv:109.0) Gecko/20100101 Firefox/116.0"
178.130.43.18 - - [23/Oct/2025:16:53:56 -0700] "GET /wp-content/themes/oceanwp/ HTTP/1.1" 404 110716 "-" "Mozilla/5.0 (Windows NT 10.0; Win64; x64; rv:109.0) Gecko/20100101 Firefox/116.0"
178.130.43.18 - - [23/Oct/2025:16:53:58 -0700] "GET /wp-content/themes/neve/ HTTP/1.1" 404 110716 "-" "Mozilla/5.0 (Windows NT 10.0; Win64; x64; rv:109.0) Gecko/20100101 Firefox/116.0"
178.130.43.18 - - [23/Oct/2025:16:53:59 -0700] "GET /wp-content/themes/divi/ HTTP/1.1" 404 110716 "-" "Mozilla/5.0 (Windows NT 10.0; Win64; x64; rv:109.0) Gecko/20100101 Firefox/116.0"
178.130.43.18 - - [23/Oct/2025:16:54:00 -0700] "GET /wp-content/plugins/ HTTP/1.1" 404 110623 "-" "Mozilla/5.0 (Windows NT 10.0; Win64; x64; rv:109.0) Gecko/20100101 Firefox/116.0"
69.163.179.91 - - [23/Oct/2025:16:54:03 -0700] "POST /wp-cron.php?doing_wp_cron=1761263643.0663330554962158203125 HTTP/1.1" 200 3647 "-" "WordPress/6.8.3; https://www.elconferencista.com"
178.130.43.18 - - [23/Oct/2025:16:54:02 -0700] "GET /wp-content/plugins/contact-form-7/ HTTP/1.1" 404 110716 "-" "Mozilla/5.0 (Windows NT 10.0; Win64; x64; rv:109.0) Gecko/20100101 Firefox/116.0"
178.130.43.18 - - [23/Oct/2025:16:54:04 -0700] "GET /wp-content/plugins/woocommerce/ HTTP/1.1" 404 110716 "-" "Mozilla/5.0 (Windows NT 10.0; Win64; x64; rv:109.0) Gecko/20100101 Firefox/116.0"
178.130.43.18 - - [23/Oct/2025:16:54:06 -0700] "GET /wp-content/plugins/elementor/ HTTP/1.1" 404 110716 "-" "Mozilla/5.0 (Windows NT 10.0; Win64; x64; rv:109.0) Gecko/20100101 Firefox/116.0"
178.130.43.18 - - [23/Oct/2025:16:54:07 -0700] "GET /wp-content/plugins/wpforms-lite/ HTTP/1.1" 404 110716 "-" "Mozilla/5.0 (Windows NT 10.0; Win64; x64; rv:109.0) Gecko/20100101 Firefox/116.0"
178.130.43.18 - - [23/Oct/2025:16:54:09 -0700] "GET /wp-content/plugins/updraftplus/ HTTP/1.1" 404 110716 "-" "Mozilla/5.0 (Windows NT 10.0; Win64; x64; rv:109.0) Gecko/20100101 Firefox/116.0"
178.130.43.18 - - [23/Oct/2025:16:54:10 -0700] "GET /wp-content/plugins/wordfence/ HTTP/1.1" 404 110716 "-" "Mozilla/5.0 (Windows NT 10.0; Win64; x64; rv:109.0) Gecko/20100101 Firefox/116.0"
178.130.43.18 - - [23/Oct/2025:16:54:12 -0700] "GET /.well-known/ HTTP/1.1" 404 110623 "-" "Mozilla/5.0 (Windows NT 10.0; Win64; x64; rv:109.0) Gecko/20100101 Firefox/116.0"
112.86.225.11 - - [23/Oct/2025:17:07:08 -0700] "GET / HTTP/1.1" 200 34842 "-" "Sogou web spider/4.0(+http://www.sogou.com/docs/help/webmasters.htm#07)"
69.163.179.91 - - [23/Oct/2025:17:07:10 -0700] "POST /wp-cron.php?doing_wp_cron=1761264430.2192730903625488281250 HTTP/1.1" 200 3647 "-" "WordPress/6.8.3; https://www.elconferencista.com"
72.18.130.250 - - [23/Oct/2025:17:08:14 -0700] "POST /xmlrpc.php HTTP/1.1" 429 3578 "-" "Mozilla/5.0 (X11; Ubuntu; Linux x86_64; rv:85.0) Gecko/20100101 Firefox/91.0"
223.109.252.230 - - [23/Oct/2025:17:08:31 -0700] "GET / HTTP/1.1" 200 34842 "-" "Sogou web spider/4.0(+http://www.sogou.com/docs/help/webmasters.htm#07)"
69.163.179.91 - - [23/Oct/2025:17:08:33 -0700] "POST /wp-cron.php?doing_wp_cron=1761264513.5286309719085693359375 HTTP/1.1" 200 3647 "-" "WordPress/6.8.3; https://www.elconferencista.com"
40.160.16.154 - - [23/Oct/2025:17:12:55 -0700] "GET / HTTP/2.0" 429 348 "-" "Mozilla/5.0 (Windows NT 10.0; Win64; x64) AppleWebKit/537.36 (KHTML, like Gecko) Chrome/135.0.0.0 Safari/537.36"
35.77.213.191 - - [23/Oct/2025:17:15:37 -0700] "GET /wp-login.php HTTP/2.0" 429 351 "-" "Mozilla/5.0 (Windows NT 6.1; WOW64) AppleWebKit/537.36 (KHTML, like Gecko) Chrome/65.0.3325.181 Safari/537.36"
180.110.203.108 - - [23/Oct/2025:17:20:23 -0700] "GET / HTTP/1.1" 429 3797 "http://www.elconferencista.com" "Mozilla/5.0 (iPhone; CPU iPhone OS 13_2_3 like Mac OS X) AppleWebKit/605.1.15 (KHTML, like Gecko) Version/13.0.3 Mobile/15E148 Safari/604.1"
89.117.74.114 - - [23/Oct/2025:17:26:15 -0700] "GET /wp-login.php HTTP/2.0" 429 351 "-" "Mozilla/5.0 (Windows NT 6.2; Win64; x64) AppleWebKit/537.36 (KHTML, like Gecko) Chrome/66.0.3359.181 Safari/537.36"
89.117.74.114 - - [23/Oct/2025:17:26:15 -0700] "POST /wp-login.php HTTP/2.0" 429 255 "https://www.elconferencista.com/wp-login.php" "Mozilla/5.0 (Windows NT 6.2; Win64; x64) AppleWebKit/537.36 (KHTML, like Gecko) Chrome/66.0.3359.181 Safari/537.36"
195.2.71.225 - - [23/Oct/2025:17:26:48 -0700] "GET / HTTP/1.0" 200 162370 "https://www.elconferencista.com/" "Mozilla/5.0 (Windows NT 10.0; Win64; x64) AppleWebKit/537.36 (KHTML, like Gecko) Chrome/131.0.0.0 Safari/537.36 Avast/131.0.0.0"
69.163.179.91 - - [23/Oct/2025:17:26:49 -0700] "POST /wp-cron.php?doing_wp_cron=1761265609.8980469703674316406250 HTTP/1.1" 200 3647 "-" "WordPress/6.8.3; https://www.elconferencista.com"
69.163.179.91 - - [23/Oct/2025:17:27:06 -0700] "POST /wp-cron.php?doing_wp_cron=1761265626.0547270774841308593750 HTTP/1.1" 200 3647 "-" "WordPress/6.8.3; https://www.elconferencista.com"
195.2.71.225 - - [23/Oct/2025:17:27:05 -0700] "GET / HTTP/1.0" 200 162370 "https://www.elconferencista.com/" "Mozilla/5.0 (Windows NT 10.0; Win64; x64) AppleWebKit/537.36 (KHTML, like Gecko) Chrome/130.0.0.0 Safari/537.36"
195.2.71.225 - - [23/Oct/2025:17:29:05 -0700] "GET / HTTP/1.0" 200 162370 "https://www.elconferencista.com/" "Mozilla/5.0 (Windows NT 10.0; Win64; x64) AppleWebKit/537.36 (KHTML, like Gecko) Chrome/130.0.0.0 Safari/537.36"
69.163.179.91 - - [23/Oct/2025:17:29:07 -0700] "POST /wp-cron.php?doing_wp_cron=1761265747.2513809204101562500000 HTTP/1.1" 200 3647 "-" "WordPress/6.8.3; https://www.elconferencista.com"
4.43.184.114 - - [23/Oct/2025:17:29:35 -0700] "GET / HTTP/1.0" 421 2900 "-" "Mozilla/5.0 (Windows NT 5.1) AppleWebKit/535.1 (KHTML, like Gecko) Chrome/14.0.835.187 Safari/535.1"
134.199.201.165 - - [23/Oct/2025:17:29:40 -0700] "GET /wp-login.php/ HTTP/1.1" 200 7233 "-" "Mozilla/5.0 (Windows NT 10.0; Win64; x64) AppleWebKit/537.36 (KHTML, like Gecko) Chrome/141.0.0.0 Safari/537.36 Edg/141.0.0.0"
134.199.201.165 - - [23/Oct/2025:17:29:41 -0700] "POST /wp-login.php HTTP/1.1" 200 4022 "-" "Mozilla/5.0 (Windows NT 10.0; Win64; x64) AppleWebKit/537.36 (KHTML, like Gecko) Chrome/141.0.0.0 Safari/537.36 Edg/141.0.0.0"
47.242.200.104 - - [23/Oct/2025:17:31:05 -0700] "GET /wp-login.php HTTP/2.0" 429 351 "-" "Mozilla/5.0 (Macintosh; Intel Mac OS X 10_10_5) AppleWebKit/602.3.12 (KHTML, like Gecko) Version/10.0.2 Safari/602.3.12"
47.242.200.104 - - [23/Oct/2025:17:31:08 -0700] "POST /wp-login.php HTTP/2.0" 429 278 "https://www.elconferencista.com/wp-login.php" "Mozilla/5.0 (Macintosh; Intel Mac OS X 10_10_5) AppleWebKit/602.3.12 (KHTML, like Gecko) Version/10.0.2 Safari/602.3.12"
195.2.71.225 - - [23/Oct/2025:17:34:23 -0700] "GET / HTTP/1.0" 200 162370 "https://www.elconferencista.com/" "Mozilla/5.0 (Windows NT 10.0; Win64; x64) AppleWebKit/537.36 (KHTML, like Gecko) Chrome/130.0.0.0 Safari/537.36 CCleaner/130.0.0.0"
69.163.179.91 - - [23/Oct/2025:17:34:25 -0700] "POST /wp-cron.php?doing_wp_cron=1761266065.0632400512695312500000 HTTP/1.1" 200 3647 "-" "WordPress/6.8.3; https://www.elconferencista.com"
195.2.71.225 - - [23/Oct/2025:17:34:29 -0700] "GET / HTTP/1.0" 200 162370 "https://www.elconferencista.com/" "Mozilla/5.0 (Windows NT 10.0; Win64; x64) AppleWebKit/537.36 (KHTML, like Gecko) Chrome/131.0.0.0 Safari/537.36 Avast/131.0.0.0"
69.163.179.91 - - [23/Oct/2025:17:35:07 -0700] "POST /wp-cron.php?doing_wp_cron=1761266107.4894380569458007812500 HTTP/1.1" 200 3647 "-" "WordPress/6.8.3; https://www.elconferencista.com"
220.181.108.157 - - [23/Oct/2025:17:35:06 -0700] "GET /pasos-importantes-para-lograr-estar-entre-los-conferencistas-famosos/ HTTP/1.1" 404 113874 "-" "Mozilla/5.0 (compatible; Baiduspider/2.0; +http://www.baidu.com/search/spider.html)"
20.10.180.11 - - [23/Oct/2025:17:35:31 -0700] "HEAD /wordpress/ HTTP/2.0" 429 108 "http://elconferencista.com/wordpress/" "Mozilla/5.0 (Windows NT 10.0; Win64; x64) AppleWebKit/537.36 (KHTML, like Gecko) Chrome/122.0.0.0 Safari/537.36 Edg/122.0.2365.66"
20.10.180.11 - - [23/Oct/2025:17:35:32 -0700] "HEAD /en/ HTTP/2.0" 429 37 "http://elconferencista.com/en/" "Mozilla/5.0 (Linux; Android 14; Pixel 8 Pro) AppleWebKit/537.36 (KHTML, like Gecko) Chrome/124.0.6367.56 Mobile Safari/537.36"
20.10.180.11 - - [23/Oct/2025:17:35:32 -0700] "HEAD /blog/ HTTP/2.0" 429 14 "http://elconferencista.com/blog/" "Mozilla/5.0 (Windows NT 11.0; Win64; x64) AppleWebKit/537.36 (KHTML, like Gecko) Chrome/124.0.6367.62 Safari/537.36"
20.10.180.11 - - [23/Oct/2025:17:35:32 -0700] "HEAD /site1/ HTTP/2.0" 429 14 "http://elconferencista.com/site1/" "Mozilla/5.0 (Macintosh; Intel Mac OS X 14_4) AppleWebKit/605.1.15 (KHTML, like Gecko) Version/17.4 Safari/605.1.15"
20.10.180.11 - - [23/Oct/2025:17:35:32 -0700] "HEAD /news/ HTTP/2.0" 429 14 "http://elconferencista.com/news/" "Mozilla/5.0 (X11; Ubuntu; Linux x86_64; rv:124.0) Gecko/20100101 Firefox/124.0"
20.10.180.11 - - [23/Oct/2025:17:35:32 -0700] "HEAD /shop/ HTTP/2.0" 429 14 "http://elconferencista.com/shop/" "Mozilla/5.0 (Windows NT 6.1; Win64; x64; rv:115.0) Gecko/20100101 Firefox/115.0"
20.10.180.11 - - [23/Oct/2025:17:35:32 -0700] "HEAD /de/ HTTP/2.0" 429 14 "http://elconferencista.com/de/" "Mozilla/5.0 (iPad; CPU OS 16_6 like Mac OS X) AppleWebKit/605.1.15 (KHTML, like Gecko) Version/16.6 Mobile/15E148 Safari/604.1"
20.10.180.11 - - [23/Oct/2025:17:35:33 -0700] "HEAD /press/ HTTP/2.0" 429 37 "http://elconferencista.com/press/" "Mozilla/5.0 (Macintosh; Intel Mac OS X 14_4) AppleWebKit/605.1.15 (KHTML, like Gecko) Version/17.4 Safari/605.1.15"
20.10.180.11 - - [23/Oct/2025:17:35:33 -0700] "HEAD /portal/ HTTP/2.0" 429 14 "http://elconferencista.com/portal/" "Mozilla/5.0 (Linux; U; Android 11; en-US; V2027) AppleWebKit/537.36 (KHTML, like Gecko) Version/4.0 Chrome/89.0.4389.116 UCBrowser/13.4.0.1306 Mobile Safari/537.36"
20.10.180.11 - - [23/Oct/2025:17:35:33 -0700] "HEAD /blog2/ HTTP/2.0" 429 14 "http://elconferencista.com/blog2/" "Mozilla/5.0 (Macintosh; Intel Mac OS X 13_6) AppleWebKit/537.36 (KHTML, like Gecko) Chrome/122.0.6280.88 Safari/537.36"
20.10.180.11 - - [23/Oct/2025:17:35:33 -0700] "HEAD /home/ HTTP/2.0" 429 14 "http://elconferencista.com/home/" "Mozilla/5.0 (X11; Linux x86_64) AppleWebKit/537.36 (KHTML, like Gecko) Chrome/126.0.6478.20 Safari/537.36"
20.10.180.11 - - [23/Oct/2025:17:35:33 -0700] "HEAD / HTTP/2.0" 429 14 "http://elconferencista.com/" "Mozilla/5.0 (Windows NT 10.0; Win64; x64) AppleWebKit/537.36 (KHTML, like Gecko) Chrome/120.0.6099.200 YaBrowser/24.1.0.0 Safari/537.36"
20.10.180.11 - - [23/Oct/2025:17:35:33 -0700] "HEAD /v2/ HTTP/2.0" 429 14 "http://elconferencista.com/v2/" "Mozilla/5.0 (Linux; Android 13; SAMSUNG SM-S918B) AppleWebKit/537.36 (KHTML, like Gecko) SamsungBrowser/24.0 Chrome/120.0.6099.144 Mobile Safari/537.36"
20.10.180.11 - - [23/Oct/2025:17:35:34 -0700] "HEAD /wp/ HTTP/2.0" 429 37 "http://elconferencista.com/wp/" "Mozilla/5.0 (Linux; Android 13; SAMSUNG SM-S918B) AppleWebKit/537.36 (KHTML, like Gecko) SamsungBrowser/24.0 Chrome/120.0.6099.144 Mobile Safari/537.36"
20.10.180.11 - - [23/Oct/2025:17:35:34 -0700] "HEAD /fr/ HTTP/2.0" 429 14 "http://elconferencista.com/fr/" "Mozilla/5.0 (Windows NT 11.0; Win64; x64; rv:126.0) Gecko/20100101 Firefox/126.0"
20.10.180.11 - - [23/Oct/2025:17:35:34 -0700] "HEAD /new/ HTTP/2.0" 429 14 "http://elconferencista.com/new/" "Mozilla/5.0 (Windows NT 10.0; Win64; x64) AppleWebKit/537.36 (KHTML, like Gecko) Chrome/123.0.6312.86 Safari/537.36"
20.10.180.11 - - [23/Oct/2025:17:35:34 -0700] "HEAD /us/ HTTP/2.0" 429 14 "http://elconferencista.com/us/" "Mozilla/5.0 (iPhone; CPU iPhone OS 17_4 like Mac OS X) AppleWebKit/605.1.15 (KHTML, like Gecko) Version/17.4 Mobile/15E148 Safari/604.1"
20.10.180.11 - - [23/Oct/2025:17:35:34 -0700] "HEAD /cms/ HTTP/2.0" 429 14 "http://elconferencista.com/cms/" "Mozilla/5.0 (Linux; Android 12; CPH2381) AppleWebKit/537.36 (KHTML, like Gecko) Chrome/119.0.6045.163 Mobile Safari/537.36 OPR/76.3.4027.73374"
20.10.180.11 - - [23/Oct/2025:17:35:34 -0700] "HEAD /site/ HTTP/2.0" 429 14 "http://elconferencista.com/site/" "Mozilla/5.0 (Windows NT 10.0; Win64; x64) AppleWebKit/537.36 (KHTML, like Gecko) Chrome/122.0.0.0 Safari/537.36 Edg/122.0.2365.66"
20.10.180.11 - - [23/Oct/2025:17:35:34 -0700] "HEAD /media/ HTTP/2.0" 429 14 "http://elconferencista.com/media/" "Mozilla/5.0 (iPhone; CPU iPhone OS 17_2 like Mac OS X) AppleWebKit/605.1.15 (KHTML, like Gecko) CriOS/124.0.6367.56 Mobile/15E148 Safari/604.1"
20.10.180.11 - - [23/Oct/2025:17:35:35 -0700] "HEAD /store/ HTTP/2.0" 429 37 "http://elconferencista.com/store/" "Mozilla/5.0 (Windows NT 6.1; Win64; x64) AppleWebKit/537.36 (KHTML, like Gecko) Chrome/109.0.5414.120 Safari/537.36"
20.10.180.11 - - [23/Oct/2025:17:35:35 -0700] "HEAD /content/ HTTP/2.0" 429 14 "http://elconferencista.com/content/" "Mozilla/5.0 (iPad; CPU OS 17_0 like Mac OS X) AppleWebKit/605.1.15 (KHTML, like Gecko) CriOS/123.0.6312.52 Mobile/15E148 Safari/604.1"
20.10.180.11 - - [23/Oct/2025:17:35:35 -0700] "HEAD /web/ HTTP/2.0" 429 14 "http://elconferencista.com/web/" "Mozilla/5.0 (X11; Linux x86_64) AppleWebKit/537.36 (KHTML, like Gecko) Chrome/121.0.6167.85 Safari/537.36"
20.10.180.11 - - [23/Oct/2025:17:35:35 -0700] "HEAD /main/ HTTP/2.0" 429 14 "http://elconferencista.com/main/" "Mozilla/5.0 (Macintosh; Intel Mac OS X 14_2) AppleWebKit/537.36 (KHTML, like Gecko) Chrome/121.0.6167.86 Safari/537.36 Brave/1.62.162"
20.10.180.11 - - [23/Oct/2025:17:35:35 -0700] "HEAD /2023/ HTTP/2.0" 429 14 "http://elconferencista.com/2023/" "Mozilla/5.0 (Windows NT 10.0; Win64; x64) AppleWebKit/537.36 (KHTML, like Gecko) Chrome/121.0.6167.140 Safari/537.36 Vivaldi/6.4.3160.47"
20.10.180.11 - - [23/Oct/2025:17:35:35 -0700] "HEAD /website/ HTTP/2.0" 429 14 "http://elconferencista.com/website/" "Mozilla/5.0 (Macintosh; Intel Mac OS X 14_4) AppleWebKit/605.1.15 (KHTML, like Gecko) Version/17.4 Safari/605.1.15"
20.10.180.11 - - [23/Oct/2025:17:35:36 -0700] "HEAD /old/ HTTP/2.0" 429 37 "http://elconferencista.com/old/" "Mozilla/5.0 (Windows NT 10.0; Win64; x64) AppleWebKit/537.36 (KHTML, like Gecko) Chrome/123.0.6312.86 Safari/537.36"
20.10.180.11 - - [23/Oct/2025:17:35:36 -0700] "HEAD /2024/ HTTP/2.0" 429 14 "http://elconferencista.com/2024/" "Mozilla/5.0 (X11; Linux x86_64) AppleWebKit/537.36 (KHTML, like Gecko) Chrome/121.0.6167.85 Safari/537.36"
20.10.180.11 - - [23/Oct/2025:17:35:36 -0700] "HEAD /backup/ HTTP/2.0" 429 14 "http://elconferencista.com/backup/" "Mozilla/5.0 (Windows NT 10.0; Win64; x64) AppleWebKit/537.36 (KHTML, like Gecko) Chrome/122.0.0.0 Safari/537.36 Edg/122.0.2365.66"
45.39.115.221 - - [23/Oct/2025:17:38:48 -0700] "GET /contacto/ HTTP/1.1" 404 113973 "-" "Mozilla/5.0 (Windows NT 10.0; WOW64) AppleWebKit/537.36 (KHTML, like Gecko) Chrome/114.0.0.0 Safari/537.36 Vivaldi/5.3.2679.68"
69.163.179.91 - - [23/Oct/2025:17:38:50 -0700] "POST /wp-cron.php?doing_wp_cron=1761266330.6069939136505126953125 HTTP/1.1" 200 3647 "-" "WordPress/6.8.3; https://www.elconferencista.com"
45.39.115.221 - - [23/Oct/2025:17:38:52 -0700] "GET / HTTP/1.1" 200 34843 "-" "Mozilla/5.0 (Windows NT 10.0; WOW64) AppleWebKit/537.36 (KHTML, like Gecko) Chrome/114.0.0.0 Safari/537.36 Vivaldi/5.3.2679.68"
45.39.115.221 - - [23/Oct/2025:17:38:55 -0700] "GET / HTTP/1.1" 200 34843 "https://www.elconferencista.com/" "Mozilla/5.0 (Windows NT 10.0; WOW64) AppleWebKit/537.36 (KHTML, like Gecko) Chrome/114.0.0.0 Safari/537.36 Vivaldi/5.3.2679.68"
45.39.115.221 - - [23/Oct/2025:17:38:58 -0700] "GET / HTTP/1.1" 200 34843 "https://www.elconferencista.com/contacto/" "Mozilla/5.0 (Windows NT 10.0; WOW64) AppleWebKit/537.36 (KHTML, like Gecko) Chrome/114.0.0.0 Safari/537.36 Vivaldi/5.3.2679.68"
130.33.52.240 - - [23/Oct/2025:17:41:14 -0700] "GET /wp-content/themes/seotheme/db.php?u HTTP/1.1" 429 3835 "www.google.com" "Mozlila/5.0 (Linux; Android 7.0; SM-G892A Bulid/NRD90M; wv) AppleWebKit/537.36 (KHTML, like Gecko) Version/4.0 Chrome/60.0.3112.107 Moblie Safari/537.36"
130.33.52.240 - - [23/Oct/2025:17:41:14 -0700] "GET / HTTP/1.1" 429 3835 "-" "Mozlila/5.0 (Linux; Android 7.0; SM-G892A Bulid/NRD90M; wv) AppleWebKit/537.36 (KHTML, like Gecko) Version/4.0 Chrome/60.0.3112.107 Moblie Safari/537.36"
130.33.52.240 - - [23/Oct/2025:17:41:14 -0700] "POST /ALFA_DATA/alfacgiapi/perl.alfa HTTP/1.1" 429 3835 "www.google.com" "Mozlila/5.0 (Linux; Android 7.0; SM-G892A Bulid/NRD90M; wv) AppleWebKit/537.36 (KHTML, like Gecko) Version/4.0 Chrome/60.0.3112.107 Moblie Safari/537.36"
130.33.52.240 - - [23/Oct/2025:17:41:14 -0700] "POST /wp-plain.php HTTP/1.1" 429 3835 "www.google.com" "Mozilla/5.0 (Linux; Android 7.0; SM-G892A Bulid/NRD90M; wv) AppleWebKit/537.36 (KHTML, like Gecko) Version/4.0 Chrome/60.0.3112.107 Moblie Safari/537.36"
130.33.52.240 - - [23/Oct/2025:17:41:15 -0700] "POST /alfacgiapi/perl.alfa HTTP/1.1" 429 507 "www.google.com" "Mozlila/5.0 (Linux; Android 7.0; SM-G892A Bulid/NRD90M; wv) AppleWebKit/537.36 (KHTML, like Gecko) Version/4.0 Chrome/60.0.3112.107 Moblie Safari/537.36"
130.33.52.240 - - [23/Oct/2025:17:41:17 -0700] "GET /wp-content/themes/seotheme/db.php?u HTTP/1.1" 301 3912 "www.google.com" "Mozlila/5.0 (Linux; Android 7.0; SM-G892A Bulid/NRD90M; wv) AppleWebKit/537.36 (KHTML, like Gecko) Version/4.0 Chrome/60.0.3112.107 Moblie Safari/537.36"
130.33.52.240 - - [23/Oct/2025:17:41:18 -0700] "GET /wvyjaqpo.php?Fox=d3wL7 HTTP/1.1" 301 3886 "www.google.com" "Mozilla/5.0 (Linux; Android 7.0; SM-G892A Bulid/NRD90M; wv) AppleWebKit/537.36 (KHTML, like Gecko) Version/4.0 Chrome/60.0.3112.107 Moblie Safari/537.36"
130.33.52.240 - - [23/Oct/2025:17:41:18 -0700] "GET /wp-content/themes/seotheme/db.php?u HTTP/1.1" 429 507 "www.google.com" "Mozlila/5.0 (Linux; Android 7.0; SM-G892A Bulid/NRD90M; wv) AppleWebKit/537.36 (KHTML, like Gecko) Version/4.0 Chrome/60.0.3112.107 Moblie Safari/537.36"
130.33.52.240 - - [23/Oct/2025:17:41:18 -0700] "GET /wvyjaqpo.php?Fox=d3wL7 HTTP/1.1" 429 507 "www.google.com" "Mozilla/5.0 (Linux; Android 7.0; SM-G892A Bulid/NRD90M; wv) AppleWebKit/537.36 (KHTML, like Gecko) Version/4.0 Chrome/60.0.3112.107 Moblie Safari/537.36"
178.20.45.182 - - [23/Oct/2025:17:46:28 -0700] "GET / HTTP/1.0" 429 3595 "https://www.elconferencista.com/" "Mozilla/5.0 (Windows NT 10.0; Win64; x64) AppleWebKit/537.36 (KHTML, like Gecko) Chrome/131.0.0.0 Safari/537.36"
178.20.45.182 - - [23/Oct/2025:17:49:20 -0700] "GET / HTTP/1.0" 429 3595 "https://www.elconferencista.com/" "Mozilla/5.0 (Windows NT 10.0; Win64; x64) AppleWebKit/537.36 (KHTML, like Gecko) Chrome/130.0.0.0 Safari/537.36 CCleaner/130.0.0.0"
208.109.34.209 - - [23/Oct/2025:17:49:49 -0700] "POST /xmlrpc.php HTTP/1.1" 429 3562 "-" "Mozilla/5.0 (X11; Ubuntu; Linux x86_64; rv:85.0) Gecko/20100101 Firefox/91.0"
196.251.87.191 - - [23/Oct/2025:17:56:31 -0700] "GET /jqueryfileupload/server/php/index.php?file=tf2rghf.jpg HTTP/1.1" 429 3835 "-" "ALittle Client"
178.20.45.182 - - [23/Oct/2025:18:01:22 -0700] "GET / HTTP/1.0" 429 3595 "https://www.elconferencista.com/" "Mozilla/5.0 (Windows NT 10.0; Win64; x64) AppleWebKit/537.36 (KHTML, like Gecko) Chrome/129.0.0.0 Safari/537.36"
173.245.203.240 - - [23/Oct/2025:18:01:24 -0700] "GET / HTTP/1.0" 429 3595 "https://www.elconferencista.com/" "Mozilla/5.0 (Windows NT 10.0; Win64; x64) AppleWebKit/537.36 (KHTML, like Gecko) Chrome/129.0.0.0 Safari/537.36"
108.179.241.217 - - [23/Oct/2025:18:03:39 -0700] "GET /wp-login.php HTTP/2.0" 200 3581 "-" "Mozilla/4.0 (compatible; MSIE 7.0; Windows NT 6.1; Trident/7.0; SLCC2; .NET CLR 2.0.50727; .NET CLR 3.5.30729; .NET CLR 3.0.30729; Media Center PC 6.0; .NET4.0C; .NET4.0E; Tablet PC 2.0; Alexa Toolbar)"
69.163.179.91 - - [23/Oct/2025:18:03:40 -0700] "POST /wp-cron.php?doing_wp_cron=1761267820.3238329887390136718750 HTTP/1.1" 200 3647 "-" "WordPress/6.8.3; https://www.elconferencista.com"
108.179.241.217 - - [23/Oct/2025:18:03:41 -0700] "POST /wp-login.php HTTP/2.0" 200 3464 "https://www.elconferencista.com/wp-login.php" "Mozilla/4.0 (compatible; MSIE 7.0; Windows NT 6.1; Trident/7.0; SLCC2; .NET CLR 2.0.50727; .NET CLR 3.5.30729; .NET CLR 3.0.30729; Media Center PC 6.0; .NET4.0C; .NET4.0E; Tablet PC 2.0; Alexa Toolbar)"
178.20.45.182 - - [23/Oct/2025:18:07:32 -0700] "GET / HTTP/1.0" 429 3595 "https://www.elconferencista.com/" "Mozilla/5.0 (Windows NT 10.0; Win64; x64) AppleWebKit/537.36 (KHTML, like Gecko) Chrome/129.0.0.0 Safari/537.36"
185.231.155.169 - - [23/Oct/2025:18:08:34 -0700] "GET / HTTP/1.0" 429 3595 "https://www.elconferencista.com/" "Mozilla/5.0 (Windows NT 10.0; Win64; x64) AppleWebKit/537.36 (KHTML, like Gecko) Chrome/130.0.0.0 Safari/537.36"
41.216.188.194 - - [23/Oct/2025:18:09:07 -0700] "POST /wp-login.php HTTP/1.1" 302 5036 "https://www.elconferencista.com/wp-admin/" "Mozilla/5.0 (Windows NT 10.0; Win64; x64) AppleWebKit/537.36 (KHTML, like Gecko) Chrome/90.0.4430.85 Safari/537.36"
41.216.188.194 - - [23/Oct/2025:18:09:10 -0700] "GET /wp-login.php?redirect_to=https%3A%2F%2Fwww.elconferencista.com%2Fwp-admin%2F&action=confirm_admin_email&wp_lang=es_ES HTTP/1.1" 200 2471 "https://www.elconferencista.com/wp-admin/" "Mozilla/5.0 (Windows NT 10.0; Win64; x64) AppleWebKit/537.36 (KHTML, like Gecko) Chrome/90.0.4430.85 Safari/537.36"
69.163.179.91 - - [23/Oct/2025:18:09:09 -0700] "POST /wp-cron.php?doing_wp_cron=1761268149.0818259716033935546875 HTTP/1.1" 200 3647 "-" "WordPress/6.8.3; https://www.elconferencista.com"
69.163.179.91 - - [23/Oct/2025:18:09:12 -0700] "POST /wp-cron.php?doing_wp_cron=1761268152.6137111186981201171875 HTTP/1.1" 200 3647 "-" "WordPress/6.8.3; https://www.elconferencista.com"
41.216.188.194 - - [23/Oct/2025:18:09:12 -0700] "GET /wp-admin/ HTTP/1.1" 200 55709 "https://www.google.com" "Mozilla/5.0 (Windows NT 10.0; Win64; x64) AppleWebKit/537.36 (KHTML, like Gecko) Chrome/90.0.4430.85 Safari/537.36"
142.44.233.252 - - [23/Oct/2025:18:09:27 -0700] "GET /sitemap.xml HTTP/2.0" 200 5814 "-" "Mozilla/5.0 (compatible; AhrefsBot/7.0; +http://ahrefs.com/robot/)"
195.20.233.67 - - [23/Oct/2025:18:14:40 -0700] "GET /wp-login.php HTTP/2.0" 429 351 "-" "Mozilla/5.0 (Windows NT 6.3; WOW64; Trident/7.0; MASMJS; rv:11.0) like Gecko"
195.20.233.67 - - [23/Oct/2025:18:14:42 -0700] "POST /wp-login.php HTTP/2.0" 429 278 "https://www.elconferencista.com/wp-login.php" "Mozilla/5.0 (Windows NT 6.3; WOW64; Trident/7.0; MASMJS; rv:11.0) like Gecko"
185.231.155.169 - - [23/Oct/2025:18:18:14 -0700] "GET / HTTP/1.0" 429 3595 "https://www.elconferencista.com/" "Mozilla/5.0 (Windows NT 10.0; Win64; x64) AppleWebKit/537.36 (KHTML, like Gecko) Chrome/130.0.0.0 Safari/537.36 CCleaner/130.0.0.0"
185.231.155.169 - - [23/Oct/2025:18:22:11 -0700] "GET / HTTP/1.0" 429 3595 "https://www.elconferencista.com/" "Mozilla/5.0 (Windows NT 10.0; Win64; x64) AppleWebKit/537.36 (KHTML, like Gecko) Chrome/130.0.0.0 Safari/537.36 CCleaner/130.0.0.0"
152.53.42.70 - - [23/Oct/2025:18:25:50 -0700] "GET /wp-login.php HTTP/2.0" 429 351 "-" "Mozilla/4.0 (compatible; MSIE 7.0; Windows NT 6.1; WOW64; Trident/7.0; SLCC2; .NET CLR 2.0.50727; .NET CLR 3.5.30729; .NET CLR 3.0.30729; Media Center PC 6.0; .NET4.0C; .NET4.0E)"
152.53.42.70 - - [23/Oct/2025:18:25:53 -0700] "POST /wp-login.php HTTP/2.0" 429 278 "https://www.elconferencista.com/wp-login.php" "Mozilla/4.0 (compatible; MSIE 7.0; Windows NT 6.1; WOW64; Trident/7.0; SLCC2; .NET CLR 2.0.50727; .NET CLR 3.5.30729; .NET CLR 3.0.30729; Media Center PC 6.0; .NET4.0C; .NET4.0E)"
176.124.200.208 - - [23/Oct/2025:18:31:10 -0700] "GET /wp-login.php HTTP/2.0" 429 361 "-" "Mozilla/4.0 (compatible; MSIE 7.0; Windows NT 6.3; WOW64; Trident/7.0; .NET4.0E; .NET4.0C; .NET CLR 3.5.30729; .NET CLR 2.0.50727; .NET CLR 3.0.30729)"
176.124.200.208 - - [23/Oct/2025:18:31:16 -0700] "POST /wp-login.php HTTP/2.0" 429 278 "https://www.elconferencista.com/wp-login.php" "Mozilla/4.0 (compatible; MSIE 7.0; Windows NT 6.3; WOW64; Trident/7.0; .NET4.0E; .NET4.0C; .NET CLR 3.5.30729; .NET CLR 2.0.50727; .NET CLR 3.0.30729)"
158.255.80.210 - - [23/Oct/2025:18:33:50 -0700] "POST /xmlrpc.php HTTP/1.1" 429 3562 "-" "Mozilla/5.0 (X11; Ubuntu; Linux x86_64; rv:85.0) Gecko/20100101 Firefox/91.0"
141.98.11.189 - - [23/Oct/2025:18:36:22 -0700] "GET /wp-login.php HTTP/1.1" 200 7233 "https://wordpress.org/" "Mozilla/5.0 (Macintosh; Intel Mac OS X 10_15_7) AppleWebKit/605.1.15 (KHTML, like Gecko) Version/16.6.1 Safari/605.1.15"
69.163.179.91 - - [23/Oct/2025:18:36:23 -0700] "POST /wp-cron.php?doing_wp_cron=1761269783.7954111099243164062500 HTTP/1.1" 200 3647 "-" "WordPress/6.8.3; https://www.elconferencista.com"
141.98.11.189 - - [23/Oct/2025:18:36:25 -0700] "POST /wp-login.php HTTP/1.1" 200 3972 "https://www.elconferencista.com/wp-login.php" "Mozilla/5.0 (X11; Ubuntu; Linux x86_64) AppleWebKit/537.36 (KHTML, like Gecko) Chrome/121.0.6167.85 Safari/537.36"
141.98.11.189 - - [23/Oct/2025:18:36:26 -0700] "GET /wp-admin/index.php HTTP/1.1" 302 505 "https://www.elconferencista.com/wp-login.php" "Mozilla/5.0 (X11; Ubuntu; Linux x86_64) AppleWebKit/537.36 (KHTML, like Gecko) Chrome/121.0.6167.85 Safari/537.36"
141.98.11.189 - - [23/Oct/2025:18:36:26 -0700] "GET /wp-login.php?redirect_to=https%3A%2F%2Fwww.elconferencista.com%2Fwp-admin%2Findex.php&reauth=1 HTTP/1.1" 200 5832 "https://www.elconferencista.com/wp-login.php" "Mozilla/5.0 (X11; Ubuntu; Linux x86_64) AppleWebKit/537.36 (KHTML, like Gecko) Chrome/121.0.6167.85 Safari/537.36"
141.98.11.189 - - [23/Oct/2025:18:36:27 -0700] "POST /wp-login.php HTTP/1.1" 200 3972 "https://www.elconferencista.com/wp-login.php" "Mozilla/5.0 (Windows NT 10.0; Win64; x64) AppleWebKit/537.36 (KHTML, like Gecko) Chrome/119.0.0.0 Safari/537.36 Edg/119.0.2151.97"
141.98.11.189 - - [23/Oct/2025:18:36:28 -0700] "GET /wp-admin/index.php HTTP/1.1" 302 505 "https://www.elconferencista.com/wp-login.php" "Mozilla/5.0 (Windows NT 10.0; Win64; x64) AppleWebKit/537.36 (KHTML, like Gecko) Chrome/119.0.0.0 Safari/537.36 Edg/119.0.2151.97"
141.98.11.189 - - [23/Oct/2025:18:36:29 -0700] "GET /wp-login.php?redirect_to=https%3A%2F%2Fwww.elconferencista.com%2Fwp-admin%2Findex.php&reauth=1 HTTP/1.1" 200 5832 "https://www.elconferencista.com/wp-login.php" "Mozilla/5.0 (Windows NT 10.0; Win64; x64) AppleWebKit/537.36 (KHTML, like Gecko) Chrome/119.0.0.0 Safari/537.36 Edg/119.0.2151.97"
141.98.11.189 - - [23/Oct/2025:18:36:30 -0700] "POST /wp-login.php HTTP/1.1" 200 3972 "https://www.elconferencista.com/wp-login.php" "Mozilla/5.0 (Macintosh; Intel Mac OS X 13_6_2) AppleWebKit/537.36 (KHTML, like Gecko) Chrome/118.0.5993.88 Safari/537.36"
141.98.11.189 - - [23/Oct/2025:18:36:30 -0700] "GET /wp-admin/index.php HTTP/1.1" 302 505 "https://www.elconferencista.com/wp-login.php" "Mozilla/5.0 (Macintosh; Intel Mac OS X 13_6_2) AppleWebKit/537.36 (KHTML, like Gecko) Chrome/118.0.5993.88 Safari/537.36"
141.98.11.189 - - [23/Oct/2025:18:36:31 -0700] "GET /wp-login.php?redirect_to=https%3A%2F%2Fwww.elconferencista.com%2Fwp-admin%2Findex.php&reauth=1 HTTP/1.1" 200 5832 "https://www.elconferencista.com/wp-login.php" "Mozilla/5.0 (Macintosh; Intel Mac OS X 13_6_2) AppleWebKit/537.36 (KHTML, like Gecko) Chrome/118.0.5993.88 Safari/537.36"
141.98.11.189 - - [23/Oct/2025:18:36:32 -0700] "POST /wp-login.php HTTP/1.1" 200 3972 "https://www.elconferencista.com/wp-login.php" "Mozilla/5.0 (Macintosh; Intel Mac OS X 13_6_1) AppleWebKit/605.1.15 (KHTML, like Gecko) Version/16.6.1 Safari/605.1.15"
141.98.11.189 - - [23/Oct/2025:18:36:33 -0700] "GET /wp-admin/index.php HTTP/1.1" 302 505 "https://www.elconferencista.com/wp-login.php" "Mozilla/5.0 (Macintosh; Intel Mac OS X 13_6_1) AppleWebKit/605.1.15 (KHTML, like Gecko) Version/16.6.1 Safari/605.1.15"
141.98.11.189 - - [23/Oct/2025:18:36:33 -0700] "GET /wp-login.php?redirect_to=https%3A%2F%2Fwww.elconferencista.com%2Fwp-admin%2Findex.php&reauth=1 HTTP/1.1" 200 5832 "https://www.elconferencista.com/wp-login.php" "Mozilla/5.0 (Macintosh; Intel Mac OS X 13_6_1) AppleWebKit/605.1.15 (KHTML, like Gecko) Version/16.6.1 Safari/605.1.15"
141.98.11.189 - - [23/Oct/2025:18:36:34 -0700] "POST /wp-login.php HTTP/1.1" 200 3972 "https://www.elconferencista.com/wp-login.php" "Mozilla/5.0 (Macintosh; Intel Mac OS X 10_15_7) AppleWebKit/537.36 (KHTML, like Gecko) Chrome/121.0.6167.85 Safari/537.36"
141.98.11.189 - - [23/Oct/2025:18:36:35 -0700] "GET /wp-admin/index.php HTTP/1.1" 302 505 "https://www.elconferencista.com/wp-login.php" "Mozilla/5.0 (Macintosh; Intel Mac OS X 10_15_7) AppleWebKit/537.36 (KHTML, like Gecko) Chrome/121.0.6167.85 Safari/537.36"
141.98.11.189 - - [23/Oct/2025:18:36:35 -0700] "GET /wp-login.php?redirect_to=https%3A%2F%2Fwww.elconferencista.com%2Fwp-admin%2Findex.php&reauth=1 HTTP/1.1" 200 5832 "https://www.elconferencista.com/wp-login.php" "Mozilla/5.0 (Macintosh; Intel Mac OS X 10_15_7) AppleWebKit/537.36 (KHTML, like Gecko) Chrome/121.0.6167.85 Safari/537.36"
141.98.11.189 - - [23/Oct/2025:18:36:36 -0700] "POST /wp-login.php HTTP/1.1" 418 776 "https://www.elconferencista.com/wp-login.php" "Mozilla/5.0 (Macintosh; Intel Mac OS X 11_7_2) AppleWebKit/605.1.15 (KHTML, like Gecko) Version/17.2.1 Safari/605.1.15"
141.98.11.189 - - [23/Oct/2025:18:36:36 -0700] "GET /wp-admin/index.php HTTP/1.1" 302 505 "https://www.elconferencista.com/wp-login.php" "Mozilla/5.0 (Macintosh; Intel Mac OS X 11_7_2) AppleWebKit/605.1.15 (KHTML, like Gecko) Version/17.2.1 Safari/605.1.15"
141.98.11.189 - - [23/Oct/2025:18:36:37 -0700] "GET /wp-login.php?redirect_to=https%3A%2F%2Fwww.elconferencista.com%2Fwp-admin%2Findex.php&reauth=1 HTTP/1.1" 200 5832 "https://www.elconferencista.com/wp-login.php" "Mozilla/5.0 (Macintosh; Intel Mac OS X 11_7_2) AppleWebKit/605.1.15 (KHTML, like Gecko) Version/17.2.1 Safari/605.1.15"
141.98.11.189 - - [23/Oct/2025:18:36:38 -0700] "POST /wp-login.php HTTP/1.1" 200 3972 "https://www.elconferencista.com/wp-login.php" "Mozilla/5.0 (Windows NT 10.0; Win64; x64) Gecko/20100101 Firefox/121.0"
141.98.11.189 - - [23/Oct/2025:18:36:39 -0700] "GET /wp-admin/index.php HTTP/1.1" 302 505 "https://www.elconferencista.com/wp-login.php" "Mozilla/5.0 (Windows NT 10.0; Win64; x64) Gecko/20100101 Firefox/121.0"
141.98.11.189 - - [23/Oct/2025:18:36:39 -0700] "GET /wp-login.php?redirect_to=https%3A%2F%2Fwww.elconferencista.com%2Fwp-admin%2Findex.php&reauth=1 HTTP/1.1" 200 5832 "https://www.elconferencista.com/wp-login.php" "Mozilla/5.0 (Windows NT 10.0; Win64; x64) Gecko/20100101 Firefox/121.0"
141.98.11.189 - - [23/Oct/2025:18:36:40 -0700] "POST /wp-login.php HTTP/1.1" 200 3972 "https://www.elconferencista.com/wp-login.php" "Mozilla/5.0 (Windows NT 10.0; Win64; x64) AppleWebKit/537.36 (KHTML, like Gecko) Chrome/118.0.5993.88 Safari/537.36"
141.98.11.189 - - [23/Oct/2025:18:36:41 -0700] "GET /wp-admin/index.php HTTP/1.1" 302 505 "https://www.elconferencista.com/wp-login.php" "Mozilla/5.0 (Windows NT 10.0; Win64; x64) AppleWebKit/537.36 (KHTML, like Gecko) Chrome/118.0.5993.88 Safari/537.36"
141.98.11.189 - - [23/Oct/2025:18:36:41 -0700] "GET /wp-login.php?redirect_to=https%3A%2F%2Fwww.elconferencista.com%2Fwp-admin%2Findex.php&reauth=1 HTTP/1.1" 200 5832 "https://www.elconferencista.com/wp-login.php" "Mozilla/5.0 (Windows NT 10.0; Win64; x64) AppleWebKit/537.36 (KHTML, like Gecko) Chrome/118.0.5993.88 Safari/537.36"
141.98.11.189 - - [23/Oct/2025:18:36:43 -0700] "POST /wp-login.php HTTP/1.1" 200 3972 "https://www.elconferencista.com/wp-login.php" "Mozilla/5.0 (Windows NT 10.0; Win64; x64) AppleWebKit/537.36 (KHTML, like Gecko) Chrome/121.0.0.0 Safari/537.36 Edg/121.0.2277.83"
141.98.11.189 - - [23/Oct/2025:18:36:43 -0700] "GET /wp-admin/index.php HTTP/1.1" 302 505 "https://www.elconferencista.com/wp-login.php" "Mozilla/5.0 (Windows NT 10.0; Win64; x64) AppleWebKit/537.36 (KHTML, like Gecko) Chrome/121.0.0.0 Safari/537.36 Edg/121.0.2277.83"
141.98.11.189 - - [23/Oct/2025:18:36:44 -0700] "GET /wp-login.php?redirect_to=https%3A%2F%2Fwww.elconferencista.com%2Fwp-admin%2Findex.php&reauth=1 HTTP/1.1" 200 5832 "https://www.elconferencista.com/wp-login.php" "Mozilla/5.0 (Windows NT 10.0; Win64; x64) AppleWebKit/537.36 (KHTML, like Gecko) Chrome/121.0.0.0 Safari/537.36 Edg/121.0.2277.83"
141.98.11.189 - - [23/Oct/2025:18:36:45 -0700] "POST /wp-login.php HTTP/1.1" 200 3972 "https://www.elconferencista.com/wp-login.php" "Mozilla/5.0 (Windows NT 10.0; Win64; x64) AppleWebKit/537.36 (KHTML, like Gecko) Chrome/120.0.0.0 Safari/537.36 Edg/120.0.2210.133"
141.98.11.189 - - [23/Oct/2025:18:36:45 -0700] "GET /wp-admin/index.php HTTP/1.1" 302 505 "https://www.elconferencista.com/wp-login.php" "Mozilla/5.0 (Windows NT 10.0; Win64; x64) AppleWebKit/537.36 (KHTML, like Gecko) Chrome/120.0.0.0 Safari/537.36 Edg/120.0.2210.133"
141.98.11.189 - - [23/Oct/2025:18:36:46 -0700] "GET /wp-login.php?redirect_to=https%3A%2F%2Fwww.elconferencista.com%2Fwp-admin%2Findex.php&reauth=1 HTTP/1.1" 200 5832 "https://www.elconferencista.com/wp-login.php" "Mozilla/5.0 (Windows NT 10.0; Win64; x64) AppleWebKit/537.36 (KHTML, like Gecko) Chrome/120.0.0.0 Safari/537.36 Edg/120.0.2210.133"
141.98.11.189 - - [23/Oct/2025:18:36:47 -0700] "POST /wp-login.php HTTP/1.1" 200 3972 "https://www.elconferencista.com/wp-login.php" "Mozilla/5.0 (Macintosh; Intel Mac OS X 10_15_7) AppleWebKit/605.1.15 (KHTML, like Gecko) Version/17.0 Safari/605.1.15"
141.98.11.189 - - [23/Oct/2025:18:36:48 -0700] "GET /wp-admin/index.php HTTP/1.1" 302 505 "https://www.elconferencista.com/wp-login.php" "Mozilla/5.0 (Macintosh; Intel Mac OS X 10_15_7) AppleWebKit/605.1.15 (KHTML, like Gecko) Version/17.0 Safari/605.1.15"
141.98.11.189 - - [23/Oct/2025:18:36:48 -0700] "GET /wp-login.php?redirect_to=https%3A%2F%2Fwww.elconferencista.com%2Fwp-admin%2Findex.php&reauth=1 HTTP/1.1" 200 5832 "https://www.elconferencista.com/wp-login.php" "Mozilla/5.0 (Macintosh; Intel Mac OS X 10_15_7) AppleWebKit/605.1.15 (KHTML, like Gecko) Version/17.0 Safari/605.1.15"
141.98.11.189 - - [23/Oct/2025:18:36:49 -0700] "POST /wp-login.php HTTP/1.1" 418 776 "https://www.elconferencista.com/wp-login.php" "Mozilla/5.0 (Macintosh; Intel Mac OS X 10.15) Gecko/20100101 Firefox/122.0"
141.98.11.189 - - [23/Oct/2025:18:36:50 -0700] "GET /wp-admin/index.php HTTP/1.1" 302 505 "https://www.elconferencista.com/wp-login.php" "Mozilla/5.0 (Macintosh; Intel Mac OS X 10.15) Gecko/20100101 Firefox/122.0"
141.98.11.189 - - [23/Oct/2025:18:36:50 -0700] "GET /wp-login.php?redirect_to=https%3A%2F%2Fwww.elconferencista.com%2Fwp-admin%2Findex.php&reauth=1 HTTP/1.1" 200 5832 "https://www.elconferencista.com/wp-login.php" "Mozilla/5.0 (Macintosh; Intel Mac OS X 10.15) Gecko/20100101 Firefox/122.0"
141.98.11.189 - - [23/Oct/2025:18:36:51 -0700] "POST /wp-login.php HTTP/1.1" 200 3972 "https://www.elconferencista.com/wp-login.php" "Mozilla/5.0 (Macintosh; Intel Mac OS X 13_6_2) AppleWebKit/537.36 (KHTML, like Gecko) Chrome/120.0.6099.130 Safari/537.36"
141.98.11.189 - - [23/Oct/2025:18:36:52 -0700] "GET /wp-admin/index.php HTTP/1.1" 302 505 "https://www.elconferencista.com/wp-login.php" "Mozilla/5.0 (Macintosh; Intel Mac OS X 13_6_2) AppleWebKit/537.36 (KHTML, like Gecko) Chrome/120.0.6099.130 Safari/537.36"
141.98.11.189 - - [23/Oct/2025:18:36:52 -0700] "GET /wp-login.php?redirect_to=https%3A%2F%2Fwww.elconferencista.com%2Fwp-admin%2Findex.php&reauth=1 HTTP/1.1" 200 5832 "https://www.elconferencista.com/wp-login.php" "Mozilla/5.0 (Macintosh; Intel Mac OS X 13_6_2) AppleWebKit/537.36 (KHTML, like Gecko) Chrome/120.0.6099.130 Safari/537.36"
141.98.11.189 - - [23/Oct/2025:18:36:53 -0700] "POST /wp-login.php HTTP/1.1" 200 4020 "https://www.elconferencista.com/wp-login.php" "Mozilla/5.0 (Macintosh; Intel Mac OS X 12_6_2) AppleWebKit/605.1.15 (KHTML, like Gecko) Version/16.6.1 Safari/605.1.15"
141.98.11.189 - - [23/Oct/2025:18:36:54 -0700] "GET /wp-admin/index.php HTTP/1.1" 302 505 "https://www.elconferencista.com/wp-login.php" "Mozilla/5.0 (Macintosh; Intel Mac OS X 12_6_2) AppleWebKit/605.1.15 (KHTML, like Gecko) Version/16.6.1 Safari/605.1.15"
141.98.11.189 - - [23/Oct/2025:18:36:54 -0700] "GET /wp-login.php?redirect_to=https%3A%2F%2Fwww.elconferencista.com%2Fwp-admin%2Findex.php&reauth=1 HTTP/1.1" 200 5832 "https://www.elconferencista.com/wp-login.php" "Mozilla/5.0 (Macintosh; Intel Mac OS X 12_6_2) AppleWebKit/605.1.15 (KHTML, like Gecko) Version/16.6.1 Safari/605.1.15"
141.98.11.189 - - [23/Oct/2025:18:36:55 -0700] "POST /wp-login.php HTTP/1.1" 200 4020 "https://www.elconferencista.com/wp-login.php" "Mozilla/5.0 (Windows NT 11.0; Win64; x64) AppleWebKit/537.36 (KHTML, like Gecko) Chrome/122.0.6261.57 Safari/537.36"
141.98.11.189 - - [23/Oct/2025:18:36:56 -0700] "GET /wp-admin/index.php HTTP/1.1" 302 505 "https://www.elconferencista.com/wp-login.php" "Mozilla/5.0 (Windows NT 11.0; Win64; x64) AppleWebKit/537.36 (KHTML, like Gecko) Chrome/122.0.6261.57 Safari/537.36"
141.98.11.189 - - [23/Oct/2025:18:36:56 -0700] "GET /wp-login.php?redirect_to=https%3A%2F%2Fwww.elconferencista.com%2Fwp-admin%2Findex.php&reauth=1 HTTP/1.1" 200 5832 "https://www.elconferencista.com/wp-login.php" "Mozilla/5.0 (Windows NT 11.0; Win64; x64) AppleWebKit/537.36 (KHTML, like Gecko) Chrome/122.0.6261.57 Safari/537.36"
141.98.11.189 - - [23/Oct/2025:18:36:58 -0700] "POST /wp-login.php HTTP/1.1" 200 4020 "https://www.elconferencista.com/wp-login.php" "Mozilla/5.0 (Macintosh; Intel Mac OS X 13_6_2) AppleWebKit/537.36 (KHTML, like Gecko) Chrome/122.0.6261.57 Safari/537.36"
141.98.11.189 - - [23/Oct/2025:18:36:58 -0700] "GET /wp-admin/index.php HTTP/1.1" 302 505 "https://www.elconferencista.com/wp-login.php" "Mozilla/5.0 (Macintosh; Intel Mac OS X 13_6_2) AppleWebKit/537.36 (KHTML, like Gecko) Chrome/122.0.6261.57 Safari/537.36"
141.98.11.189 - - [23/Oct/2025:18:36:59 -0700] "GET /wp-login.php?redirect_to=https%3A%2F%2Fwww.elconferencista.com%2Fwp-admin%2Findex.php&reauth=1 HTTP/1.1" 200 5832 "https://www.elconferencista.com/wp-login.php" "Mozilla/5.0 (Macintosh; Intel Mac OS X 13_6_2) AppleWebKit/537.36 (KHTML, like Gecko) Chrome/122.0.6261.57 Safari/537.36"
141.98.11.189 - - [23/Oct/2025:18:37:00 -0700] "POST /wp-login.php HTTP/1.1" 200 4020 "https://www.elconferencista.com/wp-login.php" "Mozilla/5.0 (Macintosh; Intel Mac OS X 10.15) Gecko/20100101 Firefox/118.0.2"
141.98.11.189 - - [23/Oct/2025:18:37:01 -0700] "GET /wp-admin/index.php HTTP/1.1" 302 505 "https://www.elconferencista.com/wp-login.php" "Mozilla/5.0 (Macintosh; Intel Mac OS X 10.15) Gecko/20100101 Firefox/118.0.2"
141.98.11.189 - - [23/Oct/2025:18:37:01 -0700] "GET /wp-login.php?redirect_to=https%3A%2F%2Fwww.elconferencista.com%2Fwp-admin%2Findex.php&reauth=1 HTTP/1.1" 200 5832 "https://www.elconferencista.com/wp-login.php" "Mozilla/5.0 (Macintosh; Intel Mac OS X 10.15) Gecko/20100101 Firefox/118.0.2"
69.163.179.91 - - [23/Oct/2025:18:37:02 -0700] "POST /wp-cron.php?doing_wp_cron=1761269822.1963260173797607421875 HTTP/1.1" 200 3647 "-" "WordPress/6.8.3; https://www.elconferencista.com"
141.98.11.189 - - [23/Oct/2025:18:37:04 -0700] "POST /wp-login.php HTTP/1.1" 418 776 "https://www.elconferencista.com/wp-login.php" "Mozilla/5.0 (X11; Linux x86_64) Gecko/20100101 Firefox/119.0.1"
141.98.11.189 - - [23/Oct/2025:18:37:04 -0700] "GET /wp-admin/index.php HTTP/1.1" 302 505 "https://www.elconferencista.com/wp-login.php" "Mozilla/5.0 (X11; Linux x86_64) Gecko/20100101 Firefox/119.0.1"
141.98.11.189 - - [23/Oct/2025:18:37:05 -0700] "GET /wp-login.php?redirect_to=https%3A%2F%2Fwww.elconferencista.com%2Fwp-admin%2Findex.php&reauth=1 HTTP/1.1" 200 5832 "https://www.elconferencista.com/wp-login.php" "Mozilla/5.0 (X11; Linux x86_64) Gecko/20100101 Firefox/119.0.1"
141.98.11.189 - - [23/Oct/2025:18:37:06 -0700] "POST /wp-login.php HTTP/1.1" 200 4020 "https://www.elconferencista.com/wp-login.php" "Mozilla/5.0 (X11; Ubuntu; Linux x86_64) AppleWebKit/537.36 (KHTML, like Gecko) Chrome/119.0.6045.159 Safari/537.36"
