91.208.184.23 - - [22/Oct/2025:06:36:46 -0700] "POST /wp-login.php HTTP/1.1" 429 522 "https://www.elconferencista.com/wp-login.php" "Mozilla/5.0 (Windows NT 10.0; Win64; x64) AppleWebKit/537.36 (KHTML, like Gecko) Chrome/119.0.0.0 Safari/537.36" 
91.208.184.23 - - [22/Oct/2025:06:36:46 -0700] "GET /wp-admin/index.php HTTP/1.1" 429 522 "https://www.elconferencista.com/wp-login.php" "Mozilla/5.0 (Macintosh; Intel Mac OS X 10_15_7) AppleWebKit/537.36 (KHTML, like Gecko) Chrome/119.0.0.0 Safari/537.36" 
91.208.184.23 - - [22/Oct/2025:06:36:46 -0700] "POST /wp-login.php HTTP/1.1" 429 522 "https://www.elconferencista.com/wp-login.php" "Mozilla/5.0 (Macintosh; Intel Mac OS X 10_15_7) AppleWebKit/537.36 (KHTML, like Gecko) Chrome/121.0.0.0 Safari/537.36" 
91.208.184.23 - - [22/Oct/2025:06:36:46 -0700] "GET /wp-admin/index.php HTTP/1.1" 429 522 "https://www.elconferencista.com/wp-login.php" "Mozilla/5.0 (Macintosh; Intel Mac OS X 10_15_7) AppleWebKit/537.36 (KHTML, like Gecko) Chrome/121.0.0.0 Safari/537.36" 
91.208.184.23 - - [22/Oct/2025:06:36:47 -0700] "POST /wp-login.php HTTP/1.1" 429 521 "https://www.elconferencista.com/wp-login.php" "Mozilla/5.0 (Windows NT 10.0; Win64; x64) AppleWebKit/537.36 (KHTML, like Gecko) Chrome/121.0.0.0 Safari/537.36" 
91.208.184.23 - - [22/Oct/2025:06:36:47 -0700] "GET /wp-admin/index.php HTTP/1.1" 429 521 "https://www.elconferencista.com/wp-login.php" "Mozilla/5.0 (Macintosh; Intel Mac OS X 10_15_7) AppleWebKit/537.36 (KHTML, like Gecko) Chrome/119.0.0.0 Safari/537.36" 
91.208.184.23 - - [22/Oct/2025:06:36:47 -0700] "POST /wp-login.php HTTP/1.1" 429 521 "https://www.elconferencista.com/wp-login.php" "Mozilla/5.0 (Macintosh; Intel Mac OS X 10_15_7) AppleWebKit/537.36 (KHTML, like Gecko) Chrome/120.0.0.0 Safari/537.36" 
91.208.184.23 - - [22/Oct/2025:06:36:47 -0700] "GET /wp-admin/index.php HTTP/1.1" 429 521 "https://www.elconferencista.com/wp-login.php" "Mozilla/5.0 (Windows NT 10.0; Win64; x64) AppleWebKit/537.36 (KHTML, like Gecko) Chrome/119.0.0.0 Safari/537.36" 
91.208.184.23 - - [22/Oct/2025:06:36:47 -0700] "POST /wp-login.php HTTP/1.1" 429 521 "https://www.elconferencista.com/wp-login.php" "Mozilla/5.0 (Windows NT 10.0; Win64; x64) AppleWebKit/537.36 (KHTML, like Gecko) Chrome/119.0.0.0 Safari/537.36" 
91.208.184.23 - - [22/Oct/2025:06:36:47 -0700] "GET /wp-admin/index.php HTTP/1.1" 429 521 "https://www.elconferencista.com/wp-login.php" "Mozilla/5.0 (Macintosh; Intel Mac OS X 10_15_7) AppleWebKit/537.36 (KHTML, like Gecko) Chrome/119.0.0.0 Safari/537.36" 
91.208.184.23 - - [22/Oct/2025:06:36:48 -0700] "POST /wp-login.php HTTP/1.1" 429 521 "https://www.elconferencista.com/wp-login.php" "Mozilla/5.0 (X11; Linux x86_64) AppleWebKit/537.36 (KHTML, like Gecko) Chrome/120.0.0.0 Safari/537.36" 
91.208.184.23 - - [22/Oct/2025:06:36:48 -0700] "GET /wp-admin/index.php HTTP/1.1" 429 521 "https://www.elconferencista.com/wp-login.php" "Mozilla/5.0 (X11; Linux x86_64) AppleWebKit/537.36 (KHTML, like Gecko) Chrome/119.0.0.0 Safari/537.36" 
91.208.184.23 - - [22/Oct/2025:06:36:48 -0700] "POST /wp-login.php HTTP/1.1" 429 521 "https://www.elconferencista.com/wp-login.php" "Mozilla/5.0 (Windows NT 10.0; Win64; x64) AppleWebKit/537.36 (KHTML, like Gecko) Chrome/119.0.0.0 Safari/537.36" 
91.208.184.23 - - [22/Oct/2025:06:36:48 -0700] "GET /wp-admin/index.php HTTP/1.1" 429 486 "https://www.elconferencista.com/wp-login.php" "Mozilla/5.0 (X11; Linux x86_64) AppleWebKit/537.36 (KHTML, like Gecko) Chrome/120.0.0.0 Safari/537.36" 
91.208.184.23 - - [22/Oct/2025:06:36:49 -0700] "POST /wp-login.php HTTP/1.1" 429 3864 "https://www.elconferencista.com/wp-login.php" "Mozilla/5.0 (Macintosh; Intel Mac OS X 10_15_7) AppleWebKit/537.36 (KHTML, like Gecko) Chrome/120.0.0.0 Safari/537.36" 
91.208.184.23 - - [22/Oct/2025:06:36:49 -0700] "GET /wp-admin/index.php HTTP/1.1" 429 522 "https://www.elconferencista.com/wp-login.php" "Mozilla/5.0 (Windows NT 10.0; Win64; x64) AppleWebKit/537.36 (KHTML, like Gecko) Chrome/119.0.0.0 Safari/537.36" 
91.208.184.23 - - [22/Oct/2025:06:36:49 -0700] "POST /wp-login.php HTTP/1.1" 429 522 "https://www.elconferencista.com/wp-login.php" "Mozilla/5.0 (Windows NT 10.0; Win64; x64) AppleWebKit/537.36 (KHTML, like Gecko) Chrome/121.0.0.0 Safari/537.36" 
91.208.184.23 - - [22/Oct/2025:06:36:49 -0700] "GET /wp-admin/index.php HTTP/1.1" 429 522 "https://www.elconferencista.com/wp-login.php" "Mozilla/5.0 (Macintosh; Intel Mac OS X 10_15_7) AppleWebKit/537.36 (KHTML, like Gecko) Chrome/119.0.0.0 Safari/537.36" 
91.208.184.23 - - [22/Oct/2025:06:36:50 -0700] "POST /wp-login.php HTTP/1.1" 429 522 "https://www.elconferencista.com/wp-login.php" "Mozilla/5.0 (X11; Linux x86_64) AppleWebKit/537.36 (KHTML, like Gecko) Chrome/121.0.0.0 Safari/537.36" 
91.208.184.23 - - [22/Oct/2025:06:36:50 -0700] "GET /wp-admin/index.php HTTP/1.1" 429 522 "https://www.elconferencista.com/wp-login.php" "Mozilla/5.0 (X11; Linux x86_64) AppleWebKit/537.36 (KHTML, like Gecko) Chrome/120.0.0.0 Safari/537.36" 
91.208.184.23 - - [22/Oct/2025:06:36:50 -0700] "POST /wp-login.php HTTP/1.1" 429 522 "https://www.elconferencista.com/wp-login.php" "Mozilla/5.0 (Windows NT 10.0; Win64; x64) AppleWebKit/537.36 (KHTML, like Gecko) Chrome/121.0.0.0 Safari/537.36" 
91.208.184.23 - - [22/Oct/2025:06:36:50 -0700] "GET /wp-admin/index.php HTTP/1.1" 429 522 "https://www.elconferencista.com/wp-login.php" "Mozilla/5.0 (Macintosh; Intel Mac OS X 10_15_7) AppleWebKit/537.36 (KHTML, like Gecko) Chrome/119.0.0.0 Safari/537.36" 
91.208.184.23 - - [22/Oct/2025:06:36:51 -0700] "POST /wp-login.php HTTP/1.1" 429 522 "https://www.elconferencista.com/wp-login.php" "Mozilla/5.0 (X11; Linux x86_64) AppleWebKit/537.36 (KHTML, like Gecko) Chrome/119.0.0.0 Safari/537.36" 
91.208.184.23 - - [22/Oct/2025:06:36:51 -0700] "GET /wp-admin/index.php HTTP/1.1" 429 522 "https://www.elconferencista.com/wp-login.php" "Mozilla/5.0 (Windows NT 10.0; Win64; x64) AppleWebKit/537.36 (KHTML, like Gecko) Chrome/119.0.0.0 Safari/537.36" 
91.208.184.23 - - [22/Oct/2025:06:36:51 -0700] "POST /wp-login.php HTTP/1.1" 429 522 "https://www.elconferencista.com/wp-login.php" "Mozilla/5.0 (X11; Linux x86_64) AppleWebKit/537.36 (KHTML, like Gecko) Chrome/120.0.0.0 Safari/537.36" 
91.208.184.23 - - [22/Oct/2025:06:36:51 -0700] "GET /wp-admin/index.php HTTP/1.1" 429 522 "https://www.elconferencista.com/wp-login.php" "Mozilla/5.0 (Macintosh; Intel Mac OS X 10_15_7) AppleWebKit/537.36 (KHTML, like Gecko) Chrome/120.0.0.0 Safari/537.36" 
91.208.184.23 - - [22/Oct/2025:06:36:51 -0700] "POST /wp-login.php HTTP/1.1" 429 522 "https://www.elconferencista.com/wp-login.php" "Mozilla/5.0 (X11; Linux x86_64) AppleWebKit/537.36 (KHTML, like Gecko) Chrome/119.0.0.0 Safari/537.36" 
91.208.184.23 - - [22/Oct/2025:06:36:52 -0700] "GET /wp-admin/index.php HTTP/1.1" 429 522 "https://www.elconferencista.com/wp-login.php" "Mozilla/5.0 (Macintosh; Intel Mac OS X 10_15_7) AppleWebKit/537.36 (KHTML, like Gecko) Chrome/119.0.0.0 Safari/537.36" 
91.208.184.23 - - [22/Oct/2025:06:36:52 -0700] "POST /wp-login.php HTTP/1.1" 429 522 "https://www.elconferencista.com/wp-login.php" "Mozilla/5.0 (Macintosh; Intel Mac OS X 10_15_7) AppleWebKit/537.36 (KHTML, like Gecko) Chrome/121.0.0.0 Safari/537.36" 
91.208.184.23 - - [22/Oct/2025:06:36:52 -0700] "GET /wp-admin/index.php HTTP/1.1" 429 522 "https://www.elconferencista.com/wp-login.php" "Mozilla/5.0 (Macintosh; Intel Mac OS X 10_15_7) AppleWebKit/537.36 (KHTML, like Gecko) Chrome/120.0.0.0 Safari/537.36" 
217.13.97.44 - - [22/Oct/2025:06:40:00 -0700] "POST /xmlrpc.php HTTP/2.0" 429 348 "https://www.elconferencista.com" "Mozilla/5.0 (Windows NT 10.0; Win64; x64) AppleWebKit/537.36 (KHTML, like Gecko) Chrome/113.0.5672.126 Safari/537.36 Edg/113.0.1774.50" 
1.13.18.100 - - [22/Oct/2025:06:43:39 -0700] "POST /xmlrpc.php HTTP/2.0" 429 359 "https://www.elconferencista.com" "Mozilla/5.0 (Windows NT 10.0; Win64; x64) AppleWebKit/537.36 (KHTML, like Gecko) Chrome/116.0.5845.96 Safari/537.36" 
18.217.44.191 - - [22/Oct/2025:06:47:14 -0700] "POST /xmlrpc.php HTTP/2.0" 429 348 "https://www.elconferencista.com" "Mozilla/5.0 (Macintosh; Intel Mac OS X 10_15_7) AppleWebKit/537.36 (KHTML, like Gecko) Chrome/114.0.5735.134 Safari/537.36" 
103.124.95.251 - - [22/Oct/2025:06:48:26 -0700] "GET /wp-login.php HTTP/2.0" 429 351 "-" "Mozilla/5.0 (Windows NT 10.0; Win64; x64) AppleWebKit/537.36 (KHTML, like Gecko) Chrome/67.0.3396.87 Safari/537.36" 
103.124.95.251 - - [22/Oct/2025:06:48:31 -0700] "POST /wp-login.php HTTP/2.0" 429 278 "https://www.elconferencista.com/wp-login.php" "Mozilla/5.0 (Windows NT 10.0; Win64; x64) AppleWebKit/537.36 (KHTML, like Gecko) Chrome/67.0.3396.87 Safari/537.36" 
192.250.232.199 - - [22/Oct/2025:06:54:34 -0700] "POST /xmlrpc.php HTTP/2.0" 429 348 "https://www.elconferencista.com" "Mozilla/5.0 (Macintosh; Intel Mac OS X 10_15_7) AppleWebKit/537.36 (KHTML, like Gecko) Chrome/114.0.5735.134 Safari/537.36" 
185.191.171.19 - - [22/Oct/2025:06:57:19 -0700] "GET /robots.txt HTTP/1.1" 200 3837 "-" "Mozilla/5.0 (compatible; SemrushBot/7~bl; +http://www.semrush.com/bot.html)" 
69.163.179.91 - - [22/Oct/2025:06:57:21 -0700] "POST /wp-cron.php?doing_wp_cron=1761141441.4756889343261718750000 HTTP/1.1" 200 3646 "-" "WordPress/6.8.3; https://www.elconferencista.com" 
69.163.179.91 - - [22/Oct/2025:06:57:22 -0700] "POST /wp-cron.php?doing_wp_cron=1761141442.5061430931091308593750 HTTP/1.1" 200 3646 "-" "WordPress/6.8.3; https://www.elconferencista.com" 
85.208.96.199 - - [22/Oct/2025:06:57:19 -0700] "GET / HTTP/1.1" 200 34803 "-" "Mozilla/5.0 (compatible; SemrushBot/7~bl; +http://www.semrush.com/bot.html)" 
4.43.184.114 - - [22/Oct/2025:07:00:20 -0700] "GET / HTTP/1.0" 421 2900 "-" "Mozilla/5.0 (Macintosh; Intel Mac OS X 10_6_6) AppleWebKit/535.1 (KHTML, like Gecko) Chrome/14.0.835.202 Safari/535.1" 
194.195.91.2 - - [22/Oct/2025:07:01:53 -0700] "GET / HTTP/1.0" 200 162369 "https://www.elconferencista.com/" "Mozilla/5.0 (Windows NT 10.0; Win64; x64) AppleWebKit/537.36 (KHTML, like Gecko) Chrome/131.0.0.0 Safari/537.36 Avast/131.0.0.0" 
69.163.179.91 - - [22/Oct/2025:07:01:55 -0700] "POST /wp-cron.php?doing_wp_cron=1761141715.4384229183197021484375 HTTP/1.1" 200 3646 "-" "WordPress/6.8.3; https://www.elconferencista.com" 
82.118.29.235 - - [22/Oct/2025:07:01:58 -0700] "POST /wp-admin/admin-ajax.php HTTP/1.0" 200 3770 "https://www.elconferencista.com/" "Mozilla/5.0 (Windows NT 10.0; Win64; x64) AppleWebKit/537.36 (KHTML, like Gecko) Chrome/131.0.0.0 Safari/537.36 Avast/131.0.0.0" 
142.132.139.147 - - [22/Oct/2025:07:01:59 -0700] "POST /xmlrpc.php HTTP/2.0" 429 348 "https://www.elconferencista.com" "Mozilla/5.0 (Windows NT 10.0; Win64; x64; rv:128.0) Gecko/20100101 Firefox/128.0" 
69.48.203.40 - - [22/Oct/2025:07:05:26 -0700] "GET /wp-login.php HTTP/2.0" 429 351 "-" "Mozilla/5.0 (Windows NT 10.0; Trident/7.0; Touch; rv:11.0) like Gecko" 
190.92.174.86 - - [22/Oct/2025:07:05:42 -0700] "POST /xmlrpc.php HTTP/2.0" 429 348 "https://www.elconferencista.com" "Mozilla/5.0 (Macintosh; Intel Mac OS X 10.15; rv:126.0) Gecko/20100101 Firefox/126.0" 
69.48.203.40 - - [22/Oct/2025:07:05:53 -0700] "GET /wp-login.php HTTP/2.0" 429 351 "-" "Mozilla/5.0 (Windows NT 10.0; Trident/7.0; Touch; rv:11.0) like Gecko" 
69.48.203.40 - - [22/Oct/2025:07:05:57 -0700] "POST /wp-login.php HTTP/2.0" 429 278 "https://www.elconferencista.com/wp-login.php" "Mozilla/5.0 (Windows NT 10.0; Trident/7.0; Touch; rv:11.0) like Gecko" 
5.133.192.171 - - [22/Oct/2025:07:06:17 -0700] "GET / HTTP/1.1" 200 34798 "-" "Mozilla/5.0 (Windows NT 10.0; Win64; x64) AppleWebKit/537.36 (KHTML, like Gecko) Chrome/105.0.0.0 Safari/537.36" 
69.163.179.91 - - [22/Oct/2025:07:06:19 -0700] "POST /wp-cron.php?doing_wp_cron=1761141979.1594231128692626953125 HTTP/1.1" 200 3646 "-" "WordPress/6.8.3; https://www.elconferencista.com" 
5.133.192.171 - - [22/Oct/2025:07:06:23 -0700] "GET /wp-content/uploads/2022/09/cropped-logo-edner-granados-rojo-32x32.jpeg HTTP/1.1" 200 60259 "-" "Mozilla/5.0 (Windows NT 10.0; Win64; x64) AppleWebKit/537.36 (KHTML, like Gecko) Chrome/105.0.0.0 Safari/537.36" 
82.165.69.22 - - [22/Oct/2025:07:26:34 -0700] "POST /xmlrpc.php HTTP/2.0" 429 340 "https://www.elconferencista.com" "Mozilla/5.0 (Windows NT 10.0; Win64; x64) AppleWebKit/537.36 (KHTML, like Gecko) Chrome/115.0.5790.102 Safari/537.36" 
89.117.74.114 - - [22/Oct/2025:07:27:20 -0700] "GET /wp-login.php HTTP/2.0" 429 352 "-" "Mozilla/5.0 (Windows NT 6.3; Win64; x64; Trident/7.0; MATBJS; rv:11.0) like Gecko" 
89.117.74.114 - - [22/Oct/2025:07:27:44 -0700] "POST /wp-login.php HTTP/2.0" 429 352 "https://www.elconferencista.com/wp-login.php" "Mozilla/5.0 (Windows NT 6.3; Win64; x64; Trident/7.0; MATBJS; rv:11.0) like Gecko" 
37.60.95.66 - - [22/Oct/2025:07:29:04 -0700] "GET /wp-json/wp/v2/users HTTP/1.1" 200 6264 "https://www.google.com" "Mozilla/5.0 (X11; Linux x86_64) AppleWebKit/537.36 (KHTML, like Gecko) Chrome/119.0.0.0 Safari/537.36" 
69.163.179.91 - - [22/Oct/2025:07:29:05 -0700] "POST /wp-cron.php?doing_wp_cron=1761143345.9002079963684082031250 HTTP/1.1" 200 3646 "-" "WordPress/6.8.3; https://www.elconferencista.com" 
37.60.95.66 - - [22/Oct/2025:07:29:11 -0700] "GET /wp-login.php HTTP/1.1" 200 6988 "https://www.google.com" "Mozilla/5.0 (X11; Linux x86_64) AppleWebKit/537.36 (KHTML, like Gecko) Chrome/119.0.0.0 Safari/537.36" 
37.218.223.10 - - [22/Oct/2025:07:29:14 -0700] "POST /wp-login.php HTTP/1.1" 200 7140 "http://www.elconferencista.com/wp-login.php" "Mozilla/5.0 (X11; Linux x86_64) AppleWebKit/537.36 (KHTML, like Gecko) Chrome/119.0.0.0 Safari/537.36" 
37.218.223.10 - - [22/Oct/2025:07:29:16 -0700] "GET /wp-admin/ HTTP/1.1" 302 3614 "http://www.elconferencista.com/wp-login.php" "Mozilla/5.0 (X11; Linux x86_64) AppleWebKit/537.36 (KHTML, like Gecko) Chrome/119.0.0.0 Safari/537.36" 
37.218.223.10 - - [22/Oct/2025:07:29:17 -0700] "GET /wp-login.php?redirect_to=https%3A%2F%2Fwww.elconferencista.com%2Fwp-admin%2F&reauth=1 HTTP/1.1" 200 8946 "http://www.elconferencista.com/wp-login.php" "Mozilla/5.0 (X11; Linux x86_64) AppleWebKit/537.36 (KHTML, like Gecko) Chrome/119.0.0.0 Safari/537.36" 
23.95.112.34 - - [22/Oct/2025:07:29:20 -0700] "POST /wp-login.php HTTP/1.1" 429 3608 "http://www.elconferencista.com/wp-login.php" "Mozilla/5.0 (X11; Linux x86_64) AppleWebKit/537.36 (KHTML, like Gecko) Chrome/119.0.0.0 Safari/537.36" 
91.148.237.72 - - [22/Oct/2025:07:29:22 -0700] "POST /wp-login.php HTTP/1.1" 200 7111 "http://www.elconferencista.com/wp-login.php" "Mozilla/5.0 (X11; Linux x86_64) AppleWebKit/537.36 (KHTML, like Gecko) Chrome/119.0.0.0 Safari/537.36" 
91.148.237.72 - - [22/Oct/2025:07:29:25 -0700] "GET /wp-admin/ HTTP/1.1" 302 3614 "http://www.elconferencista.com/wp-login.php" "Mozilla/5.0 (X11; Linux x86_64) AppleWebKit/537.36 (KHTML, like Gecko) Chrome/119.0.0.0 Safari/537.36" 
91.148.237.72 - - [22/Oct/2025:07:29:27 -0700] "GET /wp-login.php?redirect_to=https%3A%2F%2Fwww.elconferencista.com%2Fwp-admin%2F&reauth=1 HTTP/1.1" 200 8946 "http://www.elconferencista.com/wp-login.php" "Mozilla/5.0 (X11; Linux x86_64) AppleWebKit/537.36 (KHTML, like Gecko) Chrome/119.0.0.0 Safari/537.36" 
88.152.185.112 - - [22/Oct/2025:07:29:30 -0700] "POST /wp-login.php HTTP/1.1" 200 7114 "http://www.elconferencista.com/wp-login.php" "Mozilla/5.0 (X11; Linux x86_64) AppleWebKit/537.36 (KHTML, like Gecko) Chrome/119.0.0.0 Safari/537.36" 
88.152.185.112 - - [22/Oct/2025:07:29:32 -0700] "GET /wp-admin/ HTTP/1.1" 302 3614 "http://www.elconferencista.com/wp-login.php" "Mozilla/5.0 (X11; Linux x86_64) AppleWebKit/537.36 (KHTML, like Gecko) Chrome/119.0.0.0 Safari/537.36" 
88.152.185.112 - - [22/Oct/2025:07:29:33 -0700] "GET /wp-login.php?redirect_to=https%3A%2F%2Fwww.elconferencista.com%2Fwp-admin%2F&reauth=1 HTTP/1.1" 200 8946 "http://www.elconferencista.com/wp-login.php" "Mozilla/5.0 (X11; Linux x86_64) AppleWebKit/537.36 (KHTML, like Gecko) Chrome/119.0.0.0 Safari/537.36" 
89.117.74.114 - - [22/Oct/2025:07:30:58 -0700] "GET /wp-login.php HTTP/2.0" 429 352 "-" "Mozilla/5.0 (Macintosh; Intel Mac OS X 10_11_6) AppleWebKit/602.4.8 (KHTML, like Gecko) Version/10.0.3 Safari/602.4.8" 
89.117.74.114 - - [22/Oct/2025:07:30:58 -0700] "POST /wp-login.php HTTP/2.0" 429 255 "https://www.elconferencista.com/wp-login.php" "Mozilla/5.0 (Macintosh; Intel Mac OS X 10_11_6) AppleWebKit/602.4.8 (KHTML, like Gecko) Version/10.0.3 Safari/602.4.8" 
217.195.202.8 - - [22/Oct/2025:07:33:28 -0700] "POST /xmlrpc.php HTTP/2.0" 429 359 "https://www.elconferencista.com" "Mozilla/5.0 (Windows NT 11.0; Win64; x64) AppleWebKit/537.36 (KHTML, like Gecko) Chrome/126.0.0.0 Safari/537.36 Edg/126.0.0.0" 
141.95.145.157 - - [22/Oct/2025:07:36:55 -0700] "POST /xmlrpc.php HTTP/2.0" 429 348 "https://www.elconferencista.com" "Mozilla/5.0 (Windows NT 10.0; Win64; x64) AppleWebKit/537.36 (KHTML, like Gecko) Chrome/113.0.5672.93 Safari/537.36" 
37.139.53.20 - - [22/Oct/2025:07:42:28 -0700] "GET / HTTP/1.0" 200 162369 "https://www.elconferencista.com/" "Mozilla/5.0 (Windows NT 10.0; Win64; x64) AppleWebKit/537.36 (KHTML, like Gecko) Chrome/130.0.0.0 Safari/537.36" 
69.163.179.91 - - [22/Oct/2025:07:42:29 -0700] "POST /wp-cron.php?doing_wp_cron=1761144149.9353699684143066406250 HTTP/1.1" 200 3646 "-" "WordPress/6.8.3; https://www.elconferencista.com" 
69.163.179.91 - - [22/Oct/2025:07:43:49 -0700] "POST /wp-cron.php?doing_wp_cron=1761144229.1532990932464599609375 HTTP/1.1" 200 3646 "-" "WordPress/6.8.3; https://www.elconferencista.com" 
37.139.53.20 - - [22/Oct/2025:07:43:48 -0700] "POST /wp-admin/admin-ajax.php HTTP/1.0" 200 3663 "https://www.elconferencista.com/" "Mozilla/5.0 (Windows NT 10.0; Win64; x64) AppleWebKit/537.36 (KHTML, like Gecko) Chrome/130.0.0.0 Safari/537.36" 
163.223.13.96 - - [22/Oct/2025:07:44:10 -0700] "GET /wp-login.php HTTP/2.0" 429 351 "-" "Mozilla/5.0 (Macintosh; Intel Mac OS X 10_9_5) AppleWebKit/537.36 (KHTML, like Gecko) Chrome/66.0.3359.117 Safari/537.36" 
163.223.13.96 - - [22/Oct/2025:07:44:14 -0700] "POST /wp-login.php HTTP/2.0" 429 278 "https://www.elconferencista.com/wp-login.php" "Mozilla/5.0 (Macintosh; Intel Mac OS X 10_9_5) AppleWebKit/537.36 (KHTML, like Gecko) Chrome/66.0.3359.117 Safari/537.36" 
185.165.187.2 - - [22/Oct/2025:07:47:22 -0700] "POST /xmlrpc.php HTTP/2.0" 429 348 "https://www.elconferencista.com" "Mozilla/5.0 (Windows NT 10.0; Win64; x64) AppleWebKit/537.36 (KHTML, like Gecko) Chrome/116.0.5845.96 Safari/537.36" 
51.38.180.239 - - [22/Oct/2025:07:50:50 -0700] "POST /xmlrpc.php HTTP/2.0" 429 348 "https://www.elconferencista.com" "Mozilla/5.0 (Macintosh; Intel Mac OS X 10_15_7; rv:127.0) Gecko/20100101 Firefox/127.0" 
198.181.163.253 - - [22/Oct/2025:07:51:22 -0700] "GET / HTTP/1.0" 429 3595 "https://www.elconferencista.com/" "Mozilla/5.0 (Windows NT 10.0; Win64; x64) AppleWebKit/537.36 (KHTML, like Gecko) Chrome/130.0.0.0 Safari/537.36" 
95.108.213.109 - - [22/Oct/2025:07:54:36 -0700] "GET /robots.txt HTTP/1.1" 200 3846 "-" "Mozilla/5.0 (compatible; YandexBot/3.0; +http://yandex.com/bots)" 
87.250.224.114 - - [22/Oct/2025:07:54:37 -0700] "GET /post_clientes/bodega-aurrera/ HTTP/1.1" 404 113987 "-" "Mozilla/5.0 (compatible; YandexBot/3.0; +http://yandex.com/bots)" 
69.163.179.91 - - [22/Oct/2025:07:54:39 -0700] "POST /wp-cron.php?doing_wp_cron=1761144879.2031869888305664062500 HTTP/1.1" 200 3646 "-" "WordPress/6.8.3; https://www.elconferencista.com" 
69.163.179.91 - - [22/Oct/2025:08:00:28 -0700] "POST /wp-cron.php?doing_wp_cron=1761145228.3193778991699218750000 HTTP/1.1" 200 3646 "-" "WordPress/6.8.3; https://www.elconferencista.com" 
69.163.179.91 - - [22/Oct/2025:08:00:29 -0700] "POST /wp-cron.php?doing_wp_cron=1761145229.4584999084472656250000 HTTP/1.1" 200 3646 "-" "WordPress/6.8.3; https://www.elconferencista.com" 
213.180.203.46 - - [22/Oct/2025:08:00:26 -0700] "GET /2022/09/29/ HTTP/1.1" 200 27360 "-" "Mozilla/5.0 (compatible; YandexBot/3.0; +http://yandex.com/bots)" 
121.229.156.74 - - [22/Oct/2025:08:07:54 -0700] "GET / HTTP/1.1" 200 34842 "-" "Sogou web spider/4.0(+http://www.sogou.com/docs/help/webmasters.htm#07)" 
69.163.179.91 - - [22/Oct/2025:08:07:56 -0700] "POST /wp-cron.php?doing_wp_cron=1761145676.4946479797363281250000 HTTP/1.1" 200 3646 "-" "WordPress/6.8.3; https://www.elconferencista.com" 
159.223.46.114 - - [22/Oct/2025:08:08:23 -0700] "POST /xmlrpc.php HTTP/2.0" 429 339 "https://www.elconferencista.com" "Mozilla/5.0 (Macintosh; Intel Mac OS X 10_15_7; rv:127.0) Gecko/20100101 Firefox/127.0" 
216.73.216.180 - - [22/Oct/2025:08:10:55 -0700] "GET /robots.txt HTTP/2.0" 301 364 "-" "Mozilla/5.0 AppleWebKit/537.36 (KHTML, like Gecko; compatible; ClaudeBot/1.0; +claudebot@anthropic.com)" 
216.73.216.180 - - [22/Oct/2025:08:10:56 -0700] "GET /robots.txt HTTP/2.0" 200 278 "https://elconferencista.com/robots.txt" "Mozilla/5.0 AppleWebKit/537.36 (KHTML, like Gecko; compatible; ClaudeBot/1.0; +claudebot@anthropic.com)" 
216.73.216.180 - - [22/Oct/2025:08:10:56 -0700] "GET / HTTP/2.0" 301 316 "-" "Mozilla/5.0 AppleWebKit/537.36 (KHTML, like Gecko; compatible; ClaudeBot/1.0; +claudebot@anthropic.com)" 
216.73.216.180 - - [22/Oct/2025:08:10:56 -0700] "GET / HTTP/2.0" 200 30984 "https://elconferencista.com/" "Mozilla/5.0 AppleWebKit/537.36 (KHTML, like Gecko; compatible; ClaudeBot/1.0; +claudebot@anthropic.com)" 
69.163.179.91 - - [22/Oct/2025:08:10:57 -0700] "POST /wp-cron.php?doing_wp_cron=1761145857.8730750083923339843750 HTTP/1.1" 200 3646 "-" "WordPress/6.8.3; https://www.elconferencista.com" 
15.235.57.103 - - [22/Oct/2025:08:11:53 -0700] "POST /xmlrpc.php HTTP/2.0" 429 348 "https://www.elconferencista.com" "Mozilla/5.0 (Windows NT 10.0; Win64; x64) AppleWebKit/537.36 (KHTML, like Gecko) Chrome/115.0.5790.102 Safari/537.36" 
198.98.59.143 - - [22/Oct/2025:08:13:18 -0700] "GET /wp-json/sure-triggers/v1/automation/action HTTP/1.1" 404 3912 "-" "Mozilla/5.0 (Macintosh; Intel Mac OS X 10_15_7) AppleWebKit/537.36 (KHTML, like Gecko) Chrome/113.0.0.0 Safari/537.36" 
69.163.179.91 - - [22/Oct/2025:08:13:20 -0700] "POST /wp-cron.php?doing_wp_cron=1761145999.9990050792694091796875 HTTP/1.1" 200 3646 "-" "WordPress/6.8.3; https://www.elconferencista.com" 
18.237.8.50 - - [22/Oct/2025:08:14:05 -0700] "GET / HTTP/1.1" 301 3841 "-" "Mozilla/5.0 (Macintosh; Intel Mac OS X 10_15_7) AppleWebKit/537.36 (KHTML, like Gecko) Chrome/134.0.0.0 Safari/537.36" 
69.163.179.91 - - [22/Oct/2025:08:14:06 -0700] "POST /wp-cron.php?doing_wp_cron=1761146046.4481329917907714843750 HTTP/1.1" 200 3646 "-" "WordPress/6.8.3; https://www.elconferencista.com" 
18.237.8.50 - - [22/Oct/2025:08:14:05 -0700] "GET / HTTP/1.1" 200 162638 "https://elconferencista.com/" "Mozilla/5.0 (Macintosh; Intel Mac OS X 10_15_7) AppleWebKit/537.36 (KHTML, like Gecko) Chrome/134.0.0.0 Safari/537.36" 
198.98.59.143 - - [22/Oct/2025:08:16:16 -0700] "GET / HTTP/1.1" 200 34711 "http://www.google.com.hk" "Mozilla/5.0 (Windows NT 6.1; WOW64) AppleWebKit/537.36 (KHTML, like Gecko) Chrome/42.0.2311.90 Safari/537.36" 
69.163.179.91 - - [22/Oct/2025:08:16:18 -0700] "POST /wp-cron.php?doing_wp_cron=1761146178.4868419170379638671875 HTTP/1.1" 200 3646 "-" "WordPress/6.8.3; https://www.elconferencista.com" 
40.77.167.132 - - [22/Oct/2025:08:18:52 -0700] "GET / HTTP/2.0" 200 31037 "-" "Mozilla/5.0 AppleWebKit/537.36 (KHTML, like Gecko; compatible; bingbot/2.0; +http://www.bing.com/bingbot.htm) Chrome/116.0.1938.76 Safari/537.36" 
69.163.179.91 - - [22/Oct/2025:08:18:53 -0700] "POST /wp-cron.php?doing_wp_cron=1761146333.7241919040679931640625 HTTP/1.1" 200 3646 "-" "WordPress/6.8.3; https://www.elconferencista.com" 
40.77.167.47 - - [22/Oct/2025:08:19:05 -0700] "GET /wp-content/plugins/elementor-pro/assets/css/widget-gallery.min.css?ver=3.32.3 HTTP/2.0" 200 1298 "-" "Mozilla/5.0 AppleWebKit/537.36 (KHTML, like Gecko; compatible; bingbot/2.0; +http://www.bing.com/bingbot.htm) Chrome/116.0.1938.76 Safari/537.36" 
40.77.167.47 - - [22/Oct/2025:08:19:05 -0700] "GET /wp-content/uploads/elementor/css/post-7.css?ver=1761121031 HTTP/2.0" 200 476 "-" "Mozilla/5.0 AppleWebKit/537.36 (KHTML, like Gecko; compatible; bingbot/2.0; +http://www.bing.com/bingbot.htm) Chrome/116.0.1938.76 Safari/537.36" 
40.77.167.47 - - [22/Oct/2025:08:19:05 -0700] "GET /wp-content/plugins/elementor/assets/css/conditionals/e-swiper.min.css?ver=3.32.5 HTTP/2.0" 200 882 "-" "Mozilla/5.0 AppleWebKit/537.36 (KHTML, like Gecko; compatible; bingbot/2.0; +http://www.bing.com/bingbot.htm) Chrome/116.0.1938.76 Safari/537.36" 
40.77.167.47 - - [22/Oct/2025:08:19:05 -0700] "GET /wp-content/plugins/elementor/assets/lib/font-awesome/js/v4-shims.min.js?ver=3.32.5 HTTP/2.0" 200 4344 "-" "Mozilla/5.0 AppleWebKit/537.36 (KHTML, like Gecko; compatible; bingbot/2.0; +http://www.bing.com/bingbot.htm) Chrome/116.0.1938.76 Safari/537.36" 
40.77.167.47 - - [22/Oct/2025:08:19:05 -0700] "GET /wp-content/plugins/elementor/assets/css/conditionals/shapes.min.css?ver=3.32.5 HTTP/2.0" 200 344 "-" "Mozilla/5.0 AppleWebKit/537.36 (KHTML, like Gecko; compatible; bingbot/2.0; +http://www.bing.com/bingbot.htm) Chrome/116.0.1938.76 Safari/537.36" 
40.77.167.47 - - [22/Oct/2025:08:19:05 -0700] "GET /wp-content/uploads/elementor/google-fonts/css/roboto.css?ver=1742243097 HTTP/2.0" 200 3112 "-" "Mozilla/5.0 AppleWebKit/537.36 (KHTML, like Gecko; compatible; bingbot/2.0; +http://www.bing.com/bingbot.htm) Chrome/116.0.1938.76 Safari/537.36" 
40.77.167.47 - - [22/Oct/2025:08:19:06 -0700] "GET /wp-content/plugins/elementor/assets/css/conditionals/apple-webkit.min.css?ver=3.32.5 HTTP/2.0" 200 665 "-" "Mozilla/5.0 AppleWebKit/537.36 (KHTML, like Gecko; compatible; bingbot/2.0; +http://www.bing.com/bingbot.htm) Chrome/116.0.1938.76 Safari/537.36" 
40.77.167.47 - - [22/Oct/2025:08:19:06 -0700] "GET /wp-content/plugins/elementor-pro/assets/css/widget-form.min.css?ver=3.32.3 HTTP/2.0" 200 1668 "-" "Mozilla/5.0 AppleWebKit/537.36 (KHTML, like Gecko; compatible; bingbot/2.0; +http://www.bing.com/bingbot.htm) Chrome/116.0.1938.76 Safari/537.36" 
40.77.167.47 - - [22/Oct/2025:08:19:06 -0700] "GET /wp-content/plugins/elementor/assets/lib/animations/styles/fadeIn.min.css?ver=3.32.5 HTTP/2.0" 200 133 "-" "Mozilla/5.0 AppleWebKit/537.36 (KHTML, like Gecko; compatible; bingbot/2.0; +http://www.bing.com/bingbot.htm) Chrome/116.0.1938.76 Safari/537.36" 
40.77.167.47 - - [22/Oct/2025:08:19:07 -0700] "GET /wp-content/plugins/elementor/assets/css/widget-divider.min.css?ver=3.32.5 HTTP/2.0" 200 881 "-" "Mozilla/5.0 AppleWebKit/537.36 (KHTML, like Gecko; compatible; bingbot/2.0; +http://www.bing.com/bingbot.htm) Chrome/116.0.1938.76 Safari/537.36" 
40.77.167.47 - - [22/Oct/2025:08:19:07 -0700] "GET /wp-content/plugins/elementor-pro/assets/css/modules/sticky.min.css?ver=3.32.3 HTTP/2.0" 200 170 "-" "Mozilla/5.0 AppleWebKit/537.36 (KHTML, like Gecko; compatible; bingbot/2.0; +http://www.bing.com/bingbot.htm) Chrome/116.0.1938.76 Safari/537.36" 
40.77.167.47 - - [22/Oct/2025:08:19:07 -0700] "GET /wp-content/plugins/elementor/assets/css/widget-icon-list.min.css?ver=3.32.5 HTTP/2.0" 200 1168 "-" "Mozilla/5.0 AppleWebKit/537.36 (KHTML, like Gecko; compatible; bingbot/2.0; +http://www.bing.com/bingbot.htm) Chrome/116.0.1938.76 Safari/537.36" 
40.77.167.47 - - [22/Oct/2025:08:19:08 -0700] "GET /wp-content/plugins/elementor/assets/lib/swiper/v8/css/swiper.min.css?ver=8.4.5 HTTP/2.0" 200 4562 "-" "Mozilla/5.0 AppleWebKit/537.36 (KHTML, like Gecko; compatible; bingbot/2.0; +http://www.bing.com/bingbot.htm) Chrome/116.0.1938.76 Safari/537.36" 
40.77.167.47 - - [22/Oct/2025:08:19:08 -0700] "GET /wp-content/plugins/whatsapp-for-wordpress/assets/dist/js/njt-whatsapp.js?ver=3.1.2 HTTP/2.0" 200 31396 "-" "Mozilla/5.0 AppleWebKit/537.36 (KHTML, like Gecko; compatible; bingbot/2.0; +http://www.bing.com/bingbot.htm) Chrome/116.0.1938.76 Safari/537.36" 
40.77.167.47 - - [22/Oct/2025:08:19:08 -0700] "GET /wp-content/plugins/whatsapp-for-wordpress/assets/dist/css/style.css?ver=6.8.3 HTTP/2.0" 200 5963 "-" "Mozilla/5.0 AppleWebKit/537.36 (KHTML, like Gecko; compatible; bingbot/2.0; +http://www.bing.com/bingbot.htm) Chrome/116.0.1938.76 Safari/537.36" 
40.77.167.47 - - [22/Oct/2025:08:19:08 -0700] "GET /wp-content/plugins/elementor/assets/js/webpack.runtime.min.js?ver=3.32.5 HTTP/2.0" 200 2593 "-" "Mozilla/5.0 AppleWebKit/537.36 (KHTML, like Gecko; compatible; bingbot/2.0; +http://www.bing.com/bingbot.htm) Chrome/116.0.1938.76 Safari/537.36" 
40.77.167.47 - - [22/Oct/2025:08:19:09 -0700] "GET /wp-includes/js/jquery/ui/core.min.js?ver=1.13.3 HTTP/2.0" 200 7273 "-" "Mozilla/5.0 AppleWebKit/537.36 (KHTML, like Gecko; compatible; bingbot/2.0; +http://www.bing.com/bingbot.htm) Chrome/116.0.1938.76 Safari/537.36" 
40.77.167.47 - - [22/Oct/2025:08:19:09 -0700] "GET /wp-content/plugins/elementskit-lite/widgets/init/assets/js/animate-circle.min.js?ver=3.7.4 HTTP/2.0" 200 530 "-" "Mozilla/5.0 AppleWebKit/537.36 (KHTML, like Gecko; compatible; bingbot/2.0; +http://www.bing.com/bingbot.htm) Chrome/116.0.1938.76 Safari/537.36" 
40.77.167.47 - - [22/Oct/2025:08:19:09 -0700] "GET /wp-includes/js/mediaelement/mediaelement-migrate.min.js?ver=6.8.3 HTTP/2.0" 200 619 "-" "Mozilla/5.0 AppleWebKit/537.36 (KHTML, like Gecko; compatible; bingbot/2.0; +http://www.bing.com/bingbot.htm) Chrome/116.0.1938.76 Safari/537.36" 
40.77.167.47 - - [22/Oct/2025:08:19:09 -0700] "GET /wp-content/plugins/elementor/assets/lib/e-gallery/js/e-gallery.min.js?ver=1.2.0 HTTP/2.0" 200 4718 "-" "Mozilla/5.0 AppleWebKit/537.36 (KHTML, like Gecko; compatible; bingbot/2.0; +http://www.bing.com/bingbot.htm) Chrome/116.0.1938.76 Safari/537.36" 
40.77.167.47 - - [22/Oct/2025:08:19:10 -0700] "GET /wp-includes/js/mediaelement/wp-mediaelement.min.js?ver=6.8.3 HTTP/2.0" 200 663 "-" "Mozilla/5.0 AppleWebKit/537.36 (KHTML, like Gecko; compatible; bingbot/2.0; +http://www.bing.com/bingbot.htm) Chrome/116.0.1938.76 Safari/537.36" 
40.77.167.47 - - [22/Oct/2025:08:19:10 -0700] "GET /wp-content/plugins/elementor-pro/assets/js/frontend.min.js?ver=3.32.3 HTTP/2.0" 200 6705 "-" "Mozilla/5.0 AppleWebKit/537.36 (KHTML, like Gecko; compatible; bingbot/2.0; +http://www.bing.com/bingbot.htm) Chrome/116.0.1938.76 Safari/537.36" 
207.46.13.17 - - [22/Oct/2025:08:19:26 -0700] "GET /wp-content/uploads/elementor/css/post-613.css?ver=1761121032 HTTP/2.0" 200 1445 "-" "Mozilla/5.0 AppleWebKit/537.36 (KHTML, like Gecko; compatible; bingbot/2.0; +http://www.bing.com/bingbot.htm) Chrome/116.0.1938.76 Safari/537.36" 
69.163.179.91 - - [22/Oct/2025:08:19:26 -0700] "POST /wp-cron.php?doing_wp_cron=1761146366.3910560607910156250000 HTTP/1.1" 200 3646 "-" "WordPress/6.8.3; https://www.elconferencista.com" 
198.98.59.143 - - [22/Oct/2025:08:19:26 -0700] "GET /wp-login.php?wp_lang=e HTTP/1.1" 200 10843 "-" "Mozilla/5.0 (Macintosh; Intel Mac OS X 10_9_4 AppleWebKit/537.36 (KHTML, like Gecko) Chrome/36.0.1985.125 Safari/537.36" 
207.46.13.17 - - [22/Oct/2025:08:19:29 -0700] "GET /wp-content/plugins/elementor/assets/css/frontend.min.css?ver=3.32.5 HTTP/2.0" 200 7521 "-" "Mozilla/5.0 AppleWebKit/537.36 (KHTML, like Gecko; compatible; bingbot/2.0; +http://www.bing.com/bingbot.htm) Chrome/116.0.1938.76 Safari/537.36" 
207.46.13.17 - - [22/Oct/2025:08:19:32 -0700] "GET /wp-content/themes/astra/assets/css/minified/main.min.css?ver=4.9.2 HTTP/2.0" 200 9083 "-" "Mozilla/5.0 AppleWebKit/537.36 (KHTML, like Gecko; compatible; bingbot/2.0; +http://www.bing.com/bingbot.htm) Chrome/116.0.1938.76 Safari/537.36" 
207.46.13.17 - - [22/Oct/2025:08:19:35 -0700] "GET /wp-content/uploads/elementor/css/post-11.css?ver=1761121032 HTTP/2.0" 200 4773 "-" "Mozilla/5.0 AppleWebKit/537.36 (KHTML, like Gecko; compatible; bingbot/2.0; +http://www.bing.com/bingbot.htm) Chrome/116.0.1938.76 Safari/537.36" 
207.46.13.17 - - [22/Oct/2025:08:19:37 -0700] "GET /wp-content/plugins/elementor/assets/lib/animations/styles/fadeInDown.min.css?ver=3.32.5 HTTP/2.0" 200 243 "-" "Mozilla/5.0 AppleWebKit/537.36 (KHTML, like Gecko; compatible; bingbot/2.0; +http://www.bing.com/bingbot.htm) Chrome/116.0.1938.76 Safari/537.36" 
207.46.13.17 - - [22/Oct/2025:08:19:40 -0700] "GET /wp-content/plugins/elementor/assets/lib/animations/styles/fadeInUp.min.css?ver=3.32.5 HTTP/2.0" 200 217 "-" "Mozilla/5.0 AppleWebKit/537.36 (KHTML, like Gecko; compatible; bingbot/2.0; +http://www.bing.com/bingbot.htm) Chrome/116.0.1938.76 Safari/537.36" 
207.46.13.17 - - [22/Oct/2025:08:19:43 -0700] "GET /wp-content/plugins/elementor-pro/assets/css/conditionals/transitions.min.css?ver=3.32.3 HTTP/2.0" 200 789 "-" "Mozilla/5.0 AppleWebKit/537.36 (KHTML, like Gecko; compatible; bingbot/2.0; +http://www.bing.com/bingbot.htm) Chrome/116.0.1938.76 Safari/537.36" 
207.46.13.17 - - [22/Oct/2025:08:19:46 -0700] "GET /wp-content/plugins/elementskit-lite/widgets/init/assets/css/responsive.css?ver=3.7.4 HTTP/2.0" 200 3400 "-" "Mozilla/5.0 AppleWebKit/537.36 (KHTML, like Gecko; compatible; bingbot/2.0; +http://www.bing.com/bingbot.htm) Chrome/116.0.1938.76 Safari/537.36" 
207.46.13.17 - - [22/Oct/2025:08:19:49 -0700] "GET /wp-content/plugins/elementor/assets/lib/animations/styles/fadeInRight.min.css?ver=3.32.5 HTTP/2.0" 200 220 "-" "Mozilla/5.0 AppleWebKit/537.36 (KHTML, like Gecko; compatible; bingbot/2.0; +http://www.bing.com/bingbot.htm) Chrome/116.0.1938.76 Safari/537.36" 
207.46.13.17 - - [22/Oct/2025:08:19:52 -0700] "GET /wp-content/plugins/elementor/assets/lib/e-gallery/css/e-gallery.min.css?ver=1.2.0 HTTP/2.0" 200 948 "-" "Mozilla/5.0 AppleWebKit/537.36 (KHTML, like Gecko; compatible; bingbot/2.0; +http://www.bing.com/bingbot.htm) Chrome/116.0.1938.76 Safari/537.36" 
207.46.13.17 - - [22/Oct/2025:08:19:56 -0700] "GET /wp-content/plugins/elementor/assets/css/widget-image.min.css?ver=3.32.5 HTTP/2.0" 200 265 "-" "Mozilla/5.0 AppleWebKit/537.36 (KHTML, like Gecko; compatible; bingbot/2.0; +http://www.bing.com/bingbot.htm) Chrome/116.0.1938.76 Safari/537.36" 
207.46.13.17 - - [22/Oct/2025:08:19:59 -0700] "GET /wp-content/themes/astra/assets/js/minified/frontend.min.js?ver=4.9.2 HTTP/2.0" 200 6194 "-" "Mozilla/5.0 AppleWebKit/537.36 (KHTML, like Gecko; compatible; bingbot/2.0; +http://www.bing.com/bingbot.htm) Chrome/116.0.1938.76 Safari/537.36" 
207.46.13.17 - - [22/Oct/2025:08:20:02 -0700] "GET /wp-content/plugins/elementskit-lite/widgets/init/assets/css/widget-styles.css?ver=3.7.4 HTTP/2.0" 200 53763 "-" "Mozilla/5.0 AppleWebKit/537.36 (KHTML, like Gecko; compatible; bingbot/2.0; +http://www.bing.com/bingbot.htm) Chrome/116.0.1938.76 Safari/537.36" 
207.46.13.17 - - [22/Oct/2025:08:20:05 -0700] "GET /wp-content/plugins/elementor/assets/css/widget-heading.min.css?ver=3.32.5 HTTP/2.0" 200 313 "-" "Mozilla/5.0 AppleWebKit/537.36 (KHTML, like Gecko; compatible; bingbot/2.0; +http://www.bing.com/bingbot.htm) Chrome/116.0.1938.76 Safari/537.36" 
207.46.13.17 - - [22/Oct/2025:08:20:08 -0700] "GET /wp-content/plugins/elementor/assets/js/frontend-modules.min.js?ver=3.32.5 HTTP/2.0" 200 19059 "-" "Mozilla/5.0 AppleWebKit/537.36 (KHTML, like Gecko; compatible; bingbot/2.0; +http://www.bing.com/bingbot.htm) Chrome/116.0.1938.76 Safari/537.36" 
207.46.13.17 - - [22/Oct/2025:08:20:11 -0700] "GET /wp-content/plugins/elementor-pro/assets/lib/sticky/jquery.sticky.min.js?ver=3.32.3 HTTP/2.0" 200 1668 "-" "Mozilla/5.0 AppleWebKit/537.36 (KHTML, like Gecko; compatible; bingbot/2.0; +http://www.bing.com/bingbot.htm) Chrome/116.0.1938.76 Safari/537.36" 
207.46.13.17 - - [22/Oct/2025:08:20:14 -0700] "GET /wp-includes/js/dist/i18n.min.js?ver=5e580eb46a90c2b997e6 HTTP/2.0" 200 3818 "-" "Mozilla/5.0 AppleWebKit/537.36 (KHTML, like Gecko; compatible; bingbot/2.0; +http://www.bing.com/bingbot.htm) Chrome/116.0.1938.76 Safari/537.36" 
207.46.13.17 - - [22/Oct/2025:08:20:18 -0700] "GET /wp-content/plugins/elementskit-lite/widgets/init/assets/js/elementor.js?ver=3.7.4 HTTP/2.0" 200 6164 "-" "Mozilla/5.0 AppleWebKit/537.36 (KHTML, like Gecko; compatible; bingbot/2.0; +http://www.bing.com/bingbot.htm) Chrome/116.0.1938.76 Safari/537.36" 
207.46.13.17 - - [22/Oct/2025:08:20:20 -0700] "GET /wp-content/plugins/elementor/assets/lib/swiper/v8/swiper.min.js?ver=8.4.5 HTTP/2.0" 200 40695 "-" "Mozilla/5.0 AppleWebKit/537.36 (KHTML, like Gecko; compatible; bingbot/2.0; +http://www.bing.com/bingbot.htm) Chrome/116.0.1938.76 Safari/537.36" 
207.46.13.17 - - [22/Oct/2025:08:20:23 -0700] "GET /wp-content/plugins/elementor-pro/assets/js/elements-handlers.min.js?ver=3.32.3 HTTP/2.0" 200 10919 "-" "Mozilla/5.0 AppleWebKit/537.36 (KHTML, like Gecko; compatible; bingbot/2.0; +http://www.bing.com/bingbot.htm) Chrome/116.0.1938.76 Safari/537.36" 
207.46.13.17 - - [22/Oct/2025:08:20:26 -0700] "GET /wp-content/plugins/elementskit-lite/widgets/init/assets/js/widget-scripts.js?ver=3.7.4 HTTP/2.0" 200 42559 "-" "Mozilla/5.0 AppleWebKit/537.36 (KHTML, like Gecko; compatible; bingbot/2.0; +http://www.bing.com/bingbot.htm) Chrome/116.0.1938.76 Safari/537.36" 
207.46.13.17 - - [22/Oct/2025:08:20:29 -0700] "GET /wp-includes/js/dist/hooks.min.js?ver=4d63a3d491d11ffd8ac6 HTTP/2.0" 200 1833 "-" "Mozilla/5.0 AppleWebKit/537.36 (KHTML, like Gecko; compatible; bingbot/2.0; +http://www.bing.com/bingbot.htm) Chrome/116.0.1938.76 Safari/537.36" 
207.46.13.17 - - [22/Oct/2025:08:20:32 -0700] "GET /wp-content/plugins/elementor/assets/lib/jquery-numerator/jquery-numerator.min.js?ver=0.2.1 HTTP/2.0" 200 863 "-" "Mozilla/5.0 AppleWebKit/537.36 (KHTML, like Gecko; compatible; bingbot/2.0; +http://www.bing.com/bingbot.htm) Chrome/116.0.1938.76 Safari/537.36" 
207.46.13.17 - - [22/Oct/2025:08:20:35 -0700] "GET /wp-includes/js/wp-emoji-release.min.js?ver=6.8.3 HTTP/2.0" 200 5359 "-" "Mozilla/5.0 AppleWebKit/537.36 (KHTML, like Gecko; compatible; bingbot/2.0; +http://www.bing.com/bingbot.htm) Chrome/116.0.1938.76 Safari/537.36" 
40.77.167.132 - - [22/Oct/2025:08:20:38 -0700] "GET /wp-includes/js/jquery/jquery.min.js?ver=3.7.1 HTTP/2.0" 200 31101 "-" "Mozilla/5.0 AppleWebKit/537.36 (KHTML, like Gecko; compatible; bingbot/2.0; +http://www.bing.com/bingbot.htm) Chrome/116.0.1938.76 Safari/537.36" 
40.77.167.132 - - [22/Oct/2025:08:20:41 -0700] "GET /wp-content/plugins/elementor/assets/lib/font-awesome/css/v4-shims.min.css?ver=3.32.5 HTTP/2.0" 200 4415 "-" "Mozilla/5.0 AppleWebKit/537.36 (KHTML, like Gecko; compatible; bingbot/2.0; +http://www.bing.com/bingbot.htm) Chrome/116.0.1938.76 Safari/537.36" 
40.77.167.132 - - [22/Oct/2025:08:20:44 -0700] "GET /wp-content/uploads/elementor/css/post-219.css?ver=1761121032 HTTP/2.0" 200 1860 "-" "Mozilla/5.0 AppleWebKit/537.36 (KHTML, like Gecko; compatible; bingbot/2.0; +http://www.bing.com/bingbot.htm) Chrome/116.0.1938.76 Safari/537.36" 
40.77.167.132 - - [22/Oct/2025:08:20:47 -0700] "GET /wp-content/plugins/elementor/assets/css/widget-icon-box.min.css?ver=3.32.5 HTTP/2.0" 200 636 "-" "Mozilla/5.0 AppleWebKit/537.36 (KHTML, like Gecko; compatible; bingbot/2.0; +http://www.bing.com/bingbot.htm) Chrome/116.0.1938.76 Safari/537.36" 
40.77.167.132 - - [22/Oct/2025:08:20:50 -0700] "GET /wp-content/plugins/elementor/assets/lib/font-awesome/css/all.min.css?ver=3.32.5 HTTP/2.0" 200 12951 "-" "Mozilla/5.0 AppleWebKit/537.36 (KHTML, like Gecko; compatible; bingbot/2.0; +http://www.bing.com/bingbot.htm) Chrome/116.0.1938.76 Safari/537.36" 
40.77.167.132 - - [22/Oct/2025:08:20:53 -0700] "GET /wp-content/plugins/elementor/assets/css/widget-counter.min.css?ver=3.32.5 HTTP/2.0" 200 407 "-" "Mozilla/5.0 AppleWebKit/537.36 (KHTML, like Gecko; compatible; bingbot/2.0; +http://www.bing.com/bingbot.htm) Chrome/116.0.1938.76 Safari/537.36" 
40.77.167.132 - - [22/Oct/2025:08:20:56 -0700] "GET /wp-content/plugins/elementskit-lite/modules/elementskit-icon-pack/assets/css/ekiticons.css?ver=3.7.4 HTTP/2.0" 200 13297 "-" "Mozilla/5.0 AppleWebKit/537.36 (KHTML, like Gecko; compatible; bingbot/2.0; +http://www.bing.com/bingbot.htm) Chrome/116.0.1938.76 Safari/537.36" 
40.77.167.132 - - [22/Oct/2025:08:20:59 -0700] "GET /wp-includes/js/jquery/jquery-migrate.min.js?ver=3.4.1 HTTP/2.0" 200 5032 "-" "Mozilla/5.0 AppleWebKit/537.36 (KHTML, like Gecko; compatible; bingbot/2.0; +http://www.bing.com/bingbot.htm) Chrome/116.0.1938.76 Safari/537.36" 
40.77.167.132 - - [22/Oct/2025:08:21:02 -0700] "GET /wp-content/plugins/elementor/assets/css/widget-video.min.css?ver=3.32.5 HTTP/2.0" 200 533 "-" "Mozilla/5.0 AppleWebKit/537.36 (KHTML, like Gecko; compatible; bingbot/2.0; +http://www.bing.com/bingbot.htm) Chrome/116.0.1938.76 Safari/537.36" 
40.77.167.132 - - [22/Oct/2025:08:21:05 -0700] "GET /wp-includes/js/mediaelement/wp-mediaelement.min.css?ver=6.8.3 HTTP/2.0" 200 1286 "-" "Mozilla/5.0 AppleWebKit/537.36 (KHTML, like Gecko; compatible; bingbot/2.0; +http://www.bing.com/bingbot.htm) Chrome/116.0.1938.76 Safari/537.36" 
40.77.167.132 - - [22/Oct/2025:08:21:08 -0700] "GET /wp-content/plugins/jet-engine/assets/css/frontend.css?ver=3.6.6.1 HTTP/2.0" 200 8104 "-" "Mozilla/5.0 AppleWebKit/537.36 (KHTML, like Gecko; compatible; bingbot/2.0; +http://www.bing.com/bingbot.htm) Chrome/116.0.1938.76 Safari/537.36" 
40.77.167.132 - - [22/Oct/2025:08:21:11 -0700] "GET /wp-content/plugins/elementor/assets/css/widget-social-icons.min.css?ver=3.32.5 HTTP/2.0" 200 1295 "-" "Mozilla/5.0 AppleWebKit/537.36 (KHTML, like Gecko; compatible; bingbot/2.0; +http://www.bing.com/bingbot.htm) Chrome/116.0.1938.76 Safari/537.36" 
40.77.167.132 - - [22/Oct/2025:08:21:14 -0700] "GET /wp-content/uploads/elementor/google-fonts/css/robotoslab.css?ver=1742243104 HTTP/2.0" 200 1073 "-" "Mozilla/5.0 AppleWebKit/537.36 (KHTML, like Gecko; compatible; bingbot/2.0; +http://www.bing.com/bingbot.htm) Chrome/116.0.1938.76 Safari/537.36" 
40.77.167.132 - - [22/Oct/2025:08:21:17 -0700] "GET /wp-includes/js/mediaelement/mediaelementplayer-legacy.min.css?ver=4.2.17 HTTP/2.0" 200 2718 "-" "Mozilla/5.0 AppleWebKit/537.36 (KHTML, like Gecko; compatible; bingbot/2.0; +http://www.bing.com/bingbot.htm) Chrome/116.0.1938.76 Safari/537.36" 
40.77.167.132 - - [22/Oct/2025:08:21:20 -0700] "GET /wp-content/plugins/whatsapp-for-wordpress/assets/js/whatsapp-button.js?ver=3.1.2 HTTP/2.0" 200 588 "-" "Mozilla/5.0 AppleWebKit/537.36 (KHTML, like Gecko; compatible; bingbot/2.0; +http://www.bing.com/bingbot.htm) Chrome/116.0.1938.76 Safari/537.36" 
69.163.179.91 - - [22/Oct/2025:08:21:20 -0700] "POST /wp-cron.php?doing_wp_cron=1761146479.9186599254608154296875 HTTP/1.1" 200 3646 "-" "WordPress/6.8.3; https://www.elconferencista.com" 
220.181.108.92 - - [22/Oct/2025:08:21:18 -0700] "GET /post_conferencias/10-tu-vida-de-subida/ HTTP/1.1" 404 113844 "-" "Mozilla/5.0 (compatible; Baiduspider/2.0; +http://www.baidu.com/search/spider.html)" 
40.77.167.132 - - [22/Oct/2025:08:21:23 -0700] "GET /wp-includes/js/mediaelement/mediaelement-and-player.min.js?ver=4.2.17 HTTP/2.0" 200 39797 "-" "Mozilla/5.0 AppleWebKit/537.36 (KHTML, like Gecko; compatible; bingbot/2.0; +http://www.bing.com/bingbot.htm) Chrome/116.0.1938.76 Safari/537.36" 
40.77.167.132 - - [22/Oct/2025:08:21:27 -0700] "GET /wp-content/plugins/whatsapp-for-wordpress/assets/js/whatsapp-popup.js?ver=6.8.3 HTTP/2.0" 200 391 "-" "Mozilla/5.0 AppleWebKit/537.36 (KHTML, like Gecko; compatible; bingbot/2.0; +http://www.bing.com/bingbot.htm) Chrome/116.0.1938.76 Safari/537.36" 
40.77.167.132 - - [22/Oct/2025:08:21:29 -0700] "GET /wp-content/plugins/elementor-pro/assets/js/webpack-pro.runtime.min.js?ver=3.32.3 HTTP/2.0" 200 2973 "-" "Mozilla/5.0 AppleWebKit/537.36 (KHTML, like Gecko; compatible; bingbot/2.0; +http://www.bing.com/bingbot.htm) Chrome/116.0.1938.76 Safari/537.36" 
40.77.167.132 - - [22/Oct/2025:08:21:31 -0700] "GET /wp-content/plugins/elementskit-lite/libs/framework/assets/js/frontend-script.js?ver=3.7.4 HTTP/2.0" 200 178 "-" "Mozilla/5.0 AppleWebKit/537.36 (KHTML, like Gecko; compatible; bingbot/2.0; +http://www.bing.com/bingbot.htm) Chrome/116.0.1938.76 Safari/537.36" 
40.77.167.132 - - [22/Oct/2025:08:21:34 -0700] "GET /wp-content/plugins/elementor/assets/js/frontend.min.js?ver=3.32.5 HTTP/2.0" 200 10676 "-" "Mozilla/5.0 AppleWebKit/537.36 (KHTML, like Gecko; compatible; bingbot/2.0; +http://www.bing.com/bingbot.htm) Chrome/116.0.1938.76 Safari/537.36" 
223.109.252.221 - - [22/Oct/2025:08:21:54 -0700] "GET / HTTP/1.1" 200 34842 "-" "Sogou web spider/4.0(+http://www.sogou.com/docs/help/webmasters.htm#07)" 
198.98.59.143 - - [22/Oct/2025:08:21:57 -0700] "GET /wp-login.php?wp_lang=e HTTP/1.1" 200 10843 "-" "Mozilla/5.0 (Macintosh; Intel Mac OS X 10_9_4 AppleWebKit/537.36 (KHTML, like Gecko) Chrome/36.0.1985.125 Safari/537.36" 
152.228.222.55 - - [22/Oct/2025:08:22:24 -0700] "POST /xmlrpc.php HTTP/2.0" 429 348 "https://www.elconferencista.com" "Mozilla/5.0 (Macintosh; Intel Mac OS X 10_15_7) AppleWebKit/537.36 (KHTML, like Gecko) Chrome/115.0.5790.102 Safari/537.36" 
43.130.39.254 - - [22/Oct/2025:08:23:27 -0700] "GET / HTTP/1.1" 200 34801 "https://ednergranados.com/" "Mozilla/5.0 (iPhone; CPU iPhone OS 13_2_3 like Mac OS X) AppleWebKit/605.1.15 (KHTML, like Gecko) Version/13.0.3 Mobile/15E148 Safari/604.1" 
69.163.179.91 - - [22/Oct/2025:08:23:28 -0700] "POST /wp-cron.php?doing_wp_cron=1761146608.8024649620056152343750 HTTP/1.1" 200 3646 "-" "WordPress/6.8.3; https://www.elconferencista.com" 
54.37.118.74 - - [22/Oct/2025:08:25:50 -0700] "GET /robots.txt HTTP/2.0" 200 278 "-" "Mozilla/5.0 (compatible; AhrefsBot/7.0; +http://ahrefs.com/robot/)" 
98.70.40.140 - - [22/Oct/2025:08:26:26 -0700] "GET /wp-login.php HTTP/2.0" 200 3583 "-" "Mozilla/5.0 (Windows NT 10.0; WOW64; Trident/7.0; MASMJS; rv:11.0) like Gecko" 
69.163.179.91 - - [22/Oct/2025:08:26:27 -0700] "POST /wp-cron.php?doing_wp_cron=1761146787.3479840755462646484375 HTTP/1.1" 200 3646 "-" "WordPress/6.8.3; https://www.elconferencista.com" 
98.70.40.140 - - [22/Oct/2025:08:26:32 -0700] "POST /wp-login.php HTTP/2.0" 200 3465 "https://www.elconferencista.com/wp-login.php" "Mozilla/5.0 (Windows NT 10.0; WOW64; Trident/7.0; MASMJS; rv:11.0) like Gecko" 
115.187.18.50 - - [22/Oct/2025:08:29:26 -0700] "POST /xmlrpc.php HTTP/2.0" 429 348 "https://www.elconferencista.com" "Mozilla/5.0 (Windows NT 10.0; Win64; x64) AppleWebKit/537.36 (KHTML, like Gecko) Chrome/115.0.5790.102 Safari/537.36" 
178.62.119.222 - - [22/Oct/2025:08:32:54 -0700] "POST /xmlrpc.php HTTP/2.0" 429 348 "https://www.elconferencista.com" "Mozilla/5.0 (Windows NT 11.0; Win64; x64) AppleWebKit/537.36 (KHTML, like Gecko) Chrome/126.0.0.0 Safari/537.36 Edg/126.0.0.0" 
185.220.101.52 - - [22/Oct/2025:08:33:22 -0700] "GET / HTTP/2.0" 200 158448 "ednergranados.com" "Mozilla/5.0 (Windows NT 10.0; Win64; x64) AppleWebKit/537.36 (KHTML, like Gecko) Chrome/125.0.0.0 Safari/537.36" 
69.163.179.91 - - [22/Oct/2025:08:33:24 -0700] "POST /wp-cron.php?doing_wp_cron=1761147204.4899311065673828125000 HTTP/1.1" 200 3646 "-" "WordPress/6.8.3; https://www.elconferencista.com" 
185.220.101.52 - - [22/Oct/2025:08:33:27 -0700] "GET / HTTP/2.0" 200 158448 "https://www.elconferencista.com" "Mozilla/5.0 (Windows NT 10.0; Win64; x64) AppleWebKit/537.36 (KHTML, like Gecko) Chrome/125.0.0.0 Safari/537.36" 
77.68.25.23 - - [22/Oct/2025:08:34:57 -0700] "GET /wp-login.php HTTP/2.0" 429 351 "-" "Mozilla/5.0 (Windows NT 10.0; WOW64) AppleWebKit/537.36 (KHTML, like Gecko) Chrome/63.0.3239.132 Safari/537.36 OPR/50.0.2762.67" 
77.68.25.23 - - [22/Oct/2025:08:35:01 -0700] "POST /wp-login.php HTTP/2.0" 429 278 "https://www.elconferencista.com/wp-login.php" "Mozilla/5.0 (Windows NT 10.0; WOW64) AppleWebKit/537.36 (KHTML, like Gecko) Chrome/63.0.3239.132 Safari/537.36 OPR/50.0.2762.67" 
65.55.210.167 - - [22/Oct/2025:08:35:03 -0700] "GET /wp-content/uploads/elementor/google-fonts/fonts/robotoslab-bngmuxzytxpivibgjjsb6ufn5qu.woff2 HTTP/2.0" 200 34522 "https://www.elconferencista.com/wp-content/uploads/elementor/google-fonts/css/robotoslab.css?ver=1742243104" "Mozilla/5.0 AppleWebKit/537.36 (KHTML, like Gecko; compatible; bingbot/2.0; +http://www.bing.com/bingbot.htm) Chrome/136.0.0.0 Safari/537.36" 
65.55.210.167 - - [22/Oct/2025:08:35:03 -0700] "GET /wp-content/uploads/elementor/google-fonts/fonts/roboto-kfo7cnqeu92fr1me7ksn66agldtyluama3yuba.woff2 HTTP/2.0" 200 40222 "https://www.elconferencista.com/wp-content/uploads/elementor/google-fonts/css/roboto.css?ver=1742243097" "Mozilla/5.0 AppleWebKit/537.36 (KHTML, like Gecko; compatible; bingbot/2.0; +http://www.bing.com/bingbot.htm) Chrome/136.0.0.0 Safari/537.36" 
65.55.210.167 - - [22/Oct/2025:08:35:03 -0700] "GET /wp-content/plugins/elementor/assets/css/conditionals/lightbox.min.css?ver=3.32.5 HTTP/2.0" 200 2070 "https://www.elconferencista.com/" "Mozilla/5.0 AppleWebKit/537.36 (KHTML, like Gecko; compatible; bingbot/2.0; +http://www.bing.com/bingbot.htm) Chrome/136.0.0.0 Safari/537.36" 
65.55.210.167 - - [22/Oct/2025:08:35:03 -0700] "GET /wp-content/plugins/elementskit-lite/modules/elementskit-icon-pack/assets/fonts/elementskit.woff?itek3h HTTP/2.0" 200 460662 "https://www.elconferencista.com/wp-content/plugins/elementskit-lite/modules/elementskit-icon-pack/assets/css/ekiticons.css?ver=3.7.4" "Mozilla/5.0 AppleWebKit/537.36 (KHTML, like Gecko; compatible; bingbot/2.0; +http://www.bing.com/bingbot.htm) Chrome/136.0.0.0 Safari/537.36" 
65.55.210.167 - - [22/Oct/2025:08:35:03 -0700] "GET /wp-content/plugins/elementor/assets/lib/share-link/share-link.min.js?ver=3.32.5 HTTP/2.0" 200 1318 "https://www.elconferencista.com/" "Mozilla/5.0 AppleWebKit/537.36 (KHTML, like Gecko; compatible; bingbot/2.0; +http://www.bing.com/bingbot.htm) Chrome/136.0.0.0 Safari/537.36" 
65.55.210.167 - - [22/Oct/2025:08:35:03 -0700] "GET /wp-content/plugins/elementor/assets/css/conditionals/dialog.min.css?ver=3.32.5 HTTP/2.0" 200 1658 "https://www.elconferencista.com/" "Mozilla/5.0 AppleWebKit/537.36 (KHTML, like Gecko; compatible; bingbot/2.0; +http://www.bing.com/bingbot.htm) Chrome/136.0.0.0 Safari/537.36" 
