69.163.179.91 - - [22/Oct/2025:14:09:04 -0700] "POST /wp-cron.php?doing_wp_cron=1761167344.7662041187286376953125 HTTP/1.1" 200 3646 "-" "WordPress/6.8.3; https://www.elconferencista.com" 
216.73.216.180 - - [22/Oct/2025:14:09:04 -0700] "GET /1968246?products=0001640212 HTTP/2.0" 404 109822 "-" "Mozilla/5.0 AppleWebKit/537.36 (KHTML, like Gecko; compatible; ClaudeBot/1.0; +claudebot@anthropic.com)" 
216.73.216.180 - - [22/Oct/2025:14:09:07 -0700] "GET /1964214?products=0001636852 HTTP/2.0" 404 109822 "-" "Mozilla/5.0 AppleWebKit/537.36 (KHTML, like Gecko; compatible; ClaudeBot/1.0; +claudebot@anthropic.com)" 
216.73.216.180 - - [22/Oct/2025:14:09:10 -0700] "GET /1964218?products=0001636854 HTTP/2.0" 404 109822 "-" "Mozilla/5.0 AppleWebKit/537.36 (KHTML, like Gecko; compatible; ClaudeBot/1.0; +claudebot@anthropic.com)" 
87.106.196.15 - - [22/Oct/2025:14:09:12 -0700] "GET /wp-login.php HTTP/2.0" 429 351 "-" "Mozilla/5.0 (Windows NT 10.0; WOW64; Trident/7.0; Touch; rv:11.0) like Gecko" 
216.73.216.180 - - [22/Oct/2025:14:09:16 -0700] "GET /1968792?products=0001640665 HTTP/2.0" 404 109997 "-" "Mozilla/5.0 AppleWebKit/537.36 (KHTML, like Gecko; compatible; ClaudeBot/1.0; +claudebot@anthropic.com)" 
216.73.216.180 - - [22/Oct/2025:14:09:19 -0700] "GET /1967952?products=0001639965 HTTP/2.0" 404 109813 "-" "Mozilla/5.0 AppleWebKit/537.36 (KHTML, like Gecko; compatible; ClaudeBot/1.0; +claudebot@anthropic.com)" 
216.73.216.180 - - [22/Oct/2025:14:09:22 -0700] "GET /1967256?products=0001639385 HTTP/2.0" 404 109822 "-" "Mozilla/5.0 AppleWebKit/537.36 (KHTML, like Gecko; compatible; ClaudeBot/1.0; +claudebot@anthropic.com)" 
216.73.216.180 - - [22/Oct/2025:14:09:25 -0700] "GET /1964276?products=0001636903 HTTP/2.0" 404 109822 "-" "Mozilla/5.0 AppleWebKit/537.36 (KHTML, like Gecko; compatible; ClaudeBot/1.0; +claudebot@anthropic.com)" 
216.73.216.180 - - [22/Oct/2025:14:09:28 -0700] "GET /1964804?products=0001637343 HTTP/2.0" 404 109822 "-" "Mozilla/5.0 AppleWebKit/537.36 (KHTML, like Gecko; compatible; ClaudeBot/1.0; +claudebot@anthropic.com)" 
216.73.216.180 - - [22/Oct/2025:14:09:31 -0700] "GET /1967448?products=0001639545 HTTP/2.0" 404 109822 "-" "Mozilla/5.0 AppleWebKit/537.36 (KHTML, like Gecko; compatible; ClaudeBot/1.0; +claudebot@anthropic.com)" 
216.73.216.180 - - [22/Oct/2025:14:09:34 -0700] "GET /1968822?products=0001640692 HTTP/2.0" 404 109822 "-" "Mozilla/5.0 AppleWebKit/537.36 (KHTML, like Gecko; compatible; ClaudeBot/1.0; +claudebot@anthropic.com)" 
216.73.216.180 - - [22/Oct/2025:14:09:37 -0700] "GET /1964602?products=0001637174 HTTP/2.0" 404 109822 "-" "Mozilla/5.0 AppleWebKit/537.36 (KHTML, like Gecko; compatible; ClaudeBot/1.0; +claudebot@anthropic.com)" 
216.73.216.180 - - [22/Oct/2025:14:09:40 -0700] "GET /1968332?products=0001640283 HTTP/2.0" 404 109831 "-" "Mozilla/5.0 AppleWebKit/537.36 (KHTML, like Gecko; compatible; ClaudeBot/1.0; +claudebot@anthropic.com)" 
216.73.216.180 - - [22/Oct/2025:14:09:43 -0700] "GET /1964684?products=0001637243 HTTP/2.0" 404 109822 "-" "Mozilla/5.0 AppleWebKit/537.36 (KHTML, like Gecko; compatible; ClaudeBot/1.0; +claudebot@anthropic.com)" 
216.73.216.180 - - [22/Oct/2025:14:09:46 -0700] "GET /1964328?products=0001636945 HTTP/2.0" 404 109822 "-" "Mozilla/5.0 AppleWebKit/537.36 (KHTML, like Gecko; compatible; ClaudeBot/1.0; +claudebot@anthropic.com)" 
216.73.216.180 - - [22/Oct/2025:14:09:49 -0700] "GET /1968264?products=0001640225 HTTP/2.0" 404 109822 "-" "Mozilla/5.0 AppleWebKit/537.36 (KHTML, like Gecko; compatible; ClaudeBot/1.0; +claudebot@anthropic.com)" 
87.106.196.15 - - [22/Oct/2025:14:09:50 -0700] "POST /wp-login.php HTTP/2.0" 429 351 "https://www.elconferencista.com/wp-login.php" "Mozilla/5.0 (Windows NT 10.0; WOW64; Trident/7.0; Touch; rv:11.0) like Gecko" 
216.73.216.180 - - [22/Oct/2025:14:09:52 -0700] "GET /1965308?products=0001637763 HTTP/2.0" 404 109822 "-" "Mozilla/5.0 AppleWebKit/537.36 (KHTML, like Gecko; compatible; ClaudeBot/1.0; +claudebot@anthropic.com)" 
216.73.216.180 - - [22/Oct/2025:14:09:55 -0700] "GET /1965294?products=0001637752 HTTP/2.0" 404 109822 "-" "Mozilla/5.0 AppleWebKit/537.36 (KHTML, like Gecko; compatible; ClaudeBot/1.0; +claudebot@anthropic.com)" 
216.73.216.180 - - [22/Oct/2025:14:09:58 -0700] "GET /1964794?products=0001637334 HTTP/2.0" 404 109813 "-" "Mozilla/5.0 AppleWebKit/537.36 (KHTML, like Gecko; compatible; ClaudeBot/1.0; +claudebot@anthropic.com)" 
69.163.179.91 - - [22/Oct/2025:14:10:02 -0700] "POST /wp-cron.php?doing_wp_cron=1761167402.4010870456695556640625 HTTP/1.1" 200 3646 "-" "WordPress/6.8.3; https://www.elconferencista.com" 
216.73.216.180 - - [22/Oct/2025:14:10:01 -0700] "GET /1964156?products=0001636803 HTTP/2.0" 404 109822 "-" "Mozilla/5.0 AppleWebKit/537.36 (KHTML, like Gecko; compatible; ClaudeBot/1.0; +claudebot@anthropic.com)" 
69.163.179.91 - - [22/Oct/2025:14:10:05 -0700] "POST /wp-cron.php?doing_wp_cron=1761167405.0729949474334716796875 HTTP/1.1" 200 3646 "-" "WordPress/6.8.3; https://www.elconferencista.com" 
216.73.216.180 - - [22/Oct/2025:14:10:04 -0700] "GET /1967420?products=0001639523 HTTP/2.0" 404 109831 "-" "Mozilla/5.0 AppleWebKit/537.36 (KHTML, like Gecko; compatible; ClaudeBot/1.0; +claudebot@anthropic.com)" 
216.73.216.180 - - [22/Oct/2025:14:10:07 -0700] "GET /1967430?products=0001639532 HTTP/2.0" 404 109822 "-" "Mozilla/5.0 AppleWebKit/537.36 (KHTML, like Gecko; compatible; ClaudeBot/1.0; +claudebot@anthropic.com)" 
87.106.196.15 - - [22/Oct/2025:14:10:10 -0700] "GET /wp-login.php HTTP/2.0" 429 351 "-" "Mozilla/5.0 (Windows NT 10.0; WOW64; Trident/7.0; Touch; rv:11.0) like Gecko" 
216.73.216.180 - - [22/Oct/2025:14:10:10 -0700] "GET /1964132?products=0001636783 HTTP/2.0" 404 109822 "-" "Mozilla/5.0 AppleWebKit/537.36 (KHTML, like Gecko; compatible; ClaudeBot/1.0; +claudebot@anthropic.com)" 
216.73.216.180 - - [22/Oct/2025:14:10:13 -0700] "GET /1968558?products=0001640472 HTTP/2.0" 404 109822 "-" "Mozilla/5.0 AppleWebKit/537.36 (KHTML, like Gecko; compatible; ClaudeBot/1.0; +claudebot@anthropic.com)" 
216.73.216.180 - - [22/Oct/2025:14:10:16 -0700] "GET /1964142?products=0001636792 HTTP/2.0" 404 109822 "-" "Mozilla/5.0 AppleWebKit/537.36 (KHTML, like Gecko; compatible; ClaudeBot/1.0; +claudebot@anthropic.com)" 
216.73.216.180 - - [22/Oct/2025:14:10:19 -0700] "GET /1967002?products=0001639174 HTTP/2.0" 404 109822 "-" "Mozilla/5.0 AppleWebKit/537.36 (KHTML, like Gecko; compatible; ClaudeBot/1.0; +claudebot@anthropic.com)" 
216.73.216.180 - - [22/Oct/2025:14:10:22 -0700] "GET /1967444?products=0001639543 HTTP/2.0" 404 109822 "-" "Mozilla/5.0 AppleWebKit/537.36 (KHTML, like Gecko; compatible; ClaudeBot/1.0; +claudebot@anthropic.com)" 
216.73.216.180 - - [22/Oct/2025:14:10:25 -0700] "GET /1968384?products=0001640325 HTTP/2.0" 404 109822 "-" "Mozilla/5.0 AppleWebKit/537.36 (KHTML, like Gecko; compatible; ClaudeBot/1.0; +claudebot@anthropic.com)" 
216.73.216.180 - - [22/Oct/2025:14:10:28 -0700] "GET /1965264?products=0001637725 HTTP/2.0" 404 109831 "-" "Mozilla/5.0 AppleWebKit/537.36 (KHTML, like Gecko; compatible; ClaudeBot/1.0; +claudebot@anthropic.com)" 
216.73.216.180 - - [22/Oct/2025:14:10:31 -0700] "GET /1965888?products=0001638245 HTTP/2.0" 404 109822 "-" "Mozilla/5.0 AppleWebKit/537.36 (KHTML, like Gecko; compatible; ClaudeBot/1.0; +claudebot@anthropic.com)" 
216.73.216.180 - - [22/Oct/2025:14:10:34 -0700] "GET /1967900?products=0001639923 HTTP/2.0" 404 109831 "-" "Mozilla/5.0 AppleWebKit/537.36 (KHTML, like Gecko; compatible; ClaudeBot/1.0; +claudebot@anthropic.com)" 
87.106.196.15 - - [22/Oct/2025:14:10:38 -0700] "POST /wp-login.php HTTP/2.0" 429 351 "https://www.elconferencista.com/wp-login.php" "Mozilla/5.0 (Windows NT 10.0; WOW64; Trident/7.0; Touch; rv:11.0) like Gecko" 
216.73.216.180 - - [22/Oct/2025:14:10:37 -0700] "GET /1965274?products=0001637734 HTTP/2.0" 404 109822 "-" "Mozilla/5.0 AppleWebKit/537.36 (KHTML, like Gecko; compatible; ClaudeBot/1.0; +claudebot@anthropic.com)" 
216.73.216.180 - - [22/Oct/2025:14:10:40 -0700] "GET /1967012?products=0001639183 HTTP/2.0" 404 109822 "-" "Mozilla/5.0 AppleWebKit/537.36 (KHTML, like Gecko; compatible; ClaudeBot/1.0; +claudebot@anthropic.com)" 
216.73.216.180 - - [22/Oct/2025:14:10:43 -0700] "GET /1968692?products=0001640583 HTTP/2.0" 404 109822 "-" "Mozilla/5.0 AppleWebKit/537.36 (KHTML, like Gecko; compatible; ClaudeBot/1.0; +claudebot@anthropic.com)" 
216.73.216.180 - - [22/Oct/2025:14:10:46 -0700] "GET /1968390?products=0001640332 HTTP/2.0" 404 109822 "-" "Mozilla/5.0 AppleWebKit/537.36 (KHTML, like Gecko; compatible; ClaudeBot/1.0; +claudebot@anthropic.com)" 
216.73.216.180 - - [22/Oct/2025:14:10:49 -0700] "GET /1968198?products=0001640172 HTTP/2.0" 404 109822 "-" "Mozilla/5.0 AppleWebKit/537.36 (KHTML, like Gecko; compatible; ClaudeBot/1.0; +claudebot@anthropic.com)" 
216.73.216.180 - - [22/Oct/2025:14:10:52 -0700] "GET /1967252?products=0001639383 HTTP/2.0" 404 109822 "-" "Mozilla/5.0 AppleWebKit/537.36 (KHTML, like Gecko; compatible; ClaudeBot/1.0; +claudebot@anthropic.com)" 
216.73.216.180 - - [22/Oct/2025:14:10:55 -0700] "GET /1968476?products=0001640403 HTTP/2.0" 404 109822 "-" "Mozilla/5.0 AppleWebKit/537.36 (KHTML, like Gecko; compatible; ClaudeBot/1.0; +claudebot@anthropic.com)" 
216.73.216.180 - - [22/Oct/2025:14:10:58 -0700] "GET /1964012?products=0001636683 HTTP/2.0" 404 109813 "-" "Mozilla/5.0 AppleWebKit/537.36 (KHTML, like Gecko; compatible; ClaudeBot/1.0; +claudebot@anthropic.com)" 
69.163.179.91 - - [22/Oct/2025:14:11:02 -0700] "POST /wp-cron.php?doing_wp_cron=1761167462.1655809879302978515625 HTTP/1.1" 200 3646 "-" "WordPress/6.8.3; https://www.elconferencista.com" 
216.73.216.180 - - [22/Oct/2025:14:11:01 -0700] "GET /1967962?products=0001639974 HTTP/2.0" 404 109822 "-" "Mozilla/5.0 AppleWebKit/537.36 (KHTML, like Gecko; compatible; ClaudeBot/1.0; +claudebot@anthropic.com)" 
69.163.179.91 - - [22/Oct/2025:14:11:05 -0700] "POST /wp-cron.php?doing_wp_cron=1761167465.0616540908813476562500 HTTP/1.1" 200 3646 "-" "WordPress/6.8.3; https://www.elconferencista.com" 
216.73.216.180 - - [22/Oct/2025:14:11:04 -0700] "GET /1964982?products=0001637492 HTTP/2.0" 404 109822 "-" "Mozilla/5.0 AppleWebKit/537.36 (KHTML, like Gecko; compatible; ClaudeBot/1.0; +claudebot@anthropic.com)" 
216.73.216.180 - - [22/Oct/2025:14:11:07 -0700] "GET /1967290?products=0001639414 HTTP/2.0" 404 109822 "-" "Mozilla/5.0 AppleWebKit/537.36 (KHTML, like Gecko; compatible; ClaudeBot/1.0; +claudebot@anthropic.com)" 
216.73.216.180 - - [22/Oct/2025:14:11:10 -0700] "GET /1964358?products=0001636972 HTTP/2.0" 404 109822 "-" "Mozilla/5.0 AppleWebKit/537.36 (KHTML, like Gecko; compatible; ClaudeBot/1.0; +claudebot@anthropic.com)" 
216.73.216.180 - - [22/Oct/2025:14:11:13 -0700] "GET /1965120?products=0001637605 HTTP/2.0" 404 109822 "-" "Mozilla/5.0 AppleWebKit/537.36 (KHTML, like Gecko; compatible; ClaudeBot/1.0; +claudebot@anthropic.com)" 
216.73.216.180 - - [22/Oct/2025:14:11:16 -0700] "GET /1965174?products=0001637652 HTTP/2.0" 404 109813 "-" "Mozilla/5.0 AppleWebKit/537.36 (KHTML, like Gecko; compatible; ClaudeBot/1.0; +claudebot@anthropic.com)" 
216.73.216.180 - - [22/Oct/2025:14:11:19 -0700] "GET /1967016?products=0001639185 HTTP/2.0" 404 109822 "-" "Mozilla/5.0 AppleWebKit/537.36 (KHTML, like Gecko; compatible; ClaudeBot/1.0; +claudebot@anthropic.com)" 
216.73.216.180 - - [22/Oct/2025:14:11:22 -0700] "GET /1968582?products=0001640492 HTTP/2.0" 404 109822 "-" "Mozilla/5.0 AppleWebKit/537.36 (KHTML, like Gecko; compatible; ClaudeBot/1.0; +claudebot@anthropic.com)" 
216.73.216.180 - - [22/Oct/2025:14:11:25 -0700] "GET /1967352?products=0001639465 HTTP/2.0" 404 109822 "-" "Mozilla/5.0 AppleWebKit/537.36 (KHTML, like Gecko; compatible; ClaudeBot/1.0; +claudebot@anthropic.com)" 
216.73.216.180 - - [22/Oct/2025:14:11:28 -0700] "GET /1964310?products=0001636932 HTTP/2.0" 404 109822 "-" "Mozilla/5.0 AppleWebKit/537.36 (KHTML, like Gecko; compatible; ClaudeBot/1.0; +claudebot@anthropic.com)" 
216.73.216.180 - - [22/Oct/2025:14:11:31 -0700] "GET /1965894?products=0001638252 HTTP/2.0" 404 109822 "-" "Mozilla/5.0 AppleWebKit/537.36 (KHTML, like Gecko; compatible; ClaudeBot/1.0; +claudebot@anthropic.com)" 
216.73.216.180 - - [22/Oct/2025:14:11:34 -0700] "GET /1968706?products=0001640594 HTTP/2.0" 404 109822 "-" "Mozilla/5.0 AppleWebKit/537.36 (KHTML, like Gecko; compatible; ClaudeBot/1.0; +claudebot@anthropic.com)" 
216.73.216.180 - - [22/Oct/2025:14:11:37 -0700] "GET /1967794?products=0001639834 HTTP/2.0" 404 109831 "-" "Mozilla/5.0 AppleWebKit/537.36 (KHTML, like Gecko; compatible; ClaudeBot/1.0; +claudebot@anthropic.com)" 
216.73.216.180 - - [22/Oct/2025:14:11:40 -0700] "GET /1967122?products=0001639274 HTTP/2.0" 404 109822 "-" "Mozilla/5.0 AppleWebKit/537.36 (KHTML, like Gecko; compatible; ClaudeBot/1.0; +claudebot@anthropic.com)" 
216.73.216.180 - - [22/Oct/2025:14:11:43 -0700] "GET /1965312?products=0001637765 HTTP/2.0" 404 109822 "-" "Mozilla/5.0 AppleWebKit/537.36 (KHTML, like Gecko; compatible; ClaudeBot/1.0; +claudebot@anthropic.com)" 
216.73.216.180 - - [22/Oct/2025:14:11:46 -0700] "GET /1967688?products=0001639745 HTTP/2.0" 404 109822 "-" "Mozilla/5.0 AppleWebKit/537.36 (KHTML, like Gecko; compatible; ClaudeBot/1.0; +claudebot@anthropic.com)" 
216.73.216.180 - - [22/Oct/2025:14:11:49 -0700] "GET /1968720?products=0001640605 HTTP/2.0" 404 109822 "-" "Mozilla/5.0 AppleWebKit/537.36 (KHTML, like Gecko; compatible; ClaudeBot/1.0; +claudebot@anthropic.com)" 
216.73.216.180 - - [22/Oct/2025:14:11:52 -0700] "GET /1966176?products=0001638485 HTTP/2.0" 404 109822 "-" "Mozilla/5.0 AppleWebKit/537.36 (KHTML, like Gecko; compatible; ClaudeBot/1.0; +claudebot@anthropic.com)" 
216.73.216.180 - - [22/Oct/2025:14:11:55 -0700] "GET /1965116?products=0001637603 HTTP/2.0" 404 109822 "-" "Mozilla/5.0 AppleWebKit/537.36 (KHTML, like Gecko; compatible; ClaudeBot/1.0; +claudebot@anthropic.com)" 
216.73.216.180 - - [22/Oct/2025:14:11:58 -0700] "GET /1965192?products=0001637665 HTTP/2.0" 404 109822 "-" "Mozilla/5.0 AppleWebKit/537.36 (KHTML, like Gecko; compatible; ClaudeBot/1.0; +claudebot@anthropic.com)" 
69.163.179.91 - - [22/Oct/2025:14:12:02 -0700] "POST /wp-cron.php?doing_wp_cron=1761167522.3153569698333740234375 HTTP/1.1" 200 3646 "-" "WordPress/6.8.3; https://www.elconferencista.com" 
216.73.216.180 - - [22/Oct/2025:14:12:01 -0700] "GET /1967410?products=0001639514 HTTP/2.0" 404 109831 "-" "Mozilla/5.0 AppleWebKit/537.36 (KHTML, like Gecko; compatible; ClaudeBot/1.0; +claudebot@anthropic.com)" 
69.163.179.91 - - [22/Oct/2025:14:12:05 -0700] "POST /wp-cron.php?doing_wp_cron=1761167525.1078290939331054687500 HTTP/1.1" 200 3646 "-" "WordPress/6.8.3; https://www.elconferencista.com" 
216.73.216.180 - - [22/Oct/2025:14:12:04 -0700] "GET /1964286?products=0001636912 HTTP/2.0" 404 109997 "-" "Mozilla/5.0 AppleWebKit/537.36 (KHTML, like Gecko; compatible; ClaudeBot/1.0; +claudebot@anthropic.com)" 
216.73.216.180 - - [22/Oct/2025:14:12:07 -0700] "GET /1965356?products=0001637803 HTTP/2.0" 404 109822 "-" "Mozilla/5.0 AppleWebKit/537.36 (KHTML, like Gecko; compatible; ClaudeBot/1.0; +claudebot@anthropic.com)" 
216.73.216.180 - - [22/Oct/2025:14:12:10 -0700] "GET /1968284?products=0001640243 HTTP/2.0" 404 109822 "-" "Mozilla/5.0 AppleWebKit/537.36 (KHTML, like Gecko; compatible; ClaudeBot/1.0; +claudebot@anthropic.com)" 
216.73.216.180 - - [22/Oct/2025:14:12:13 -0700] "GET /1967334?products=0001639452 HTTP/2.0" 404 109822 "-" "Mozilla/5.0 AppleWebKit/537.36 (KHTML, like Gecko; compatible; ClaudeBot/1.0; +claudebot@anthropic.com)" 
216.73.216.180 - - [22/Oct/2025:14:12:16 -0700] "GET /1968308?products=0001640263 HTTP/2.0" 404 109813 "-" "Mozilla/5.0 AppleWebKit/537.36 (KHTML, like Gecko; compatible; ClaudeBot/1.0; +claudebot@anthropic.com)" 
216.73.216.180 - - [22/Oct/2025:14:12:19 -0700] "GET /1965236?products=0001637703 HTTP/2.0" 404 109822 "-" "Mozilla/5.0 AppleWebKit/537.36 (KHTML, like Gecko; compatible; ClaudeBot/1.0; +claudebot@anthropic.com)" 
216.73.216.180 - - [22/Oct/2025:14:12:22 -0700] "GET /1964108?products=0001636763 HTTP/2.0" 404 109822 "-" "Mozilla/5.0 AppleWebKit/537.36 (KHTML, like Gecko; compatible; ClaudeBot/1.0; +claudebot@anthropic.com)" 
216.73.216.180 - - [22/Oct/2025:14:12:25 -0700] "GET /1965346?products=0001637794 HTTP/2.0" 404 109822 "-" "Mozilla/5.0 AppleWebKit/537.36 (KHTML, like Gecko; compatible; ClaudeBot/1.0; +claudebot@anthropic.com)" 
216.73.216.180 - - [22/Oct/2025:14:12:28 -0700] "GET /1968658?products=0001640554 HTTP/2.0" 404 109822 "-" "Mozilla/5.0 AppleWebKit/537.36 (KHTML, like Gecko; compatible; ClaudeBot/1.0; +claudebot@anthropic.com)" 
216.73.216.180 - - [22/Oct/2025:14:12:31 -0700] "GET /1965778?products=0001638154 HTTP/2.0" 404 109831 "-" "Mozilla/5.0 AppleWebKit/537.36 (KHTML, like Gecko; compatible; ClaudeBot/1.0; +claudebot@anthropic.com)" 
216.73.216.180 - - [22/Oct/2025:14:12:34 -0700] "GET /1968360?products=0001640305 HTTP/2.0" 404 109822 "-" "Mozilla/5.0 AppleWebKit/537.36 (KHTML, like Gecko; compatible; ClaudeBot/1.0; +claudebot@anthropic.com)" 
216.73.216.180 - - [22/Oct/2025:14:12:37 -0700] "GET /1968322?products=0001640274 HTTP/2.0" 404 109822 "-" "Mozilla/5.0 AppleWebKit/537.36 (KHTML, like Gecko; compatible; ClaudeBot/1.0; +claudebot@anthropic.com)" 
216.73.216.180 - - [22/Oct/2025:14:12:42 -0700] "GET /1964554?products=0001637134 HTTP/2.0" 404 109997 "-" "Mozilla/5.0 AppleWebKit/537.36 (KHTML, like Gecko; compatible; ClaudeBot/1.0; +claudebot@anthropic.com)" 
216.73.216.180 - - [22/Oct/2025:14:12:45 -0700] "GET /1965528?products=0001637945 HTTP/2.0" 404 109822 "-" "Mozilla/5.0 AppleWebKit/537.36 (KHTML, like Gecko; compatible; ClaudeBot/1.0; +claudebot@anthropic.com)" 
216.73.216.180 - - [22/Oct/2025:14:12:48 -0700] "GET /1963728?products=0001636445 HTTP/2.0" 404 109822 "-" "Mozilla/5.0 AppleWebKit/537.36 (KHTML, like Gecko; compatible; ClaudeBot/1.0; +claudebot@anthropic.com)" 
216.73.216.180 - - [22/Oct/2025:14:12:51 -0700] "GET /1965150?products=0001637632 HTTP/2.0" 404 109822 "-" "Mozilla/5.0 AppleWebKit/537.36 (KHTML, like Gecko; compatible; ClaudeBot/1.0; +claudebot@anthropic.com)" 
216.73.216.180 - - [22/Oct/2025:14:12:54 -0700] "GET /1966220?products=0001638523 HTTP/2.0" 404 109822 "-" "Mozilla/5.0 AppleWebKit/537.36 (KHTML, like Gecko; compatible; ClaudeBot/1.0; +claudebot@anthropic.com)" 
216.73.216.180 - - [22/Oct/2025:14:12:57 -0700] "GET /1966210?products=0001638514 HTTP/2.0" 404 109822 "-" "Mozilla/5.0 AppleWebKit/537.36 (KHTML, like Gecko; compatible; ClaudeBot/1.0; +claudebot@anthropic.com)" 
216.73.216.180 - - [22/Oct/2025:14:13:00 -0700] "GET /1965438?products=0001637872 HTTP/2.0" 404 109822 "-" "Mozilla/5.0 AppleWebKit/537.36 (KHTML, like Gecko; compatible; ClaudeBot/1.0; +claudebot@anthropic.com)" 
69.163.179.91 - - [22/Oct/2025:14:13:04 -0700] "POST /wp-cron.php?doing_wp_cron=1761167584.1016750335693359375000 HTTP/1.1" 200 3646 "-" "WordPress/6.8.3; https://www.elconferencista.com" 
216.73.216.180 - - [22/Oct/2025:14:13:03 -0700] "GET /1963858?products=0001636554 HTTP/2.0" 404 109822 "-" "Mozilla/5.0 AppleWebKit/537.36 (KHTML, like Gecko; compatible; ClaudeBot/1.0; +claudebot@anthropic.com)" 
216.73.216.180 - - [22/Oct/2025:14:13:06 -0700] "GET /1967598?products=0001639672 HTTP/2.0" 404 109831 "-" "Mozilla/5.0 AppleWebKit/537.36 (KHTML, like Gecko; compatible; ClaudeBot/1.0; +claudebot@anthropic.com)" 
216.73.216.180 - - [22/Oct/2025:14:13:09 -0700] "GET /1967564?products=0001639643 HTTP/2.0" 404 109822 "-" "Mozilla/5.0 AppleWebKit/537.36 (KHTML, like Gecko; compatible; ClaudeBot/1.0; +claudebot@anthropic.com)" 
216.73.216.180 - - [22/Oct/2025:14:13:12 -0700] "GET /1965764?products=0001638143 HTTP/2.0" 404 109822 "-" "Mozilla/5.0 AppleWebKit/537.36 (KHTML, like Gecko; compatible; ClaudeBot/1.0; +claudebot@anthropic.com)" 
216.73.216.180 - - [22/Oct/2025:14:13:15 -0700] "GET /1966114?products=0001638434 HTTP/2.0" 404 109822 "-" "Mozilla/5.0 AppleWebKit/537.36 (KHTML, like Gecko; compatible; ClaudeBot/1.0; +claudebot@anthropic.com)" 
216.73.216.180 - - [22/Oct/2025:14:13:18 -0700] "GET /1966968?products=0001639145 HTTP/2.0" 404 109822 "-" "Mozilla/5.0 AppleWebKit/537.36 (KHTML, like Gecko; compatible; ClaudeBot/1.0; +claudebot@anthropic.com)" 
216.73.216.180 - - [22/Oct/2025:14:13:21 -0700] "GET /1964084?products=0001636743 HTTP/2.0" 404 109831 "-" "Mozilla/5.0 AppleWebKit/537.36 (KHTML, like Gecko; compatible; ClaudeBot/1.0; +claudebot@anthropic.com)" 
216.73.216.180 - - [22/Oct/2025:14:13:24 -0700] "GET /1966484?products=0001638743 HTTP/2.0" 404 109822 "-" "Mozilla/5.0 AppleWebKit/537.36 (KHTML, like Gecko; compatible; ClaudeBot/1.0; +claudebot@anthropic.com)" 
216.73.216.180 - - [22/Oct/2025:14:13:27 -0700] "GET /1963762?products=0001636474 HTTP/2.0" 404 109822 "-" "Mozilla/5.0 AppleWebKit/537.36 (KHTML, like Gecko; compatible; ClaudeBot/1.0; +claudebot@anthropic.com)" 
216.73.216.180 - - [22/Oct/2025:14:13:30 -0700] "GET /1963820?products=0001636523 HTTP/2.0" 404 109822 "-" "Mozilla/5.0 AppleWebKit/537.36 (KHTML, like Gecko; compatible; ClaudeBot/1.0; +claudebot@anthropic.com)" 
216.73.216.180 - - [22/Oct/2025:14:13:33 -0700] "GET /1964468?products=0001637063 HTTP/2.0" 404 109822 "-" "Mozilla/5.0 AppleWebKit/537.36 (KHTML, like Gecko; compatible; ClaudeBot/1.0; +claudebot@anthropic.com)" 
216.73.216.180 - - [22/Oct/2025:14:13:36 -0700] "GET /1964516?products=0001637103 HTTP/2.0" 404 109822 "-" "Mozilla/5.0 AppleWebKit/537.36 (KHTML, like Gecko; compatible; ClaudeBot/1.0; +claudebot@anthropic.com)" 
216.73.216.180 - - [22/Oct/2025:14:13:39 -0700] "GET /1964036?products=0001636703 HTTP/2.0" 404 109822 "-" "Mozilla/5.0 AppleWebKit/537.36 (KHTML, like Gecko; compatible; ClaudeBot/1.0; +claudebot@anthropic.com)" 
216.73.216.180 - - [22/Oct/2025:14:13:42 -0700] "GET /1965970?products=0001638314 HTTP/2.0" 404 109831 "-" "Mozilla/5.0 AppleWebKit/537.36 (KHTML, like Gecko; compatible; ClaudeBot/1.0; +claudebot@anthropic.com)" 
216.73.216.180 - - [22/Oct/2025:14:13:45 -0700] "GET /1967568?products=0001639645 HTTP/2.0" 404 109822 "-" "Mozilla/5.0 AppleWebKit/537.36 (KHTML, like Gecko; compatible; ClaudeBot/1.0; +claudebot@anthropic.com)" 
216.73.216.180 - - [22/Oct/2025:14:15:01 -0700] "GET /1968294?products=0001640252 HTTP/2.0" 404 109997 "-" "Mozilla/5.0 AppleWebKit/537.36 (KHTML, like Gecko; compatible; ClaudeBot/1.0; +claudebot@anthropic.com)" 
69.163.179.91 - - [22/Oct/2025:14:15:02 -0700] "POST /wp-cron.php?doing_wp_cron=1761167702.4295179843902587890625 HTTP/1.1" 200 3646 "-" "WordPress/6.8.3; https://www.elconferencista.com" 
216.73.216.180 - - [22/Oct/2025:14:15:06 -0700] "GET /1967358?products=0001639472 HTTP/2.0" 404 109822 "-" "Mozilla/5.0 AppleWebKit/537.36 (KHTML, like Gecko; compatible; ClaudeBot/1.0; +claudebot@anthropic.com)" 
216.73.216.180 - - [22/Oct/2025:14:15:09 -0700] "GET /1968774?products=0001640652 HTTP/2.0" 404 109822 "-" "Mozilla/5.0 AppleWebKit/537.36 (KHTML, like Gecko; compatible; ClaudeBot/1.0; +claudebot@anthropic.com)" 
216.73.216.180 - - [22/Oct/2025:14:15:12 -0700] "GET /1967694?products=0001639752 HTTP/2.0" 404 109822 "-" "Mozilla/5.0 AppleWebKit/537.36 (KHTML, like Gecko; compatible; ClaudeBot/1.0; +claudebot@anthropic.com)" 
216.73.216.180 - - [22/Oct/2025:14:15:15 -0700] "GET /1968394?products=0001640334 HTTP/2.0" 404 109822 "-" "Mozilla/5.0 AppleWebKit/537.36 (KHTML, like Gecko; compatible; ClaudeBot/1.0; +claudebot@anthropic.com)" 
216.73.216.180 - - [22/Oct/2025:14:15:18 -0700] "GET /1968270?products=0001640232 HTTP/2.0" 404 109822 "-" "Mozilla/5.0 AppleWebKit/537.36 (KHTML, like Gecko; compatible; ClaudeBot/1.0; +claudebot@anthropic.com)" 
69.163.179.91 - - [22/Oct/2025:14:15:22 -0700] "POST /wp-cron.php?doing_wp_cron=1761167722.2850921154022216796875 HTTP/1.1" 200 3646 "-" "WordPress/6.8.3; https://www.elconferencista.com" 
216.73.216.180 - - [22/Oct/2025:14:15:21 -0700] "GET /1964290?products=0001636914 HTTP/2.0" 404 109822 "-" "Mozilla/5.0 AppleWebKit/537.36 (KHTML, like Gecko; compatible; ClaudeBot/1.0; +claudebot@anthropic.com)" 
216.73.216.180 - - [22/Oct/2025:14:15:24 -0700] "GET /1965884?products=0001638243 HTTP/2.0" 404 109822 "-" "Mozilla/5.0 AppleWebKit/537.36 (KHTML, like Gecko; compatible; ClaudeBot/1.0; +claudebot@anthropic.com)" 
216.73.216.180 - - [22/Oct/2025:14:15:27 -0700] "GET /1964406?products=0001637012 HTTP/2.0" 404 109822 "-" "Mozilla/5.0 AppleWebKit/537.36 (KHTML, like Gecko; compatible; ClaudeBot/1.0; +claudebot@anthropic.com)" 
216.73.216.180 - - [22/Oct/2025:14:15:30 -0700] "GET /1967986?products=0001639994 HTTP/2.0" 404 109822 "-" "Mozilla/5.0 AppleWebKit/537.36 (KHTML, like Gecko; compatible; ClaudeBot/1.0; +claudebot@anthropic.com)" 
216.73.216.180 - - [22/Oct/2025:14:15:33 -0700] "GET /1965750?products=0001638132 HTTP/2.0" 404 109822 "-" "Mozilla/5.0 AppleWebKit/537.36 (KHTML, like Gecko; compatible; ClaudeBot/1.0; +claudebot@anthropic.com)" 
216.73.216.180 - - [22/Oct/2025:14:15:36 -0700] "GET /1968236?products=0001640203 HTTP/2.0" 404 109831 "-" "Mozilla/5.0 AppleWebKit/537.36 (KHTML, like Gecko; compatible; ClaudeBot/1.0; +claudebot@anthropic.com)" 
216.73.216.180 - - [22/Oct/2025:14:15:39 -0700] "GET /1967396?products=0001639503 HTTP/2.0" 404 109822 "-" "Mozilla/5.0 AppleWebKit/537.36 (KHTML, like Gecko; compatible; ClaudeBot/1.0; +claudebot@anthropic.com)" 
216.73.216.180 - - [22/Oct/2025:14:15:42 -0700] "GET /1967324?products=0001639443 HTTP/2.0" 404 109813 "-" "Mozilla/5.0 AppleWebKit/537.36 (KHTML, like Gecko; compatible; ClaudeBot/1.0; +claudebot@anthropic.com)" 
216.73.216.180 - - [22/Oct/2025:14:15:45 -0700] "GET /1967424?products=0001639525 HTTP/2.0" 404 109822 "-" "Mozilla/5.0 AppleWebKit/537.36 (KHTML, like Gecko; compatible; ClaudeBot/1.0; +claudebot@anthropic.com)" 
216.73.216.180 - - [22/Oct/2025:14:15:48 -0700] "GET /1967262?products=0001639392 HTTP/2.0" 404 109822 "-" "Mozilla/5.0 AppleWebKit/537.36 (KHTML, like Gecko; compatible; ClaudeBot/1.0; +claudebot@anthropic.com)" 
216.73.216.180 - - [22/Oct/2025:14:15:51 -0700] "GET /1964300?products=0001636923 HTTP/2.0" 404 109813 "-" "Mozilla/5.0 AppleWebKit/537.36 (KHTML, like Gecko; compatible; ClaudeBot/1.0; +claudebot@anthropic.com)" 
216.73.216.180 - - [22/Oct/2025:14:15:54 -0700] "GET /1965226?products=0001637694 HTTP/2.0" 404 109813 "-" "Mozilla/5.0 AppleWebKit/537.36 (KHTML, like Gecko; compatible; ClaudeBot/1.0; +claudebot@anthropic.com)" 
216.73.216.180 - - [22/Oct/2025:14:15:57 -0700] "GET /1965240?products=0001637705 HTTP/2.0" 404 109822 "-" "Mozilla/5.0 AppleWebKit/537.36 (KHTML, like Gecko; compatible; ClaudeBot/1.0; +claudebot@anthropic.com)" 
216.73.216.180 - - [22/Oct/2025:14:16:00 -0700] "GET /1968696?products=0001640585 HTTP/2.0" 404 109822 "-" "Mozilla/5.0 AppleWebKit/537.36 (KHTML, like Gecko; compatible; ClaudeBot/1.0; +claudebot@anthropic.com)" 
69.163.179.91 - - [22/Oct/2025:14:16:04 -0700] "POST /wp-cron.php?doing_wp_cron=1761167764.4018959999084472656250 HTTP/1.1" 200 3646 "-" "WordPress/6.8.3; https://www.elconferencista.com" 
216.73.216.180 - - [22/Oct/2025:14:16:03 -0700] "GET /1965188?products=0001637663 HTTP/2.0" 404 109822 "-" "Mozilla/5.0 AppleWebKit/537.36 (KHTML, like Gecko; compatible; ClaudeBot/1.0; +claudebot@anthropic.com)" 
216.73.216.180 - - [22/Oct/2025:14:16:06 -0700] "GET /1967242?products=0001639374 HTTP/2.0" 404 109822 "-" "Mozilla/5.0 AppleWebKit/537.36 (KHTML, like Gecko; compatible; ClaudeBot/1.0; +claudebot@anthropic.com)" 
216.73.216.180 - - [22/Oct/2025:14:16:09 -0700] "GET /1964790?products=0001637332 HTTP/2.0" 404 109813 "-" "Mozilla/5.0 AppleWebKit/537.36 (KHTML, like Gecko; compatible; ClaudeBot/1.0; +claudebot@anthropic.com)" 
216.73.216.180 - - [22/Oct/2025:14:16:12 -0700] "GET /1965956?products=0001638303 HTTP/2.0" 404 109822 "-" "Mozilla/5.0 AppleWebKit/537.36 (KHTML, like Gecko; compatible; ClaudeBot/1.0; +claudebot@anthropic.com)" 
216.73.216.180 - - [22/Oct/2025:14:16:15 -0700] "GET /1967472?products=0001639565 HTTP/2.0" 404 109822 "-" "Mozilla/5.0 AppleWebKit/537.36 (KHTML, like Gecko; compatible; ClaudeBot/1.0; +claudebot@anthropic.com)" 
216.73.216.180 - - [22/Oct/2025:14:16:18 -0700] "GET /1967698?products=0001639754 HTTP/2.0" 404 109822 "-" "Mozilla/5.0 AppleWebKit/537.36 (KHTML, like Gecko; compatible; ClaudeBot/1.0; +claudebot@anthropic.com)" 
216.73.216.180 - - [22/Oct/2025:14:16:21 -0700] "GET /1968346?products=0001640294 HTTP/2.0" 404 109822 "-" "Mozilla/5.0 AppleWebKit/537.36 (KHTML, like Gecko; compatible; ClaudeBot/1.0; +claudebot@anthropic.com)" 
216.73.216.180 - - [22/Oct/2025:14:16:24 -0700] "GET /1967328?products=0001639445 HTTP/2.0" 404 109822 "-" "Mozilla/5.0 AppleWebKit/537.36 (KHTML, like Gecko; compatible; ClaudeBot/1.0; +claudebot@anthropic.com)" 
216.73.216.180 - - [22/Oct/2025:14:16:27 -0700] "GET /1964756?products=0001637303 HTTP/2.0" 404 109822 "-" "Mozilla/5.0 AppleWebKit/537.36 (KHTML, like Gecko; compatible; ClaudeBot/1.0; +claudebot@anthropic.com)" 
216.73.216.180 - - [22/Oct/2025:14:16:30 -0700] "GET /1967492?products=0001639583 HTTP/2.0" 404 109822 "-" "Mozilla/5.0 AppleWebKit/537.36 (KHTML, like Gecko; compatible; ClaudeBot/1.0; +claudebot@anthropic.com)" 
216.73.216.180 - - [22/Oct/2025:14:16:33 -0700] "GET /1968250?products=0001640214 HTTP/2.0" 404 109831 "-" "Mozilla/5.0 AppleWebKit/537.36 (KHTML, like Gecko; compatible; ClaudeBot/1.0; +claudebot@anthropic.com)" 
216.73.216.180 - - [22/Oct/2025:14:16:36 -0700] "GET /1964688?products=0001637245 HTTP/2.0" 404 109822 "-" "Mozilla/5.0 AppleWebKit/537.36 (KHTML, like Gecko; compatible; ClaudeBot/1.0; +claudebot@anthropic.com)" 
216.73.216.180 - - [22/Oct/2025:14:16:39 -0700] "GET /1967304?products=0001639425 HTTP/2.0" 404 109822 "-" "Mozilla/5.0 AppleWebKit/537.36 (KHTML, like Gecko; compatible; ClaudeBot/1.0; +claudebot@anthropic.com)" 
216.73.216.180 - - [22/Oct/2025:14:16:42 -0700] "GET /1967232?products=0001639365 HTTP/2.0" 404 109822 "-" "Mozilla/5.0 AppleWebKit/537.36 (KHTML, like Gecko; compatible; ClaudeBot/1.0; +claudebot@anthropic.com)" 
216.73.216.180 - - [22/Oct/2025:14:16:45 -0700] "GET /1965452?products=0001637883 HTTP/2.0" 404 109831 "-" "Mozilla/5.0 AppleWebKit/537.36 (KHTML, like Gecko; compatible; ClaudeBot/1.0; +claudebot@anthropic.com)" 
216.73.216.180 - - [22/Oct/2025:14:16:48 -0700] "GET /1964194?products=0001636834 HTTP/2.0" 404 109804 "-" "Mozilla/5.0 AppleWebKit/537.36 (KHTML, like Gecko; compatible; ClaudeBot/1.0; +claudebot@anthropic.com)" 
216.73.216.180 - - [22/Oct/2025:14:16:51 -0700] "GET /1967146?products=0001639294 HTTP/2.0" 404 109813 "-" "Mozilla/5.0 AppleWebKit/537.36 (KHTML, like Gecko; compatible; ClaudeBot/1.0; +claudebot@anthropic.com)" 
216.73.216.180 - - [22/Oct/2025:14:16:54 -0700] "GET /1968744?products=0001640625 HTTP/2.0" 404 109813 "-" "Mozilla/5.0 AppleWebKit/537.36 (KHTML, like Gecko; compatible; ClaudeBot/1.0; +claudebot@anthropic.com)" 
216.73.216.180 - - [22/Oct/2025:14:16:57 -0700] "GET /1968188?products=0001640163 HTTP/2.0" 404 109822 "-" "Mozilla/5.0 AppleWebKit/537.36 (KHTML, like Gecko; compatible; ClaudeBot/1.0; +claudebot@anthropic.com)" 
216.73.216.180 - - [22/Oct/2025:14:17:00 -0700] "GET /1965198?products=0001637672 HTTP/2.0" 404 109822 "-" "Mozilla/5.0 AppleWebKit/537.36 (KHTML, like Gecko; compatible; ClaudeBot/1.0; +claudebot@anthropic.com)" 
69.163.179.91 - - [22/Oct/2025:14:17:04 -0700] "POST /wp-cron.php?doing_wp_cron=1761167824.4859259128570556640625 HTTP/1.1" 200 3646 "-" "WordPress/6.8.3; https://www.elconferencista.com" 
216.73.216.180 - - [22/Oct/2025:14:17:03 -0700] "GET /1964650?products=0001637214 HTTP/2.0" 404 109822 "-" "Mozilla/5.0 AppleWebKit/537.36 (KHTML, like Gecko; compatible; ClaudeBot/1.0; +claudebot@anthropic.com)" 
216.73.216.180 - - [22/Oct/2025:14:17:06 -0700] "GET /1964118?products=0001636772 HTTP/2.0" 404 109822 "-" "Mozilla/5.0 AppleWebKit/537.36 (KHTML, like Gecko; compatible; ClaudeBot/1.0; +claudebot@anthropic.com)" 
216.73.216.180 - - [22/Oct/2025:14:17:09 -0700] "GET /1964784?products=0001637325 HTTP/2.0" 404 109822 "-" "Mozilla/5.0 AppleWebKit/537.36 (KHTML, like Gecko; compatible; ClaudeBot/1.0; +claudebot@anthropic.com)" 
216.73.216.180 - - [22/Oct/2025:14:17:12 -0700] "GET /1968336?products=0001640285 HTTP/2.0" 404 109822 "-" "Mozilla/5.0 AppleWebKit/537.36 (KHTML, like Gecko; compatible; ClaudeBot/1.0; +claudebot@anthropic.com)" 
216.73.216.180 - - [22/Oct/2025:14:17:15 -0700] "GET /1965606?products=0001638012 HTTP/2.0" 404 109822 "-" "Mozilla/5.0 AppleWebKit/537.36 (KHTML, like Gecko; compatible; ClaudeBot/1.0; +claudebot@anthropic.com)" 
92.205.110.219 - - [22/Oct/2025:14:17:20 -0700] "GET /wp-login.php HTTP/2.0" 429 351 "-" "Mozilla/5.0 (Windows NT 6.1; WOW64; Trident/7.0; AS; rv:11.0) like Gecko" 
92.205.110.219 - - [22/Oct/2025:14:17:45 -0700] "GET /wp-login.php HTTP/2.0" 429 351 "-" "Mozilla/5.0 (Windows NT 6.1; WOW64; Trident/7.0; AS; rv:11.0) like Gecko" 
92.205.110.219 - - [22/Oct/2025:14:18:09 -0700] "POST /wp-login.php HTTP/2.0" 429 351 "https://www.elconferencista.com/wp-login.php" "Mozilla/5.0 (Windows NT 6.1; WOW64; Trident/7.0; AS; rv:11.0) like Gecko" 
102.212.160.12 - - [22/Oct/2025:14:28:38 -0700] "GET /wp-login.php HTTP/2.0" 200 3583 "-" "Mozilla/5.0 (Windows NT 6.2; Win64; x64) AppleWebKit/537.36 (KHTML, like Gecko) Chrome/66.0.3359.139 Safari/537.36" 
69.163.179.91 - - [22/Oct/2025:14:28:39 -0700] "POST /wp-cron.php?doing_wp_cron=1761168519.5856759548187255859375 HTTP/1.1" 200 3646 "-" "WordPress/6.8.3; https://www.elconferencista.com" 
102.212.160.12 - - [22/Oct/2025:14:28:42 -0700] "POST /wp-login.php HTTP/2.0" 200 3465 "https://www.elconferencista.com/wp-login.php" "Mozilla/5.0 (Windows NT 6.2; Win64; x64) AppleWebKit/537.36 (KHTML, like Gecko) Chrome/66.0.3359.139 Safari/537.36" 
69.163.179.91 - - [22/Oct/2025:14:29:30 -0700] "POST /wp-cron.php?doing_wp_cron=1761168570.7347230911254882812500 HTTP/1.1" 200 3646 "-" "WordPress/6.8.3; https://www.elconferencista.com" 
104.28.158.110 - - [22/Oct/2025:14:29:29 -0700] "GET / HTTP/1.1" 200 34842 "-" "Mozilla/5.0 (Macintosh; Intel Mac OS X 10_15_7) AppleWebKit/605.1.15 (KHTML, like Gecko) Version/18.3 Safari/605.1.15" 
194.26.192.75 - - [22/Oct/2025:14:34:35 -0700] "POST /wp-plain.php HTTP/1.1" 404 113983 "www.google.com" "Mozilla/5.0 (Linux; Android 7.0; SM-G892A Bulid/NRD90M; wv) AppleWebKit/537.36 (KHTML, like Gecko) Version/4.0 Chrome/60.0.3112.107 Moblie Safari/537.36" 
194.26.192.75 - - [22/Oct/2025:14:34:35 -0700] "POST /ALFA_DATA/alfacgiapi/perl.alfa HTTP/1.1" 404 114003 "www.google.com" "Mozlila/5.0 (Linux; Android 7.0; SM-G892A Bulid/NRD90M; wv) AppleWebKit/537.36 (KHTML, like Gecko) Version/4.0 Chrome/60.0.3112.107 Moblie Safari/537.36" 
194.26.192.75 - - [22/Oct/2025:14:34:40 -0700] "GET /kxqwhwut.php?Fox=d3wL7 HTTP/1.1" 301 3885 "www.google.com" "Mozilla/5.0 (Linux; Android 7.0; SM-G892A Bulid/NRD90M; wv) AppleWebKit/537.36 (KHTML, like Gecko) Version/4.0 Chrome/60.0.3112.107 Moblie Safari/537.36" 
194.26.192.75 - - [22/Oct/2025:14:34:35 -0700] "GET /wp-content/plugins/fix/up.php HTTP/1.1" 404 114021 "-" "Mozilla/5.0 (Windows NT 10.0; Win64; x64) AppleWebKit/537.36 (KHTML, like Gecko) Chrome/85.0.4183.102 Safari/537.36" 
69.163.179.91 - - [22/Oct/2025:14:34:39 -0700] "POST /wp-cron.php?doing_wp_cron=1761168879.0444409847259521484375 HTTP/1.1" 200 3646 "-" "WordPress/6.8.3; https://www.elconferencista.com" 
194.26.192.75 - - [22/Oct/2025:14:34:35 -0700] "GET /wp-content/themes/seotheme/db.php?u HTTP/1.1" 404 114076 "www.google.com" "Mozlila/5.0 (Linux; Android 7.0; SM-G892A Bulid/NRD90M; wv) AppleWebKit/537.36 (KHTML, like Gecko) Version/4.0 Chrome/60.0.3112.107 Moblie Safari/537.36" 
194.26.192.75 - - [22/Oct/2025:14:34:35 -0700] "GET / HTTP/1.1" 200 162649 "-" "Mozlila/5.0 (Linux; Android 7.0; SM-G892A Bulid/NRD90M; wv) AppleWebKit/537.36 (KHTML, like Gecko) Version/4.0 Chrome/60.0.3112.107 Moblie Safari/537.36" 
194.26.192.75 - - [22/Oct/2025:14:34:42 -0700] "GET /wp-content/themes/seotheme/db.php?u HTTP/1.1" 301 584 "www.google.com" "Mozlila/5.0 (Linux; Android 7.0; SM-G892A Bulid/NRD90M; wv) AppleWebKit/537.36 (KHTML, like Gecko) Version/4.0 Chrome/60.0.3112.107 Moblie Safari/537.36" 
194.26.192.75 - - [22/Oct/2025:14:34:40 -0700] "GET /kxqwhwut.php?Fox=d3wL7 HTTP/1.1" 404 110634 "www.google.com" "Mozilla/5.0 (Linux; Android 7.0; SM-G892A Bulid/NRD90M; wv) AppleWebKit/537.36 (KHTML, like Gecko) Version/4.0 Chrome/60.0.3112.107 Moblie Safari/537.36" 
194.26.192.75 - - [22/Oct/2025:14:34:40 -0700] "POST /alfacgiapi/perl.alfa HTTP/1.1" 404 110561 "www.google.com" "Mozlila/5.0 (Linux; Android 7.0; SM-G892A Bulid/NRD90M; wv) AppleWebKit/537.36 (KHTML, like Gecko) Version/4.0 Chrome/60.0.3112.107 Moblie Safari/537.36" 
194.26.192.75 - - [22/Oct/2025:14:34:42 -0700] "GET /wp-content/plugins/apikey/apikey.php?test=hello HTTP/1.1" 404 110727 "-" "Mozlila/5.0 (Linux; Android 7.0; SM-G892A Bulid/NRD90M; wv) AppleWebKit/537.36 (KHTML, like Gecko) Version/4.0 Chrome/60.0.3112.107 Moblie Safari/537.36" 
194.26.192.75 - - [22/Oct/2025:14:34:42 -0700] "GET /wp-content/themes/seotheme/db.php?u HTTP/1.1" 404 110727 "www.google.com" "Mozlila/5.0 (Linux; Android 7.0; SM-G892A Bulid/NRD90M; wv) AppleWebKit/537.36 (KHTML, like Gecko) Version/4.0 Chrome/60.0.3112.107 Moblie Safari/537.36" 
194.26.192.75 - - [22/Oct/2025:14:34:44 -0700] "GET /plugins/content/apismtp/apismtp.php?test=hello HTTP/1.1" 404 110727 "-" "Mozlila/5.0 (Linux; Android 7.0; SM-G892A Bulid/NRD90M; wv) AppleWebKit/537.36 (KHTML, like Gecko) Version/4.0 Chrome/60.0.3112.107 Moblie Safari/537.36" 
194.26.192.75 - - [22/Oct/2025:14:34:46 -0700] "GET /wp-content/plugins/apikey/apikey.php.suspected?test=hello HTTP/1.1" 404 110691 "-" "Mozlila/5.0 (Linux; Android 7.0; SM-G892A Bulid/NRD90M; wv) AppleWebKit/537.36 (KHTML, like Gecko) Version/4.0 Chrome/60.0.3112.107 Moblie Safari/537.36" 
194.26.192.75 - - [22/Oct/2025:14:34:47 -0700] "GET /plugins/content/apismtp/apismtp.php.suspected?test=hello HTTP/1.1" 404 110691 "-" "Mozlila/5.0 (Linux; Android 7.0; SM-G892A Bulid/NRD90M; wv) AppleWebKit/537.36 (KHTML, like Gecko) Version/4.0 Chrome/60.0.3112.107 Moblie Safari/537.36" 
104.28.208.85 - - [22/Oct/2025:14:45:13 -0700] "GET /wp-login.php HTTP/1.1" 200 7190 "-" "Mozilla/5.0 (Windows NT 10.0; Win64; x64; rv:76.0) Gecko/20100101 Firefox/76.0" 
69.163.179.91 - - [22/Oct/2025:14:45:14 -0700] "POST /wp-cron.php?doing_wp_cron=1761169514.6507270336151123046875 HTTP/1.1" 200 3646 "-" "WordPress/6.8.3; https://www.elconferencista.com" 
104.28.208.85 - - [22/Oct/2025:14:45:15 -0700] "POST /wp-login.php HTTP/1.1" 200 3974 "-" "Mozilla/5.0 (Windows NT 10.0; Win64; x64; rv:76.0) Gecko/20100101 Firefox/76.0" 
104.28.208.85 - - [22/Oct/2025:14:45:18 -0700] "POST /wp-login.php HTTP/1.1" 200 3974 "-" "Mozilla/5.0 (Windows NT 10.0; Win64; x64; rv:76.0) Gecko/20100101 Firefox/76.0" 
104.28.208.85 - - [22/Oct/2025:14:45:19 -0700] "POST /wp-login.php HTTP/1.1" 200 3974 "-" "Mozilla/5.0 (Windows NT 10.0; Win64; x64; rv:76.0) Gecko/20100101 Firefox/76.0" 
195.20.233.67 - - [22/Oct/2025:14:48:48 -0700] "GET /wp-login.php HTTP/2.0" 429 351 "-" "Mozilla/5.0 (X11; Linux x86_64) AppleWebKit/537.36 (KHTML, like Gecko) Chrome/65.0.3325.109 Safari/537.36" 
195.20.233.67 - - [22/Oct/2025:14:48:50 -0700] "POST /wp-login.php HTTP/2.0" 429 278 "https://www.elconferencista.com/wp-login.php" "Mozilla/5.0 (X11; Linux x86_64) AppleWebKit/537.36 (KHTML, like Gecko) Chrome/65.0.3325.109 Safari/537.36" 
51.161.37.86 - - [22/Oct/2025:14:49:14 -0700] "GET /wp-sitemap.xml HTTP/2.0" 200 5765 "-" "Mozilla/5.0 (compatible; AhrefsBot/7.0; +http://ahrefs.com/robot/)" 
8.218.137.248 - - [22/Oct/2025:14:52:54 -0700] "GET /wp-login.php HTTP/2.0" 429 351 "-" "Mozilla/4.0 (compatible; MSIE 7.0; Windows NT 6.3; WOW64; Trident/7.0; Touch; .NET4.0E; .NET4.0C; Tablet PC 2.0; .NET CLR 3.5.30729; .NET CLR 2.0.50727; .NET CLR 3.0.30729)" 
8.218.137.248 - - [22/Oct/2025:14:53:20 -0700] "POST /wp-login.php HTTP/2.0" 429 351 "https://www.elconferencista.com/wp-login.php" "Mozilla/4.0 (compatible; MSIE 7.0; Windows NT 6.3; WOW64; Trident/7.0; Touch; .NET4.0E; .NET4.0C; Tablet PC 2.0; .NET CLR 3.5.30729; .NET CLR 2.0.50727; .NET CLR 3.0.30729)" 
54.237.42.12 - - [22/Oct/2025:15:00:53 -0700] "GET /wp-login.php HTTP/2.0" 429 351 "-" "Mozilla/4.0 (compatible; MSIE 7.0; Windows NT 6.1; WOW64; Trident/7.0; SLCC2; .NET CLR 2.0.50727; .NET CLR 3.5.30729; .NET CLR 3.0.30729; InfoPath.2; .NET4.0C; .NET4.0E)" 
54.237.42.12 - - [22/Oct/2025:15:00:53 -0700] "POST /wp-login.php HTTP/2.0" 429 255 "https://www.elconferencista.com/wp-login.php" "Mozilla/4.0 (compatible; MSIE 7.0; Windows NT 6.1; WOW64; Trident/7.0; SLCC2; .NET CLR 2.0.50727; .NET CLR 3.5.30729; .NET CLR 3.0.30729; InfoPath.2; .NET4.0C; .NET4.0E)" 
69.163.179.91 - - [22/Oct/2025:15:04:53 -0700] "POST /wp-cron.php?doing_wp_cron=1761170693.0531589984893798828125 HTTP/1.1" 200 3646 "-" "WordPress/6.8.3; https://www.elconferencista.com" 
69.163.179.91 - - [22/Oct/2025:15:04:54 -0700] "POST /wp-cron.php?doing_wp_cron=1761170694.1050169467926025390625 HTTP/1.1" 200 3646 "-" "WordPress/6.8.3; https://www.elconferencista.com" 
40.77.167.151 - - [22/Oct/2025:15:04:51 -0700] "GET /feature/idol/gradol.html HTTP/2.0" 404 110081 "-" "Mozilla/5.0 AppleWebKit/537.36 (KHTML, like Gecko; compatible; bingbot/2.0; +http://www.bing.com/bingbot.htm) Chrome/116.0.1938.76 Safari/537.36" 
40.85.175.40 - - [22/Oct/2025:15:26:30 -0700] "HEAD /wordpress HTTP/1.1" 403 3241 "http://elconferencista.com/wordpress" "Mozilla/5.0 (Windows NT 10.0; Win64; x64) AppleWebKit/537.36 (KHTML, like Gecko) Chrome/74.0.3729.169 Safari/537.36" 
40.85.175.40 - - [22/Oct/2025:15:26:30 -0700] "HEAD / HTTP/1.1" 403 153 "http://elconferencista.com/" "Mozilla/5.0 (Windows NT 10.0; Win64; x64) AppleWebKit/537.36 (KHTML, like Gecko) Chrome/74.0.3729.169 Safari/537.36" 
40.85.175.40 - - [22/Oct/2025:15:26:31 -0700] "HEAD /wp HTTP/1.1" 403 153 "http://elconferencista.com/wp" "Mozilla/5.0 (Windows NT 10.0; Win64; x64) AppleWebKit/537.36 (KHTML, like Gecko) Chrome/74.0.3729.169 Safari/537.36" 
40.85.175.40 - - [22/Oct/2025:15:26:31 -0700] "HEAD /bc HTTP/1.1" 403 153 "http://elconferencista.com/bc" "Mozilla/5.0 (Windows NT 10.0; Win64; x64) AppleWebKit/537.36 (KHTML, like Gecko) Chrome/74.0.3729.169 Safari/537.36" 
40.85.175.40 - - [22/Oct/2025:15:26:31 -0700] "HEAD /bk HTTP/1.1" 403 153 "http://elconferencista.com/bk" "Mozilla/5.0 (Windows NT 10.0; Win64; x64) AppleWebKit/537.36 (KHTML, like Gecko) Chrome/74.0.3729.169 Safari/537.36" 
40.85.175.40 - - [22/Oct/2025:15:26:31 -0700] "HEAD /backup HTTP/1.1" 403 153 "http://elconferencista.com/backup" "Mozilla/5.0 (Windows NT 10.0; Win64; x64) AppleWebKit/537.36 (KHTML, like Gecko) Chrome/74.0.3729.169 Safari/537.36" 
40.85.175.40 - - [22/Oct/2025:15:26:31 -0700] "HEAD /old HTTP/1.1" 403 153 "http://elconferencista.com/old" "Mozilla/5.0 (Windows NT 10.0; Win64; x64) AppleWebKit/537.36 (KHTML, like Gecko) Chrome/74.0.3729.169 Safari/537.36" 
40.85.175.40 - - [22/Oct/2025:15:26:32 -0700] "HEAD /new HTTP/1.1" 403 153 "http://elconferencista.com/new" "Mozilla/5.0 (Windows NT 10.0; Win64; x64) AppleWebKit/537.36 (KHTML, like Gecko) Chrome/74.0.3729.169 Safari/537.36" 
40.85.175.40 - - [22/Oct/2025:15:26:32 -0700] "HEAD /main HTTP/1.1" 403 153 "http://elconferencista.com/main" "Mozilla/5.0 (Windows NT 10.0; Win64; x64) AppleWebKit/537.36 (KHTML, like Gecko) Chrome/74.0.3729.169 Safari/537.36" 
40.85.175.40 - - [22/Oct/2025:15:26:32 -0700] "HEAD /home HTTP/1.1" 403 153 "http://elconferencista.com/home" "Mozilla/5.0 (Windows NT 10.0; Win64; x64) AppleWebKit/537.36 (KHTML, like Gecko) Chrome/74.0.3729.169 Safari/537.36" 
70.36.127.31 - - [22/Oct/2025:15:31:14 -0700] "GET /system/logs/error.log HTTP/1.1" 404 114957 "-" "Mozilla/5.0 (compatible; Googlebot/2.1 +http://www.googlebot.com/bot.html)" 
70.36.127.31 - - [22/Oct/2025:15:31:14 -0700] "GET /system/storage/logs/error.log HTTP/1.1" 404 114957 "-" "Mozilla/5.0 (compatible; Googlebot/2.1 +http://www.googlebot.com/bot.html)" 
70.36.127.31 - - [22/Oct/2025:15:31:14 -0700] "GET /storage/logs/error.log HTTP/1.1" 404 82911 "-" "Mozilla/5.0 (compatible; Googlebot/2.1 +http://www.googlebot.com/bot.html)" 
69.163.179.91 - - [22/Oct/2025:15:31:18 -0700] "POST /wp-cron.php?doing_wp_cron=1761172278.7430489063262939453125 HTTP/1.1" 200 3646 "-" "WordPress/6.8.3; https://www.elconferencista.com" 
138.246.253.24 - - [22/Oct/2025:15:33:20 -0700] "GET /robots.txt HTTP/1.1" 200 3787 "-" "Mozilla/5.0 (Windows NT 10.0; Win64; x64) AppleWebKit/537.36 (KHTML, like Gecko) Chrome/103.0.5060.134 Safari/537.36" 
104.210.140.133 - - [22/Oct/2025:15:34:57 -0700] "GET /robots.txt HTTP/2.0" 301 367 "-" "Mozilla/5.0 (Macintosh; Intel Mac OS X 10_15_7) AppleWebKit/537.36 (KHTML, like Gecko) Chrome/131.0.0.0 Safari/537.36; compatible; OAI-SearchBot/1.0; +https://openai.com/searchbot" 
104.210.140.142 - - [22/Oct/2025:15:34:57 -0700] "GET /robots.txt HTTP/2.0" 200 281 "-" "Mozilla/5.0 (Macintosh; Intel Mac OS X 10_15_7) AppleWebKit/537.36 (KHTML, like Gecko) Chrome/131.0.0.0 Safari/537.36; compatible; OAI-SearchBot/1.0; +https://openai.com/searchbot" 
216.244.66.199 - - [22/Oct/2025:15:36:09 -0700] "GET /robots.txt HTTP/1.1" 200 3585 "-" "Mozilla/5.0 (compatible; DotBot/1.2; +https://opensiteexplorer.org/dotbot; help@moz.com)" 
62.234.53.216 - - [22/Oct/2025:15:53:32 -0700] "GET /wp-content/uploads/logo178.jpg HTTP/1.1" 404 79892 "-" "Mozilla/5.0 (X11; Ubuntu; Linux x86_64; rv:72.0) Gecko/20100101 Firefox/72.0" 
69.163.179.91 - - [22/Oct/2025:15:53:33 -0700] "POST /wp-cron.php?doing_wp_cron=1761173613.5343739986419677734375 HTTP/1.1" 200 3646 "-" "WordPress/6.8.3; https://www.elconferencista.com" 
87.250.224.88 - - [22/Oct/2025:15:56:41 -0700] "GET /robots.txt HTTP/1.1" 200 3846 "-" "Mozilla/5.0 (compatible; YandexBot/3.0; +http://yandex.com/bots)" 
5.255.231.158 - - [22/Oct/2025:15:56:42 -0700] "GET /post_clientes/bayer/ HTTP/1.1" 404 113987 "-" "Mozilla/5.0 (compatible; YandexBot/3.0; +http://yandex.com/bots)" 
69.163.179.91 - - [22/Oct/2025:15:56:44 -0700] "POST /wp-cron.php?doing_wp_cron=1761173804.6564729213714599609375 HTTP/1.1" 200 3646 "-" "WordPress/6.8.3; https://www.elconferencista.com" 
67.205.40.199 - - [22/Oct/2025:16:00:22 -0700] "GET /wp-login.php HTTP/2.0" 200 3583 "-" "Mozilla/5.0 (X11; Linux x86_64) AppleWebKit/537.36 (KHTML, like Gecko) Chrome/66.0.3359.170 Safari/537.36" 
69.163.179.91 - - [22/Oct/2025:16:00:23 -0700] "POST /wp-cron.php?doing_wp_cron=1761174023.3459479808807373046875 HTTP/1.1" 200 3646 "-" "WordPress/6.8.3; https://www.elconferencista.com" 
67.205.40.199 - - [22/Oct/2025:16:00:25 -0700] "POST /wp-login.php HTTP/2.0" 200 3465 "https://www.elconferencista.com/wp-login.php" "Mozilla/5.0 (X11; Linux x86_64) AppleWebKit/537.36 (KHTML, like Gecko) Chrome/66.0.3359.170 Safari/537.36" 
216.244.66.199 - - [22/Oct/2025:16:03:35 -0700] "GET /wp-content/uploads/FONAES-2.jpg HTTP/1.1" 404 113959 "-" "Mozilla/5.0 (compatible; DotBot/1.2; +https://opensiteexplorer.org/dotbot; help@moz.com)" 
69.163.179.91 - - [22/Oct/2025:16:03:37 -0700] "POST /wp-cron.php?doing_wp_cron=1761174217.0641820430755615234375 HTTP/1.1" 200 3646 "-" "WordPress/6.8.3; https://www.elconferencista.com" 
69.163.179.91 - - [22/Oct/2025:16:15:28 -0700] "POST /wp-cron.php?doing_wp_cron=1761174928.2900500297546386718750 HTTP/1.1" 200 3646 "-" "WordPress/6.8.3; https://www.elconferencista.com" 
69.163.179.91 - - [22/Oct/2025:16:15:29 -0700] "POST /wp-cron.php?doing_wp_cron=1761174929.3295300006866455078125 HTTP/1.1" 200 3646 "-" "WordPress/6.8.3; https://www.elconferencista.com" 
95.108.213.219 - - [22/Oct/2025:16:15:26 -0700] "GET /por-que-edner-en-tu-evento/ HTTP/1.1" 404 113987 "-" "Mozilla/5.0 (compatible; YandexBot/3.0; +http://yandex.com/bots)" 
89.117.74.114 - - [22/Oct/2025:16:19:36 -0700] "GET /wp-login.php HTTP/2.0" 429 352 "-" "Mozilla/5.0 (Windows NT 6.3; WOW64; Trident/7.0; MASMJS; rv:11.0) like Gecko" 
89.117.74.114 - - [22/Oct/2025:16:19:37 -0700] "POST /wp-login.php HTTP/2.0" 429 278 "https://www.elconferencista.com/wp-login.php" "Mozilla/5.0 (Windows NT 6.3; WOW64; Trident/7.0; MASMJS; rv:11.0) like Gecko" 
66.249.73.165 - - [22/Oct/2025:16:24:21 -0700] "GET /?products=212550 HTTP/1.1" 200 26378 "-" "Mozilla/5.0 (Linux; Android 6.0.1; Nexus 5X Build/MMB29P) AppleWebKit/537.36 (KHTML, like Gecko) Chrome/141.0.7390.107 Mobile Safari/537.36 (compatible; Googlebot/2.1; +http://www.google.com/bot.html)" 
54.39.210.212 - - [22/Oct/2025:16:34:35 -0700] "GET /conferencias-edner/10-conferencias-emociones-flojito-y-cooperando/ HTTP/2.0" 200 24639 "-" "Mozilla/5.0 (compatible; AhrefsBot/7.0; +http://ahrefs.com/robot/)" 
69.163.179.91 - - [22/Oct/2025:16:34:37 -0700] "POST /wp-cron.php?doing_wp_cron=1761176077.0158529281616210937500 HTTP/1.1" 200 3646 "-" "WordPress/6.8.3; https://www.elconferencista.com" 
142.44.228.136 - - [22/Oct/2025:16:40:51 -0700] "GET /wp-content/uploads/elementor/css/post-295.css?ver=1761176078 HTTP/2.0" 200 1876 "-" "Mozilla/5.0 (compatible; AhrefsBot/7.0; +http://ahrefs.com/robot/)" 
66.249.73.167 - - [22/Oct/2025:16:43:21 -0700] "GET /226268?products=0000188563 HTTP/1.1" 200 26291 "-" "Mozilla/5.0 (Linux; Android 6.0.1; Nexus 5X Build/MMB29P) AppleWebKit/537.36 (KHTML, like Gecko) Chrome/141.0.7390.107 Mobile Safari/537.36 (compatible; Googlebot/2.1; +http://www.google.com/bot.html)" 
216.73.216.180 - - [22/Oct/2025:16:44:07 -0700] "GET /robots.txt HTTP/2.0" 200 278 "-" "Mozilla/5.0 AppleWebKit/537.36 (KHTML, like Gecko; compatible; ClaudeBot/1.0; +claudebot@anthropic.com)" 
216.73.216.180 - - [22/Oct/2025:16:44:07 -0700] "GET /1964540?products=0001637123 HTTP/2.0" 404 109968 "-" "Mozilla/5.0 AppleWebKit/537.36 (KHTML, like Gecko; compatible; ClaudeBot/1.0; +claudebot@anthropic.com)" 
69.163.179.91 - - [22/Oct/2025:16:44:09 -0700] "POST /wp-cron.php?doing_wp_cron=1761176649.2333779335021972656250 HTTP/1.1" 200 3646 "-" "WordPress/6.8.3; https://www.elconferencista.com" 
