66.249.73.165 - - [21/Oct/2025:13:35:44 -0700] "GET /211998?products=0000176672 HTTP/1.1" 200 24806 "-" "Mozilla/5.0 (Linux; Android 6.0.1; Nexus 5X Build/MMB29P) AppleWebKit/537.36 (KHTML, like Gecko) Chrome/141.0.7390.107 Mobile Safari/537.36 (compatible; Googlebot/2.1; +http://www.google.com/bot.html)" 
66.249.73.166 - - [21/Oct/2025:13:36:32 -0700] "GET /211930?products=0000176614 HTTP/1.1" 200 27702 "-" "Mozilla/5.0 (Linux; Android 6.0.1; Nexus 5X Build/MMB29P) AppleWebKit/537.36 (KHTML, like Gecko) Chrome/141.0.7390.107 Mobile Safari/537.36 (compatible; Googlebot/2.1; +http://www.google.com/bot.html)" 
66.249.73.167 - - [21/Oct/2025:13:37:20 -0700] "GET /212204?products=0000176843 HTTP/1.1" 200 27053 "-" "Mozilla/5.0 (Linux; Android 6.0.1; Nexus 5X Build/MMB29P) AppleWebKit/537.36 (KHTML, like Gecko) Chrome/141.0.7390.107 Mobile Safari/537.36 (compatible; Googlebot/2.1; +http://www.google.com/bot.html)" 
66.249.73.166 - - [21/Oct/2025:13:38:08 -0700] "GET /211968?products=0000176645 HTTP/1.1" 200 25129 "-" "Mozilla/5.0 (Linux; Android 6.0.1; Nexus 5X Build/MMB29P) AppleWebKit/537.36 (KHTML, like Gecko) Chrome/141.0.7390.107 Mobile Safari/537.36 (compatible; Googlebot/2.1; +http://www.google.com/bot.html)" 
66.249.73.165 - - [21/Oct/2025:13:38:39 -0700] "GET /?products=200280 HTTP/1.1" 200 25798 "-" "Mozilla/5.0 (Linux; Android 6.0.1; Nexus 5X Build/MMB29P) AppleWebKit/537.36 (KHTML, like Gecko) Chrome/141.0.7390.107 Mobile Safari/537.36 (compatible; Googlebot/2.1; +http://www.google.com/bot.html)" 
66.249.73.165 - - [21/Oct/2025:13:38:55 -0700] "GET /212118?products=0000176772 HTTP/1.1" 200 25518 "-" "Mozilla/5.0 (Linux; Android 6.0.1; Nexus 5X Build/MMB29P) AppleWebKit/537.36 (KHTML, like Gecko) Chrome/141.0.7390.107 Mobile Safari/537.36 (compatible; Googlebot/2.1; +http://www.google.com/bot.html)" 
66.249.73.165 - - [21/Oct/2025:13:39:43 -0700] "GET /211974?products=0000176652 HTTP/1.1" 200 25690 "-" "Mozilla/5.0 (Linux; Android 6.0.1; Nexus 5X Build/MMB29P) AppleWebKit/537.36 (KHTML, like Gecko) Chrome/141.0.7390.107 Mobile Safari/537.36 (compatible; Googlebot/2.1; +http://www.google.com/bot.html)" 
66.249.73.166 - - [21/Oct/2025:13:40:31 -0700] "GET /211992?products=0000176665 HTTP/1.1" 200 24435 "-" "Mozilla/5.0 (Linux; Android 6.0.1; Nexus 5X Build/MMB29P) AppleWebKit/537.36 (KHTML, like Gecko) Chrome/141.0.7390.107 Mobile Safari/537.36 (compatible; Googlebot/2.1; +http://www.google.com/bot.html)" 
35.233.149.102 - - [21/Oct/2025:13:40:31 -0700] "GET /media/system/js/core.js HTTP/2.0" 404 110072 "http://elconferencista.com/media/system/js/core.js" "Mozilla/5.0 (Macintosh; Intel Mac OS X 10_10_1) AppleWebKit/537.36 (KHTML, like Gecko) Chrome/39.0.2171.95 Safari/537.36" 
69.163.179.91 - - [21/Oct/2025:13:40:32 -0700] "POST /wp-cron.php?doing_wp_cron=1761079232.6060140132904052734375 HTTP/1.1" 200 3646 "-" "WordPress/6.8.3; https://www.elconferencista.com" 
35.233.149.102 - - [21/Oct/2025:13:40:36 -0700] "GET /wp-includes/js/jquery/jquery.js HTTP/2.0" 200 86866 "http://elconferencista.com/wp-includes/js/jquery/jquery.js" "Mozilla/5.0 (Macintosh; Intel Mac OS X 10_10_1) AppleWebKit/537.36 (KHTML, like Gecko) Chrome/39.0.2171.95 Safari/537.36" 
66.249.73.165 - - [21/Oct/2025:13:41:19 -0700] "GET /212142?products=0000176792 HTTP/1.1" 200 25361 "-" "Mozilla/5.0 (Linux; Android 6.0.1; Nexus 5X Build/MMB29P) AppleWebKit/537.36 (KHTML, like Gecko) Chrome/141.0.7390.107 Mobile Safari/537.36 (compatible; Googlebot/2.1; +http://www.google.com/bot.html)" 
66.249.73.165 - - [21/Oct/2025:13:42:55 -0700] "GET /212214?products=0000176852 HTTP/1.1" 200 25573 "-" "Mozilla/5.0 (Linux; Android 6.0.1; Nexus 5X Build/MMB29P) AppleWebKit/537.36 (KHTML, like Gecko) Chrome/141.0.7390.107 Mobile Safari/537.36 (compatible; Googlebot/2.1; +http://www.google.com/bot.html)" 
66.249.73.166 - - [21/Oct/2025:13:43:43 -0700] "GET /212070?products=0000176732 HTTP/1.1" 200 25955 "-" "Mozilla/5.0 (Linux; Android 6.0.1; Nexus 5X Build/MMB29P) AppleWebKit/537.36 (KHTML, like Gecko) Chrome/141.0.7390.107 Mobile Safari/537.36 (compatible; Googlebot/2.1; +http://www.google.com/bot.html)" 
66.249.73.165 - - [21/Oct/2025:13:44:30 -0700] "GET /211964?products=0000176643 HTTP/1.1" 200 25659 "-" "Mozilla/5.0 (Linux; Android 6.0.1; Nexus 5X Build/MMB29P) AppleWebKit/537.36 (KHTML, like Gecko) Chrome/141.0.7390.107 Mobile Safari/537.36 (compatible; Googlebot/2.1; +http://www.google.com/bot.html)" 
66.249.73.167 - - [21/Oct/2025:13:45:18 -0700] "GET /238460?products=0000198723 HTTP/1.1" 200 24742 "-" "Mozilla/5.0 (Linux; Android 6.0.1; Nexus 5X Build/MMB29P) AppleWebKit/537.36 (KHTML, like Gecko) Chrome/141.0.7390.107 Mobile Safari/537.36 (compatible; Googlebot/2.1; +http://www.google.com/bot.html)" 
66.249.73.167 - - [21/Oct/2025:13:46:06 -0700] "GET /?g1t2h=faJvBQfNfBJW951.JvV%23zFGFFTbAzZ&t1m2k3 HTTP/1.1" 200 24457 "-" "Mozilla/5.0 (Linux; Android 6.0.1; Nexus 5X Build/MMB29P) AppleWebKit/537.36 (KHTML, like Gecko) Chrome/141.0.7390.107 Mobile Safari/537.36 (compatible; Googlebot/2.1; +http://www.google.com/bot.html)" 
103.6.196.113 - - [21/Oct/2025:13:46:10 -0700] "POST /xmlrpc.php HTTP/2.0" 429 348 "https://www.elconferencista.com" "Mozilla/5.0 (Macintosh; Intel Mac OS X 13_3) AppleWebKit/537.36 (KHTML, like Gecko) Chrome/126.0.0.0 Safari/537.36" 
220.181.108.178 - - [21/Oct/2025:13:46:12 -0700] "GET /conferencistas-famosos/ HTTP/1.1" 404 113873 "-" "Mozilla/5.0 (compatible; Baiduspider/2.0; +http://www.baidu.com/search/spider.html)" 
69.163.179.91 - - [21/Oct/2025:13:46:13 -0700] "POST /wp-cron.php?doing_wp_cron=1761079573.3367650508880615234375 HTTP/1.1" 200 3646 "-" "WordPress/6.8.3; https://www.elconferencista.com" 
66.249.73.166 - - [21/Oct/2025:13:46:54 -0700] "GET /238450?products=0000198714 HTTP/1.1" 200 24908 "-" "Mozilla/5.0 (Linux; Android 6.0.1; Nexus 5X Build/MMB29P) AppleWebKit/537.36 (KHTML, like Gecko) Chrome/141.0.7390.107 Mobile Safari/537.36 (compatible; Googlebot/2.1; +http://www.google.com/bot.html)" 
66.249.73.166 - - [21/Oct/2025:13:49:18 -0700] "GET /?212070?products=0000176732 HTTP/1.1" 200 25955 "-" "Mozilla/5.0 (Linux; Android 6.0.1; Nexus 5X Build/MMB29P) AppleWebKit/537.36 (KHTML, like Gecko) Chrome/141.0.7390.107 Mobile Safari/537.36 (compatible; Googlebot/2.1; +http://www.google.com/bot.html)" 
142.44.220.50 - - [21/Oct/2025:13:49:26 -0700] "GET /wp-sitemap.xml HTTP/2.0" 200 5791 "-" "Mozilla/5.0 (compatible; AhrefsBot/7.0; +http://ahrefs.com/robot/)" 
112.86.225.54 - - [21/Oct/2025:13:49:52 -0700] "GET / HTTP/1.1" 200 34843 "-" "Sogou web spider/4.0(+http://www.sogou.com/docs/help/webmasters.htm#07)" 
69.163.179.91 - - [21/Oct/2025:13:49:53 -0700] "POST /wp-cron.php?doing_wp_cron=1761079793.7803540229797363281250 HTTP/1.1" 200 3646 "-" "WordPress/6.8.3; https://www.elconferencista.com" 
66.249.73.167 - - [21/Oct/2025:13:50:06 -0700] "GET /?211992?products=0000176665 HTTP/1.1" 200 24435 "-" "Mozilla/5.0 (Linux; Android 6.0.1; Nexus 5X Build/MMB29P) AppleWebKit/537.36 (KHTML, like Gecko) Chrome/141.0.7390.107 Mobile Safari/537.36 (compatible; Googlebot/2.1; +http://www.google.com/bot.html)" 
66.249.73.166 - - [21/Oct/2025:13:50:53 -0700] "GET /?212142?products=0000176792 HTTP/1.1" 200 25361 "-" "Mozilla/5.0 (Linux; Android 6.0.1; Nexus 5X Build/MMB29P) AppleWebKit/537.36 (KHTML, like Gecko) Chrome/141.0.7390.107 Mobile Safari/537.36 (compatible; Googlebot/2.1; +http://www.google.com/bot.html)" 
66.249.73.167 - - [21/Oct/2025:13:51:41 -0700] "GET /?212046?products=0000176712 HTTP/1.1" 200 26563 "-" "Mozilla/5.0 (Linux; Android 6.0.1; Nexus 5X Build/MMB29P) AppleWebKit/537.36 (KHTML, like Gecko) Chrome/141.0.7390.107 Mobile Safari/537.36 (compatible; Googlebot/2.1; +http://www.google.com/bot.html)" 
66.249.73.166 - - [21/Oct/2025:13:52:29 -0700] "GET /BottomLeft HTTP/1.1" 404 113983 "-" "Mozilla/5.0 (Linux; Android 6.0.1; Nexus 5X Build/MMB29P) AppleWebKit/537.36 (KHTML, like Gecko) Chrome/141.0.7390.107 Mobile Safari/537.36 (compatible; Googlebot/2.1; +http://www.google.com/bot.html)" 
69.163.179.91 - - [21/Oct/2025:13:52:30 -0700] "POST /wp-cron.php?doing_wp_cron=1761079950.3561449050903320312500 HTTP/1.1" 200 3646 "-" "WordPress/6.8.3; https://www.elconferencista.com" 
69.163.179.91 - - [21/Oct/2025:13:53:18 -0700] "POST /wp-cron.php?doing_wp_cron=1761079998.2444579601287841796875 HTTP/1.1" 200 3646 "-" "WordPress/6.8.3; https://www.elconferencista.com" 
66.249.73.167 - - [21/Oct/2025:13:53:17 -0700] "GET /AmazonEmber HTTP/1.1" 404 113983 "-" "Mozilla/5.0 (Linux; Android 6.0.1; Nexus 5X Build/MMB29P) AppleWebKit/537.36 (KHTML, like Gecko) Chrome/141.0.7390.107 Mobile Safari/537.36 (compatible; Googlebot/2.1; +http://www.google.com/bot.html)" 
66.249.73.165 - - [21/Oct/2025:13:54:58 -0700] "GET /12860?products=0000010723 HTTP/1.1" 200 25169 "-" "Mozilla/5.0 (Linux; Android 6.0.1; Nexus 5X Build/MMB29P) AppleWebKit/537.36 (KHTML, like Gecko) Chrome/141.0.7390.107 Mobile Safari/537.36 (compatible; Googlebot/2.1; +http://www.google.com/bot.html)" 
66.249.73.165 - - [21/Oct/2025:13:56:17 -0700] "GET /contents/renga/ HTTP/1.1" 404 113983 "-" "Mozilla/5.0 (Linux; Android 6.0.1; Nexus 5X Build/MMB29P) AppleWebKit/537.36 (KHTML, like Gecko) Chrome/141.0.7390.107 Mobile Safari/537.36 (compatible; Googlebot/2.1; +http://www.google.com/bot.html)" 
66.249.73.167 - - [21/Oct/2025:13:56:21 -0700] "GET /?products=199858 HTTP/1.1" 200 25319 "-" "Mozilla/5.0 (Linux; Android 6.0.1; Nexus 5X Build/MMB29P) AppleWebKit/537.36 (KHTML, like Gecko) Chrome/141.0.7390.107 Mobile Safari/537.36 (compatible; Googlebot/2.1; +http://www.google.com/bot.html)" 
69.163.179.91 - - [21/Oct/2025:13:56:19 -0700] "POST /wp-cron.php?doing_wp_cron=1761080179.3493731021881103515625 HTTP/1.1" 200 3646 "-" "WordPress/6.8.3; https://www.elconferencista.com" 
69.163.179.91 - - [21/Oct/2025:13:57:17 -0700] "POST /wp-cron.php?doing_wp_cron=1761080237.6558740139007568359375 HTTP/1.1" 200 3646 "-" "WordPress/6.8.3; https://www.elconferencista.com" 
66.249.73.166 - - [21/Oct/2025:13:57:17 -0700] "GET /contents/event/kansyasai/ HTTP/1.1" 404 114076 "-" "Mozilla/5.0 (Linux; Android 6.0.1; Nexus 5X Build/MMB29P) AppleWebKit/537.36 (KHTML, like Gecko) Chrome/141.0.7390.107 Mobile Safari/537.36 (compatible; Googlebot/2.1; +http://www.google.com/bot.html)" 
103.211.200.34 - - [21/Oct/2025:13:58:36 -0700] "POST /xmlrpc.php HTTP/2.0" 429 351 "https://www.elconferencista.com" "Mozilla/5.0 (Macintosh; Intel Mac OS X 10_15_7; rv:128.0) Gecko/20100101 Firefox/128.0" 
66.249.73.165 - - [21/Oct/2025:13:58:53 -0700] "GET /robots.txt HTTP/1.1" 200 3874 "-" "Mozilla/5.0 (compatible; Googlebot/2.1; +http://www.google.com/bot.html)" 
66.249.73.166 - - [21/Oct/2025:13:58:55 -0700] "GET /wp-includes/js/mediaelement/mediaelementplayer-legacy.min.css?ver=4.2.17 HTTP/1.1" 200 6367 "https://www.elconferencista.com/" "Mozilla/5.0 (Linux; Android 6.0.1; Nexus 5X Build/MMB29P) AppleWebKit/537.36 (KHTML, like Gecko) Chrome/140.0.7339.207 Mobile Safari/537.36 (compatible; Googlebot/2.1; +http://www.google.com/bot.html)" 
66.249.73.165 - - [21/Oct/2025:13:58:57 -0700] "GET /wp-includes/js/mediaelement/mediaelement-and-player.min.js?ver=4.2.17 HTTP/1.1" 200 43696 "https://www.elconferencista.com/" "Mozilla/5.0 (Linux; Android 6.0.1; Nexus 5X Build/MMB29P) AppleWebKit/537.36 (KHTML, like Gecko) Chrome/140.0.7339.207 Mobile Safari/537.36 (compatible; Googlebot/2.1; +http://www.google.com/bot.html)" 
66.249.73.165 - - [21/Oct/2025:14:00:21 -0700] "GET /?products=199848 HTTP/1.1" 200 26514 "-" "Mozilla/5.0 (Linux; Android 6.0.1; Nexus 5X Build/MMB29P) AppleWebKit/537.36 (KHTML, like Gecko) Chrome/141.0.7390.107 Mobile Safari/537.36 (compatible; Googlebot/2.1; +http://www.google.com/bot.html)" 
66.249.73.167 - - [21/Oct/2025:14:02:50 -0700] "GET /?products=199868 HTTP/1.1" 200 24425 "-" "Mozilla/5.0 (Linux; Android 6.0.1; Nexus 5X Build/MMB29P) AppleWebKit/537.36 (KHTML, like Gecko) Chrome/141.0.7390.107 Mobile Safari/537.36 (compatible; Googlebot/2.1; +http://www.google.com/bot.html)" 
178.33.250.130 - - [21/Oct/2025:14:04:03 -0700] "GET /wp-login.php HTTP/2.0" 429 351 "-" "Mozilla/5.0 (Windows NT 6.1; WOW64; Trident/7.0; MASP; rv:11.0) like Gecko" 
178.33.250.130 - - [21/Oct/2025:14:04:08 -0700] "POST /wp-login.php HTTP/2.0" 429 278 "https://www.elconferencista.com/wp-login.php" "Mozilla/5.0 (Windows NT 6.1; WOW64; Trident/7.0; MASP; rv:11.0) like Gecko" 
112.86.225.34 - - [21/Oct/2025:14:05:38 -0700] "GET / HTTP/1.1" 200 34844 "-" "Sogou web spider/4.0(+http://www.sogou.com/docs/help/webmasters.htm#07)" 
69.163.179.91 - - [21/Oct/2025:14:05:39 -0700] "POST /wp-cron.php?doing_wp_cron=1761080739.7058699131011962890625 HTTP/1.1" 200 3646 "-" "WordPress/6.8.3; https://www.elconferencista.com" 
66.249.73.166 - - [21/Oct/2025:14:06:27 -0700] "GET /?175172?products=0000145983 HTTP/1.1" 200 24537 "-" "Mozilla/5.0 (Linux; Android 6.0.1; Nexus 5X Build/MMB29P) AppleWebKit/537.36 (KHTML, like Gecko) Chrome/141.0.7390.107 Mobile Safari/537.36 (compatible; Googlebot/2.1; +http://www.google.com/bot.html)" 
34.90.52.114 - - [21/Oct/2025:14:10:06 -0700] "GET /admin HTTP/1.1" 302 3891 "-" "Mozilla/5.0 (Windows NT 10.0; Win64; x64) AppleWebKit/537.36 (KHTML, like Gecko) Chrome/125.0.0.0 Safari/537.36" 
69.163.179.91 - - [21/Oct/2025:14:10:08 -0700] "POST /wp-cron.php?doing_wp_cron=1761081008.1207799911499023437500 HTTP/1.1" 200 3646 "-" "WordPress/6.8.3; https://www.elconferencista.com" 
34.90.52.114 - - [21/Oct/2025:14:10:09 -0700] "GET /wp-admin/ HTTP/1.1" 302 496 "-" "Mozilla/5.0 (Windows NT 10.0; Win64; x64) AppleWebKit/537.36 (KHTML, like Gecko) Chrome/125.0.0.0 Safari/537.36" 
34.90.52.114 - - [21/Oct/2025:14:10:10 -0700] "GET /wp-login.php?redirect_to=https%3A%2F%2Fwww.elconferencista.com%2Fwp-admin%2F&reauth=1 HTTP/1.1" 200 5828 "-" "Mozilla/5.0 (Windows NT 10.0; Win64; x64) AppleWebKit/537.36 (KHTML, like Gecko) Chrome/125.0.0.0 Safari/537.36" 
165.232.131.12 - - [21/Oct/2025:14:13:29 -0700] "GET /wp-login.php HTTP/2.0" 429 351 "-" "Mozilla/5.0 (Windows NT 10.0; WOW64; Trident/7.0; ASJB; rv:11.0) like Gecko" 
165.232.131.12 - - [21/Oct/2025:14:13:29 -0700] "POST /wp-login.php HTTP/2.0" 429 255 "https://www.elconferencista.com/wp-login.php" "Mozilla/5.0 (Windows NT 10.0; WOW64; Trident/7.0; ASJB; rv:11.0) like Gecko" 
66.249.73.166 - - [21/Oct/2025:14:14:51 -0700] "GET /?products=200242 HTTP/1.1" 200 24505 "-" "Mozilla/5.0 (Linux; Android 6.0.1; Nexus 5X Build/MMB29P) AppleWebKit/537.36 (KHTML, like Gecko) Chrome/141.0.7390.107 Mobile Safari/537.36 (compatible; Googlebot/2.1; +http://www.google.com/bot.html)" 
35.233.149.102 - - [21/Oct/2025:14:15:55 -0700] "GET / HTTP/1.1" 429 3631 "-" "Mozilla/5.0 (Windows NT 10.0; Win64; x64) AppleWebKit/537.36 (KHTML, like Gecko) Chrome/78.0.3904.108 Safari/537.36" 
35.233.149.102 - - [21/Oct/2025:14:15:55 -0700] "GET //wp-includes/wlwmanifest.xml HTTP/1.1" 429 513 "-" "Mozilla/5.0 (Windows NT 10.0; Win64; x64) AppleWebKit/537.36 (KHTML, like Gecko) Chrome/78.0.3904.108 Safari/537.36" 
35.233.149.102 - - [21/Oct/2025:14:15:55 -0700] "GET //xmlrpc.php?rsd HTTP/1.1" 429 513 "-" "Mozilla/5.0 (Windows NT 10.0; Win64; x64) AppleWebKit/537.36 (KHTML, like Gecko) Chrome/78.0.3904.108 Safari/537.36" 
35.233.149.102 - - [21/Oct/2025:14:15:55 -0700] "GET / HTTP/1.1" 429 513 "-" "Mozilla/5.0 (Windows NT 10.0; Win64; x64) AppleWebKit/537.36 (KHTML, like Gecko) Chrome/78.0.3904.108 Safari/537.36" 
35.233.149.102 - - [21/Oct/2025:14:15:56 -0700] "GET //blog/wp-includes/wlwmanifest.xml HTTP/1.1" 429 513 "-" "Mozilla/5.0 (Windows NT 10.0; Win64; x64) AppleWebKit/537.36 (KHTML, like Gecko) Chrome/78.0.3904.108 Safari/537.36" 
35.233.149.102 - - [21/Oct/2025:14:15:56 -0700] "GET //web/wp-includes/wlwmanifest.xml HTTP/1.1" 429 513 "-" "Mozilla/5.0 (Windows NT 10.0; Win64; x64) AppleWebKit/537.36 (KHTML, like Gecko) Chrome/78.0.3904.108 Safari/537.36" 
35.233.149.102 - - [21/Oct/2025:14:15:56 -0700] "GET //wordpress/wp-includes/wlwmanifest.xml HTTP/1.1" 429 513 "-" "Mozilla/5.0 (Windows NT 10.0; Win64; x64) AppleWebKit/537.36 (KHTML, like Gecko) Chrome/78.0.3904.108 Safari/537.36" 
35.233.149.102 - - [21/Oct/2025:14:15:56 -0700] "GET //website/wp-includes/wlwmanifest.xml HTTP/1.1" 429 513 "-" "Mozilla/5.0 (Windows NT 10.0; Win64; x64) AppleWebKit/537.36 (KHTML, like Gecko) Chrome/78.0.3904.108 Safari/537.36" 
35.233.149.102 - - [21/Oct/2025:14:15:56 -0700] "GET //wp/wp-includes/wlwmanifest.xml HTTP/1.1" 429 513 "-" "Mozilla/5.0 (Windows NT 10.0; Win64; x64) AppleWebKit/537.36 (KHTML, like Gecko) Chrome/78.0.3904.108 Safari/537.36" 
35.233.149.102 - - [21/Oct/2025:14:15:56 -0700] "GET //news/wp-includes/wlwmanifest.xml HTTP/1.1" 429 513 "-" "Mozilla/5.0 (Windows NT 10.0; Win64; x64) AppleWebKit/537.36 (KHTML, like Gecko) Chrome/78.0.3904.108 Safari/537.36" 
35.233.149.102 - - [21/Oct/2025:14:15:56 -0700] "GET //2018/wp-includes/wlwmanifest.xml HTTP/1.1" 429 513 "-" "Mozilla/5.0 (Windows NT 10.0; Win64; x64) AppleWebKit/537.36 (KHTML, like Gecko) Chrome/78.0.3904.108 Safari/537.36" 
35.233.149.102 - - [21/Oct/2025:14:15:56 -0700] "GET //2019/wp-includes/wlwmanifest.xml HTTP/1.1" 429 513 "-" "Mozilla/5.0 (Windows NT 10.0; Win64; x64) AppleWebKit/537.36 (KHTML, like Gecko) Chrome/78.0.3904.108 Safari/537.36" 
35.233.149.102 - - [21/Oct/2025:14:15:56 -0700] "GET //shop/wp-includes/wlwmanifest.xml HTTP/1.1" 429 513 "-" "Mozilla/5.0 (Windows NT 10.0; Win64; x64) AppleWebKit/537.36 (KHTML, like Gecko) Chrome/78.0.3904.108 Safari/537.36" 
35.233.149.102 - - [21/Oct/2025:14:15:56 -0700] "GET //wp1/wp-includes/wlwmanifest.xml HTTP/1.1" 429 513 "-" "Mozilla/5.0 (Windows NT 10.0; Win64; x64) AppleWebKit/537.36 (KHTML, like Gecko) Chrome/78.0.3904.108 Safari/537.36" 
35.233.149.102 - - [21/Oct/2025:14:15:57 -0700] "GET //test/wp-includes/wlwmanifest.xml HTTP/1.1" 429 513 "-" "Mozilla/5.0 (Windows NT 10.0; Win64; x64) AppleWebKit/537.36 (KHTML, like Gecko) Chrome/78.0.3904.108 Safari/537.36" 
35.233.149.102 - - [21/Oct/2025:14:15:57 -0700] "GET //media/wp-includes/wlwmanifest.xml HTTP/1.1" 429 513 "-" "Mozilla/5.0 (Windows NT 10.0; Win64; x64) AppleWebKit/537.36 (KHTML, like Gecko) Chrome/78.0.3904.108 Safari/537.36" 
35.233.149.102 - - [21/Oct/2025:14:15:57 -0700] "GET //wp2/wp-includes/wlwmanifest.xml HTTP/1.1" 429 513 "-" "Mozilla/5.0 (Windows NT 10.0; Win64; x64) AppleWebKit/537.36 (KHTML, like Gecko) Chrome/78.0.3904.108 Safari/537.36" 
35.233.149.102 - - [21/Oct/2025:14:15:57 -0700] "GET //site/wp-includes/wlwmanifest.xml HTTP/1.1" 429 513 "-" "Mozilla/5.0 (Windows NT 10.0; Win64; x64) AppleWebKit/537.36 (KHTML, like Gecko) Chrome/78.0.3904.108 Safari/537.36" 
35.233.149.102 - - [21/Oct/2025:14:15:57 -0700] "GET //cms/wp-includes/wlwmanifest.xml HTTP/1.1" 429 513 "-" "Mozilla/5.0 (Windows NT 10.0; Win64; x64) AppleWebKit/537.36 (KHTML, like Gecko) Chrome/78.0.3904.108 Safari/537.36" 
35.233.149.102 - - [21/Oct/2025:14:15:57 -0700] "GET //sito/wp-includes/wlwmanifest.xml HTTP/1.1" 429 513 "-" "Mozilla/5.0 (Windows NT 10.0; Win64; x64) AppleWebKit/537.36 (KHTML, like Gecko) Chrome/78.0.3904.108 Safari/537.36" 
216.73.216.180 - - [21/Oct/2025:14:20:39 -0700] "GET /robots.txt HTTP/2.0" 200 278 "-" "Mozilla/5.0 AppleWebKit/537.36 (KHTML, like Gecko; compatible; ClaudeBot/1.0; +claudebot@anthropic.com)" 
216.73.216.180 - - [21/Oct/2025:14:20:39 -0700] "GET /6397940?products=0005331623 HTTP/2.0" 404 109950 "-" "Mozilla/5.0 AppleWebKit/537.36 (KHTML, like Gecko; compatible; ClaudeBot/1.0; +claudebot@anthropic.com)" 
69.163.179.91 - - [21/Oct/2025:14:20:41 -0700] "POST /wp-cron.php?doing_wp_cron=1761081640.9935610294342041015625 HTTP/1.1" 200 3646 "-" "WordPress/6.8.3; https://www.elconferencista.com" 
216.73.216.180 - - [21/Oct/2025:14:20:45 -0700] "GET /6398664?products=0005332225 HTTP/2.0" 404 109822 "-" "Mozilla/5.0 AppleWebKit/537.36 (KHTML, like Gecko; compatible; ClaudeBot/1.0; +claudebot@anthropic.com)" 
54.39.210.78 - - [21/Oct/2025:14:20:46 -0700] "GET /tag/keywords/feed/ HTTP/2.0" 200 1456 "-" "Mozilla/5.0 (compatible; AhrefsBot/7.0; +http://ahrefs.com/robot/)" 
216.73.216.180 - - [21/Oct/2025:14:20:48 -0700] "GET /6399096?products=0005332585 HTTP/2.0" 404 109813 "-" "Mozilla/5.0 AppleWebKit/537.36 (KHTML, like Gecko; compatible; ClaudeBot/1.0; +claudebot@anthropic.com)" 
216.73.216.180 - - [21/Oct/2025:14:20:51 -0700] "GET /6394066?products=0005328394 HTTP/2.0" 404 109822 "-" "Mozilla/5.0 AppleWebKit/537.36 (KHTML, like Gecko; compatible; ClaudeBot/1.0; +claudebot@anthropic.com)" 
40.77.167.187 - - [21/Oct/2025:14:20:53 -0700] "GET /robots.txt HTTP/2.0" 200 278 "-" "Mozilla/5.0 AppleWebKit/537.36 (KHTML, like Gecko; compatible; bingbot/2.0; +http://www.bing.com/bingbot.htm) Chrome/116.0.1938.76 Safari/537.36" 
216.73.216.180 - - [21/Oct/2025:14:20:54 -0700] "GET /6396514?products=0005330434 HTTP/2.0" 404 109822 "-" "Mozilla/5.0 AppleWebKit/537.36 (KHTML, like Gecko; compatible; ClaudeBot/1.0; +claudebot@anthropic.com)" 
52.167.144.142 - - [21/Oct/2025:14:20:57 -0700] "GET /79182?products=0000065992 HTTP/2.0" 200 28095 "-" "Mozilla/5.0 AppleWebKit/537.36 (KHTML, like Gecko; compatible; bingbot/2.0; +http://www.bing.com/bingbot.htm) Chrome/116.0.1938.76 Safari/537.36" 
216.73.216.180 - - [21/Oct/2025:14:20:57 -0700] "GET /6395814?products=0005329852 HTTP/2.0" 404 109822 "-" "Mozilla/5.0 AppleWebKit/537.36 (KHTML, like Gecko; compatible; ClaudeBot/1.0; +claudebot@anthropic.com)" 
216.73.216.180 - - [21/Oct/2025:14:21:00 -0700] "GET /6394440?products=0005328705 HTTP/2.0" 404 109831 "-" "Mozilla/5.0 AppleWebKit/537.36 (KHTML, like Gecko; compatible; ClaudeBot/1.0; +claudebot@anthropic.com)" 
69.163.179.91 - - [21/Oct/2025:14:21:42 -0700] "POST /wp-cron.php?doing_wp_cron=1761081701.9617559909820556640625 HTTP/1.1" 200 3646 "-" "WordPress/6.8.3; https://www.elconferencista.com" 
216.73.216.180 - - [21/Oct/2025:14:21:41 -0700] "GET /6396150?products=0005330132 HTTP/2.0" 404 109988 "-" "Mozilla/5.0 AppleWebKit/537.36 (KHTML, like Gecko; compatible; ClaudeBot/1.0; +claudebot@anthropic.com)" 
216.73.216.180 - - [21/Oct/2025:14:21:43 -0700] "GET /6397368?products=0005331145 HTTP/2.0" 404 109822 "-" "Mozilla/5.0 AppleWebKit/537.36 (KHTML, like Gecko; compatible; ClaudeBot/1.0; +claudebot@anthropic.com)" 
216.73.216.180 - - [21/Oct/2025:14:21:46 -0700] "GET /6397542?products=0005331292 HTTP/2.0" 404 109822 "-" "Mozilla/5.0 AppleWebKit/537.36 (KHTML, like Gecko; compatible; ClaudeBot/1.0; +claudebot@anthropic.com)" 
216.73.216.180 - - [21/Oct/2025:14:21:49 -0700] "GET /6394652?products=0005328883 HTTP/2.0" 404 109822 "-" "Mozilla/5.0 AppleWebKit/537.36 (KHTML, like Gecko; compatible; ClaudeBot/1.0; +claudebot@anthropic.com)" 
216.73.216.180 - - [21/Oct/2025:14:21:52 -0700] "GET /6393874?products=0005328234 HTTP/2.0" 404 109822 "-" "Mozilla/5.0 AppleWebKit/537.36 (KHTML, like Gecko; compatible; ClaudeBot/1.0; +claudebot@anthropic.com)" 
216.73.216.180 - - [21/Oct/2025:14:21:55 -0700] "GET /6395094?products=0005329252 HTTP/2.0" 404 109822 "-" "Mozilla/5.0 AppleWebKit/537.36 (KHTML, like Gecko; compatible; ClaudeBot/1.0; +claudebot@anthropic.com)" 
216.73.216.180 - - [21/Oct/2025:14:21:58 -0700] "GET /6396850?products=0005330714 HTTP/2.0" 404 109822 "-" "Mozilla/5.0 AppleWebKit/537.36 (KHTML, like Gecko; compatible; ClaudeBot/1.0; +claudebot@anthropic.com)" 
216.73.216.180 - - [21/Oct/2025:14:23:47 -0700] "GET /6395286?products=0005329412 HTTP/2.0" 404 109988 "-" "Mozilla/5.0 AppleWebKit/537.36 (KHTML, like Gecko; compatible; ClaudeBot/1.0; +claudebot@anthropic.com)" 
69.163.179.91 - - [21/Oct/2025:14:23:49 -0700] "POST /wp-cron.php?doing_wp_cron=1761081829.0205230712890625000000 HTTP/1.1" 200 3646 "-" "WordPress/6.8.3; https://www.elconferencista.com" 
216.73.216.180 - - [21/Oct/2025:14:23:53 -0700] "GET /6394594?products=0005328834 HTTP/2.0" 404 109822 "-" "Mozilla/5.0 AppleWebKit/537.36 (KHTML, like Gecko; compatible; ClaudeBot/1.0; +claudebot@anthropic.com)" 
216.73.216.180 - - [21/Oct/2025:14:23:56 -0700] "GET /6397354?products=0005331134 HTTP/2.0" 404 109822 "-" "Mozilla/5.0 AppleWebKit/537.36 (KHTML, like Gecko; compatible; ClaudeBot/1.0; +claudebot@anthropic.com)" 
216.73.216.180 - - [21/Oct/2025:14:23:59 -0700] "GET /6394282?products=0005328574 HTTP/2.0" 404 109813 "-" "Mozilla/5.0 AppleWebKit/537.36 (KHTML, like Gecko; compatible; ClaudeBot/1.0; +claudebot@anthropic.com)" 
69.163.179.91 - - [21/Oct/2025:14:24:02 -0700] "POST /wp-cron.php?doing_wp_cron=1761081842.8285789489746093750000 HTTP/1.1" 200 3646 "-" "WordPress/6.8.3; https://www.elconferencista.com" 
216.73.216.180 - - [21/Oct/2025:14:24:02 -0700] "GET /6398958?products=0005332472 HTTP/2.0" 404 109822 "-" "Mozilla/5.0 AppleWebKit/537.36 (KHTML, like Gecko; compatible; ClaudeBot/1.0; +claudebot@anthropic.com)" 
216.73.216.180 - - [21/Oct/2025:14:24:05 -0700] "GET /6397710?products=0005331432 HTTP/2.0" 404 109822 "-" "Mozilla/5.0 AppleWebKit/537.36 (KHTML, like Gecko; compatible; ClaudeBot/1.0; +claudebot@anthropic.com)" 
216.73.216.180 - - [21/Oct/2025:14:24:08 -0700] "GET /6394632?products=0005328865 HTTP/2.0" 404 109822 "-" "Mozilla/5.0 AppleWebKit/537.36 (KHTML, like Gecko; compatible; ClaudeBot/1.0; +claudebot@anthropic.com)" 
216.73.216.180 - - [21/Oct/2025:14:24:11 -0700] "GET /6396078?products=0005330072 HTTP/2.0" 404 109822 "-" "Mozilla/5.0 AppleWebKit/537.36 (KHTML, like Gecko; compatible; ClaudeBot/1.0; +claudebot@anthropic.com)" 
216.73.216.180 - - [21/Oct/2025:14:24:14 -0700] "GET /6395626?products=0005329694 HTTP/2.0" 404 109822 "-" "Mozilla/5.0 AppleWebKit/537.36 (KHTML, like Gecko; compatible; ClaudeBot/1.0; +claudebot@anthropic.com)" 
216.73.216.180 - - [21/Oct/2025:14:24:17 -0700] "GET /6396096?products=0005330085 HTTP/2.0" 404 109822 "-" "Mozilla/5.0 AppleWebKit/537.36 (KHTML, like Gecko; compatible; ClaudeBot/1.0; +claudebot@anthropic.com)" 
216.73.216.180 - - [21/Oct/2025:14:24:20 -0700] "GET /6397042?products=0005330874 HTTP/2.0" 404 109822 "-" "Mozilla/5.0 AppleWebKit/537.36 (KHTML, like Gecko; compatible; ClaudeBot/1.0; +claudebot@anthropic.com)" 
216.73.216.180 - - [21/Oct/2025:14:24:23 -0700] "GET /6397638?products=0005331372 HTTP/2.0" 404 109813 "-" "Mozilla/5.0 AppleWebKit/537.36 (KHTML, like Gecko; compatible; ClaudeBot/1.0; +claudebot@anthropic.com)" 
216.73.216.180 - - [21/Oct/2025:14:24:26 -0700] "GET /6393894?products=0005328252 HTTP/2.0" 404 109822 "-" "Mozilla/5.0 AppleWebKit/537.36 (KHTML, like Gecko; compatible; ClaudeBot/1.0; +claudebot@anthropic.com)" 
216.73.216.180 - - [21/Oct/2025:14:24:29 -0700] "GET /6396908?products=0005330763 HTTP/2.0" 404 109822 "-" "Mozilla/5.0 AppleWebKit/537.36 (KHTML, like Gecko; compatible; ClaudeBot/1.0; +claudebot@anthropic.com)" 
216.73.216.180 - - [21/Oct/2025:14:24:32 -0700] "GET /6397268?products=0005331063 HTTP/2.0" 404 109822 "-" "Mozilla/5.0 AppleWebKit/537.36 (KHTML, like Gecko; compatible; ClaudeBot/1.0; +claudebot@anthropic.com)" 
216.73.216.180 - - [21/Oct/2025:14:24:35 -0700] "GET /6398564?products=0005332143 HTTP/2.0" 404 109822 "-" "Mozilla/5.0 AppleWebKit/537.36 (KHTML, like Gecko; compatible; ClaudeBot/1.0; +claudebot@anthropic.com)" 
216.73.216.180 - - [21/Oct/2025:14:24:38 -0700] "GET /6397546?products=0005331294 HTTP/2.0" 404 109822 "-" "Mozilla/5.0 AppleWebKit/537.36 (KHTML, like Gecko; compatible; ClaudeBot/1.0; +claudebot@anthropic.com)" 
216.73.216.180 - - [21/Oct/2025:14:24:41 -0700] "GET /6397944?products=0005331625 HTTP/2.0" 404 109822 "-" "Mozilla/5.0 AppleWebKit/537.36 (KHTML, like Gecko; compatible; ClaudeBot/1.0; +claudebot@anthropic.com)" 
216.73.216.180 - - [21/Oct/2025:14:24:44 -0700] "GET /6396260?products=0005330223 HTTP/2.0" 404 109822 "-" "Mozilla/5.0 AppleWebKit/537.36 (KHTML, like Gecko; compatible; ClaudeBot/1.0; +claudebot@anthropic.com)" 
216.73.216.180 - - [21/Oct/2025:14:24:47 -0700] "GET /6395910?products=0005329932 HTTP/2.0" 404 109822 "-" "Mozilla/5.0 AppleWebKit/537.36 (KHTML, like Gecko; compatible; ClaudeBot/1.0; +claudebot@anthropic.com)" 
216.73.216.180 - - [21/Oct/2025:14:24:50 -0700] "GET /6395136?products=0005329285 HTTP/2.0" 404 109822 "-" "Mozilla/5.0 AppleWebKit/537.36 (KHTML, like Gecko; compatible; ClaudeBot/1.0; +claudebot@anthropic.com)" 
216.73.216.180 - - [21/Oct/2025:14:24:53 -0700] "GET /6397080?products=0005330905 HTTP/2.0" 404 109822 "-" "Mozilla/5.0 AppleWebKit/537.36 (KHTML, like Gecko; compatible; ClaudeBot/1.0; +claudebot@anthropic.com)" 
216.73.216.180 - - [21/Oct/2025:14:24:56 -0700] "GET /6398938?products=0005332454 HTTP/2.0" 404 109822 "-" "Mozilla/5.0 AppleWebKit/537.36 (KHTML, like Gecko; compatible; ClaudeBot/1.0; +claudebot@anthropic.com)" 
216.73.216.180 - - [21/Oct/2025:14:24:59 -0700] "GET /6396030?products=0005330032 HTTP/2.0" 404 109822 "-" "Mozilla/5.0 AppleWebKit/537.36 (KHTML, like Gecko; compatible; ClaudeBot/1.0; +claudebot@anthropic.com)" 
69.163.179.91 - - [21/Oct/2025:14:25:02 -0700] "POST /wp-cron.php?doing_wp_cron=1761081902.8912670612335205078125 HTTP/1.1" 200 3646 "-" "WordPress/6.8.3; https://www.elconferencista.com" 
216.73.216.180 - - [21/Oct/2025:14:25:02 -0700] "GET /6397728?products=0005331445 HTTP/2.0" 404 109822 "-" "Mozilla/5.0 AppleWebKit/537.36 (KHTML, like Gecko; compatible; ClaudeBot/1.0; +claudebot@anthropic.com)" 
216.73.216.180 - - [21/Oct/2025:14:25:05 -0700] "GET /6397224?products=0005331025 HTTP/2.0" 404 109822 "-" "Mozilla/5.0 AppleWebKit/537.36 (KHTML, like Gecko; compatible; ClaudeBot/1.0; +claudebot@anthropic.com)" 
216.73.216.180 - - [21/Oct/2025:14:25:08 -0700] "GET /6397138?products=0005330954 HTTP/2.0" 404 109831 "-" "Mozilla/5.0 AppleWebKit/537.36 (KHTML, like Gecko; compatible; ClaudeBot/1.0; +claudebot@anthropic.com)" 
216.73.216.180 - - [21/Oct/2025:14:25:11 -0700] "GET /6394148?products=0005328463 HTTP/2.0" 404 109813 "-" "Mozilla/5.0 AppleWebKit/537.36 (KHTML, like Gecko; compatible; ClaudeBot/1.0; +claudebot@anthropic.com)" 
216.73.216.180 - - [21/Oct/2025:14:25:14 -0700] "GET /6398934?products=0005332452 HTTP/2.0" 404 109822 "-" "Mozilla/5.0 AppleWebKit/537.36 (KHTML, like Gecko; compatible; ClaudeBot/1.0; +claudebot@anthropic.com)" 
216.73.216.180 - - [21/Oct/2025:14:25:17 -0700] "GET /6397566?products=0005331312 HTTP/2.0" 404 109813 "-" "Mozilla/5.0 AppleWebKit/537.36 (KHTML, like Gecko; compatible; ClaudeBot/1.0; +claudebot@anthropic.com)" 
216.73.216.180 - - [21/Oct/2025:14:25:20 -0700] "GET /6397926?products=0005331612 HTTP/2.0" 404 109822 "-" "Mozilla/5.0 AppleWebKit/537.36 (KHTML, like Gecko; compatible; ClaudeBot/1.0; +claudebot@anthropic.com)" 
216.73.216.180 - - [21/Oct/2025:14:25:23 -0700] "GET /6398660?products=0005332223 HTTP/2.0" 404 109822 "-" "Mozilla/5.0 AppleWebKit/537.36 (KHTML, like Gecko; compatible; ClaudeBot/1.0; +claudebot@anthropic.com)" 
216.73.216.180 - - [21/Oct/2025:14:25:26 -0700] "GET /6395952?products=0005329965 HTTP/2.0" 404 109822 "-" "Mozilla/5.0 AppleWebKit/537.36 (KHTML, like Gecko; compatible; ClaudeBot/1.0; +claudebot@anthropic.com)" 
216.73.216.180 - - [21/Oct/2025:14:25:29 -0700] "GET /6394786?products=0005328994 HTTP/2.0" 404 109822 "-" "Mozilla/5.0 AppleWebKit/537.36 (KHTML, like Gecko; compatible; ClaudeBot/1.0; +claudebot@anthropic.com)" 
216.73.216.180 - - [21/Oct/2025:14:25:32 -0700] "GET /6394086?products=0005328412 HTTP/2.0" 404 109813 "-" "Mozilla/5.0 AppleWebKit/537.36 (KHTML, like Gecko; compatible; ClaudeBot/1.0; +claudebot@anthropic.com)" 
216.73.216.180 - - [21/Oct/2025:14:25:35 -0700] "GET /6397158?products=0005330972 HTTP/2.0" 404 109831 "-" "Mozilla/5.0 AppleWebKit/537.36 (KHTML, like Gecko; compatible; ClaudeBot/1.0; +claudebot@anthropic.com)" 
216.73.216.180 - - [21/Oct/2025:14:25:38 -0700] "GET /6398400?products=0005332005 HTTP/2.0" 404 109822 "-" "Mozilla/5.0 AppleWebKit/537.36 (KHTML, like Gecko; compatible; ClaudeBot/1.0; +claudebot@anthropic.com)" 
216.73.216.180 - - [21/Oct/2025:14:25:41 -0700] "GET /6395924?products=0005329943 HTTP/2.0" 404 109822 "-" "Mozilla/5.0 AppleWebKit/537.36 (KHTML, like Gecko; compatible; ClaudeBot/1.0; +claudebot@anthropic.com)" 
216.73.216.180 - - [21/Oct/2025:14:25:44 -0700] "GET /6397820?products=0005331523 HTTP/2.0" 404 109822 "-" "Mozilla/5.0 AppleWebKit/537.36 (KHTML, like Gecko; compatible; ClaudeBot/1.0; +claudebot@anthropic.com)" 
216.73.216.180 - - [21/Oct/2025:14:25:47 -0700] "GET /6394710?products=0005328932 HTTP/2.0" 404 109822 "-" "Mozilla/5.0 AppleWebKit/537.36 (KHTML, like Gecko; compatible; ClaudeBot/1.0; +claudebot@anthropic.com)" 
216.73.216.180 - - [21/Oct/2025:14:25:50 -0700] "GET /6397446?products=0005331212 HTTP/2.0" 404 109822 "-" "Mozilla/5.0 AppleWebKit/537.36 (KHTML, like Gecko; compatible; ClaudeBot/1.0; +claudebot@anthropic.com)" 
216.73.216.180 - - [21/Oct/2025:14:25:53 -0700] "GET /6394638?products=0005328872 HTTP/2.0" 404 109822 "-" "Mozilla/5.0 AppleWebKit/537.36 (KHTML, like Gecko; compatible; ClaudeBot/1.0; +claudebot@anthropic.com)" 
69.16.157.195 - - [21/Oct/2025:14:25:56 -0700] "GET / HTTP/1.0" 429 3595 "https://www.elconferencista.com/" "Mozilla/5.0 (Windows NT 10.0; Win64; x64) AppleWebKit/537.36 (KHTML, like Gecko) Chrome/130.0.0.0 Safari/537.36" 
216.73.216.180 - - [21/Oct/2025:14:25:56 -0700] "GET /6393870?products=0005328232 HTTP/2.0" 404 109813 "-" "Mozilla/5.0 AppleWebKit/537.36 (KHTML, like Gecko; compatible; ClaudeBot/1.0; +claudebot@anthropic.com)" 
69.163.179.91 - - [21/Oct/2025:14:26:08 -0700] "POST /wp-cron.php?doing_wp_cron=1761081968.2351729869842529296875 HTTP/1.1" 200 3646 "-" "WordPress/6.8.3; https://www.elconferencista.com" 
216.73.216.180 - - [21/Oct/2025:14:26:07 -0700] "GET /6397152?products=0005330965 HTTP/2.0" 404 109979 "-" "Mozilla/5.0 AppleWebKit/537.36 (KHTML, like Gecko; compatible; ClaudeBot/1.0; +claudebot@anthropic.com)" 
216.73.216.180 - - [21/Oct/2025:14:26:10 -0700] "GET /6396068?products=0005330063 HTTP/2.0" 404 109822 "-" "Mozilla/5.0 AppleWebKit/537.36 (KHTML, like Gecko; compatible; ClaudeBot/1.0; +claudebot@anthropic.com)" 
216.73.216.180 - - [21/Oct/2025:14:26:13 -0700] "GET /6395256?products=0005329385 HTTP/2.0" 404 109822 "-" "Mozilla/5.0 AppleWebKit/537.36 (KHTML, like Gecko; compatible; ClaudeBot/1.0; +claudebot@anthropic.com)" 
216.73.216.180 - - [21/Oct/2025:14:26:16 -0700] "GET /6394172?products=0005328483 HTTP/2.0" 404 109822 "-" "Mozilla/5.0 AppleWebKit/537.36 (KHTML, like Gecko; compatible; ClaudeBot/1.0; +claudebot@anthropic.com)" 
216.73.216.180 - - [21/Oct/2025:14:26:19 -0700] "GET /6395646?products=0005329712 HTTP/2.0" 404 109822 "-" "Mozilla/5.0 AppleWebKit/537.36 (KHTML, like Gecko; compatible; ClaudeBot/1.0; +claudebot@anthropic.com)" 
216.73.216.180 - - [21/Oct/2025:14:26:22 -0700] "GET /6394700?products=0005328923 HTTP/2.0" 404 109822 "-" "Mozilla/5.0 AppleWebKit/537.36 (KHTML, like Gecko; compatible; ClaudeBot/1.0; +claudebot@anthropic.com)" 
216.73.216.180 - - [21/Oct/2025:14:26:25 -0700] "GET /6397604?products=0005331343 HTTP/2.0" 404 109822 "-" "Mozilla/5.0 AppleWebKit/537.36 (KHTML, like Gecko; compatible; ClaudeBot/1.0; +claudebot@anthropic.com)" 
216.73.216.180 - - [21/Oct/2025:14:26:28 -0700] "GET /6394488?products=0005328745 HTTP/2.0" 404 109822 "-" "Mozilla/5.0 AppleWebKit/537.36 (KHTML, like Gecko; compatible; ClaudeBot/1.0; +claudebot@anthropic.com)" 
216.73.216.180 - - [21/Oct/2025:14:26:31 -0700] "GET /6398166?products=0005331812 HTTP/2.0" 404 109822 "-" "Mozilla/5.0 AppleWebKit/537.36 (KHTML, like Gecko; compatible; ClaudeBot/1.0; +claudebot@anthropic.com)" 
216.73.216.180 - - [21/Oct/2025:14:26:34 -0700] "GET /6394988?products=0005329163 HTTP/2.0" 404 109822 "-" "Mozilla/5.0 AppleWebKit/537.36 (KHTML, like Gecko; compatible; ClaudeBot/1.0; +claudebot@anthropic.com)" 
216.73.216.180 - - [21/Oct/2025:14:26:37 -0700] "GET /6398760?products=0005332305 HTTP/2.0" 404 109822 "-" "Mozilla/5.0 AppleWebKit/537.36 (KHTML, like Gecko; compatible; ClaudeBot/1.0; +claudebot@anthropic.com)" 
216.73.216.180 - - [21/Oct/2025:14:26:40 -0700] "GET /6397378?products=0005331154 HTTP/2.0" 404 109822 "-" "Mozilla/5.0 AppleWebKit/537.36 (KHTML, like Gecko; compatible; ClaudeBot/1.0; +claudebot@anthropic.com)" 
216.73.216.180 - - [21/Oct/2025:14:26:43 -0700] "GET /6397052?products=0005330883 HTTP/2.0" 404 109822 "-" "Mozilla/5.0 AppleWebKit/537.36 (KHTML, like Gecko; compatible; ClaudeBot/1.0; +claudebot@anthropic.com)" 
216.73.216.180 - - [21/Oct/2025:14:26:46 -0700] "GET /6397824?products=0005331525 HTTP/2.0" 404 109822 "-" "Mozilla/5.0 AppleWebKit/537.36 (KHTML, like Gecko; compatible; ClaudeBot/1.0; +claudebot@anthropic.com)" 
216.73.216.180 - - [21/Oct/2025:14:26:49 -0700] "GET /6394268?products=0005328563 HTTP/2.0" 404 109831 "-" "Mozilla/5.0 AppleWebKit/537.36 (KHTML, like Gecko; compatible; ClaudeBot/1.0; +claudebot@anthropic.com)" 
216.73.216.180 - - [21/Oct/2025:14:26:52 -0700] "GET /6398112?products=0005331765 HTTP/2.0" 404 109822 "-" "Mozilla/5.0 AppleWebKit/537.36 (KHTML, like Gecko; compatible; ClaudeBot/1.0; +claudebot@anthropic.com)" 
216.73.216.180 - - [21/Oct/2025:14:26:55 -0700] "GET /6395074?products=0005329234 HTTP/2.0" 404 109822 "-" "Mozilla/5.0 AppleWebKit/537.36 (KHTML, like Gecko; compatible; ClaudeBot/1.0; +claudebot@anthropic.com)" 
216.73.216.180 - - [21/Oct/2025:14:26:58 -0700] "GET /6395352?products=0005329465 HTTP/2.0" 404 109822 "-" "Mozilla/5.0 AppleWebKit/537.36 (KHTML, like Gecko; compatible; ClaudeBot/1.0; +claudebot@anthropic.com)" 
216.73.216.180 - - [21/Oct/2025:14:27:01 -0700] "GET /6397464?products=0005331225 HTTP/2.0" 404 109822 "-" "Mozilla/5.0 AppleWebKit/537.36 (KHTML, like Gecko; compatible; ClaudeBot/1.0; +claudebot@anthropic.com)" 
69.163.179.91 - - [21/Oct/2025:14:27:04 -0700] "POST /wp-cron.php?doing_wp_cron=1761082024.7046029567718505859375 HTTP/1.1" 200 3646 "-" "WordPress/6.8.3; https://www.elconferencista.com" 
216.73.216.180 - - [21/Oct/2025:14:27:04 -0700] "GET /6395386?products=0005329494 HTTP/2.0" 404 109822 "-" "Mozilla/5.0 AppleWebKit/537.36 (KHTML, like Gecko; compatible; ClaudeBot/1.0; +claudebot@anthropic.com)" 
216.73.216.180 - - [21/Oct/2025:14:27:07 -0700] "GET /6396932?products=0005330783 HTTP/2.0" 404 109822 "-" "Mozilla/5.0 AppleWebKit/537.36 (KHTML, like Gecko; compatible; ClaudeBot/1.0; +claudebot@anthropic.com)" 
216.73.216.180 - - [21/Oct/2025:14:27:10 -0700] "GET /6397210?products=0005331014 HTTP/2.0" 404 109822 "-" "Mozilla/5.0 AppleWebKit/537.36 (KHTML, like Gecko; compatible; ClaudeBot/1.0; +claudebot@anthropic.com)" 
67.227.250.231 - - [21/Oct/2025:14:27:11 -0700] "GET /wp-login.php HTTP/2.0" 429 351 "-" "Mozilla/5.0 (Windows NT 10.0; WOW64; Trident/7.0; NMTE; rv:11.0) like Gecko" 
216.73.216.180 - - [21/Oct/2025:14:27:13 -0700] "GET /6395492?products=0005329583 HTTP/2.0" 404 109822 "-" "Mozilla/5.0 AppleWebKit/537.36 (KHTML, like Gecko; compatible; ClaudeBot/1.0; +claudebot@anthropic.com)" 
216.73.216.180 - - [21/Oct/2025:14:27:16 -0700] "GET /6397220?products=0005331023 HTTP/2.0" 404 109822 "-" "Mozilla/5.0 AppleWebKit/537.36 (KHTML, like Gecko; compatible; ClaudeBot/1.0; +claudebot@anthropic.com)" 
216.73.216.180 - - [21/Oct/2025:14:27:19 -0700] "GET /6398238?products=0005331872 HTTP/2.0" 404 109822 "-" "Mozilla/5.0 AppleWebKit/537.36 (KHTML, like Gecko; compatible; ClaudeBot/1.0; +claudebot@anthropic.com)" 
216.73.216.180 - - [21/Oct/2025:14:27:22 -0700] "GET /6396898?products=0005330754 HTTP/2.0" 404 109822 "-" "Mozilla/5.0 AppleWebKit/537.36 (KHTML, like Gecko; compatible; ClaudeBot/1.0; +claudebot@anthropic.com)" 
69.163.179.91 - - [21/Oct/2025:14:27:25 -0700] "POST /wp-cron.php?doing_wp_cron=1761082045.7673349380493164062500 HTTP/1.1" 200 3646 "-" "WordPress/6.8.3; https://www.elconferencista.com" 
216.73.216.180 - - [21/Oct/2025:14:27:25 -0700] "GET /6395660?products=0005329723 HTTP/2.0" 404 109822 "-" "Mozilla/5.0 AppleWebKit/537.36 (KHTML, like Gecko; compatible; ClaudeBot/1.0; +claudebot@anthropic.com)" 
216.73.216.180 - - [21/Oct/2025:14:27:28 -0700] "GET /6398502?products=0005332092 HTTP/2.0" 404 109813 "-" "Mozilla/5.0 AppleWebKit/537.36 (KHTML, like Gecko; compatible; ClaudeBot/1.0; +claudebot@anthropic.com)" 
216.73.216.180 - - [21/Oct/2025:14:27:31 -0700] "GET /6395444?products=0005329543 HTTP/2.0" 404 109822 "-" "Mozilla/5.0 AppleWebKit/537.36 (KHTML, like Gecko; compatible; ClaudeBot/1.0; +claudebot@anthropic.com)" 
216.73.216.180 - - [21/Oct/2025:14:27:34 -0700] "GET /6395002?products=0005329174 HTTP/2.0" 404 109822 "-" "Mozilla/5.0 AppleWebKit/537.36 (KHTML, like Gecko; compatible; ClaudeBot/1.0; +claudebot@anthropic.com)" 
216.73.216.180 - - [21/Oct/2025:14:27:37 -0700] "GET /6396730?products=0005330614 HTTP/2.0" 404 109804 "-" "Mozilla/5.0 AppleWebKit/537.36 (KHTML, like Gecko; compatible; ClaudeBot/1.0; +claudebot@anthropic.com)" 
216.73.216.180 - - [21/Oct/2025:14:27:40 -0700] "GET /6395986?products=0005329994 HTTP/2.0" 404 109822 "-" "Mozilla/5.0 AppleWebKit/537.36 (KHTML, like Gecko; compatible; ClaudeBot/1.0; +claudebot@anthropic.com)" 
67.227.250.231 - - [21/Oct/2025:14:27:42 -0700] "POST /wp-login.php HTTP/2.0" 429 351 "https://www.elconferencista.com/wp-login.php" "Mozilla/5.0 (Windows NT 10.0; WOW64; Trident/7.0; NMTE; rv:11.0) like Gecko" 
216.73.216.180 - - [21/Oct/2025:14:27:43 -0700] "GET /6394978?products=0005329154 HTTP/2.0" 404 109822 "-" "Mozilla/5.0 AppleWebKit/537.36 (KHTML, like Gecko; compatible; ClaudeBot/1.0; +claudebot@anthropic.com)" 
216.73.216.180 - - [21/Oct/2025:14:27:46 -0700] "GET /6396658?products=0005330554 HTTP/2.0" 404 109822 "-" "Mozilla/5.0 AppleWebKit/537.36 (KHTML, like Gecko; compatible; ClaudeBot/1.0; +claudebot@anthropic.com)" 
216.73.216.180 - - [21/Oct/2025:14:27:49 -0700] "GET /6396034?products=0005330034 HTTP/2.0" 404 109813 "-" "Mozilla/5.0 AppleWebKit/537.36 (KHTML, like Gecko; compatible; ClaudeBot/1.0; +claudebot@anthropic.com)" 
216.73.216.180 - - [21/Oct/2025:14:27:52 -0700] "GET /6394926?products=0005329112 HTTP/2.0" 404 109831 "-" "Mozilla/5.0 AppleWebKit/537.36 (KHTML, like Gecko; compatible; ClaudeBot/1.0; +claudebot@anthropic.com)" 
216.73.216.180 - - [21/Oct/2025:14:27:55 -0700] "GET /6394158?products=0005328472 HTTP/2.0" 404 109822 "-" "Mozilla/5.0 AppleWebKit/537.36 (KHTML, like Gecko; compatible; ClaudeBot/1.0; +claudebot@anthropic.com)" 
216.73.216.180 - - [21/Oct/2025:14:27:58 -0700] "GET /6395088?products=0005329245 HTTP/2.0" 404 109822 "-" "Mozilla/5.0 AppleWebKit/537.36 (KHTML, like Gecko; compatible; ClaudeBot/1.0; +claudebot@anthropic.com)" 
216.73.216.180 - - [21/Oct/2025:14:28:01 -0700] "GET /6396130?products=0005330114 HTTP/2.0" 404 109822 "-" "Mozilla/5.0 AppleWebKit/537.36 (KHTML, like Gecko; compatible; ClaudeBot/1.0; +claudebot@anthropic.com)" 
69.163.179.91 - - [21/Oct/2025:14:28:04 -0700] "POST /wp-cron.php?doing_wp_cron=1761082084.7912490367889404296875 HTTP/1.1" 200 3646 "-" "WordPress/6.8.3; https://www.elconferencista.com" 
216.73.216.180 - - [21/Oct/2025:14:28:04 -0700] "GET /6394182?products=0005328492 HTTP/2.0" 404 109822 "-" "Mozilla/5.0 AppleWebKit/537.36 (KHTML, like Gecko; compatible; ClaudeBot/1.0; +claudebot@anthropic.com)" 
216.73.216.180 - - [21/Oct/2025:14:28:07 -0700] "GET /6399120?products=0005332605 HTTP/2.0" 404 109822 "-" "Mozilla/5.0 AppleWebKit/537.36 (KHTML, like Gecko; compatible; ClaudeBot/1.0; +claudebot@anthropic.com)" 
216.73.216.180 - - [21/Oct/2025:14:28:10 -0700] "GET /6394368?products=0005328645 HTTP/2.0" 404 109822 "-" "Mozilla/5.0 AppleWebKit/537.36 (KHTML, like Gecko; compatible; ClaudeBot/1.0; +claudebot@anthropic.com)" 
216.73.216.180 - - [21/Oct/2025:14:28:13 -0700] "GET /6398746?products=0005332294 HTTP/2.0" 404 109822 "-" "Mozilla/5.0 AppleWebKit/537.36 (KHTML, like Gecko; compatible; ClaudeBot/1.0; +claudebot@anthropic.com)" 
216.73.216.180 - - [21/Oct/2025:14:28:43 -0700] "GET /6398588?products=0005332163 HTTP/2.0" 404 109988 "-" "Mozilla/5.0 AppleWebKit/537.36 (KHTML, like Gecko; compatible; ClaudeBot/1.0; +claudebot@anthropic.com)" 
216.73.216.180 - - [21/Oct/2025:14:28:46 -0700] "GET /6396126?products=0005330112 HTTP/2.0" 404 109822 "-" "Mozilla/5.0 AppleWebKit/537.36 (KHTML, like Gecko; compatible; ClaudeBot/1.0; +claudebot@anthropic.com)" 
216.73.216.180 - - [21/Oct/2025:14:28:49 -0700] "GET /6398338?products=0005331954 HTTP/2.0" 404 109822 "-" "Mozilla/5.0 AppleWebKit/537.36 (KHTML, like Gecko; compatible; ClaudeBot/1.0; +claudebot@anthropic.com)" 
216.73.216.180 - - [21/Oct/2025:14:28:52 -0700] "GET /6394608?products=0005328845 HTTP/2.0" 404 109822 "-" "Mozilla/5.0 AppleWebKit/537.36 (KHTML, like Gecko; compatible; ClaudeBot/1.0; +claudebot@anthropic.com)" 
216.73.216.180 - - [21/Oct/2025:14:28:55 -0700] "GET /6396192?products=0005330165 HTTP/2.0" 404 109822 "-" "Mozilla/5.0 AppleWebKit/537.36 (KHTML, like Gecko; compatible; ClaudeBot/1.0; +claudebot@anthropic.com)" 
216.73.216.180 - - [21/Oct/2025:14:28:58 -0700] "GET /6394690?products=0005328914 HTTP/2.0" 404 109822 "-" "Mozilla/5.0 AppleWebKit/537.36 (KHTML, like Gecko; compatible; ClaudeBot/1.0; +claudebot@anthropic.com)" 
216.73.216.180 - - [21/Oct/2025:14:29:01 -0700] "GET /6398286?products=0005331912 HTTP/2.0" 404 109822 "-" "Mozilla/5.0 AppleWebKit/537.36 (KHTML, like Gecko; compatible; ClaudeBot/1.0; +claudebot@anthropic.com)" 
69.163.179.91 - - [21/Oct/2025:14:29:04 -0700] "POST /wp-cron.php?doing_wp_cron=1761082144.9514238834381103515625 HTTP/1.1" 200 3646 "-" "WordPress/6.8.3; https://www.elconferencista.com" 
216.73.216.180 - - [21/Oct/2025:14:29:04 -0700] "GET /6399168?products=0005332645 HTTP/2.0" 404 109822 "-" "Mozilla/5.0 AppleWebKit/537.36 (KHTML, like Gecko; compatible; ClaudeBot/1.0; +claudebot@anthropic.com)" 
216.73.216.180 - - [21/Oct/2025:14:29:07 -0700] "GET /6398996?products=0005332503 HTTP/2.0" 404 109822 "-" "Mozilla/5.0 AppleWebKit/537.36 (KHTML, like Gecko; compatible; ClaudeBot/1.0; +claudebot@anthropic.com)" 
216.73.216.180 - - [21/Oct/2025:14:29:10 -0700] "GET /6396332?products=0005330283 HTTP/2.0" 404 109822 "-" "Mozilla/5.0 AppleWebKit/537.36 (KHTML, like Gecko; compatible; ClaudeBot/1.0; +claudebot@anthropic.com)" 
216.73.216.180 - - [21/Oct/2025:14:29:13 -0700] "GET /6398070?products=0005331732 HTTP/2.0" 404 109822 "-" "Mozilla/5.0 AppleWebKit/537.36 (KHTML, like Gecko; compatible; ClaudeBot/1.0; +claudebot@anthropic.com)" 
216.73.216.180 - - [21/Oct/2025:14:29:16 -0700] "GET /6397292?products=0005331083 HTTP/2.0" 404 109822 "-" "Mozilla/5.0 AppleWebKit/537.36 (KHTML, like Gecko; compatible; ClaudeBot/1.0; +claudebot@anthropic.com)" 
216.73.216.180 - - [21/Oct/2025:14:29:19 -0700] "GET /6398602?products=0005332174 HTTP/2.0" 404 109822 "-" "Mozilla/5.0 AppleWebKit/537.36 (KHTML, like Gecko; compatible; ClaudeBot/1.0; +claudebot@anthropic.com)" 
216.73.216.180 - - [21/Oct/2025:14:29:22 -0700] "GET /6394272?products=0005328565 HTTP/2.0" 404 109813 "-" "Mozilla/5.0 AppleWebKit/537.36 (KHTML, like Gecko; compatible; ClaudeBot/1.0; +claudebot@anthropic.com)" 
216.73.216.180 - - [21/Oct/2025:14:29:25 -0700] "GET /6398074?products=0005331734 HTTP/2.0" 404 109822 "-" "Mozilla/5.0 AppleWebKit/537.36 (KHTML, like Gecko; compatible; ClaudeBot/1.0; +claudebot@anthropic.com)" 
216.73.216.180 - - [21/Oct/2025:14:29:28 -0700] "GET /6398184?products=0005331825 HTTP/2.0" 404 109822 "-" "Mozilla/5.0 AppleWebKit/537.36 (KHTML, like Gecko; compatible; ClaudeBot/1.0; +claudebot@anthropic.com)" 
216.73.216.180 - - [21/Oct/2025:14:29:31 -0700] "GET /6397518?products=0005331272 HTTP/2.0" 404 109822 "-" "Mozilla/5.0 AppleWebKit/537.36 (KHTML, like Gecko; compatible; ClaudeBot/1.0; +claudebot@anthropic.com)" 
216.73.216.180 - - [21/Oct/2025:14:29:34 -0700] "GET /6398022?products=0005331692 HTTP/2.0" 404 109822 "-" "Mozilla/5.0 AppleWebKit/537.36 (KHTML, like Gecko; compatible; ClaudeBot/1.0; +claudebot@anthropic.com)" 
216.73.216.180 - - [21/Oct/2025:14:29:37 -0700] "GET /6396222?products=0005330192 HTTP/2.0" 404 109822 "-" "Mozilla/5.0 AppleWebKit/537.36 (KHTML, like Gecko; compatible; ClaudeBot/1.0; +claudebot@anthropic.com)" 
216.73.216.180 - - [21/Oct/2025:14:29:40 -0700] "GET /6399178?products=0005332654 HTTP/2.0" 404 109822 "-" "Mozilla/5.0 AppleWebKit/537.36 (KHTML, like Gecko; compatible; ClaudeBot/1.0; +claudebot@anthropic.com)" 
216.73.216.180 - - [21/Oct/2025:14:29:43 -0700] "GET /6398780?products=0005332323 HTTP/2.0" 404 109822 "-" "Mozilla/5.0 AppleWebKit/537.36 (KHTML, like Gecko; compatible; ClaudeBot/1.0; +claudebot@anthropic.com)" 
216.73.216.180 - - [21/Oct/2025:14:29:46 -0700] "GET /6396178?products=0005330154 HTTP/2.0" 404 109822 "-" "Mozilla/5.0 AppleWebKit/537.36 (KHTML, like Gecko; compatible; ClaudeBot/1.0; +claudebot@anthropic.com)" 
216.73.216.180 - - [21/Oct/2025:14:29:49 -0700] "GET /6394152?products=0005328465 HTTP/2.0" 404 109822 "-" "Mozilla/5.0 AppleWebKit/537.36 (KHTML, like Gecko; compatible; ClaudeBot/1.0; +claudebot@anthropic.com)" 
216.73.216.180 - - [21/Oct/2025:14:29:52 -0700] "GET /6399174?products=0005332652 HTTP/2.0" 404 109822 "-" "Mozilla/5.0 AppleWebKit/537.36 (KHTML, like Gecko; compatible; ClaudeBot/1.0; +claudebot@anthropic.com)" 
216.73.216.180 - - [21/Oct/2025:14:29:55 -0700] "GET /6397666?products=0005331394 HTTP/2.0" 404 109822 "-" "Mozilla/5.0 AppleWebKit/537.36 (KHTML, like Gecko; compatible; ClaudeBot/1.0; +claudebot@anthropic.com)" 
216.73.216.180 - - [21/Oct/2025:14:29:58 -0700] "GET /6394604?products=0005328843 HTTP/2.0" 404 109822 "-" "Mozilla/5.0 AppleWebKit/537.36 (KHTML, like Gecko; compatible; ClaudeBot/1.0; +claudebot@anthropic.com)" 
216.73.216.180 - - [21/Oct/2025:14:30:01 -0700] "GET /6396672?products=0005330565 HTTP/2.0" 404 109822 "-" "Mozilla/5.0 AppleWebKit/537.36 (KHTML, like Gecko; compatible; ClaudeBot/1.0; +claudebot@anthropic.com)" 
69.163.179.91 - - [21/Oct/2025:14:30:05 -0700] "POST /wp-cron.php?doing_wp_cron=1761082205.0817019939422607421875 HTTP/1.1" 200 3646 "-" "WordPress/6.8.3; https://www.elconferencista.com" 
