66.249.73.166 - - [21/Oct/2025:23:41:59 -0700] "GET /?products=212808 HTTP/1.1" 200 26386 "-" "Mozilla/5.0 (Linux; Android 6.0.1; Nexus 5X Build/MMB29P) AppleWebKit/537.36 (KHTML, like Gecko) Chrome/141.0.7390.107 Mobile Safari/537.36 (compatible; Googlebot/2.1; +http://www.google.com/bot.html)" 
66.249.73.165 - - [21/Oct/2025:23:42:00 -0700] "GET /?products=212520 HTTP/1.1" 200 27556 "-" "Mozilla/5.0 (Linux; Android 6.0.1; Nexus 5X Build/MMB29P) AppleWebKit/537.36 (KHTML, like Gecko) Chrome/141.0.7390.107 Mobile Safari/537.36 (compatible; Googlebot/2.1; +http://www.google.com/bot.html)" 
66.249.73.165 - - [21/Oct/2025:23:42:40 -0700] "GET /?products=212142 HTTP/1.1" 200 25352 "-" "Mozilla/5.0 (Linux; Android 6.0.1; Nexus 5X Build/MMB29P) AppleWebKit/537.36 (KHTML, like Gecko) Chrome/141.0.7390.107 Mobile Safari/537.36 (compatible; Googlebot/2.1; +http://www.google.com/bot.html)" 
66.249.73.166 - - [21/Oct/2025:23:43:58 -0700] "GET /?products=212314 HTTP/1.1" 200 24608 "-" "Mozilla/5.0 (Linux; Android 6.0.1; Nexus 5X Build/MMB29P) AppleWebKit/537.36 (KHTML, like Gecko) Chrome/141.0.7390.107 Mobile Safari/537.36 (compatible; Googlebot/2.1; +http://www.google.com/bot.html)" 
157.245.109.248 - - [21/Oct/2025:23:44:15 -0700] "POST /xmlrpc.php HTTP/2.0" 429 348 "https://www.elconferencista.com" "Mozilla/5.0 (Macintosh; Intel Mac OS X 10_15_7) AppleWebKit/537.36 (KHTML, like Gecko) Chrome/115.0.5790.102 Safari/537.36" 
66.249.73.165 - - [21/Oct/2025:23:44:38 -0700] "GET /?products=211638 HTTP/1.1" 200 24352 "-" "Mozilla/5.0 (Linux; Android 6.0.1; Nexus 5X Build/MMB29P) AppleWebKit/537.36 (KHTML, like Gecko) Chrome/141.0.7390.107 Mobile Safari/537.36 (compatible; Googlebot/2.1; +http://www.google.com/bot.html)" 
66.249.73.165 - - [21/Oct/2025:23:45:18 -0700] "GET /?products=212386 HTTP/1.1" 200 25443 "-" "Mozilla/5.0 (Linux; Android 6.0.1; Nexus 5X Build/MMB29P) AppleWebKit/537.36 (KHTML, like Gecko) Chrome/141.0.7390.107 Mobile Safari/537.36 (compatible; Googlebot/2.1; +http://www.google.com/bot.html)" 
66.249.73.166 - - [21/Oct/2025:23:45:57 -0700] "GET /?products=212362 HTTP/1.1" 200 25636 "-" "Mozilla/5.0 (Linux; Android 6.0.1; Nexus 5X Build/MMB29P) AppleWebKit/537.36 (KHTML, like Gecko) Chrome/141.0.7390.107 Mobile Safari/537.36 (compatible; Googlebot/2.1; +http://www.google.com/bot.html)" 
66.249.73.165 - - [21/Oct/2025:23:47:41 -0700] "GET /?products=212382 HTTP/1.1" 200 27644 "-" "Mozilla/5.0 (Linux; Android 6.0.1; Nexus 5X Build/MMB29P) AppleWebKit/537.36 (KHTML, like Gecko) Chrome/141.0.7390.107 Mobile Safari/537.36 (compatible; Googlebot/2.1; +http://www.google.com/bot.html)" 
66.249.73.166 - - [21/Oct/2025:23:48:21 -0700] "GET /?products=212074 HTTP/1.1" 200 26040 "-" "Mozilla/5.0 (Linux; Android 6.0.1; Nexus 5X Build/MMB29P) AppleWebKit/537.36 (KHTML, like Gecko) Chrome/141.0.7390.107 Mobile Safari/537.36 (compatible; Googlebot/2.1; +http://www.google.com/bot.html)" 
66.249.73.166 - - [21/Oct/2025:23:48:21 -0700] "GET /?products=212458 HTTP/1.1" 200 21323 "-" "Mozilla/5.0 (Linux; Android 6.0.1; Nexus 5X Build/MMB29P) AppleWebKit/537.36 (KHTML, like Gecko) Chrome/141.0.7390.107 Mobile Safari/537.36 (compatible; Googlebot/2.1; +http://www.google.com/bot.html)" 
66.249.73.166 - - [21/Oct/2025:23:48:22 -0700] "GET /?products=211604 HTTP/1.1" 200 21814 "-" "Mozilla/5.0 (Linux; Android 6.0.1; Nexus 5X Build/MMB29P) AppleWebKit/537.36 (KHTML, like Gecko) Chrome/141.0.7390.107 Mobile Safari/537.36 (compatible; Googlebot/2.1; +http://www.google.com/bot.html)" 
66.249.73.167 - - [21/Oct/2025:23:49:02 -0700] "GET /?products=212372 HTTP/1.1" 200 24481 "-" "Mozilla/5.0 (Linux; Android 6.0.1; Nexus 5X Build/MMB29P) AppleWebKit/537.36 (KHTML, like Gecko) Chrome/141.0.7390.107 Mobile Safari/537.36 (compatible; Googlebot/2.1; +http://www.google.com/bot.html)" 
66.249.73.166 - - [21/Oct/2025:23:49:41 -0700] "GET /?products=212544 HTTP/1.1" 200 25747 "-" "Mozilla/5.0 (Linux; Android 6.0.1; Nexus 5X Build/MMB29P) AppleWebKit/537.36 (KHTML, like Gecko) Chrome/141.0.7390.107 Mobile Safari/537.36 (compatible; Googlebot/2.1; +http://www.google.com/bot.html)" 
66.249.73.167 - - [21/Oct/2025:23:51:00 -0700] "GET /?products=212040 HTTP/1.1" 200 24903 "-" "Mozilla/5.0 (Linux; Android 6.0.1; Nexus 5X Build/MMB29P) AppleWebKit/537.36 (KHTML, like Gecko) Chrome/141.0.7390.107 Mobile Safari/537.36 (compatible; Googlebot/2.1; +http://www.google.com/bot.html)" 
66.249.73.166 - - [21/Oct/2025:23:51:00 -0700] "GET /?products=212276 HTTP/1.1" 200 27402 "-" "Mozilla/5.0 (Linux; Android 6.0.1; Nexus 5X Build/MMB29P) AppleWebKit/537.36 (KHTML, like Gecko) Chrome/141.0.7390.107 Mobile Safari/537.36 (compatible; Googlebot/2.1; +http://www.google.com/bot.html)" 
66.249.73.166 - - [21/Oct/2025:23:51:40 -0700] "GET /?products=212958 HTTP/1.1" 200 24586 "-" "Mozilla/5.0 (Linux; Android 6.0.1; Nexus 5X Build/MMB29P) AppleWebKit/537.36 (KHTML, like Gecko) Chrome/141.0.7390.107 Mobile Safari/537.36 (compatible; Googlebot/2.1; +http://www.google.com/bot.html)" 
193.163.7.67 - - [21/Oct/2025:23:51:45 -0700] "POST /xmlrpc.php HTTP/2.0" 429 348 "https://www.elconferencista.com" "Mozilla/5.0 (Windows NT 10.0; Win64; x64) AppleWebKit/537.36 (KHTML, like Gecko) Chrome/114.0.5735.199 Safari/537.36 Edg/114.0.1823.67" 
66.249.73.166 - - [21/Oct/2025:23:52:20 -0700] "GET /?products=211724 HTTP/1.1" 200 25990 "-" "Mozilla/5.0 (Linux; Android 6.0.1; Nexus 5X Build/MMB29P) AppleWebKit/537.36 (KHTML, like Gecko) Chrome/141.0.7390.107 Mobile Safari/537.36 (compatible; Googlebot/2.1; +http://www.google.com/bot.html)" 
66.249.73.166 - - [21/Oct/2025:23:52:59 -0700] "GET /?products=212568 HTTP/1.1" 200 24760 "-" "Mozilla/5.0 (Linux; Android 6.0.1; Nexus 5X Build/MMB29P) AppleWebKit/537.36 (KHTML, like Gecko) Chrome/141.0.7390.107 Mobile Safari/537.36 (compatible; Googlebot/2.1; +http://www.google.com/bot.html)" 
66.249.73.165 - - [21/Oct/2025:23:53:39 -0700] "GET /?products=212060 HTTP/1.1" 200 25855 "-" "Mozilla/5.0 (Linux; Android 6.0.1; Nexus 5X Build/MMB29P) AppleWebKit/537.36 (KHTML, like Gecko) Chrome/141.0.7390.107 Mobile Safari/537.36 (compatible; Googlebot/2.1; +http://www.google.com/bot.html)" 
66.249.73.166 - - [21/Oct/2025:23:54:19 -0700] "GET /?products=212904 HTTP/1.1" 200 25879 "-" "Mozilla/5.0 (Linux; Android 6.0.1; Nexus 5X Build/MMB29P) AppleWebKit/537.36 (KHTML, like Gecko) Chrome/141.0.7390.107 Mobile Safari/537.36 (compatible; Googlebot/2.1; +http://www.google.com/bot.html)" 
66.249.73.167 - - [21/Oct/2025:23:55:37 -0700] "GET /?products=212698 HTTP/1.1" 200 26006 "-" "Mozilla/5.0 (Linux; Android 6.0.1; Nexus 5X Build/MMB29P) AppleWebKit/537.36 (KHTML, like Gecko) Chrome/141.0.7390.107 Mobile Safari/537.36 (compatible; Googlebot/2.1; +http://www.google.com/bot.html)" 
66.249.73.167 - - [21/Oct/2025:23:56:17 -0700] "GET /?products=212646 HTTP/1.1" 200 25320 "-" "Mozilla/5.0 (Linux; Android 6.0.1; Nexus 5X Build/MMB29P) AppleWebKit/537.36 (KHTML, like Gecko) Chrome/141.0.7390.107 Mobile Safari/537.36 (compatible; Googlebot/2.1; +http://www.google.com/bot.html)" 
38.137.53.121 - - [21/Oct/2025:23:56:37 -0700] "POST /xmlrpc.php HTTP/1.1" 301 3861 "-" "Mozilla/5.0 (Windows NT 6.2; x86) AppleWebKit/537.36 (KHTML, like Gecko) Opera/71.0.0.0 Safari/537.36" 
59.103.221.66 - - [21/Oct/2025:23:56:38 -0700] "POST /xmlrpc.php HTTP/1.1" 301 3861 "-" "Mozilla/5.0 (Windows NT 6.3; x64) AppleWebKit/537.36 (KHTML, like Gecko) Edge/98.0.0.0 Safari/537.36" 
38.137.53.121 - - [21/Oct/2025:23:56:38 -0700] "GET /xmlrpc.php HTTP/1.1" 405 3647 "-" "Mozilla/5.0 (Windows NT 6.2; x86) AppleWebKit/537.36 (KHTML, like Gecko) Opera/71.0.0.0 Safari/537.36" 
69.163.179.91 - - [21/Oct/2025:23:56:39 -0700] "POST /wp-cron.php?doing_wp_cron=1761116199.4297020435333251953125 HTTP/1.1" 200 3646 "-" "WordPress/6.8.3; https://www.elconferencista.com" 
59.103.221.66 - - [21/Oct/2025:23:56:40 -0700] "GET /xmlrpc.php HTTP/1.1" 405 3647 "-" "Mozilla/5.0 (Windows NT 6.3; x64) AppleWebKit/537.36 (KHTML, like Gecko) Edge/98.0.0.0 Safari/537.36" 
122.2.108.17 - - [21/Oct/2025:23:56:57 -0700] "GET /xmlrpc.php HTTP/1.1" 405 3647 "-" "Mozilla/5.0 (Windows NT 6.3; arm64) AppleWebKit/537.36 (KHTML, like Gecko) Safari/10.0.0.0 Safari/537.36" 
66.249.73.166 - - [21/Oct/2025:23:56:57 -0700] "GET /?products=212352 HTTP/1.1" 200 24478 "-" "Mozilla/5.0 (Linux; Android 6.0.1; Nexus 5X Build/MMB29P) AppleWebKit/537.36 (KHTML, like Gecko) Chrome/141.0.7390.107 Mobile Safari/537.36 (compatible; Googlebot/2.1; +http://www.google.com/bot.html)" 
66.249.73.167 - - [21/Oct/2025:23:58:17 -0700] "GET /?products=212146 HTTP/1.1" 200 25296 "-" "Mozilla/5.0 (Linux; Android 6.0.1; Nexus 5X Build/MMB29P) AppleWebKit/537.36 (KHTML, like Gecko) Chrome/141.0.7390.107 Mobile Safari/537.36 (compatible; Googlebot/2.1; +http://www.google.com/bot.html)" 
66.249.73.167 - - [21/Oct/2025:23:59:36 -0700] "GET /?products=212784 HTTP/1.1" 200 24621 "-" "Mozilla/5.0 (Linux; Android 6.0.1; Nexus 5X Build/MMB29P) AppleWebKit/537.36 (KHTML, like Gecko) Chrome/141.0.7390.107 Mobile Safari/537.36 (compatible; Googlebot/2.1; +http://www.google.com/bot.html)" 
66.249.73.165 - - [22/Oct/2025:00:00:15 -0700] "GET /?products=212592 HTTP/1.1" 200 26672 "-" "Mozilla/5.0 (Linux; Android 6.0.1; Nexus 5X Build/MMB29P) AppleWebKit/537.36 (KHTML, like Gecko) Chrome/141.0.7390.107 Mobile Safari/537.36 (compatible; Googlebot/2.1; +http://www.google.com/bot.html)" 
103.35.121.89 - - [22/Oct/2025:00:00:36 -0700] "GET /wp-login.php HTTP/2.0" 429 351 "-" "Mozilla/5.0 (Windows NT 10.0; Win64; x64) AppleWebKit/537.36 (KHTML, like Gecko) Chrome/65.0.3325.181 Safari/537.36 OPR/52.0.2871.40" 
103.35.121.89 - - [22/Oct/2025:00:00:40 -0700] "POST /wp-login.php HTTP/2.0" 429 278 "https://www.elconferencista.com/wp-login.php" "Mozilla/5.0 (Windows NT 10.0; Win64; x64) AppleWebKit/537.36 (KHTML, like Gecko) Chrome/65.0.3325.181 Safari/537.36 OPR/52.0.2871.40" 
66.249.73.166 - - [22/Oct/2025:00:00:55 -0700] "GET /?products=211628 HTTP/1.1" 200 30410 "-" "Mozilla/5.0 (Linux; Android 6.0.1; Nexus 5X Build/MMB29P) AppleWebKit/537.36 (KHTML, like Gecko) Chrome/141.0.7390.107 Mobile Safari/537.36 (compatible; Googlebot/2.1; +http://www.google.com/bot.html)" 
66.249.73.165 - - [22/Oct/2025:00:02:01 -0700] "GET /?products=213020 HTTP/1.1" 200 26354 "-" "Mozilla/5.0 (Linux; Android 6.0.1; Nexus 5X Build/MMB29P) AppleWebKit/537.36 (KHTML, like Gecko) Chrome/141.0.7390.107 Mobile Safari/537.36 (compatible; Googlebot/2.1; +http://www.google.com/bot.html)" 
69.163.179.91 - - [22/Oct/2025:00:02:06 -0700] "POST /wp-cron.php?doing_wp_cron=1761116526.0174040794372558593750 HTTP/1.1" 200 3646 "-" "WordPress/6.8.3; https://www.elconferencista.com" 
69.163.179.91 - - [22/Oct/2025:00:02:07 -0700] "POST /wp-cron.php?doing_wp_cron=1761116527.0696918964385986328125 HTTP/1.1" 200 3646 "-" "WordPress/6.8.3; https://www.elconferencista.com" 
170.106.35.187 - - [22/Oct/2025:00:02:04 -0700] "GET / HTTP/1.1" 200 34800 "http://elconferencista.com" "Mozilla/5.0 (iPhone; CPU iPhone OS 13_2_3 like Mac OS X) AppleWebKit/605.1.15 (KHTML, like Gecko) Version/13.0.3 Mobile/15E148 Safari/604.1" 
124.226.222.66 - - [22/Oct/2025:00:02:21 -0700] "GET / HTTP/1.1" 429 3796 "http://elconferencista.com" "Mozilla/5.0 (iPhone; CPU iPhone OS 13_2_3 like Mac OS X) AppleWebKit/605.1.15 (KHTML, like Gecko) Version/13.0.3 Mobile/15E148 Safari/604.1" 
66.249.73.166 - - [22/Oct/2025:00:02:42 -0700] "GET /?products=211686 HTTP/1.1" 200 27156 "-" "Mozilla/5.0 (Linux; Android 6.0.1; Nexus 5X Build/MMB29P) AppleWebKit/537.36 (KHTML, like Gecko) Chrome/141.0.7390.107 Mobile Safari/537.36 (compatible; Googlebot/2.1; +http://www.google.com/bot.html)" 
208.115.236.166 - - [22/Oct/2025:00:02:56 -0700] "POST /xmlrpc.php HTTP/2.0" 429 348 "https://www.elconferencista.com" "Mozilla/5.0 (Macintosh; Intel Mac OS X 10_15_7) AppleWebKit/537.36 (KHTML, like Gecko) Chrome/114.0.5735.134 Safari/537.36" 
66.249.73.165 - - [22/Oct/2025:00:03:23 -0700] "GET /?products=211844 HTTP/1.1" 200 25828 "-" "Mozilla/5.0 (Linux; Android 6.0.1; Nexus 5X Build/MMB29P) AppleWebKit/537.36 (KHTML, like Gecko) Chrome/141.0.7390.107 Mobile Safari/537.36 (compatible; Googlebot/2.1; +http://www.google.com/bot.html)" 
66.249.73.167 - - [22/Oct/2025:00:04:03 -0700] "GET /?products=212434 HTTP/1.1" 200 27842 "-" "Mozilla/5.0 (Linux; Android 6.0.1; Nexus 5X Build/MMB29P) AppleWebKit/537.36 (KHTML, like Gecko) Chrome/141.0.7390.107 Mobile Safari/537.36 (compatible; Googlebot/2.1; +http://www.google.com/bot.html)" 
66.249.73.165 - - [22/Oct/2025:00:04:43 -0700] "GET /?products=212982 HTTP/1.1" 200 26321 "-" "Mozilla/5.0 (Linux; Android 6.0.1; Nexus 5X Build/MMB29P) AppleWebKit/537.36 (KHTML, like Gecko) Chrome/141.0.7390.107 Mobile Safari/537.36 (compatible; Googlebot/2.1; +http://www.google.com/bot.html)" 
89.117.74.114 - - [22/Oct/2025:00:05:12 -0700] "GET /wp-login.php HTTP/2.0" 429 352 "-" "Mozilla/5.0 (Macintosh; Intel Mac OS X 10_12_6) AppleWebKit/603.3.8 (KHTML, like Gecko) Version/10.1.2 Safari/603.3.8" 
89.117.74.114 - - [22/Oct/2025:00:05:12 -0700] "POST /wp-login.php HTTP/2.0" 429 255 "https://www.elconferencista.com/wp-login.php" "Mozilla/5.0 (Macintosh; Intel Mac OS X 10_12_6) AppleWebKit/603.3.8 (KHTML, like Gecko) Version/10.1.2 Safari/603.3.8" 
66.249.73.166 - - [22/Oct/2025:00:05:24 -0700] "GET /?products=212132 HTTP/1.1" 200 26110 "-" "Mozilla/5.0 (Linux; Android 6.0.1; Nexus 5X Build/MMB29P) AppleWebKit/537.36 (KHTML, like Gecko) Chrome/141.0.7390.107 Mobile Safari/537.36 (compatible; Googlebot/2.1; +http://www.google.com/bot.html)" 
66.249.73.166 - - [22/Oct/2025:00:06:03 -0700] "GET /?products=212190 HTTP/1.1" 200 28215 "-" "Mozilla/5.0 (Linux; Android 6.0.1; Nexus 5X Build/MMB29P) AppleWebKit/537.36 (KHTML, like Gecko) Chrome/141.0.7390.107 Mobile Safari/537.36 (compatible; Googlebot/2.1; +http://www.google.com/bot.html)" 
107.180.224.51 - - [22/Oct/2025:00:06:37 -0700] "POST /xmlrpc.php HTTP/2.0" 429 348 "https://www.elconferencista.com" "Mozilla/5.0 (Windows NT 10.0; Win64; x64) AppleWebKit/537.36 (KHTML, like Gecko) Chrome/115.0.5790.171 Safari/537.36 Edg/115.0.1901.203" 
35.238.36.150 - - [22/Oct/2025:00:06:39 -0700] "GET /media/system/js/core.js HTTP/2.0" 429 348 "http://elconferencista.com/media/system/js/core.js" "Mozilla/5.0 (Macintosh; Intel Mac OS X 10_10_1) AppleWebKit/537.36 (KHTML, like Gecko) Chrome/39.0.2171.95 Safari/537.36" 
35.238.36.150 - - [22/Oct/2025:00:06:39 -0700] "GET /wp-includes/js/jquery/jquery.js HTTP/2.0" 429 255 "http://elconferencista.com/wp-includes/js/jquery/jquery.js" "Mozilla/5.0 (Macintosh; Intel Mac OS X 10_10_1) AppleWebKit/537.36 (KHTML, like Gecko) Chrome/39.0.2171.95 Safari/537.36" 
66.249.73.165 - - [22/Oct/2025:00:07:22 -0700] "GET /?products=211926 HTTP/1.1" 200 24852 "-" "Mozilla/5.0 (Linux; Android 6.0.1; Nexus 5X Build/MMB29P) AppleWebKit/537.36 (KHTML, like Gecko) Chrome/141.0.7390.107 Mobile Safari/537.36 (compatible; Googlebot/2.1; +http://www.google.com/bot.html)" 
66.249.73.167 - - [22/Oct/2025:00:08:02 -0700] "GET /?224708?products=0000187263 HTTP/1.1" 200 24583 "-" "Mozilla/5.0 (Linux; Android 6.0.1; Nexus 5X Build/MMB29P) AppleWebKit/537.36 (KHTML, like Gecko) Chrome/141.0.7390.107 Mobile Safari/537.36 (compatible; Googlebot/2.1; +http://www.google.com/bot.html)" 
66.249.73.166 - - [22/Oct/2025:00:08:41 -0700] "GET /?products=212050 HTTP/1.1" 200 25862 "-" "Mozilla/5.0 (Linux; Android 6.0.1; Nexus 5X Build/MMB29P) AppleWebKit/537.36 (KHTML, like Gecko) Chrome/141.0.7390.107 Mobile Safari/537.36 (compatible; Googlebot/2.1; +http://www.google.com/bot.html)" 
161.248.201.64 - - [22/Oct/2025:00:09:03 -0700] "GET /wp-login.php HTTP/2.0" 429 351 "-" "Mozilla/4.0 (compatible; MSIE 7.0; Windows NT 6.2; Win64; x64; Trident/7.0; .NET4.0C; .NET4.0E; .NET CLR 2.0.50727; .NET CLR 3.0.30729; .NET CLR 3.5.30729; InfoPath.3)" 
161.248.201.64 - - [22/Oct/2025:00:09:05 -0700] "POST /wp-login.php HTTP/2.0" 429 278 "https://www.elconferencista.com/wp-login.php" "Mozilla/4.0 (compatible; MSIE 7.0; Windows NT 6.2; Win64; x64; Trident/7.0; .NET4.0C; .NET4.0E; .NET CLR 2.0.50727; .NET CLR 3.0.30729; .NET CLR 3.5.30729; InfoPath.3)" 
66.249.73.165 - - [22/Oct/2025:00:09:21 -0700] "GET /?products=211666 HTTP/1.1" 200 24549 "-" "Mozilla/5.0 (Linux; Android 6.0.1; Nexus 5X Build/MMB29P) AppleWebKit/537.36 (KHTML, like Gecko) Chrome/141.0.7390.107 Mobile Safari/537.36 (compatible; Googlebot/2.1; +http://www.google.com/bot.html)" 
66.249.73.167 - - [22/Oct/2025:00:09:22 -0700] "GET /124806?products=0000104012 HTTP/1.1" 200 25550 "-" "Mozilla/5.0 (Linux; Android 6.0.1; Nexus 5X Build/MMB29P) AppleWebKit/537.36 (KHTML, like Gecko) Chrome/141.0.7390.107 Mobile Safari/537.36 (compatible; Googlebot/2.1; +http://www.google.com/bot.html)" 
66.249.73.167 - - [22/Oct/2025:00:09:22 -0700] "GET /?products=211878 HTTP/1.1" 200 20926 "-" "Mozilla/5.0 (Linux; Android 6.0.1; Nexus 5X Build/MMB29P) AppleWebKit/537.36 (KHTML, like Gecko) Chrome/141.0.7390.107 Mobile Safari/537.36 (compatible; Googlebot/2.1; +http://www.google.com/bot.html)" 
66.249.73.166 - - [22/Oct/2025:00:10:02 -0700] "GET /?products=212766 HTTP/1.1" 200 26263 "-" "Mozilla/5.0 (Linux; Android 6.0.1; Nexus 5X Build/MMB29P) AppleWebKit/537.36 (KHTML, like Gecko) Chrome/141.0.7390.107 Mobile Safari/537.36 (compatible; Googlebot/2.1; +http://www.google.com/bot.html)" 
40.69.132.179 - - [22/Oct/2025:00:10:56 -0700] "GET /wp-content/abcd.php HTTP/1.1" 403 3811 "-" "-" 
40.69.132.179 - - [22/Oct/2025:00:10:56 -0700] "GET /wp-content/wsa.php HTTP/1.1" 403 485 "-" "-" 
40.69.132.179 - - [22/Oct/2025:00:10:56 -0700] "GET /wp-content/edit.php HTTP/1.1" 403 485 "-" "-" 
40.69.132.179 - - [22/Oct/2025:00:10:56 -0700] "GET /wp-content/goat.php HTTP/1.1" 403 485 "-" "-" 
40.69.132.179 - - [22/Oct/2025:00:10:56 -0700] "GET /wp-content/mm.php HTTP/1.1" 403 485 "-" "-" 
40.69.132.179 - - [22/Oct/2025:00:10:56 -0700] "GET /wp-content/users.php HTTP/1.1" 403 485 "-" "-" 
40.69.132.179 - - [22/Oct/2025:00:10:56 -0700] "GET /wp-content/goods.php HTTP/1.1" 403 485 "-" "-" 
40.69.132.179 - - [22/Oct/2025:00:10:57 -0700] "GET /wp-content/lock360.php HTTP/1.1" 403 485 "-" "-" 
40.69.132.179 - - [22/Oct/2025:00:10:57 -0700] "GET /wp-content/tinyfilemanager.php HTTP/1.1" 403 485 "-" "-" 
40.69.132.179 - - [22/Oct/2025:00:10:57 -0700] "GET /wp-content/makeasmtp.php HTTP/1.1" 403 485 "-" "-" 
40.69.132.179 - - [22/Oct/2025:00:10:57 -0700] "GET /wp-content/classwithtostring.php HTTP/1.1" 403 485 "-" "-" 
40.69.132.179 - - [22/Oct/2025:00:10:57 -0700] "GET /wp-content/gecko.php HTTP/1.1" 403 485 "-" "-" 
40.69.132.179 - - [22/Oct/2025:00:10:57 -0700] "GET /wp-content/cong.php HTTP/1.1" 403 485 "-" "-" 
40.69.132.179 - - [22/Oct/2025:00:10:57 -0700] "GET /wp-content/about.php HTTP/1.1" 403 485 "-" "-" 
40.69.132.179 - - [22/Oct/2025:00:10:57 -0700] "GET /wp-content/autoload_classmap/function.php HTTP/1.1" 403 485 "-" "-" 
40.69.132.179 - - [22/Oct/2025:00:10:57 -0700] "GET /wp-content/admin.php HTTP/1.1" 403 485 "-" "-" 
40.69.132.179 - - [22/Oct/2025:00:10:58 -0700] "GET /wp-content/chosen.php HTTP/1.1" 403 485 "-" "-" 
40.69.132.179 - - [22/Oct/2025:00:10:58 -0700] "GET /wp-content/ab.php HTTP/1.1" 403 485 "-" "-" 
40.69.132.179 - - [22/Oct/2025:00:10:58 -0700] "GET /wp-content/autoload_classmap.php HTTP/1.1" 403 485 "-" "-" 
40.69.132.179 - - [22/Oct/2025:00:10:58 -0700] "GET /wp-content/w.php HTTP/1.1" 403 485 "-" "-" 
40.69.132.179 - - [22/Oct/2025:00:10:58 -0700] "GET /wp-content/buy.php HTTP/1.1" 403 485 "-" "-" 
40.69.132.179 - - [22/Oct/2025:00:10:58 -0700] "GET /wp-content/akc.php HTTP/1.1" 403 485 "-" "-" 
40.69.132.179 - - [22/Oct/2025:00:10:58 -0700] "GET /wp-content/function.php HTTP/1.1" 403 485 "-" "-" 
40.69.132.179 - - [22/Oct/2025:00:10:58 -0700] "GET /wp-content/wp.php HTTP/1.1" 403 485 "-" "-" 
40.69.132.179 - - [22/Oct/2025:00:10:58 -0700] "GET /wp-content/index.php HTTP/1.1" 403 485 "-" "-" 
40.69.132.179 - - [22/Oct/2025:00:10:58 -0700] "GET /wp-content/file.php HTTP/1.1" 403 485 "-" "-" 
40.69.132.179 - - [22/Oct/2025:00:10:59 -0700] "GET /wp-content/ova.php HTTP/1.1" 403 485 "-" "-" 
40.69.132.179 - - [22/Oct/2025:00:10:59 -0700] "GET /wp-content/aa.php HTTP/1.1" 403 485 "-" "-" 
40.69.132.179 - - [22/Oct/2025:00:10:59 -0700] "GET /wp-content/alfa.php HTTP/1.1" 403 485 "-" "-" 
40.69.132.179 - - [22/Oct/2025:00:10:59 -0700] "GET /wp-content/atomlib.php HTTP/1.1" 403 485 "-" "-" 
40.69.132.179 - - [22/Oct/2025:00:10:59 -0700] "GET /wp-content/asasx.php HTTP/1.1" 403 485 "-" "-" 
40.69.132.179 - - [22/Oct/2025:00:10:59 -0700] "GET /wp-content/file2.php HTTP/1.1" 403 485 "-" "-" 
40.69.132.179 - - [22/Oct/2025:00:10:59 -0700] "GET /wp-content/bala.php HTTP/1.1" 403 485 "-" "-" 
40.69.132.179 - - [22/Oct/2025:00:10:59 -0700] "GET /wp-content/moon.php HTTP/1.1" 403 485 "-" "-" 
40.69.132.179 - - [22/Oct/2025:00:10:59 -0700] "GET /wp-content/ioxi-o.php HTTP/1.1" 403 485 "-" "-" 
40.69.132.179 - - [22/Oct/2025:00:10:59 -0700] "GET /wp-content/flower.php HTTP/1.1" 403 485 "-" "-" 
40.69.132.179 - - [22/Oct/2025:00:11:00 -0700] "GET /wp-content/install.php HTTP/1.1" 403 485 "-" "-" 
40.69.132.179 - - [22/Oct/2025:00:11:00 -0700] "GET /abcd.php HTTP/1.1" 403 485 "-" "-" 
40.69.132.179 - - [22/Oct/2025:00:11:00 -0700] "GET /chosen.php HTTP/1.1" 403 485 "-" "-" 
40.69.132.179 - - [22/Oct/2025:00:11:00 -0700] "GET /classwithtostring.php HTTP/1.1" 403 485 "-" "-" 
40.69.132.179 - - [22/Oct/2025:00:11:00 -0700] "GET /goods.php HTTP/1.1" 403 485 "-" "-" 
40.69.132.179 - - [22/Oct/2025:00:11:00 -0700] "GET /wp-admin/css/colors/blue/index.php HTTP/1.1" 403 485 "-" "-" 
40.69.132.179 - - [22/Oct/2025:00:11:00 -0700] "GET /wp-content/code.php HTTP/1.1" 403 485 "-" "-" 
40.69.132.179 - - [22/Oct/2025:00:11:00 -0700] "GET /wp-content/wp-conflg.php HTTP/1.1" 403 485 "-" "-" 
40.69.132.179 - - [22/Oct/2025:00:11:00 -0700] "GET /wp.php HTTP/1.1" 403 485 "-" "-" 
40.69.132.179 - - [22/Oct/2025:00:11:01 -0700] "GET /wsa.php HTTP/1.1" 403 485 "-" "-" 
40.69.132.179 - - [22/Oct/2025:00:11:01 -0700] "GET /autoload_classmap.php HTTP/1.1" 403 485 "-" "-" 
40.69.132.179 - - [22/Oct/2025:00:11:01 -0700] "GET /index.php HTTP/1.1" 403 485 "-" "-" 
40.69.132.179 - - [22/Oct/2025:00:11:01 -0700] "GET /file.php HTTP/1.1" 403 485 "-" "-" 
40.69.132.179 - - [22/Oct/2025:00:11:01 -0700] "GET /about.php HTTP/1.1" 403 485 "-" "-" 
40.69.132.179 - - [22/Oct/2025:00:11:01 -0700] "GET /function.php HTTP/1.1" 403 485 "-" "-" 
40.69.132.179 - - [22/Oct/2025:00:11:01 -0700] "GET /moon.php HTTP/1.1" 403 485 "-" "-" 
40.69.132.179 - - [22/Oct/2025:00:11:01 -0700] "GET /ab.php HTTP/1.1" 403 485 "-" "-" 
40.69.132.179 - - [22/Oct/2025:00:11:01 -0700] "GET /bala.php HTTP/1.1" 403 485 "-" "-" 
40.69.132.179 - - [22/Oct/2025:00:11:02 -0700] "GET /install.php HTTP/1.1" 403 485 "-" "-" 
40.69.132.179 - - [22/Oct/2025:00:11:02 -0700] "GET /ova.php HTTP/1.1" 403 485 "-" "-" 
40.69.132.179 - - [22/Oct/2025:00:11:02 -0700] "GET /admin.php HTTP/1.1" 403 485 "-" "-" 
40.69.132.179 - - [22/Oct/2025:00:11:02 -0700] "GET /aa.php HTTP/1.1" 403 485 "-" "-" 
40.69.132.179 - - [22/Oct/2025:00:11:02 -0700] "GET /alfa.php HTTP/1.1" 403 485 "-" "-" 
40.69.132.179 - - [22/Oct/2025:00:11:02 -0700] "GET /ioxi-o.php HTTP/1.1" 403 485 "-" "-" 
40.69.132.179 - - [22/Oct/2025:00:11:02 -0700] "GET /lock360.php HTTP/1.1" 403 485 "-" "-" 
40.69.132.179 - - [22/Oct/2025:00:11:02 -0700] "GET /akc.php HTTP/1.1" 403 485 "-" "-" 
40.69.132.179 - - [22/Oct/2025:00:11:02 -0700] "GET /asasx.php HTTP/1.1" 403 485 "-" "-" 
40.69.132.179 - - [22/Oct/2025:00:11:02 -0700] "GET /atomlib.php HTTP/1.1" 403 485 "-" "-" 
40.69.132.179 - - [22/Oct/2025:00:11:03 -0700] "GET /autoload_classmap/function.php HTTP/1.1" 403 485 "-" "-" 
40.69.132.179 - - [22/Oct/2025:00:11:03 -0700] "GET /buy.php HTTP/1.1" 403 485 "-" "-" 
40.69.132.179 - - [22/Oct/2025:00:11:03 -0700] "GET /cong.php HTTP/1.1" 403 485 "-" "-" 
40.69.132.179 - - [22/Oct/2025:00:11:03 -0700] "GET /edit.php HTTP/1.1" 403 485 "-" "-" 
40.69.132.179 - - [22/Oct/2025:00:11:03 -0700] "GET /file2.php HTTP/1.1" 403 485 "-" "-" 
40.69.132.179 - - [22/Oct/2025:00:11:03 -0700] "GET /flower.php HTTP/1.1" 403 485 "-" "-" 
40.69.132.179 - - [22/Oct/2025:00:11:03 -0700] "GET /gecko.php HTTP/1.1" 403 485 "-" "-" 
40.69.132.179 - - [22/Oct/2025:00:11:03 -0700] "GET /goat.php HTTP/1.1" 403 485 "-" "-" 
40.69.132.179 - - [22/Oct/2025:00:11:03 -0700] "GET /makeasmtp.php HTTP/1.1" 403 485 "-" "-" 
40.69.132.179 - - [22/Oct/2025:00:11:03 -0700] "GET /mm.php HTTP/1.1" 403 485 "-" "-" 
40.69.132.179 - - [22/Oct/2025:00:11:04 -0700] "GET /tinyfilemanager.php HTTP/1.1" 403 485 "-" "-" 
40.69.132.179 - - [22/Oct/2025:00:11:04 -0700] "GET /users.php HTTP/1.1" 403 485 "-" "-" 
40.69.132.179 - - [22/Oct/2025:00:11:04 -0700] "GET /w.php HTTP/1.1" 403 485 "-" "-" 
66.249.73.166 - - [22/Oct/2025:00:11:21 -0700] "GET /?products=212622 HTTP/1.1" 200 26840 "-" "Mozilla/5.0 (Linux; Android 6.0.1; Nexus 5X Build/MMB29P) AppleWebKit/537.36 (KHTML, like Gecko) Chrome/141.0.7390.107 Mobile Safari/537.36 (compatible; Googlebot/2.1; +http://www.google.com/bot.html)" 
66.249.73.166 - - [22/Oct/2025:00:12:01 -0700] "GET /?products=211892 HTTP/1.1" 200 24685 "-" "Mozilla/5.0 (Linux; Android 6.0.1; Nexus 5X Build/MMB29P) AppleWebKit/537.36 (KHTML, like Gecko) Chrome/141.0.7390.107 Mobile Safari/537.36 (compatible; Googlebot/2.1; +http://www.google.com/bot.html)" 
66.249.73.166 - - [22/Oct/2025:00:12:40 -0700] "GET /?products=212962 HTTP/1.1" 200 25491 "-" "Mozilla/5.0 (Linux; Android 6.0.1; Nexus 5X Build/MMB29P) AppleWebKit/537.36 (KHTML, like Gecko) Chrome/141.0.7390.107 Mobile Safari/537.36 (compatible; Googlebot/2.1; +http://www.google.com/bot.html)" 
66.249.73.166 - - [22/Oct/2025:00:13:20 -0700] "GET /?products=211662 HTTP/1.1" 200 25599 "-" "Mozilla/5.0 (Linux; Android 6.0.1; Nexus 5X Build/MMB29P) AppleWebKit/537.36 (KHTML, like Gecko) Chrome/141.0.7390.107 Mobile Safari/537.36 (compatible; Googlebot/2.1; +http://www.google.com/bot.html)" 
199.168.185.134 - - [22/Oct/2025:00:13:51 -0700] "POST /xmlrpc.php HTTP/2.0" 429 348 "https://www.elconferencista.com" "Mozilla/5.0 (Windows NT 11.0; Win64; x64) AppleWebKit/537.36 (KHTML, like Gecko) Chrome/126.0.0.0 Safari/537.36 Edg/126.0.0.0" 
66.249.73.165 - - [22/Oct/2025:00:14:00 -0700] "GET /?products=212640 HTTP/1.1" 200 25736 "-" "Mozilla/5.0 (Linux; Android 6.0.1; Nexus 5X Build/MMB29P) AppleWebKit/537.36 (KHTML, like Gecko) Chrome/141.0.7390.107 Mobile Safari/537.36 (compatible; Googlebot/2.1; +http://www.google.com/bot.html)" 
176.67.82.123 - - [22/Oct/2025:00:14:35 -0700] "GET / HTTP/1.0" 429 3594 "https://www.elconferencista.com/" "Mozilla/5.0 (Windows NT 10.0; Win64; x64) AppleWebKit/537.36 (KHTML, like Gecko) Chrome/131.0.0.0 Safari/537.36" 
66.249.73.165 - - [22/Oct/2025:00:14:39 -0700] "GET /?products=212492 HTTP/1.1" 200 25141 "-" "Mozilla/5.0 (Linux; Android 6.0.1; Nexus 5X Build/MMB29P) AppleWebKit/537.36 (KHTML, like Gecko) Chrome/141.0.7390.107 Mobile Safari/537.36 (compatible; Googlebot/2.1; +http://www.google.com/bot.html)" 
66.249.73.166 - - [22/Oct/2025:00:15:58 -0700] "GET /?products=212084 HTTP/1.1" 200 24118 "-" "Mozilla/5.0 (Linux; Android 6.0.1; Nexus 5X Build/MMB29P) AppleWebKit/537.36 (KHTML, like Gecko) Chrome/141.0.7390.107 Mobile Safari/537.36 (compatible; Googlebot/2.1; +http://www.google.com/bot.html)" 
161.248.201.64 - - [22/Oct/2025:00:16:28 -0700] "GET /wp-login.php HTTP/2.0" 429 351 "-" "Mozilla/5.0 (Macintosh; Intel Mac OS X 10_12) AppleWebKit/604.4.7 (KHTML, like Gecko) Version/10.0 Safari/602.1.31" 
161.248.201.64 - - [22/Oct/2025:00:16:29 -0700] "POST /wp-login.php HTTP/2.0" 429 278 "https://www.elconferencista.com/wp-login.php" "Mozilla/5.0 (Macintosh; Intel Mac OS X 10_12) AppleWebKit/604.4.7 (KHTML, like Gecko) Version/10.0 Safari/602.1.31" 
66.249.73.165 - - [22/Oct/2025:00:16:37 -0700] "GET /?products=211690 HTTP/1.1" 200 24757 "-" "Mozilla/5.0 (Linux; Android 6.0.1; Nexus 5X Build/MMB29P) AppleWebKit/537.36 (KHTML, like Gecko) Chrome/141.0.7390.107 Mobile Safari/537.36 (compatible; Googlebot/2.1; +http://www.google.com/bot.html)" 
66.249.73.166 - - [22/Oct/2025:00:17:17 -0700] "GET /?products=212578 HTTP/1.1" 200 26338 "-" "Mozilla/5.0 (Linux; Android 6.0.1; Nexus 5X Build/MMB29P) AppleWebKit/537.36 (KHTML, like Gecko) Chrome/141.0.7390.107 Mobile Safari/537.36 (compatible; Googlebot/2.1; +http://www.google.com/bot.html)" 
65.21.251.206 - - [22/Oct/2025:00:17:26 -0700] "POST /xmlrpc.php HTTP/2.0" 429 359 "https://www.elconferencista.com" "Mozilla/5.0 (Macintosh; Intel Mac OS X 10_15_7; rv:126.0) Gecko/20100101 Firefox/126.0" 
66.249.65.35 - - [22/Oct/2025:00:17:40 -0700] "GET /robots.txt HTTP/1.1" 301 3861 "-" "Mozilla/5.0 (compatible; Googlebot/2.1; +http://www.google.com/bot.html)" 
66.249.73.165 - - [22/Oct/2025:00:17:40 -0700] "GET /robots.txt HTTP/1.1" 200 3874 "-" "Mozilla/5.0 (compatible; Googlebot/2.1; +http://www.google.com/bot.html)" 
66.249.65.34 - - [22/Oct/2025:00:17:41 -0700] "GET /ads.txt HTTP/1.1" 301 3855 "-" "Mozilla/5.0 (compatible; Googlebot/2.1; +http://www.google.com/bot.html)" 
66.249.73.165 - - [22/Oct/2025:00:17:41 -0700] "GET /ads.txt HTTP/1.1" 404 110623 "-" "Mozilla/5.0 (compatible; Googlebot/2.1; +http://www.google.com/bot.html)" 
69.163.179.91 - - [22/Oct/2025:00:17:42 -0700] "POST /wp-cron.php?doing_wp_cron=1761117462.9440629482269287109375 HTTP/1.1" 200 3646 "-" "WordPress/6.8.3; https://www.elconferencista.com" 
66.249.73.165 - - [22/Oct/2025:00:17:45 -0700] "GET /conferencistas-mexicanos/ HTTP/1.1" 404 113983 "-" "Mozilla/5.0 (Linux; Android 6.0.1; Nexus 5X Build/MMB29P) AppleWebKit/537.36 (KHTML, like Gecko) Chrome/141.0.7390.107 Mobile Safari/537.36 (compatible; Googlebot/2.1; +http://www.google.com/bot.html)" 
66.249.73.165 - - [22/Oct/2025:00:18:58 -0700] "GET /?products=212328 HTTP/1.1" 200 24819 "-" "Mozilla/5.0 (Linux; Android 6.0.1; Nexus 5X Build/MMB29P) AppleWebKit/537.36 (KHTML, like Gecko) Chrome/141.0.7390.107 Mobile Safari/537.36 (compatible; Googlebot/2.1; +http://www.google.com/bot.html)" 
66.249.73.166 - - [22/Oct/2025:00:19:38 -0700] "GET /?products=211916 HTTP/1.1" 200 27648 "-" "Mozilla/5.0 (Linux; Android 6.0.1; Nexus 5X Build/MMB29P) AppleWebKit/537.36 (KHTML, like Gecko) Chrome/141.0.7390.107 Mobile Safari/537.36 (compatible; Googlebot/2.1; +http://www.google.com/bot.html)" 
198.20.104.194 - - [22/Oct/2025:00:20:01 -0700] "GET /wp-login.php HTTP/2.0" 429 351 "-" "Mozilla/4.0 (compatible; MSIE 7.0; Windows NT 6.1; WOW64; Trident/7.0; SLCC2; .NET CLR 2.0.50727; .NET4.0C; .NET4.0E; FBViewer-6.0.4.0; .NET CLR 3.5.30729; .NET CLR 3.0.30729)" 
66.249.73.166 - - [22/Oct/2025:00:20:18 -0700] "GET /?products=211614 HTTP/1.1" 200 28120 "-" "Mozilla/5.0 (Linux; Android 6.0.1; Nexus 5X Build/MMB29P) AppleWebKit/537.36 (KHTML, like Gecko) Chrome/141.0.7390.107 Mobile Safari/537.36 (compatible; Googlebot/2.1; +http://www.google.com/bot.html)" 
198.20.104.194 - - [22/Oct/2025:00:20:22 -0700] "GET /wp-login.php HTTP/2.0" 429 351 "-" "Mozilla/4.0 (compatible; MSIE 7.0; Windows NT 6.1; WOW64; Trident/7.0; SLCC2; .NET CLR 2.0.50727; .NET4.0C; .NET4.0E; FBViewer-6.0.4.0; .NET CLR 3.5.30729; .NET CLR 3.0.30729)" 
198.20.104.194 - - [22/Oct/2025:00:20:24 -0700] "POST /wp-login.php HTTP/2.0" 429 278 "https://www.elconferencista.com/wp-login.php" "Mozilla/4.0 (compatible; MSIE 7.0; Windows NT 6.1; WOW64; Trident/7.0; SLCC2; .NET CLR 2.0.50727; .NET4.0C; .NET4.0E; FBViewer-6.0.4.0; .NET CLR 3.5.30729; .NET CLR 3.0.30729)" 
64.120.92.59 - - [22/Oct/2025:00:20:57 -0700] "POST /xmlrpc.php HTTP/2.0" 429 348 "https://www.elconferencista.com" "Mozilla/5.0 (Windows NT 11.0; Win64; x64; rv:126.0) Gecko/20100101 Firefox/126.0" 
66.249.73.165 - - [22/Oct/2025:00:20:57 -0700] "GET /?products=212862 HTTP/1.1" 200 25611 "-" "Mozilla/5.0 (Linux; Android 6.0.1; Nexus 5X Build/MMB29P) AppleWebKit/537.36 (KHTML, like Gecko) Chrome/141.0.7390.107 Mobile Safari/537.36 (compatible; Googlebot/2.1; +http://www.google.com/bot.html)" 
66.249.73.165 - - [22/Oct/2025:00:20:58 -0700] "GET /?products=211758 HTTP/1.1" 200 24096 "-" "Mozilla/5.0 (Linux; Android 6.0.1; Nexus 5X Build/MMB29P) AppleWebKit/537.36 (KHTML, like Gecko) Chrome/141.0.7390.107 Mobile Safari/537.36 (compatible; Googlebot/2.1; +http://www.google.com/bot.html)" 
66.249.73.167 - - [22/Oct/2025:00:21:38 -0700] "GET /226196?products=0000188503 HTTP/1.1" 200 24764 "-" "Mozilla/5.0 (Linux; Android 6.0.1; Nexus 5X Build/MMB29P) AppleWebKit/537.36 (KHTML, like Gecko) Chrome/141.0.7390.107 Mobile Safari/537.36 (compatible; Googlebot/2.1; +http://www.google.com/bot.html)" 
66.249.73.167 - - [22/Oct/2025:00:22:17 -0700] "GET /?products=212012 HTTP/1.1" 200 26082 "-" "Mozilla/5.0 (Linux; Android 6.0.1; Nexus 5X Build/MMB29P) AppleWebKit/537.36 (KHTML, like Gecko) Chrome/141.0.7390.107 Mobile Safari/537.36 (compatible; Googlebot/2.1; +http://www.google.com/bot.html)" 
66.249.73.166 - - [22/Oct/2025:00:22:57 -0700] "GET /?products=212108 HTTP/1.1" 200 24931 "-" "Mozilla/5.0 (Linux; Android 6.0.1; Nexus 5X Build/MMB29P) AppleWebKit/537.36 (KHTML, like Gecko) Chrome/141.0.7390.107 Mobile Safari/537.36 (compatible; Googlebot/2.1; +http://www.google.com/bot.html)" 
82.165.230.96 - - [22/Oct/2025:00:23:01 -0700] "GET /wp-login.php HTTP/2.0" 429 343 "-" "Mozilla/5.0 (Windows NT 10.0; WOW64) AppleWebKit/537.36 (KHTML, like Gecko) Chrome/63.0.3239.132 Safari/537.36 OPR/50.0.2762.67" 
82.165.230.96 - - [22/Oct/2025:00:23:03 -0700] "POST /wp-login.php HTTP/2.0" 429 302 "https://www.elconferencista.com/wp-login.php" "Mozilla/5.0 (Windows NT 10.0; WOW64) AppleWebKit/537.36 (KHTML, like Gecko) Chrome/63.0.3239.132 Safari/537.36 OPR/50.0.2762.67" 
66.249.73.166 - - [22/Oct/2025:00:23:36 -0700] "GET /?products=211992 HTTP/1.1" 200 24411 "-" "Mozilla/5.0 (Linux; Android 6.0.1; Nexus 5X Build/MMB29P) AppleWebKit/537.36 (KHTML, like Gecko) Chrome/141.0.7390.107 Mobile Safari/537.36 (compatible; Googlebot/2.1; +http://www.google.com/bot.html)" 
212.132.89.104 - - [22/Oct/2025:00:23:45 -0700] "POST /xmlrpc.php HTTP/1.1" 429 3577 "-" "Mozilla/5.0 (X11; Ubuntu; Linux x86_64; rv:85.0) Gecko/20100101 Firefox/91.0" 
66.249.73.167 - - [22/Oct/2025:00:24:16 -0700] "GET /?products=212760 HTTP/1.1" 200 24821 "-" "Mozilla/5.0 (Linux; Android 6.0.1; Nexus 5X Build/MMB29P) AppleWebKit/537.36 (KHTML, like Gecko) Chrome/141.0.7390.107 Mobile Safari/537.36 (compatible; Googlebot/2.1; +http://www.google.com/bot.html)" 
52.117.100.171 - - [22/Oct/2025:00:24:27 -0700] "POST /xmlrpc.php HTTP/2.0" 429 348 "https://www.elconferencista.com" "Mozilla/5.0 (Macintosh; Intel Mac OS X 10.15; rv:126.0) Gecko/20100101 Firefox/126.0" 
66.249.73.166 - - [22/Oct/2025:00:24:56 -0700] "GET /product/edit/E3795616898 HTTP/1.1" 200 26810 "-" "Mozilla/5.0 (Linux; Android 6.0.1; Nexus 5X Build/MMB29P) AppleWebKit/537.36 (KHTML, like Gecko) Chrome/141.0.7390.107 Mobile Safari/537.36 (compatible; Googlebot/2.1; +http://www.google.com/bot.html)" 
66.249.73.165 - - [22/Oct/2025:00:24:56 -0700] "GET /?products=211872 HTTP/1.1" 200 27638 "-" "Mozilla/5.0 (Linux; Android 6.0.1; Nexus 5X Build/MMB29P) AppleWebKit/537.36 (KHTML, like Gecko) Chrome/141.0.7390.107 Mobile Safari/537.36 (compatible; Googlebot/2.1; +http://www.google.com/bot.html)" 
66.249.73.167 - - [22/Oct/2025:00:25:36 -0700] "GET /?products=211882 HTTP/1.1" 200 26647 "-" "Mozilla/5.0 (Linux; Android 6.0.1; Nexus 5X Build/MMB29P) AppleWebKit/537.36 (KHTML, like Gecko) Chrome/141.0.7390.107 Mobile Safari/537.36 (compatible; Googlebot/2.1; +http://www.google.com/bot.html)" 
209.50.167.65 - - [22/Oct/2025:00:25:50 -0700] "GET /wp-login.php HTTP/1.1" 200 7182 "-" "Mozilla/5.0 (Windows NT 10.0; Win64; x64) AppleWebKit/537.36 (KHTML, like Gecko) Chrome/115.0.0.0 Safari/537.36 Edg/115.0.1901.203" 
69.163.179.91 - - [22/Oct/2025:00:25:50 -0700] "POST /wp-cron.php?doing_wp_cron=1761117950.8172140121459960937500 HTTP/1.1" 200 3646 "-" "WordPress/6.8.3; https://www.elconferencista.com" 
209.50.167.65 - - [22/Oct/2025:00:25:52 -0700] "POST /wp-login.php HTTP/1.1" 200 7341 "https://www.elconferencista.com/wp-login.php" "Mozilla/5.0 (Windows NT 10.0; Win64; x64) AppleWebKit/537.36 (KHTML, like Gecko) Chrome/115.0.0.0 Safari/537.36 Edg/115.0.1901.203" 
66.249.73.167 - - [22/Oct/2025:00:26:55 -0700] "GET /?products=212448 HTTP/1.1" 200 26945 "-" "Mozilla/5.0 (Linux; Android 6.0.1; Nexus 5X Build/MMB29P) AppleWebKit/537.36 (KHTML, like Gecko) Chrome/141.0.7390.107 Mobile Safari/537.36 (compatible; Googlebot/2.1; +http://www.google.com/bot.html)" 
66.249.73.165 - - [22/Oct/2025:00:27:34 -0700] "GET /?products=212636 HTTP/1.1" 200 26170 "-" "Mozilla/5.0 (Linux; Android 6.0.1; Nexus 5X Build/MMB29P) AppleWebKit/537.36 (KHTML, like Gecko) Chrome/141.0.7390.107 Mobile Safari/537.36 (compatible; Googlebot/2.1; +http://www.google.com/bot.html)" 
144.76.198.187 - - [22/Oct/2025:00:27:54 -0700] "POST /xmlrpc.php HTTP/2.0" 429 348 "https://www.elconferencista.com" "Mozilla/5.0 (Windows NT 10.0; Win64; x64) AppleWebKit/537.36 (KHTML, like Gecko) Chrome/115.0.5790.102 Safari/537.36" 
66.249.73.167 - - [22/Oct/2025:00:28:15 -0700] "GET /?products=212650 HTTP/1.1" 200 26160 "-" "Mozilla/5.0 (Linux; Android 6.0.1; Nexus 5X Build/MMB29P) AppleWebKit/537.36 (KHTML, like Gecko) Chrome/141.0.7390.107 Mobile Safari/537.36 (compatible; Googlebot/2.1; +http://www.google.com/bot.html)" 
66.249.73.165 - - [22/Oct/2025:00:28:57 -0700] "GET /?products=212290 HTTP/1.1" 200 27411 "-" "Mozilla/5.0 (Linux; Android 6.0.1; Nexus 5X Build/MMB29P) AppleWebKit/537.36 (KHTML, like Gecko) Chrome/141.0.7390.107 Mobile Safari/537.36 (compatible; Googlebot/2.1; +http://www.google.com/bot.html)" 
66.249.73.165 - - [22/Oct/2025:00:29:39 -0700] "GET /?products=212852 HTTP/1.1" 200 26064 "-" "Mozilla/5.0 (Linux; Android 6.0.1; Nexus 5X Build/MMB29P) AppleWebKit/537.36 (KHTML, like Gecko) Chrome/141.0.7390.107 Mobile Safari/537.36 (compatible; Googlebot/2.1; +http://www.google.com/bot.html)" 
66.249.73.165 - - [22/Oct/2025:00:31:03 -0700] "GET /?products=211772 HTTP/1.1" 200 27384 "-" "Mozilla/5.0 (Linux; Android 6.0.1; Nexus 5X Build/MMB29P) AppleWebKit/537.36 (KHTML, like Gecko) Chrome/141.0.7390.107 Mobile Safari/537.36 (compatible; Googlebot/2.1; +http://www.google.com/bot.html)" 
66.249.73.165 - - [22/Oct/2025:00:31:45 -0700] "GET /?products=212588 HTTP/1.1" 200 24529 "-" "Mozilla/5.0 (Linux; Android 6.0.1; Nexus 5X Build/MMB29P) AppleWebKit/537.36 (KHTML, like Gecko) Chrome/141.0.7390.107 Mobile Safari/537.36 (compatible; Googlebot/2.1; +http://www.google.com/bot.html)" 
66.249.73.165 - - [22/Oct/2025:00:31:46 -0700] "GET /?products=212232 HTTP/1.1" 200 22457 "-" "Mozilla/5.0 (Linux; Android 6.0.1; Nexus 5X Build/MMB29P) AppleWebKit/537.36 (KHTML, like Gecko) Chrome/141.0.7390.107 Mobile Safari/537.36 (compatible; Googlebot/2.1; +http://www.google.com/bot.html)" 
66.249.73.165 - - [22/Oct/2025:00:32:28 -0700] "GET /?products=212554 HTTP/1.1" 200 25156 "-" "Mozilla/5.0 (Linux; Android 6.0.1; Nexus 5X Build/MMB29P) AppleWebKit/537.36 (KHTML, like Gecko) Chrome/141.0.7390.107 Mobile Safari/537.36 (compatible; Googlebot/2.1; +http://www.google.com/bot.html)" 
66.249.73.165 - - [22/Oct/2025:00:32:29 -0700] "GET /?products=212804 HTTP/1.1" 200 23751 "-" "Mozilla/5.0 (Linux; Android 6.0.1; Nexus 5X Build/MMB29P) AppleWebKit/537.36 (KHTML, like Gecko) Chrome/141.0.7390.107 Mobile Safari/537.36 (compatible; Googlebot/2.1; +http://www.google.com/bot.html)" 
66.249.73.166 - - [22/Oct/2025:00:32:53 -0700] "GET /?products=212814 HTTP/1.1" 200 26156 "-" "Mozilla/5.0 (Linux; Android 6.0.1; Nexus 5X Build/MMB29P) AppleWebKit/537.36 (KHTML, like Gecko) Chrome/141.0.7390.107 Mobile Safari/537.36 (compatible; Googlebot/2.1; +http://www.google.com/bot.html)" 
66.249.73.165 - - [22/Oct/2025:00:33:38 -0700] "GET /?products=212948 HTTP/1.1" 200 24456 "-" "Mozilla/5.0 (Linux; Android 6.0.1; Nexus 5X Build/MMB29P) AppleWebKit/537.36 (KHTML, like Gecko) Chrome/141.0.7390.107 Mobile Safari/537.36 (compatible; Googlebot/2.1; +http://www.google.com/bot.html)" 
66.249.73.166 - - [22/Oct/2025:00:34:26 -0700] "GET /?products=212266 HTTP/1.1" 200 25454 "-" "Mozilla/5.0 (Linux; Android 6.0.1; Nexus 5X Build/MMB29P) AppleWebKit/537.36 (KHTML, like Gecko) Chrome/141.0.7390.107 Mobile Safari/537.36 (compatible; Googlebot/2.1; +http://www.google.com/bot.html)" 
66.249.73.167 - - [22/Oct/2025:00:36:15 -0700] "GET /?products=212214 HTTP/1.1" 200 25558 "-" "Mozilla/5.0 (Linux; Android 6.0.1; Nexus 5X Build/MMB29P) AppleWebKit/537.36 (KHTML, like Gecko) Chrome/141.0.7390.107 Mobile Safari/537.36 (compatible; Googlebot/2.1; +http://www.google.com/bot.html)" 
66.249.73.166 - - [22/Oct/2025:00:36:57 -0700] "GET /?products=212396 HTTP/1.1" 200 27043 "-" "Mozilla/5.0 (Linux; Android 6.0.1; Nexus 5X Build/MMB29P) AppleWebKit/537.36 (KHTML, like Gecko) Chrome/141.0.7390.107 Mobile Safari/537.36 (compatible; Googlebot/2.1; +http://www.google.com/bot.html)" 
190.92.174.53 - - [22/Oct/2025:00:37:26 -0700] "POST /xmlrpc.php HTTP/2.0" 429 348 "https://www.elconferencista.com" "Mozilla/5.0 (Macintosh; Intel Mac OS X 14_4_1) AppleWebKit/605.1.15 (KHTML, like Gecko) Version/17.3.1 Safari/605.1.15" 
66.249.73.165 - - [22/Oct/2025:00:38:21 -0700] "GET /?products=212688 HTTP/1.1" 200 26763 "-" "Mozilla/5.0 (Linux; Android 6.0.1; Nexus 5X Build/MMB29P) AppleWebKit/537.36 (KHTML, like Gecko) Chrome/141.0.7390.107 Mobile Safari/537.36 (compatible; Googlebot/2.1; +http://www.google.com/bot.html)" 
66.249.73.165 - - [22/Oct/2025:00:39:03 -0700] "GET /?products=213030 HTTP/1.1" 200 24400 "-" "Mozilla/5.0 (Linux; Android 6.0.1; Nexus 5X Build/MMB29P) AppleWebKit/537.36 (KHTML, like Gecko) Chrome/141.0.7390.107 Mobile Safari/537.36 (compatible; Googlebot/2.1; +http://www.google.com/bot.html)" 
66.249.73.166 - - [22/Oct/2025:00:39:46 -0700] "GET /?products=211906 HTTP/1.1" 200 25209 "-" "Mozilla/5.0 (Linux; Android 6.0.1; Nexus 5X Build/MMB29P) AppleWebKit/537.36 (KHTML, like Gecko) Chrome/141.0.7390.107 Mobile Safari/537.36 (compatible; Googlebot/2.1; +http://www.google.com/bot.html)" 
66.249.73.166 - - [22/Oct/2025:00:40:28 -0700] "GET /?products=211868 HTTP/1.1" 200 24542 "-" "Mozilla/5.0 (Linux; Android 6.0.1; Nexus 5X Build/MMB29P) AppleWebKit/537.36 (KHTML, like Gecko) Chrome/141.0.7390.107 Mobile Safari/537.36 (compatible; Googlebot/2.1; +http://www.google.com/bot.html)" 
66.249.73.166 - - [22/Oct/2025:00:41:10 -0700] "GET /?products=211776 HTTP/1.1" 200 24886 "-" "Mozilla/5.0 (Linux; Android 6.0.1; Nexus 5X Build/MMB29P) AppleWebKit/537.36 (KHTML, like Gecko) Chrome/141.0.7390.107 Mobile Safari/537.36 (compatible; Googlebot/2.1; +http://www.google.com/bot.html)" 
66.249.73.167 - - [22/Oct/2025:00:42:24 -0700] "GET /?products=212928 HTTP/1.1" 200 24304 "-" "Mozilla/5.0 (Linux; Android 6.0.1; Nexus 5X Build/MMB29P) AppleWebKit/537.36 (KHTML, like Gecko) Chrome/141.0.7390.107 Mobile Safari/537.36 (compatible; Googlebot/2.1; +http://www.google.com/bot.html)" 
66.249.73.166 - - [22/Oct/2025:00:43:06 -0700] "GET /?products=212790 HTTP/1.1" 200 24429 "-" "Mozilla/5.0 (Linux; Android 6.0.1; Nexus 5X Build/MMB29P) AppleWebKit/537.36 (KHTML, like Gecko) Chrome/141.0.7390.107 Mobile Safari/537.36 (compatible; Googlebot/2.1; +http://www.google.com/bot.html)" 
66.249.73.166 - - [22/Oct/2025:00:43:49 -0700] "GET /?products=213000 HTTP/1.1" 200 24404 "-" "Mozilla/5.0 (Linux; Android 6.0.1; Nexus 5X Build/MMB29P) AppleWebKit/537.36 (KHTML, like Gecko) Chrome/141.0.7390.107 Mobile Safari/537.36 (compatible; Googlebot/2.1; +http://www.google.com/bot.html)" 
66.249.73.166 - - [22/Oct/2025:00:44:31 -0700] "GET /?products=211998 HTTP/1.1" 200 24793 "-" "Mozilla/5.0 (Linux; Android 6.0.1; Nexus 5X Build/MMB29P) AppleWebKit/537.36 (KHTML, like Gecko) Chrome/141.0.7390.107 Mobile Safari/537.36 (compatible; Googlebot/2.1; +http://www.google.com/bot.html)" 
66.249.73.165 - - [22/Oct/2025:00:45:55 -0700] "GET /?products=212712 HTTP/1.1" 200 25546 "-" "Mozilla/5.0 (Linux; Android 6.0.1; Nexus 5X Build/MMB29P) AppleWebKit/537.36 (KHTML, like Gecko) Chrome/141.0.7390.107 Mobile Safari/537.36 (compatible; Googlebot/2.1; +http://www.google.com/bot.html)" 
66.249.73.167 - - [22/Oct/2025:00:46:42 -0700] "GET /?products=213024 HTTP/1.1" 200 26305 "-" "Mozilla/5.0 (Linux; Android 6.0.1; Nexus 5X Build/MMB29P) AppleWebKit/537.36 (KHTML, like Gecko) Chrome/141.0.7390.107 Mobile Safari/537.36 (compatible; Googlebot/2.1; +http://www.google.com/bot.html)" 
67.207.163.194 - - [22/Oct/2025:00:47:21 -0700] "POST /xmlrpc.php HTTP/1.1" 429 3561 "-" "Mozilla/5.0 (X11; Ubuntu; Linux x86_64; rv:85.0) Gecko/20100101 Firefox/91.0" 
66.249.73.166 - - [22/Oct/2025:00:47:35 -0700] "GET /?products=211704 HTTP/1.1" 200 25755 "-" "Mozilla/5.0 (Linux; Android 6.0.1; Nexus 5X Build/MMB29P) AppleWebKit/537.36 (KHTML, like Gecko) Chrome/141.0.7390.107 Mobile Safari/537.36 (compatible; Googlebot/2.1; +http://www.google.com/bot.html)" 
67.23.238.109 - - [22/Oct/2025:00:48:04 -0700] "POST /xmlrpc.php HTTP/2.0" 429 348 "https://www.elconferencista.com" "Mozilla/5.0 (Macintosh; Intel Mac OS X 13_3) AppleWebKit/537.36 (KHTML, like Gecko) Chrome/126.0.0.0 Safari/537.36 Edg/126.0.0.0" 
66.249.73.167 - - [22/Oct/2025:00:49:41 -0700] "GET /?products=211978 HTTP/1.1" 200 24521 "-" "Mozilla/5.0 (Linux; Android 6.0.1; Nexus 5X Build/MMB29P) AppleWebKit/537.36 (KHTML, like Gecko) Chrome/141.0.7390.107 Mobile Safari/537.36 (compatible; Googlebot/2.1; +http://www.google.com/bot.html)" 
66.249.73.166 - - [22/Oct/2025:00:49:42 -0700] "GET /?products=212660 HTTP/1.1" 200 25906 "-" "Mozilla/5.0 (Linux; Android 6.0.1; Nexus 5X Build/MMB29P) AppleWebKit/537.36 (KHTML, like Gecko) Chrome/141.0.7390.107 Mobile Safari/537.36 (compatible; Googlebot/2.1; +http://www.google.com/bot.html)" 
66.249.73.165 - - [22/Oct/2025:00:50:26 -0700] "GET /?products=212818 HTTP/1.1" 200 25388 "-" "Mozilla/5.0 (Linux; Android 6.0.1; Nexus 5X Build/MMB29P) AppleWebKit/537.36 (KHTML, like Gecko) Chrome/141.0.7390.107 Mobile Safari/537.36 (compatible; Googlebot/2.1; +http://www.google.com/bot.html)" 
66.249.73.167 - - [22/Oct/2025:00:51:08 -0700] "GET /?products=212184 HTTP/1.1" 200 24375 "-" "Mozilla/5.0 (Linux; Android 6.0.1; Nexus 5X Build/MMB29P) AppleWebKit/537.36 (KHTML, like Gecko) Chrome/141.0.7390.107 Mobile Safari/537.36 (compatible; Googlebot/2.1; +http://www.google.com/bot.html)" 
193.231.242.80 - - [22/Oct/2025:00:51:24 -0700] "POST /xmlrpc.php HTTP/2.0" 429 348 "https://www.elconferencista.com" "Mozilla/5.0 (Macintosh; Intel Mac OS X 10_15_7) AppleWebKit/537.36 (KHTML, like Gecko) Chrome/126.0.0.0 Safari/537.36" 
66.249.73.166 - - [22/Oct/2025:00:51:51 -0700] "GET /?products=211728 HTTP/1.1" 200 25739 "-" "Mozilla/5.0 (Linux; Android 6.0.1; Nexus 5X Build/MMB29P) AppleWebKit/537.36 (KHTML, like Gecko) Chrome/141.0.7390.107 Mobile Safari/537.36 (compatible; Googlebot/2.1; +http://www.google.com/bot.html)" 
66.249.73.165 - - [22/Oct/2025:00:52:33 -0700] "GET /zhHant/product/surugaya/E225281913?campaign_uid=f64d716db5e979ed2f947dbaf4296895b951ae7f HTTP/1.1" 200 24288 "-" "Mozilla/5.0 (Linux; Android 6.0.1; Nexus 5X Build/MMB29P) AppleWebKit/537.36 (KHTML, like Gecko) Chrome/141.0.7390.107 Mobile Safari/537.36 (compatible; Googlebot/2.1; +http://www.google.com/bot.html)" 
66.249.73.166 - - [22/Oct/2025:00:52:34 -0700] "GET /?products=212444 HTTP/1.1" 200 26459 "-" "Mozilla/5.0 (Linux; Android 6.0.1; Nexus 5X Build/MMB29P) AppleWebKit/537.36 (KHTML, like Gecko) Chrome/141.0.7390.107 Mobile Safari/537.36 (compatible; Googlebot/2.1; +http://www.google.com/bot.html)" 
66.249.73.166 - - [22/Oct/2025:00:52:34 -0700] "GET /?products=211676 HTTP/1.1" 200 22228 "-" "Mozilla/5.0 (Linux; Android 6.0.1; Nexus 5X Build/MMB29P) AppleWebKit/537.36 (KHTML, like Gecko) Chrome/141.0.7390.107 Mobile Safari/537.36 (compatible; Googlebot/2.1; +http://www.google.com/bot.html)" 
66.249.73.166 - - [22/Oct/2025:00:53:16 -0700] "GET /?products=212262 HTTP/1.1" 200 25344 "-" "Mozilla/5.0 (Linux; Android 6.0.1; Nexus 5X Build/MMB29P) AppleWebKit/537.36 (KHTML, like Gecko) Chrome/141.0.7390.107 Mobile Safari/537.36 (compatible; Googlebot/2.1; +http://www.google.com/bot.html)" 
66.249.73.166 - - [22/Oct/2025:00:53:59 -0700] "GET /?products=211632 HTTP/1.1" 200 25680 "-" "Mozilla/5.0 (Linux; Android 6.0.1; Nexus 5X Build/MMB29P) AppleWebKit/537.36 (KHTML, like Gecko) Chrome/141.0.7390.107 Mobile Safari/537.36 (compatible; Googlebot/2.1; +http://www.google.com/bot.html)" 
162.215.9.119 - - [22/Oct/2025:00:54:45 -0700] "POST /xmlrpc.php HTTP/2.0" 429 348 "https://www.elconferencista.com" "Mozilla/5.0 (Macintosh; Intel Mac OS X 13_3) AppleWebKit/537.36 (KHTML, like Gecko) Chrome/126.0.0.0 Safari/537.36 Edg/126.0.0.0" 
66.249.73.165 - - [22/Oct/2025:00:55:23 -0700] "GET /?products=212880 HTTP/1.1" 200 25939 "-" "Mozilla/5.0 (Linux; Android 6.0.1; Nexus 5X Build/MMB29P) AppleWebKit/537.36 (KHTML, like Gecko) Chrome/141.0.7390.107 Mobile Safari/537.36 (compatible; Googlebot/2.1; +http://www.google.com/bot.html)" 
66.249.73.165 - - [22/Oct/2025:00:56:05 -0700] "GET /?products=211940 HTTP/1.1" 200 25528 "-" "Mozilla/5.0 (Linux; Android 6.0.1; Nexus 5X Build/MMB29P) AppleWebKit/537.36 (KHTML, like Gecko) Chrome/141.0.7390.107 Mobile Safari/537.36 (compatible; Googlebot/2.1; +http://www.google.com/bot.html)" 
66.249.73.167 - - [22/Oct/2025:00:56:06 -0700] "GET /226460?products=0000188723 HTTP/1.1" 200 25442 "-" "Mozilla/5.0 (Linux; Android 6.0.1; Nexus 5X Build/MMB29P) AppleWebKit/537.36 (KHTML, like Gecko) Chrome/141.0.7390.107 Mobile Safari/537.36 (compatible; Googlebot/2.1; +http://www.google.com/bot.html)" 
66.249.73.165 - - [22/Oct/2025:00:56:48 -0700] "GET /?products=212972 HTTP/1.1" 200 24295 "-" "Mozilla/5.0 (Linux; Android 6.0.1; Nexus 5X Build/MMB29P) AppleWebKit/537.36 (KHTML, like Gecko) Chrome/141.0.7390.107 Mobile Safari/537.36 (compatible; Googlebot/2.1; +http://www.google.com/bot.html)" 
