216.73.216.180 - - [21/Oct/2025:17:26:09 -0700] "GET /6396380?products=0005330323 HTTP/2.0" 404 109822 "-" "Mozilla/5.0 AppleWebKit/537.36 (KHTML, like Gecko; compatible; ClaudeBot/1.0; +claudebot@anthropic.com)" 
216.73.216.180 - - [21/Oct/2025:17:26:12 -0700] "GET /6394508?products=0005328763 HTTP/2.0" 404 109822 "-" "Mozilla/5.0 AppleWebKit/537.36 (KHTML, like Gecko; compatible; ClaudeBot/1.0; +claudebot@anthropic.com)" 
216.73.216.180 - - [21/Oct/2025:17:26:15 -0700] "GET /6396874?products=0005330734 HTTP/2.0" 404 109822 "-" "Mozilla/5.0 AppleWebKit/537.36 (KHTML, like Gecko; compatible; ClaudeBot/1.0; +claudebot@anthropic.com)" 
216.73.216.180 - - [21/Oct/2025:17:26:18 -0700] "GET /6397920?products=0005331605 HTTP/2.0" 404 109822 "-" "Mozilla/5.0 AppleWebKit/537.36 (KHTML, like Gecko; compatible; ClaudeBot/1.0; +claudebot@anthropic.com)" 
216.73.216.180 - - [21/Oct/2025:17:26:21 -0700] "GET /6394032?products=0005328365 HTTP/2.0" 404 109813 "-" "Mozilla/5.0 AppleWebKit/537.36 (KHTML, like Gecko; compatible; ClaudeBot/1.0; +claudebot@anthropic.com)" 
216.73.216.180 - - [21/Oct/2025:17:26:24 -0700] "GET /6398976?products=0005332485 HTTP/2.0" 404 109822 "-" "Mozilla/5.0 AppleWebKit/537.36 (KHTML, like Gecko; compatible; ClaudeBot/1.0; +claudebot@anthropic.com)" 
216.73.216.180 - - [21/Oct/2025:17:26:27 -0700] "GET /6396720?products=0005330605 HTTP/2.0" 404 109822 "-" "Mozilla/5.0 AppleWebKit/537.36 (KHTML, like Gecko; compatible; ClaudeBot/1.0; +claudebot@anthropic.com)" 
216.73.216.180 - - [21/Oct/2025:17:26:30 -0700] "GET /6394974?products=0005329152 HTTP/2.0" 404 109822 "-" "Mozilla/5.0 AppleWebKit/537.36 (KHTML, like Gecko; compatible; ClaudeBot/1.0; +claudebot@anthropic.com)" 
216.73.216.180 - - [21/Oct/2025:17:26:33 -0700] "GET /6397614?products=0005331352 HTTP/2.0" 404 109822 "-" "Mozilla/5.0 AppleWebKit/537.36 (KHTML, like Gecko; compatible; ClaudeBot/1.0; +claudebot@anthropic.com)" 
216.73.216.180 - - [21/Oct/2025:17:26:36 -0700] "GET /6394734?products=0005328952 HTTP/2.0" 404 109822 "-" "Mozilla/5.0 AppleWebKit/537.36 (KHTML, like Gecko; compatible; ClaudeBot/1.0; +claudebot@anthropic.com)" 
216.73.216.180 - - [21/Oct/2025:17:26:39 -0700] "GET /6395526?products=0005329612 HTTP/2.0" 404 109822 "-" "Mozilla/5.0 AppleWebKit/537.36 (KHTML, like Gecko; compatible; ClaudeBot/1.0; +claudebot@anthropic.com)" 
216.73.216.180 - - [21/Oct/2025:17:26:42 -0700] "GET /6397326?products=0005331112 HTTP/2.0" 404 109822 "-" "Mozilla/5.0 AppleWebKit/537.36 (KHTML, like Gecko; compatible; ClaudeBot/1.0; +claudebot@anthropic.com)" 
216.73.216.180 - - [21/Oct/2025:17:26:45 -0700] "GET /6397882?products=0005331574 HTTP/2.0" 404 109822 "-" "Mozilla/5.0 AppleWebKit/537.36 (KHTML, like Gecko; compatible; ClaudeBot/1.0; +claudebot@anthropic.com)" 
216.73.216.180 - - [21/Oct/2025:17:26:48 -0700] "GET /6395112?products=0005329265 HTTP/2.0" 404 109822 "-" "Mozilla/5.0 AppleWebKit/537.36 (KHTML, like Gecko; compatible; ClaudeBot/1.0; +claudebot@anthropic.com)" 
216.73.216.180 - - [21/Oct/2025:17:26:51 -0700] "GET /6398314?products=0005331934 HTTP/2.0" 404 109822 "-" "Mozilla/5.0 AppleWebKit/537.36 (KHTML, like Gecko; compatible; ClaudeBot/1.0; +claudebot@anthropic.com)" 
216.73.216.180 - - [21/Oct/2025:17:26:54 -0700] "GET /6395424?products=0005329525 HTTP/2.0" 404 109822 "-" "Mozilla/5.0 AppleWebKit/537.36 (KHTML, like Gecko; compatible; ClaudeBot/1.0; +claudebot@anthropic.com)" 
216.73.216.180 - - [21/Oct/2025:17:28:23 -0700] "GET /6397182?products=0005330992 HTTP/2.0" 404 109997 "-" "Mozilla/5.0 AppleWebKit/537.36 (KHTML, like Gecko; compatible; ClaudeBot/1.0; +claudebot@anthropic.com)" 
69.163.179.91 - - [21/Oct/2025:17:28:25 -0700] "POST /wp-cron.php?doing_wp_cron=1761092905.3292260169982910156250 HTTP/1.1" 200 3646 "-" "WordPress/6.8.3; https://www.elconferencista.com" 
216.73.216.180 - - [21/Oct/2025:17:28:29 -0700] "GET /6396802?products=0005330674 HTTP/2.0" 404 109822 "-" "Mozilla/5.0 AppleWebKit/537.36 (KHTML, like Gecko; compatible; ClaudeBot/1.0; +claudebot@anthropic.com)" 
216.73.216.180 - - [21/Oct/2025:17:28:32 -0700] "GET /6395616?products=0005329685 HTTP/2.0" 404 109822 "-" "Mozilla/5.0 AppleWebKit/537.36 (KHTML, like Gecko; compatible; ClaudeBot/1.0; +claudebot@anthropic.com)" 
216.73.216.180 - - [21/Oct/2025:17:28:35 -0700] "GET /6393860?products=0005328223 HTTP/2.0" 404 109813 "-" "Mozilla/5.0 AppleWebKit/537.36 (KHTML, like Gecko; compatible; ClaudeBot/1.0; +claudebot@anthropic.com)" 
216.73.216.180 - - [21/Oct/2025:17:28:38 -0700] "GET /6394570?products=0005328814 HTTP/2.0" 404 109822 "-" "Mozilla/5.0 AppleWebKit/537.36 (KHTML, like Gecko; compatible; ClaudeBot/1.0; +claudebot@anthropic.com)" 
216.73.216.180 - - [21/Oct/2025:17:28:41 -0700] "GET /6394340?products=0005328623 HTTP/2.0" 404 109822 "-" "Mozilla/5.0 AppleWebKit/537.36 (KHTML, like Gecko; compatible; ClaudeBot/1.0; +claudebot@anthropic.com)" 
216.73.216.180 - - [21/Oct/2025:17:28:44 -0700] "GET /6396020?products=0005330023 HTTP/2.0" 404 109822 "-" "Mozilla/5.0 AppleWebKit/537.36 (KHTML, like Gecko; compatible; ClaudeBot/1.0; +claudebot@anthropic.com)" 
216.73.216.180 - - [21/Oct/2025:17:28:47 -0700] "GET /6393966?products=0005328312 HTTP/2.0" 404 109822 "-" "Mozilla/5.0 AppleWebKit/537.36 (KHTML, like Gecko; compatible; ClaudeBot/1.0; +claudebot@anthropic.com)" 
216.73.216.180 - - [21/Oct/2025:17:28:50 -0700] "GET /6396798?products=0005330672 HTTP/2.0" 404 109822 "-" "Mozilla/5.0 AppleWebKit/537.36 (KHTML, like Gecko; compatible; ClaudeBot/1.0; +claudebot@anthropic.com)" 
216.73.216.180 - - [21/Oct/2025:17:28:53 -0700] "GET /6395958?products=0005329972 HTTP/2.0" 404 109822 "-" "Mozilla/5.0 AppleWebKit/537.36 (KHTML, like Gecko; compatible; ClaudeBot/1.0; +claudebot@anthropic.com)" 
216.73.216.180 - - [21/Oct/2025:17:28:56 -0700] "GET /6394230?products=0005328532 HTTP/2.0" 404 109822 "-" "Mozilla/5.0 AppleWebKit/537.36 (KHTML, like Gecko; compatible; ClaudeBot/1.0; +claudebot@anthropic.com)" 
66.249.73.167 - - [21/Oct/2025:17:28:57 -0700] "GET /?products=199844 HTTP/1.1" 200 31035 "-" "Mozilla/5.0 (Linux; Android 6.0.1; Nexus 5X Build/MMB29P) AppleWebKit/537.36 (KHTML, like Gecko) Chrome/141.0.7390.107 Mobile Safari/537.36 (compatible; Googlebot/2.1; +http://www.google.com/bot.html)" 
66.249.73.167 - - [21/Oct/2025:17:28:58 -0700] "GET /?products=200708 HTTP/1.1" 200 21430 "-" "Mozilla/5.0 (Linux; Android 6.0.1; Nexus 5X Build/MMB29P) AppleWebKit/537.36 (KHTML, like Gecko) Chrome/141.0.7390.107 Mobile Safari/537.36 (compatible; Googlebot/2.1; +http://www.google.com/bot.html)" 
216.73.216.180 - - [21/Oct/2025:17:28:59 -0700] "GET /6395770?products=0005329814 HTTP/2.0" 404 109813 "-" "Mozilla/5.0 AppleWebKit/537.36 (KHTML, like Gecko; compatible; ClaudeBot/1.0; +claudebot@anthropic.com)" 
69.163.179.91 - - [21/Oct/2025:17:29:03 -0700] "POST /wp-cron.php?doing_wp_cron=1761092943.2121539115905761718750 HTTP/1.1" 200 3646 "-" "WordPress/6.8.3; https://www.elconferencista.com" 
216.73.216.180 - - [21/Oct/2025:17:29:02 -0700] "GET /6396836?products=0005330703 HTTP/2.0" 404 109822 "-" "Mozilla/5.0 AppleWebKit/537.36 (KHTML, like Gecko; compatible; ClaudeBot/1.0; +claudebot@anthropic.com)" 
216.73.216.180 - - [21/Oct/2025:17:29:05 -0700] "GET /6394584?products=0005328825 HTTP/2.0" 404 109822 "-" "Mozilla/5.0 AppleWebKit/537.36 (KHTML, like Gecko; compatible; ClaudeBot/1.0; +claudebot@anthropic.com)" 
216.73.216.180 - - [21/Oct/2025:17:29:08 -0700] "GET /6394882?products=0005329074 HTTP/2.0" 404 109822 "-" "Mozilla/5.0 AppleWebKit/537.36 (KHTML, like Gecko; compatible; ClaudeBot/1.0; +claudebot@anthropic.com)" 
216.73.216.180 - - [21/Oct/2025:17:29:11 -0700] "GET /6394498?products=0005328754 HTTP/2.0" 404 109822 "-" "Mozilla/5.0 AppleWebKit/537.36 (KHTML, like Gecko; compatible; ClaudeBot/1.0; +claudebot@anthropic.com)" 
216.73.216.180 - - [21/Oct/2025:17:29:14 -0700] "GET /6394426?products=0005328694 HTTP/2.0" 404 109822 "-" "Mozilla/5.0 AppleWebKit/537.36 (KHTML, like Gecko; compatible; ClaudeBot/1.0; +claudebot@anthropic.com)" 
216.73.216.180 - - [21/Oct/2025:17:29:21 -0700] "GET /6398430?products=0005332032 HTTP/2.0" 404 109988 "-" "Mozilla/5.0 AppleWebKit/537.36 (KHTML, like Gecko; compatible; ClaudeBot/1.0; +claudebot@anthropic.com)" 
216.73.216.180 - - [21/Oct/2025:17:29:24 -0700] "GET /6395516?products=0005329603 HTTP/2.0" 404 109813 "-" "Mozilla/5.0 AppleWebKit/537.36 (KHTML, like Gecko; compatible; ClaudeBot/1.0; +claudebot@anthropic.com)" 
216.73.216.180 - - [21/Oct/2025:17:29:27 -0700] "GET /6395482?products=0005329574 HTTP/2.0" 404 109822 "-" "Mozilla/5.0 AppleWebKit/537.36 (KHTML, like Gecko; compatible; ClaudeBot/1.0; +claudebot@anthropic.com)" 
216.73.216.180 - - [21/Oct/2025:17:29:30 -0700] "GET /6398736?products=0005332285 HTTP/2.0" 404 109813 "-" "Mozilla/5.0 AppleWebKit/537.36 (KHTML, like Gecko; compatible; ClaudeBot/1.0; +claudebot@anthropic.com)" 
216.73.216.180 - - [21/Oct/2025:17:29:33 -0700] "GET /6396744?products=0005330625 HTTP/2.0" 404 109831 "-" "Mozilla/5.0 AppleWebKit/537.36 (KHTML, like Gecko; compatible; ClaudeBot/1.0; +claudebot@anthropic.com)" 
216.73.216.180 - - [21/Oct/2025:17:29:36 -0700] "GET /6395040?products=0005329205 HTTP/2.0" 404 109822 "-" "Mozilla/5.0 AppleWebKit/537.36 (KHTML, like Gecko; compatible; ClaudeBot/1.0; +claudebot@anthropic.com)" 
216.73.216.180 - - [21/Oct/2025:17:29:39 -0700] "GET /6395314?products=0005329434 HTTP/2.0" 404 109822 "-" "Mozilla/5.0 AppleWebKit/537.36 (KHTML, like Gecko; compatible; ClaudeBot/1.0; +claudebot@anthropic.com)" 
216.73.216.180 - - [21/Oct/2025:17:29:42 -0700] "GET /6397416?products=0005331185 HTTP/2.0" 404 109822 "-" "Mozilla/5.0 AppleWebKit/537.36 (KHTML, like Gecko; compatible; ClaudeBot/1.0; +claudebot@anthropic.com)" 
216.73.216.180 - - [21/Oct/2025:17:29:45 -0700] "GET /6398516?products=0005332103 HTTP/2.0" 404 109822 "-" "Mozilla/5.0 AppleWebKit/537.36 (KHTML, like Gecko; compatible; ClaudeBot/1.0; +claudebot@anthropic.com)" 
216.73.216.180 - - [21/Oct/2025:17:29:48 -0700] "GET /6393990?products=0005328332 HTTP/2.0" 404 109822 "-" "Mozilla/5.0 AppleWebKit/537.36 (KHTML, like Gecko; compatible; ClaudeBot/1.0; +claudebot@anthropic.com)" 
216.73.216.180 - - [21/Oct/2025:17:29:51 -0700] "GET /6397974?products=0005331652 HTTP/2.0" 404 109822 "-" "Mozilla/5.0 AppleWebKit/537.36 (KHTML, like Gecko; compatible; ClaudeBot/1.0; +claudebot@anthropic.com)" 
216.73.216.180 - - [21/Oct/2025:17:29:54 -0700] "GET /6395238?products=0005329372 HTTP/2.0" 404 109822 "-" "Mozilla/5.0 AppleWebKit/537.36 (KHTML, like Gecko; compatible; ClaudeBot/1.0; +claudebot@anthropic.com)" 
216.73.216.180 - - [21/Oct/2025:17:29:57 -0700] "GET /6395746?products=0005329794 HTTP/2.0" 404 109831 "-" "Mozilla/5.0 AppleWebKit/537.36 (KHTML, like Gecko; compatible; ClaudeBot/1.0; +claudebot@anthropic.com)" 
216.73.216.180 - - [21/Oct/2025:17:30:00 -0700] "GET /6394460?products=0005328723 HTTP/2.0" 404 109822 "-" "Mozilla/5.0 AppleWebKit/537.36 (KHTML, like Gecko; compatible; ClaudeBot/1.0; +claudebot@anthropic.com)" 
69.163.179.91 - - [21/Oct/2025:17:30:04 -0700] "POST /wp-cron.php?doing_wp_cron=1761093003.9957408905029296875000 HTTP/1.1" 200 3646 "-" "WordPress/6.8.3; https://www.elconferencista.com" 
216.73.216.180 - - [21/Oct/2025:17:30:03 -0700] "GET /6393826?products=0005328194 HTTP/2.0" 404 109813 "-" "Mozilla/5.0 AppleWebKit/537.36 (KHTML, like Gecko; compatible; ClaudeBot/1.0; +claudebot@anthropic.com)" 
216.73.216.180 - - [21/Oct/2025:17:30:06 -0700] "GET /6394666?products=0005328894 HTTP/2.0" 404 109822 "-" "Mozilla/5.0 AppleWebKit/537.36 (KHTML, like Gecko; compatible; ClaudeBot/1.0; +claudebot@anthropic.com)" 
216.73.216.180 - - [21/Oct/2025:17:30:09 -0700] "GET /6394872?products=0005329065 HTTP/2.0" 404 109822 "-" "Mozilla/5.0 AppleWebKit/537.36 (KHTML, like Gecko; compatible; ClaudeBot/1.0; +claudebot@anthropic.com)" 
89.117.74.114 - - [21/Oct/2025:17:31:00 -0700] "GET /wp-login.php HTTP/2.0" 429 352 "-" "Mozilla/5.0 (Windows NT 6.3; WOW64; Trident/7.0; Touch; LCJB; rv:11.0) like Gecko" 
89.117.74.114 - - [21/Oct/2025:17:31:00 -0700] "POST /wp-login.php HTTP/2.0" 429 255 "https://www.elconferencista.com/wp-login.php" "Mozilla/5.0 (Windows NT 6.3; WOW64; Trident/7.0; Touch; LCJB; rv:11.0) like Gecko" 
216.73.216.180 - - [21/Oct/2025:17:31:30 -0700] "GET /6396486?products=0005330412 HTTP/2.0" 404 109979 "-" "Mozilla/5.0 AppleWebKit/537.36 (KHTML, like Gecko; compatible; ClaudeBot/1.0; +claudebot@anthropic.com)" 
69.163.179.91 - - [21/Oct/2025:17:31:31 -0700] "POST /wp-cron.php?doing_wp_cron=1761093091.7057199478149414062500 HTTP/1.1" 200 3646 "-" "WordPress/6.8.3; https://www.elconferencista.com" 
216.73.216.180 - - [21/Oct/2025:17:31:35 -0700] "GET /6396024?products=0005330025 HTTP/2.0" 404 109822 "-" "Mozilla/5.0 AppleWebKit/537.36 (KHTML, like Gecko; compatible; ClaudeBot/1.0; +claudebot@anthropic.com)" 
216.73.216.180 - - [21/Oct/2025:17:31:38 -0700] "GET /6394656?products=0005328885 HTTP/2.0" 404 109822 "-" "Mozilla/5.0 AppleWebKit/537.36 (KHTML, like Gecko; compatible; ClaudeBot/1.0; +claudebot@anthropic.com)" 
216.73.216.180 - - [21/Oct/2025:17:31:41 -0700] "GET /6396044?products=0005330043 HTTP/2.0" 404 109822 "-" "Mozilla/5.0 AppleWebKit/537.36 (KHTML, like Gecko; compatible; ClaudeBot/1.0; +claudebot@anthropic.com)" 
216.73.216.180 - - [21/Oct/2025:17:31:44 -0700] "GET /6398530?products=0005332114 HTTP/2.0" 404 109822 "-" "Mozilla/5.0 AppleWebKit/537.36 (KHTML, like Gecko; compatible; ClaudeBot/1.0; +claudebot@anthropic.com)" 
216.73.216.180 - - [21/Oct/2025:17:31:47 -0700] "GET /6394124?products=0005328443 HTTP/2.0" 404 109822 "-" "Mozilla/5.0 AppleWebKit/537.36 (KHTML, like Gecko; compatible; ClaudeBot/1.0; +claudebot@anthropic.com)" 
216.73.216.180 - - [21/Oct/2025:17:31:50 -0700] "GET /6396538?products=0005330454 HTTP/2.0" 404 109822 "-" "Mozilla/5.0 AppleWebKit/537.36 (KHTML, like Gecko; compatible; ClaudeBot/1.0; +claudebot@anthropic.com)" 
216.73.216.180 - - [21/Oct/2025:17:31:53 -0700] "GET /6396318?products=0005330272 HTTP/2.0" 404 109822 "-" "Mozilla/5.0 AppleWebKit/537.36 (KHTML, like Gecko; compatible; ClaudeBot/1.0; +claudebot@anthropic.com)" 
216.73.216.180 - - [21/Oct/2025:17:31:56 -0700] "GET /6396716?products=0005330603 HTTP/2.0" 404 109822 "-" "Mozilla/5.0 AppleWebKit/537.36 (KHTML, like Gecko; compatible; ClaudeBot/1.0; +claudebot@anthropic.com)" 
216.73.216.180 - - [21/Oct/2025:17:31:59 -0700] "GET /6398046?products=0005331712 HTTP/2.0" 404 109822 "-" "Mozilla/5.0 AppleWebKit/537.36 (KHTML, like Gecko; compatible; ClaudeBot/1.0; +claudebot@anthropic.com)" 
69.163.179.91 - - [21/Oct/2025:17:32:03 -0700] "POST /wp-cron.php?doing_wp_cron=1761093123.5996649265289306640625 HTTP/1.1" 200 3646 "-" "WordPress/6.8.3; https://www.elconferencista.com" 
216.73.216.180 - - [21/Oct/2025:17:32:02 -0700] "GET /6398972?products=0005332483 HTTP/2.0" 404 109822 "-" "Mozilla/5.0 AppleWebKit/537.36 (KHTML, like Gecko; compatible; ClaudeBot/1.0; +claudebot@anthropic.com)" 
216.73.216.180 - - [21/Oct/2025:17:32:05 -0700] "GET /6398718?products=0005332272 HTTP/2.0" 404 109822 "-" "Mozilla/5.0 AppleWebKit/537.36 (KHTML, like Gecko; compatible; ClaudeBot/1.0; +claudebot@anthropic.com)" 
216.73.216.180 - - [21/Oct/2025:17:32:08 -0700] "GET /6396740?products=0005330623 HTTP/2.0" 404 109822 "-" "Mozilla/5.0 AppleWebKit/537.36 (KHTML, like Gecko; compatible; ClaudeBot/1.0; +claudebot@anthropic.com)" 
216.73.216.180 - - [21/Oct/2025:17:32:11 -0700] "GET /6394902?products=0005329092 HTTP/2.0" 404 109822 "-" "Mozilla/5.0 AppleWebKit/537.36 (KHTML, like Gecko; compatible; ClaudeBot/1.0; +claudebot@anthropic.com)" 
216.73.216.180 - - [21/Oct/2025:17:32:14 -0700] "GET /6395784?products=0005329825 HTTP/2.0" 404 109822 "-" "Mozilla/5.0 AppleWebKit/537.36 (KHTML, like Gecko; compatible; ClaudeBot/1.0; +claudebot@anthropic.com)" 
216.73.216.180 - - [21/Oct/2025:17:32:17 -0700] "GET /6396582?products=0005330492 HTTP/2.0" 404 109822 "-" "Mozilla/5.0 AppleWebKit/537.36 (KHTML, like Gecko; compatible; ClaudeBot/1.0; +claudebot@anthropic.com)" 
216.73.216.180 - - [21/Oct/2025:17:32:20 -0700] "GET /6395790?products=0005329832 HTTP/2.0" 404 109813 "-" "Mozilla/5.0 AppleWebKit/537.36 (KHTML, like Gecko; compatible; ClaudeBot/1.0; +claudebot@anthropic.com)" 
216.73.216.180 - - [21/Oct/2025:17:32:48 -0700] "GET /6397810?products=0005331514 HTTP/2.0" 404 109988 "-" "Mozilla/5.0 AppleWebKit/537.36 (KHTML, like Gecko; compatible; ClaudeBot/1.0; +claudebot@anthropic.com)" 
216.73.216.180 - - [21/Oct/2025:17:32:50 -0700] "GET /6394248?products=0005328545 HTTP/2.0" 404 109822 "-" "Mozilla/5.0 AppleWebKit/537.36 (KHTML, like Gecko; compatible; ClaudeBot/1.0; +claudebot@anthropic.com)" 
216.73.216.180 - - [21/Oct/2025:17:32:53 -0700] "GET /6396356?products=0005330303 HTTP/2.0" 404 109822 "-" "Mozilla/5.0 AppleWebKit/537.36 (KHTML, like Gecko; compatible; ClaudeBot/1.0; +claudebot@anthropic.com)" 
216.73.216.180 - - [21/Oct/2025:17:32:56 -0700] "GET /6397632?products=0005331365 HTTP/2.0" 404 109822 "-" "Mozilla/5.0 AppleWebKit/537.36 (KHTML, like Gecko; compatible; ClaudeBot/1.0; +claudebot@anthropic.com)" 
216.73.216.180 - - [21/Oct/2025:17:32:59 -0700] "GET /6396558?products=0005330472 HTTP/2.0" 404 109822 "-" "Mozilla/5.0 AppleWebKit/537.36 (KHTML, like Gecko; compatible; ClaudeBot/1.0; +claudebot@anthropic.com)" 
69.163.179.91 - - [21/Oct/2025:17:33:03 -0700] "POST /wp-cron.php?doing_wp_cron=1761093183.5161049365997314453125 HTTP/1.1" 200 3646 "-" "WordPress/6.8.3; https://www.elconferencista.com" 
216.73.216.180 - - [21/Oct/2025:17:33:02 -0700] "GET /6395650?products=0005329714 HTTP/2.0" 404 109822 "-" "Mozilla/5.0 AppleWebKit/537.36 (KHTML, like Gecko; compatible; ClaudeBot/1.0; +claudebot@anthropic.com)" 
216.73.216.180 - - [21/Oct/2025:17:33:05 -0700] "GET /6398252?products=0005331883 HTTP/2.0" 404 109822 "-" "Mozilla/5.0 AppleWebKit/537.36 (KHTML, like Gecko; compatible; ClaudeBot/1.0; +claudebot@anthropic.com)" 
219.156.21.70 - - [21/Oct/2025:17:33:08 -0700] "GET / HTTP/2.0" 200 31016 "https://www.elconferencista.com/" "Mozilla/5.0 (Windows NT 6.1; WOW64) AppleWebKit/537.36 (KHTML, like Gecko) Chrome/50.0.2661.102 Safari/537.36" 
216.73.216.180 - - [21/Oct/2025:17:33:08 -0700] "GET /6397278?products=0005331072 HTTP/2.0" 404 109822 "-" "Mozilla/5.0 AppleWebKit/537.36 (KHTML, like Gecko; compatible; ClaudeBot/1.0; +claudebot@anthropic.com)" 
216.73.216.180 - - [21/Oct/2025:17:33:11 -0700] "GET /6396706?products=0005330594 HTTP/2.0" 404 109822 "-" "Mozilla/5.0 AppleWebKit/537.36 (KHTML, like Gecko; compatible; ClaudeBot/1.0; +claudebot@anthropic.com)" 
216.73.216.180 - - [21/Oct/2025:17:33:14 -0700] "GET /6396308?products=0005330263 HTTP/2.0" 404 109822 "-" "Mozilla/5.0 AppleWebKit/537.36 (KHTML, like Gecko; compatible; ClaudeBot/1.0; +claudebot@anthropic.com)" 
216.73.216.180 - - [21/Oct/2025:17:33:17 -0700] "GET /6395808?products=0005329845 HTTP/2.0" 404 109822 "-" "Mozilla/5.0 AppleWebKit/537.36 (KHTML, like Gecko; compatible; ClaudeBot/1.0; +claudebot@anthropic.com)" 
216.73.216.180 - - [21/Oct/2025:17:33:20 -0700] "GET /6399030?products=0005332532 HTTP/2.0" 404 109813 "-" "Mozilla/5.0 AppleWebKit/537.36 (KHTML, like Gecko; compatible; ClaudeBot/1.0; +claudebot@anthropic.com)" 
216.73.216.180 - - [21/Oct/2025:17:33:23 -0700] "GET /6399068?products=0005332563 HTTP/2.0" 404 109822 "-" "Mozilla/5.0 AppleWebKit/537.36 (KHTML, like Gecko; compatible; ClaudeBot/1.0; +claudebot@anthropic.com)" 
216.73.216.180 - - [21/Oct/2025:17:33:26 -0700] "GET /6396990?products=0005330832 HTTP/2.0" 404 109822 "-" "Mozilla/5.0 AppleWebKit/537.36 (KHTML, like Gecko; compatible; ClaudeBot/1.0; +claudebot@anthropic.com)" 
216.73.216.180 - - [21/Oct/2025:17:33:29 -0700] "GET /6396404?products=0005330343 HTTP/2.0" 404 109813 "-" "Mozilla/5.0 AppleWebKit/537.36 (KHTML, like Gecko; compatible; ClaudeBot/1.0; +claudebot@anthropic.com)" 
216.73.216.180 - - [21/Oct/2025:17:33:32 -0700] "GET /6398866?products=0005332394 HTTP/2.0" 404 109822 "-" "Mozilla/5.0 AppleWebKit/537.36 (KHTML, like Gecko; compatible; ClaudeBot/1.0; +claudebot@anthropic.com)" 
216.73.216.180 - - [21/Oct/2025:17:33:35 -0700] "GET /6396010?products=0005330014 HTTP/2.0" 404 109822 "-" "Mozilla/5.0 AppleWebKit/537.36 (KHTML, like Gecko; compatible; ClaudeBot/1.0; +claudebot@anthropic.com)" 
216.73.216.180 - - [21/Oct/2025:17:35:17 -0700] "GET /6398674?products=0005332234 HTTP/2.0" 404 109997 "-" "Mozilla/5.0 AppleWebKit/537.36 (KHTML, like Gecko; compatible; ClaudeBot/1.0; +claudebot@anthropic.com)" 
69.163.179.91 - - [21/Oct/2025:17:35:19 -0700] "POST /wp-cron.php?doing_wp_cron=1761093319.5434539318084716796875 HTTP/1.1" 200 3646 "-" "WordPress/6.8.3; https://www.elconferencista.com" 
216.73.216.180 - - [21/Oct/2025:17:35:23 -0700] "GET /6397522?products=0005331274 HTTP/2.0" 404 109822 "-" "Mozilla/5.0 AppleWebKit/537.36 (KHTML, like Gecko; compatible; ClaudeBot/1.0; +claudebot@anthropic.com)" 
216.73.216.180 - - [21/Oct/2025:17:35:26 -0700] "GET /6399126?products=0005332612 HTTP/2.0" 404 109822 "-" "Mozilla/5.0 AppleWebKit/537.36 (KHTML, like Gecko; compatible; ClaudeBot/1.0; +claudebot@anthropic.com)" 
216.73.216.180 - - [21/Oct/2025:17:35:29 -0700] "GET /6398684?products=0005332243 HTTP/2.0" 404 109822 "-" "Mozilla/5.0 AppleWebKit/537.36 (KHTML, like Gecko; compatible; ClaudeBot/1.0; +claudebot@anthropic.com)" 
216.73.216.180 - - [21/Oct/2025:17:35:32 -0700] "GET /6398952?products=0005332465 HTTP/2.0" 404 109822 "-" "Mozilla/5.0 AppleWebKit/537.36 (KHTML, like Gecko; compatible; ClaudeBot/1.0; +claudebot@anthropic.com)" 
216.73.216.180 - - [21/Oct/2025:17:35:35 -0700] "GET /6396384?products=0005330325 HTTP/2.0" 404 109822 "-" "Mozilla/5.0 AppleWebKit/537.36 (KHTML, like Gecko; compatible; ClaudeBot/1.0; +claudebot@anthropic.com)" 
216.73.216.180 - - [21/Oct/2025:17:35:38 -0700] "GET /6399140?products=0005332623 HTTP/2.0" 404 109822 "-" "Mozilla/5.0 AppleWebKit/537.36 (KHTML, like Gecko; compatible; ClaudeBot/1.0; +claudebot@anthropic.com)" 
216.73.216.180 - - [21/Oct/2025:17:35:41 -0700] "GET /6398986?products=0005332494 HTTP/2.0" 404 109822 "-" "Mozilla/5.0 AppleWebKit/537.36 (KHTML, like Gecko; compatible; ClaudeBot/1.0; +claudebot@anthropic.com)" 
216.73.216.180 - - [21/Oct/2025:17:35:44 -0700] "GET /6398856?products=0005332385 HTTP/2.0" 404 109822 "-" "Mozilla/5.0 AppleWebKit/537.36 (KHTML, like Gecko; compatible; ClaudeBot/1.0; +claudebot@anthropic.com)" 
216.73.216.180 - - [21/Oct/2025:17:35:47 -0700] "GET /6397618?products=0005331354 HTTP/2.0" 404 109822 "-" "Mozilla/5.0 AppleWebKit/537.36 (KHTML, like Gecko; compatible; ClaudeBot/1.0; +claudebot@anthropic.com)" 
216.73.216.180 - - [21/Oct/2025:17:35:50 -0700] "GET /6397642?products=0005331374 HTTP/2.0" 404 109822 "-" "Mozilla/5.0 AppleWebKit/537.36 (KHTML, like Gecko; compatible; ClaudeBot/1.0; +claudebot@anthropic.com)" 
216.73.216.180 - - [21/Oct/2025:17:35:53 -0700] "GET /6398376?products=0005331985 HTTP/2.0" 404 109822 "-" "Mozilla/5.0 AppleWebKit/537.36 (KHTML, like Gecko; compatible; ClaudeBot/1.0; +claudebot@anthropic.com)" 
216.73.216.180 - - [21/Oct/2025:17:35:56 -0700] "GET /6396562?products=0005330474 HTTP/2.0" 404 109813 "-" "Mozilla/5.0 AppleWebKit/537.36 (KHTML, like Gecko; compatible; ClaudeBot/1.0; +claudebot@anthropic.com)" 
216.73.216.180 - - [21/Oct/2025:17:35:59 -0700] "GET /6398832?products=0005332365 HTTP/2.0" 404 109822 "-" "Mozilla/5.0 AppleWebKit/537.36 (KHTML, like Gecko; compatible; ClaudeBot/1.0; +claudebot@anthropic.com)" 
69.163.179.91 - - [21/Oct/2025:17:36:03 -0700] "POST /wp-cron.php?doing_wp_cron=1761093363.2633559703826904296875 HTTP/1.1" 200 3646 "-" "WordPress/6.8.3; https://www.elconferencista.com" 
216.73.216.180 - - [21/Oct/2025:17:36:02 -0700] "GET /6396164?products=0005330143 HTTP/2.0" 404 109813 "-" "Mozilla/5.0 AppleWebKit/537.36 (KHTML, like Gecko; compatible; ClaudeBot/1.0; +claudebot@anthropic.com)" 
216.73.216.180 - - [21/Oct/2025:17:36:05 -0700] "GET /6396174?products=0005330152 HTTP/2.0" 404 109822 "-" "Mozilla/5.0 AppleWebKit/537.36 (KHTML, like Gecko; compatible; ClaudeBot/1.0; +claudebot@anthropic.com)" 
216.73.216.180 - - [21/Oct/2025:17:36:08 -0700] "GET /6399092?products=0005332583 HTTP/2.0" 404 109804 "-" "Mozilla/5.0 AppleWebKit/537.36 (KHTML, like Gecko; compatible; ClaudeBot/1.0; +claudebot@anthropic.com)" 
216.73.216.180 - - [21/Oct/2025:17:36:26 -0700] "GET /6398266?products=0005331894 HTTP/2.0" 404 109997 "-" "Mozilla/5.0 AppleWebKit/537.36 (KHTML, like Gecko; compatible; ClaudeBot/1.0; +claudebot@anthropic.com)" 
216.73.216.180 - - [21/Oct/2025:17:36:29 -0700] "GET /6399198?products=0005332672 HTTP/2.0" 404 109813 "-" "Mozilla/5.0 AppleWebKit/537.36 (KHTML, like Gecko; compatible; ClaudeBot/1.0; +claudebot@anthropic.com)" 
216.73.216.180 - - [21/Oct/2025:17:36:32 -0700] "GET /6396274?products=0005330234 HTTP/2.0" 404 109822 "-" "Mozilla/5.0 AppleWebKit/537.36 (KHTML, like Gecko; compatible; ClaudeBot/1.0; +claudebot@anthropic.com)" 
216.73.216.180 - - [21/Oct/2025:17:36:35 -0700] "GET /6398454?products=0005332052 HTTP/2.0" 404 109822 "-" "Mozilla/5.0 AppleWebKit/537.36 (KHTML, like Gecko; compatible; ClaudeBot/1.0; +claudebot@anthropic.com)" 
216.73.216.180 - - [21/Oct/2025:17:36:38 -0700] "GET /6399034?products=0005332534 HTTP/2.0" 404 109822 "-" "Mozilla/5.0 AppleWebKit/537.36 (KHTML, like Gecko; compatible; ClaudeBot/1.0; +claudebot@anthropic.com)" 
216.73.216.180 - - [21/Oct/2025:17:36:41 -0700] "GET /6396236?products=0005330203 HTTP/2.0" 404 109822 "-" "Mozilla/5.0 AppleWebKit/537.36 (KHTML, like Gecko; compatible; ClaudeBot/1.0; +claudebot@anthropic.com)" 
216.73.216.180 - - [21/Oct/2025:17:36:44 -0700] "GET /6396120?products=0005330105 HTTP/2.0" 404 109822 "-" "Mozilla/5.0 AppleWebKit/537.36 (KHTML, like Gecko; compatible; ClaudeBot/1.0; +claudebot@anthropic.com)" 
216.73.216.180 - - [21/Oct/2025:17:36:47 -0700] "GET /6394752?products=0005328965 HTTP/2.0" 404 109822 "-" "Mozilla/5.0 AppleWebKit/537.36 (KHTML, like Gecko; compatible; ClaudeBot/1.0; +claudebot@anthropic.com)" 
216.73.216.180 - - [21/Oct/2025:17:36:50 -0700] "GET /6398478?products=0005332072 HTTP/2.0" 404 109822 "-" "Mozilla/5.0 AppleWebKit/537.36 (KHTML, like Gecko; compatible; ClaudeBot/1.0; +claudebot@anthropic.com)" 
216.73.216.180 - - [21/Oct/2025:17:36:53 -0700] "GET /6394704?products=0005328925 HTTP/2.0" 404 109822 "-" "Mozilla/5.0 AppleWebKit/537.36 (KHTML, like Gecko; compatible; ClaudeBot/1.0; +claudebot@anthropic.com)" 
216.73.216.180 - - [21/Oct/2025:17:36:56 -0700] "GET /6398842?products=0005332374 HTTP/2.0" 404 109822 "-" "Mozilla/5.0 AppleWebKit/537.36 (KHTML, like Gecko; compatible; ClaudeBot/1.0; +claudebot@anthropic.com)" 
216.73.216.180 - - [21/Oct/2025:17:36:59 -0700] "GET /6398228?products=0005331863 HTTP/2.0" 404 109822 "-" "Mozilla/5.0 AppleWebKit/537.36 (KHTML, like Gecko; compatible; ClaudeBot/1.0; +claudebot@anthropic.com)" 
69.163.179.91 - - [21/Oct/2025:17:37:03 -0700] "POST /wp-cron.php?doing_wp_cron=1761093423.2261021137237548828125 HTTP/1.1" 200 3646 "-" "WordPress/6.8.3; https://www.elconferencista.com" 
216.73.216.180 - - [21/Oct/2025:17:37:02 -0700] "GET /6398492?products=0005332083 HTTP/2.0" 404 109822 "-" "Mozilla/5.0 AppleWebKit/537.36 (KHTML, like Gecko; compatible; ClaudeBot/1.0; +claudebot@anthropic.com)" 
216.73.216.180 - - [21/Oct/2025:17:37:05 -0700] "GET /6395118?products=0005329272 HTTP/2.0" 404 109822 "-" "Mozilla/5.0 AppleWebKit/537.36 (KHTML, like Gecko; compatible; ClaudeBot/1.0; +claudebot@anthropic.com)" 
216.73.216.180 - - [21/Oct/2025:17:37:08 -0700] "GET /6397004?products=0005330843 HTTP/2.0" 404 109822 "-" "Mozilla/5.0 AppleWebKit/537.36 (KHTML, like Gecko; compatible; ClaudeBot/1.0; +claudebot@anthropic.com)" 
216.73.216.180 - - [21/Oct/2025:17:37:11 -0700] "GET /6397704?products=0005331425 HTTP/2.0" 404 109831 "-" "Mozilla/5.0 AppleWebKit/537.36 (KHTML, like Gecko; compatible; ClaudeBot/1.0; +claudebot@anthropic.com)" 
216.73.216.180 - - [21/Oct/2025:17:37:14 -0700] "GET /6396606?products=0005330512 HTTP/2.0" 404 109822 "-" "Mozilla/5.0 AppleWebKit/537.36 (KHTML, like Gecko; compatible; ClaudeBot/1.0; +claudebot@anthropic.com)" 
216.73.216.180 - - [21/Oct/2025:17:38:30 -0700] "GET /6397656?products=0005331385 HTTP/2.0" 404 109997 "-" "Mozilla/5.0 AppleWebKit/537.36 (KHTML, like Gecko; compatible; ClaudeBot/1.0; +claudebot@anthropic.com)" 
69.163.179.91 - - [21/Oct/2025:17:38:31 -0700] "POST /wp-cron.php?doing_wp_cron=1761093511.5142400264739990234375 HTTP/1.1" 200 3646 "-" "WordPress/6.8.3; https://www.elconferencista.com" 
216.73.216.180 - - [21/Oct/2025:17:38:33 -0700] "GET /6395938?products=0005329954 HTTP/2.0" 404 109831 "-" "Mozilla/5.0 AppleWebKit/537.36 (KHTML, like Gecko; compatible; ClaudeBot/1.0; +claudebot@anthropic.com)" 
216.73.216.180 - - [21/Oct/2025:17:38:36 -0700] "GET /6393840?products=0005328205 HTTP/2.0" 404 109822 "-" "Mozilla/5.0 AppleWebKit/537.36 (KHTML, like Gecko; compatible; ClaudeBot/1.0; +claudebot@anthropic.com)" 
216.73.216.180 - - [21/Oct/2025:17:38:39 -0700] "GET /6394930?products=0005329114 HTTP/2.0" 404 109822 "-" "Mozilla/5.0 AppleWebKit/537.36 (KHTML, like Gecko; compatible; ClaudeBot/1.0; +claudebot@anthropic.com)" 
216.73.216.180 - - [21/Oct/2025:17:38:42 -0700] "GET /6397350?products=0005331132 HTTP/2.0" 404 109822 "-" "Mozilla/5.0 AppleWebKit/537.36 (KHTML, like Gecko; compatible; ClaudeBot/1.0; +claudebot@anthropic.com)" 
216.73.216.180 - - [21/Oct/2025:17:38:45 -0700] "GET /6394968?products=0005329145 HTTP/2.0" 404 109822 "-" "Mozilla/5.0 AppleWebKit/537.36 (KHTML, like Gecko; compatible; ClaudeBot/1.0; +claudebot@anthropic.com)" 
216.73.216.180 - - [21/Oct/2025:17:38:48 -0700] "GET /6393864?products=0005328225 HTTP/2.0" 404 109822 "-" "Mozilla/5.0 AppleWebKit/537.36 (KHTML, like Gecko; compatible; ClaudeBot/1.0; +claudebot@anthropic.com)" 
216.73.216.180 - - [21/Oct/2025:17:38:51 -0700] "GET /6398544?products=0005332125 HTTP/2.0" 404 109813 "-" "Mozilla/5.0 AppleWebKit/537.36 (KHTML, like Gecko; compatible; ClaudeBot/1.0; +claudebot@anthropic.com)" 
216.73.216.180 - - [21/Oct/2025:17:38:54 -0700] "GET /6398636?products=0005332203 HTTP/2.0" 404 109822 "-" "Mozilla/5.0 AppleWebKit/537.36 (KHTML, like Gecko; compatible; ClaudeBot/1.0; +claudebot@anthropic.com)" 
216.73.216.180 - - [21/Oct/2025:17:38:57 -0700] "GET /6397738?products=0005331454 HTTP/2.0" 404 109822 "-" "Mozilla/5.0 AppleWebKit/537.36 (KHTML, like Gecko; compatible; ClaudeBot/1.0; +claudebot@anthropic.com)" 
216.73.216.180 - - [21/Oct/2025:17:39:00 -0700] "GET /6395976?products=0005329985 HTTP/2.0" 404 109822 "-" "Mozilla/5.0 AppleWebKit/537.36 (KHTML, like Gecko; compatible; ClaudeBot/1.0; +claudebot@anthropic.com)" 
69.163.179.91 - - [21/Oct/2025:17:39:04 -0700] "POST /wp-cron.php?doing_wp_cron=1761093544.5182280540466308593750 HTTP/1.1" 200 3646 "-" "WordPress/6.8.3; https://www.elconferencista.com" 
216.73.216.180 - - [21/Oct/2025:17:39:03 -0700] "GET /6394446?products=0005328712 HTTP/2.0" 404 109822 "-" "Mozilla/5.0 AppleWebKit/537.36 (KHTML, like Gecko; compatible; ClaudeBot/1.0; +claudebot@anthropic.com)" 
216.73.216.180 - - [21/Oct/2025:17:39:06 -0700] "GET /6394556?products=0005328803 HTTP/2.0" 404 109822 "-" "Mozilla/5.0 AppleWebKit/537.36 (KHTML, like Gecko; compatible; ClaudeBot/1.0; +claudebot@anthropic.com)" 
216.73.216.180 - - [21/Oct/2025:17:39:09 -0700] "GET /6396572?products=0005330483 HTTP/2.0" 404 109822 "-" "Mozilla/5.0 AppleWebKit/537.36 (KHTML, like Gecko; compatible; ClaudeBot/1.0; +claudebot@anthropic.com)" 
216.73.216.180 - - [21/Oct/2025:17:39:12 -0700] "GET /6395972?products=0005329983 HTTP/2.0" 404 109822 "-" "Mozilla/5.0 AppleWebKit/537.36 (KHTML, like Gecko; compatible; ClaudeBot/1.0; +claudebot@anthropic.com)" 
216.73.216.180 - - [21/Oct/2025:17:39:15 -0700] "GET /6394416?products=0005328685 HTTP/2.0" 404 109822 "-" "Mozilla/5.0 AppleWebKit/537.36 (KHTML, like Gecko; compatible; ClaudeBot/1.0; +claudebot@anthropic.com)" 
216.73.216.180 - - [21/Oct/2025:17:39:18 -0700] "GET /6396058?products=0005330054 HTTP/2.0" 404 109822 "-" "Mozilla/5.0 AppleWebKit/537.36 (KHTML, like Gecko; compatible; ClaudeBot/1.0; +claudebot@anthropic.com)" 
216.73.216.180 - - [21/Oct/2025:17:39:49 -0700] "GET /6397422?products=0005331192 HTTP/2.0" 404 109997 "-" "Mozilla/5.0 AppleWebKit/537.36 (KHTML, like Gecko; compatible; ClaudeBot/1.0; +claudebot@anthropic.com)" 
216.73.216.180 - - [21/Oct/2025:17:39:52 -0700] "GET /6398698?products=0005332254 HTTP/2.0" 404 109822 "-" "Mozilla/5.0 AppleWebKit/537.36 (KHTML, like Gecko; compatible; ClaudeBot/1.0; +claudebot@anthropic.com)" 
216.73.216.180 - - [21/Oct/2025:17:39:55 -0700] "GET /6394642?products=0005328874 HTTP/2.0" 404 109822 "-" "Mozilla/5.0 AppleWebKit/537.36 (KHTML, like Gecko; compatible; ClaudeBot/1.0; +claudebot@anthropic.com)" 
216.73.216.180 - - [21/Oct/2025:17:39:58 -0700] "GET /6396462?products=0005330392 HTTP/2.0" 404 109813 "-" "Mozilla/5.0 AppleWebKit/537.36 (KHTML, like Gecko; compatible; ClaudeBot/1.0; +claudebot@anthropic.com)" 
216.73.216.180 - - [21/Oct/2025:17:40:01 -0700] "GET /6395382?products=0005329492 HTTP/2.0" 404 109822 "-" "Mozilla/5.0 AppleWebKit/537.36 (KHTML, like Gecko; compatible; ClaudeBot/1.0; +claudebot@anthropic.com)" 
69.163.179.91 - - [21/Oct/2025:17:40:04 -0700] "POST /wp-cron.php?doing_wp_cron=1761093604.8530449867248535156250 HTTP/1.1" 200 3646 "-" "WordPress/6.8.3; https://www.elconferencista.com" 
216.73.216.180 - - [21/Oct/2025:17:40:04 -0700] "GET /6394186?products=0005328494 HTTP/2.0" 404 109822 "-" "Mozilla/5.0 AppleWebKit/537.36 (KHTML, like Gecko; compatible; ClaudeBot/1.0; +claudebot@anthropic.com)" 
213.180.203.245 - - [21/Oct/2025:17:40:16 -0700] "GET /robots.txt HTTP/1.1" 200 3846 "-" "Mozilla/5.0 (compatible; YandexBot/3.0; +http://yandex.com/bots)" 
95.108.213.118 - - [21/Oct/2025:17:40:17 -0700] "GET /post_clientes/penoles/ HTTP/1.1" 404 113987 "-" "Mozilla/5.0 (compatible; YandexBot/3.0; +http://yandex.com/bots)" 
176.65.149.195 - - [21/Oct/2025:17:41:35 -0700] "GET / HTTP/1.1" 301 3804 "-" "Mozilla/5.0 (Windows NT 10.0; Win64; x64) AppleWebKit/537.36 (KHTML, like Gecko) Chrome/134.0.0.0 Safari/537.3" 
176.65.149.195 - - [21/Oct/2025:17:41:36 -0700] "GET / HTTP/1.1" 429 3797 "-" "Mozilla/5.0 (Windows NT 10.0; Win64; x64) AppleWebKit/537.36 (KHTML, like Gecko) Chrome/134.0.0.0 Safari/537.3" 
216.73.216.180 - - [21/Oct/2025:17:42:19 -0700] "GET /6395602?products=0005329674 HTTP/2.0" 404 109997 "-" "Mozilla/5.0 AppleWebKit/537.36 (KHTML, like Gecko; compatible; ClaudeBot/1.0; +claudebot@anthropic.com)" 
69.163.179.91 - - [21/Oct/2025:17:42:21 -0700] "POST /wp-cron.php?doing_wp_cron=1761093741.2215349674224853515625 HTTP/1.1" 200 3646 "-" "WordPress/6.8.3; https://www.elconferencista.com" 
216.73.216.180 - - [21/Oct/2025:17:42:25 -0700] "GET /6396586?products=0005330494 HTTP/2.0" 404 109822 "-" "Mozilla/5.0 AppleWebKit/537.36 (KHTML, like Gecko; compatible; ClaudeBot/1.0; +claudebot@anthropic.com)" 
216.73.216.180 - - [21/Oct/2025:17:42:28 -0700] "GET /6398838?products=0005332372 HTTP/2.0" 404 109822 "-" "Mozilla/5.0 AppleWebKit/537.36 (KHTML, like Gecko; compatible; ClaudeBot/1.0; +claudebot@anthropic.com)" 
216.73.216.180 - - [21/Oct/2025:17:42:31 -0700] "GET /6395026?products=0005329194 HTTP/2.0" 404 109822 "-" "Mozilla/5.0 AppleWebKit/537.36 (KHTML, like Gecko; compatible; ClaudeBot/1.0; +claudebot@anthropic.com)" 
216.73.216.180 - - [21/Oct/2025:17:42:34 -0700] "GET /6396816?products=0005330685 HTTP/2.0" 404 109822 "-" "Mozilla/5.0 AppleWebKit/537.36 (KHTML, like Gecko; compatible; ClaudeBot/1.0; +claudebot@anthropic.com)" 
216.73.216.180 - - [21/Oct/2025:17:42:37 -0700] "GET /6394330?products=0005328614 HTTP/2.0" 404 109822 "-" "Mozilla/5.0 AppleWebKit/537.36 (KHTML, like Gecko; compatible; ClaudeBot/1.0; +claudebot@anthropic.com)" 
216.73.216.180 - - [21/Oct/2025:17:42:40 -0700] "GET /6394474?products=0005328734 HTTP/2.0" 404 109822 "-" "Mozilla/5.0 AppleWebKit/537.36 (KHTML, like Gecko; compatible; ClaudeBot/1.0; +claudebot@anthropic.com)" 
216.73.216.180 - - [21/Oct/2025:17:42:43 -0700] "GET /6396054?products=0005330052 HTTP/2.0" 404 109822 "-" "Mozilla/5.0 AppleWebKit/537.36 (KHTML, like Gecko; compatible; ClaudeBot/1.0; +claudebot@anthropic.com)" 
216.73.216.180 - - [21/Oct/2025:17:42:46 -0700] "GET /6394824?products=0005329025 HTTP/2.0" 404 109822 "-" "Mozilla/5.0 AppleWebKit/537.36 (KHTML, like Gecko; compatible; ClaudeBot/1.0; +claudebot@anthropic.com)" 
216.73.216.180 - - [21/Oct/2025:17:42:49 -0700] "GET /6398670?products=0005332232 HTTP/2.0" 404 109822 "-" "Mozilla/5.0 AppleWebKit/537.36 (KHTML, like Gecko; compatible; ClaudeBot/1.0; +claudebot@anthropic.com)" 
216.73.216.180 - - [21/Oct/2025:17:42:52 -0700] "GET /6395982?products=0005329992 HTTP/2.0" 404 109822 "-" "Mozilla/5.0 AppleWebKit/537.36 (KHTML, like Gecko; compatible; ClaudeBot/1.0; +claudebot@anthropic.com)" 
216.73.216.180 - - [21/Oct/2025:17:42:55 -0700] "GET /6398880?products=0005332405 HTTP/2.0" 404 109822 "-" "Mozilla/5.0 AppleWebKit/537.36 (KHTML, like Gecko; compatible; ClaudeBot/1.0; +claudebot@anthropic.com)" 
216.73.216.180 - - [21/Oct/2025:17:42:58 -0700] "GET /6398064?products=0005331725 HTTP/2.0" 404 109822 "-" "Mozilla/5.0 AppleWebKit/537.36 (KHTML, like Gecko; compatible; ClaudeBot/1.0; +claudebot@anthropic.com)" 
69.163.179.91 - - [21/Oct/2025:17:43:02 -0700] "POST /wp-cron.php?doing_wp_cron=1761093782.2589149475097656250000 HTTP/1.1" 200 3646 "-" "WordPress/6.8.3; https://www.elconferencista.com" 
216.73.216.180 - - [21/Oct/2025:17:43:01 -0700] "GET /6393836?products=0005328203 HTTP/2.0" 404 109822 "-" "Mozilla/5.0 AppleWebKit/537.36 (KHTML, like Gecko; compatible; ClaudeBot/1.0; +claudebot@anthropic.com)" 
69.163.179.91 - - [21/Oct/2025:17:43:05 -0700] "POST /wp-cron.php?doing_wp_cron=1761093785.1707239151000976562500 HTTP/1.1" 200 3646 "-" "WordPress/6.8.3; https://www.elconferencista.com" 
216.73.216.180 - - [21/Oct/2025:17:43:04 -0700] "GET /6397906?products=0005331594 HTTP/2.0" 404 109822 "-" "Mozilla/5.0 AppleWebKit/537.36 (KHTML, like Gecko; compatible; ClaudeBot/1.0; +claudebot@anthropic.com)" 
216.73.216.180 - - [21/Oct/2025:17:43:07 -0700] "GET /6396846?products=0005330712 HTTP/2.0" 404 109822 "-" "Mozilla/5.0 AppleWebKit/537.36 (KHTML, like Gecko; compatible; ClaudeBot/1.0; +claudebot@anthropic.com)" 
216.73.216.180 - - [21/Oct/2025:17:43:10 -0700] "GET /6399058?products=0005332554 HTTP/2.0" 404 109822 "-" "Mozilla/5.0 AppleWebKit/537.36 (KHTML, like Gecko; compatible; ClaudeBot/1.0; +claudebot@anthropic.com)" 
69.163.179.91 - - [21/Oct/2025:17:44:18 -0700] "POST /wp-cron.php?doing_wp_cron=1761093858.9147889614105224609375 HTTP/1.1" 200 3646 "-" "WordPress/6.8.3; https://www.elconferencista.com" 
216.73.216.180 - - [21/Oct/2025:17:44:18 -0700] "GET /6394830?products=0005329032 HTTP/2.0" 404 109979 "-" "Mozilla/5.0 AppleWebKit/537.36 (KHTML, like Gecko; compatible; ClaudeBot/1.0; +claudebot@anthropic.com)" 
216.73.216.180 - - [21/Oct/2025:17:44:20 -0700] "GET /6398914?products=0005332434 HTTP/2.0" 404 109822 "-" "Mozilla/5.0 AppleWebKit/537.36 (KHTML, like Gecko; compatible; ClaudeBot/1.0; +claudebot@anthropic.com)" 
216.73.216.180 - - [21/Oct/2025:17:44:23 -0700] "GET /6395636?products=0005329703 HTTP/2.0" 404 109822 "-" "Mozilla/5.0 AppleWebKit/537.36 (KHTML, like Gecko; compatible; ClaudeBot/1.0; +claudebot@anthropic.com)" 
216.73.216.180 - - [21/Oct/2025:17:44:26 -0700] "GET /6394378?products=0005328654 HTTP/2.0" 404 109822 "-" "Mozilla/5.0 AppleWebKit/537.36 (KHTML, like Gecko; compatible; ClaudeBot/1.0; +claudebot@anthropic.com)" 
216.73.216.180 - - [21/Oct/2025:17:44:29 -0700] "GET /6395578?products=0005329654 HTTP/2.0" 404 109822 "-" "Mozilla/5.0 AppleWebKit/537.36 (KHTML, like Gecko; compatible; ClaudeBot/1.0; +claudebot@anthropic.com)" 
216.73.216.180 - - [21/Oct/2025:17:44:32 -0700] "GET /6397176?products=0005330985 HTTP/2.0" 404 109822 "-" "Mozilla/5.0 AppleWebKit/537.36 (KHTML, like Gecko; compatible; ClaudeBot/1.0; +claudebot@anthropic.com)" 
216.73.216.180 - - [21/Oct/2025:17:44:35 -0700] "GET /6393908?products=0005328263 HTTP/2.0" 404 109822 "-" "Mozilla/5.0 AppleWebKit/537.36 (KHTML, like Gecko; compatible; ClaudeBot/1.0; +claudebot@anthropic.com)" 
216.73.216.180 - - [21/Oct/2025:17:44:38 -0700] "GET /6397090?products=0005330914 HTTP/2.0" 404 109813 "-" "Mozilla/5.0 AppleWebKit/537.36 (KHTML, like Gecko; compatible; ClaudeBot/1.0; +claudebot@anthropic.com)" 
216.73.216.180 - - [21/Oct/2025:17:44:41 -0700] "GET /6396884?products=0005330743 HTTP/2.0" 404 109822 "-" "Mozilla/5.0 AppleWebKit/537.36 (KHTML, like Gecko; compatible; ClaudeBot/1.0; +claudebot@anthropic.com)" 
216.73.216.180 - - [21/Oct/2025:17:44:44 -0700] "GET /6397724?products=0005331443 HTTP/2.0" 404 109822 "-" "Mozilla/5.0 AppleWebKit/537.36 (KHTML, like Gecko; compatible; ClaudeBot/1.0; +claudebot@anthropic.com)" 
216.73.216.180 - - [21/Oct/2025:17:44:47 -0700] "GET /6396524?products=0005330443 HTTP/2.0" 404 109822 "-" "Mozilla/5.0 AppleWebKit/537.36 (KHTML, like Gecko; compatible; ClaudeBot/1.0; +claudebot@anthropic.com)" 
216.73.216.180 - - [21/Oct/2025:17:44:50 -0700] "GET /6398650?products=0005332214 HTTP/2.0" 404 109822 "-" "Mozilla/5.0 AppleWebKit/537.36 (KHTML, like Gecko; compatible; ClaudeBot/1.0; +claudebot@anthropic.com)" 
216.73.216.180 - - [21/Oct/2025:17:44:53 -0700] "GET /6395780?products=0005329823 HTTP/2.0" 404 109822 "-" "Mozilla/5.0 AppleWebKit/537.36 (KHTML, like Gecko; compatible; ClaudeBot/1.0; +claudebot@anthropic.com)" 
216.73.216.180 - - [21/Oct/2025:17:44:56 -0700] "GET /6393898?products=0005328254 HTTP/2.0" 404 109822 "-" "Mozilla/5.0 AppleWebKit/537.36 (KHTML, like Gecko; compatible; ClaudeBot/1.0; +claudebot@anthropic.com)" 
216.73.216.180 - - [21/Oct/2025:17:44:59 -0700] "GET /6393932?products=0005328283 HTTP/2.0" 404 109822 "-" "Mozilla/5.0 AppleWebKit/537.36 (KHTML, like Gecko; compatible; ClaudeBot/1.0; +claudebot@anthropic.com)" 
66.249.73.166 - - [21/Oct/2025:17:45:03 -0700] "GET /?224688?products=0000187245 HTTP/1.1" 200 27081 "-" "Mozilla/5.0 (Linux; Android 6.0.1; Nexus 5X Build/MMB29P) AppleWebKit/537.36 (KHTML, like Gecko) Chrome/141.0.7390.107 Mobile Safari/537.36 (compatible; Googlebot/2.1; +http://www.google.com/bot.html)" 
216.73.216.180 - - [21/Oct/2025:17:45:02 -0700] "GET /6398928?products=0005332445 HTTP/2.0" 404 109822 "-" "Mozilla/5.0 AppleWebKit/537.36 (KHTML, like Gecko; compatible; ClaudeBot/1.0; +claudebot@anthropic.com)" 
69.163.179.91 - - [21/Oct/2025:17:45:03 -0700] "POST /wp-cron.php?doing_wp_cron=1761093903.6865839958190917968750 HTTP/1.1" 200 3646 "-" "WordPress/6.8.3; https://www.elconferencista.com" 
216.73.216.180 - - [21/Oct/2025:17:45:05 -0700] "GET /6394512?products=0005328765 HTTP/2.0" 404 109822 "-" "Mozilla/5.0 AppleWebKit/537.36 (KHTML, like Gecko; compatible; ClaudeBot/1.0; +claudebot@anthropic.com)" 
51.75.236.159 - - [21/Oct/2025:17:45:54 -0700] "GET /robots.txt HTTP/2.0" 200 278 "-" "Mozilla/5.0 (compatible; AhrefsBot/7.0; +http://ahrefs.com/robot/)" 
54.39.6.164 - - [21/Oct/2025:17:45:58 -0700] "GET /sitemap.xml HTTP/2.0" 200 5787 "-" "Mozilla/5.0 (compatible; AhrefsBot/7.0; +http://ahrefs.com/robot/)" 
162.241.203.7 - - [21/Oct/2025:17:51:32 -0700] "GET /wp-login.php HTTP/2.0" 429 362 "-" "Mozilla/5.0 (Windows NT 6.1) AppleWebKit/537.36 (KHTML, like Gecko) Chrome/67.0.3396.79 Safari/537.36" 
66.249.73.166 - - [21/Oct/2025:17:51:45 -0700] "GET /213678?products=0000178072 HTTP/1.1" 200 25259 "-" "Mozilla/5.0 (Linux; Android 6.0.1; Nexus 5X Build/MMB29P) AppleWebKit/537.36 (KHTML, like Gecko) Chrome/141.0.7390.107 Mobile Safari/537.36 (compatible; Googlebot/2.1; +http://www.google.com/bot.html)" 
162.241.203.7 - - [21/Oct/2025:17:51:56 -0700] "POST /wp-login.php HTTP/2.0" 429 362 "https://www.elconferencista.com/wp-login.php" "Mozilla/5.0 (Windows NT 6.1) AppleWebKit/537.36 (KHTML, like Gecko) Chrome/67.0.3396.79 Safari/537.36" 
66.249.73.166 - - [21/Oct/2025:17:55:46 -0700] "GET /?products=199998 HTTP/1.1" 200 24793 "-" "Mozilla/5.0 (Linux; Android 6.0.1; Nexus 5X Build/MMB29P) AppleWebKit/537.36 (KHTML, like Gecko) Chrome/141.0.7390.107 Mobile Safari/537.36 (compatible; Googlebot/2.1; +http://www.google.com/bot.html)" 
66.249.73.167 - - [21/Oct/2025:18:20:23 -0700] "GET /?products=200838 HTTP/1.1" 200 25579 "-" "Mozilla/5.0 (Linux; Android 6.0.1; Nexus 5X Build/MMB29P) AppleWebKit/537.36 (KHTML, like Gecko) Chrome/141.0.7390.107 Mobile Safari/537.36 (compatible; Googlebot/2.1; +http://www.google.com/bot.html)" 
69.163.179.91 - - [21/Oct/2025:18:21:43 -0700] "POST /wp-cron.php?doing_wp_cron=1761096103.4266819953918457031250 HTTP/1.1" 200 3646 "-" "WordPress/6.8.3; https://www.elconferencista.com" 
69.163.179.91 - - [21/Oct/2025:18:21:44 -0700] "POST /wp-cron.php?doing_wp_cron=1761096104.4598269462585449218750 HTTP/1.1" 200 3646 "-" "WordPress/6.8.3; https://www.elconferencista.com" 
15.235.96.91 - - [21/Oct/2025:18:21:41 -0700] "GET /conferencias-edner/13-conferencias-para-mujeres-de-mi-para-mi/ HTTP/2.0" 200 24359 "-" "Mozilla/5.0 (compatible; AhrefsBot/7.0; +http://ahrefs.com/robot/)" 
129.150.46.7 - - [21/Oct/2025:18:21:59 -0700] "GET /wp-login.php HTTP/2.0" 429 351 "-" "Mozilla/5.0 (Windows NT 6.3; Win64; x64) AppleWebKit/537.36 (KHTML, like Gecko) Chrome/67.0.3396.87 Safari/537.36" 
87.250.224.131 - - [21/Oct/2025:18:27:19 -0700] "GET /robots.txt HTTP/1.1" 200 3846 "-" "Mozilla/5.0 (compatible; YandexBot/3.0; +http://yandex.com/bots)" 
95.108.213.197 - - [21/Oct/2025:18:27:20 -0700] "GET /?p=209 HTTP/1.1" 404 113987 "-" "Mozilla/5.0 (compatible; YandexBot/3.0; +http://yandex.com/bots)" 
69.163.179.91 - - [21/Oct/2025:18:27:21 -0700] "POST /wp-cron.php?doing_wp_cron=1761096441.9339690208435058593750 HTTP/1.1" 200 3646 "-" "WordPress/6.8.3; https://www.elconferencista.com" 
65.60.33.146 - - [21/Oct/2025:18:28:37 -0700] "GET /wp-login.php HTTP/2.0" 429 351 "-" "Mozilla/4.0 (compatible; MSIE 7.0; Windows NT 6.1; WOW64; Trident/7.0; SLCC2; .NET CLR 2.0.50727; .NET CLR 3.5.30729; .NET CLR 3.0.30729; Media Center PC 6.0; .NET4.0C; .NET4.0E; InfoPath.3)" 
65.60.33.146 - - [21/Oct/2025:18:29:00 -0700] "GET /wp-login.php HTTP/2.0" 429 351 "-" "Mozilla/4.0 (compatible; MSIE 7.0; Windows NT 6.1; WOW64; Trident/7.0; SLCC2; .NET CLR 2.0.50727; .NET CLR 3.5.30729; .NET CLR 3.0.30729; Media Center PC 6.0; .NET4.0C; .NET4.0E; InfoPath.3)" 
198.71.52.204 - - [21/Oct/2025:18:38:48 -0700] "GET /wp-login.php HTTP/2.0" 429 351 "-" "Mozilla/5.0 (Windows NT 6.1; WOW64; Trident/7.0; BOIE9;ENUSMSE; rv:11.0) like Gecko" 
198.71.52.204 - - [21/Oct/2025:18:39:10 -0700] "POST /wp-login.php HTTP/2.0" 429 351 "https://www.elconferencista.com/wp-login.php" "Mozilla/5.0 (Windows NT 6.1; WOW64; Trident/7.0; BOIE9;ENUSMSE; rv:11.0) like Gecko" 
66.249.73.165 - - [21/Oct/2025:18:39:24 -0700] "GET /213672?products=0000178065 HTTP/1.1" 200 26805 "-" "Mozilla/5.0 (Linux; Android 6.0.1; Nexus 5X Build/MMB29P) AppleWebKit/537.36 (KHTML, like Gecko) Chrome/141.0.7390.107 Mobile Safari/537.36 (compatible; Googlebot/2.1; +http://www.google.com/bot.html)" 
193.202.81.12 - - [21/Oct/2025:18:41:00 -0700] "GET /wp-login.php HTTP/1.1" 200 7182 "-" "Mozilla/5.0 (Windows NT 10.0; Win64; x64) AppleWebKit/537.36 (KHTML, like Gecko) Chrome/115.0.0.0 Safari/537.36 Edg/115.0.1901.203" 
146.19.39.126 - - [21/Oct/2025:18:41:00 -0700] "GET /wp-login.php HTTP/1.1" 200 7182 "-" "Mozilla/5.0 (Windows NT 10.0; Win64; x64) AppleWebKit/537.36 (KHTML, like Gecko) Chrome/115.0.0.0 Safari/537.36 Edg/115.0.1901.203" 
69.163.179.91 - - [21/Oct/2025:18:41:01 -0700] "POST /wp-cron.php?doing_wp_cron=1761097261.2543990612030029296875 HTTP/1.1" 200 3646 "-" "WordPress/6.8.3; https://www.elconferencista.com" 
193.202.81.12 - - [21/Oct/2025:18:41:04 -0700] "GET /wp-json/wp/v2/users HTTP/1.1" 200 3456 "-" "Mozilla/5.0 (Windows NT 10.0; Win64; x64) AppleWebKit/537.36 (KHTML, like Gecko) Chrome/115.0.0.0 Safari/537.36 Edg/115.0.1901.203" 
146.19.39.126 - - [21/Oct/2025:18:41:05 -0700] "GET /wp-json/wp/v2/users HTTP/1.1" 200 3456 "-" "Mozilla/5.0 (Windows NT 10.0; Win64; x64) AppleWebKit/537.36 (KHTML, like Gecko) Chrome/115.0.0.0 Safari/537.36 Edg/115.0.1901.203" 
45.148.126.28 - - [21/Oct/2025:18:41:09 -0700] "GET /wp-login.php HTTP/1.1" 200 7182 "-" "Mozilla/5.0 (Windows NT 10.0; Win64; x64) AppleWebKit/537.36 (KHTML, like Gecko) Chrome/115.0.0.0 Safari/537.36 Edg/115.0.1901.203" 
193.202.87.112 - - [21/Oct/2025:18:41:09 -0700] "GET /wp-login.php HTTP/1.1" 200 7182 "-" "Mozilla/5.0 (Windows NT 10.0; Win64; x64) AppleWebKit/537.36 (KHTML, like Gecko) Chrome/115.0.0.0 Safari/537.36 Edg/115.0.1901.203" 
193.202.81.217 - - [21/Oct/2025:18:41:09 -0700] "GET /wp-login.php HTTP/1.1" 200 7182 "-" "Mozilla/5.0 (Windows NT 10.0; Win64; x64) AppleWebKit/537.36 (KHTML, like Gecko) Chrome/115.0.0.0 Safari/537.36 Edg/115.0.1901.203" 
45.148.126.81 - - [21/Oct/2025:18:41:09 -0700] "GET /wp-login.php HTTP/1.1" 200 7182 "-" "Mozilla/5.0 (Windows NT 10.0; Win64; x64) AppleWebKit/537.36 (KHTML, like Gecko) Chrome/115.0.0.0 Safari/537.36 Edg/115.0.1901.203" 
193.202.81.217 - - [21/Oct/2025:18:41:13 -0700] "POST /wp-login.php HTTP/1.1" 200 4310 "https://www.elconferencista.com/wp-login.php" "Mozilla/5.0 (Windows NT 10.0; Win64; x64) AppleWebKit/537.36 (KHTML, like Gecko) Chrome/115.0.0.0 Safari/537.36 Edg/115.0.1901.203" 
193.202.87.112 - - [21/Oct/2025:18:41:13 -0700] "POST /wp-login.php HTTP/1.1" 200 4310 "https://www.elconferencista.com/wp-login.php" "Mozilla/5.0 (Windows NT 10.0; Win64; x64) AppleWebKit/537.36 (KHTML, like Gecko) Chrome/115.0.0.0 Safari/537.36 Edg/115.0.1901.203" 
45.148.126.28 - - [21/Oct/2025:18:41:13 -0700] "POST /wp-login.php HTTP/1.1" 200 4310 "https://www.elconferencista.com/wp-login.php" "Mozilla/5.0 (Windows NT 10.0; Win64; x64) AppleWebKit/537.36 (KHTML, like Gecko) Chrome/115.0.0.0 Safari/537.36 Edg/115.0.1901.203" 
