212.21.66.6 - - [21/Oct/2025:07:03:30 -0700] "GET /wp-content/plugins/elementor/assets/js/webpack.runtime.min.js?ver=3.32.4 HTTP/2.0" 200 2639 "https://www.elconferencista.com/" "Mozilla/5.0 (X11; Linux x86_64) AppleWebKit/537.36 (KHTML, like Gecko) HeadlessChrome/127.0.6533.88 Safari/537.36" 
212.21.66.6 - - [21/Oct/2025:07:03:30 -0700] "GET /wp-content/plugins/elementor/assets/js/frontend.min.js?ver=3.32.4 HTTP/2.0" 200 10631 "https://www.elconferencista.com/" "Mozilla/5.0 (X11; Linux x86_64) AppleWebKit/537.36 (KHTML, like Gecko) HeadlessChrome/127.0.6533.88 Safari/537.36" 
212.21.66.6 - - [21/Oct/2025:07:03:30 -0700] "GET /wp-content/plugins/whatsapp-for-wordpress/assets/js/whatsapp-button.js?ver=3.1.2 HTTP/2.0" 200 507 "https://www.elconferencista.com/" "Mozilla/5.0 (X11; Linux x86_64) AppleWebKit/537.36 (KHTML, like Gecko) HeadlessChrome/127.0.6533.88 Safari/537.36" 
212.21.66.6 - - [21/Oct/2025:07:03:30 -0700] "GET /wp-content/plugins/elementor/assets/js/frontend-modules.min.js?ver=3.32.4 HTTP/2.0" 200 19013 "https://www.elconferencista.com/" "Mozilla/5.0 (X11; Linux x86_64) AppleWebKit/537.36 (KHTML, like Gecko) HeadlessChrome/127.0.6533.88 Safari/537.36" 
212.21.66.6 - - [21/Oct/2025:07:03:30 -0700] "GET /wp-includes/js/jquery/ui/core.min.js?ver=1.13.3 HTTP/2.0" 200 7227 "https://www.elconferencista.com/" "Mozilla/5.0 (X11; Linux x86_64) AppleWebKit/537.36 (KHTML, like Gecko) HeadlessChrome/127.0.6533.88 Safari/537.36" 
212.21.66.6 - - [21/Oct/2025:07:03:30 -0700] "GET /wp-content/plugins/elementor-pro/assets/lib/sticky/jquery.sticky.min.js?ver=3.32.2 HTTP/2.0" 200 1600 "https://www.elconferencista.com/" "Mozilla/5.0 (X11; Linux x86_64) AppleWebKit/537.36 (KHTML, like Gecko) HeadlessChrome/127.0.6533.88 Safari/537.36" 
212.21.66.6 - - [21/Oct/2025:07:03:30 -0700] "GET /wp-includes/js/mediaelement/mediaelement-and-player.min.js?ver=4.2.17 HTTP/2.0" 200 39751 "https://www.elconferencista.com/" "Mozilla/5.0 (X11; Linux x86_64) AppleWebKit/537.36 (KHTML, like Gecko) HeadlessChrome/127.0.6533.88 Safari/537.36" 
212.21.66.6 - - [21/Oct/2025:07:03:30 -0700] "GET /wp-includes/js/mediaelement/mediaelement-migrate.min.js?ver=6.8.3 HTTP/2.0" 200 619 "https://www.elconferencista.com/" "Mozilla/5.0 (X11; Linux x86_64) AppleWebKit/537.36 (KHTML, like Gecko) HeadlessChrome/127.0.6533.88 Safari/537.36" 
212.21.66.6 - - [21/Oct/2025:07:03:30 -0700] "GET /wp-content/plugins/elementor/assets/lib/jquery-numerator/jquery-numerator.min.js?ver=0.2.1 HTTP/2.0" 200 794 "https://www.elconferencista.com/" "Mozilla/5.0 (X11; Linux x86_64) AppleWebKit/537.36 (KHTML, like Gecko) HeadlessChrome/127.0.6533.88 Safari/537.36" 
212.21.66.6 - - [21/Oct/2025:07:03:30 -0700] "GET /wp-includes/js/mediaelement/wp-mediaelement.min.js?ver=6.8.3 HTTP/2.0" 200 617 "https://www.elconferencista.com/" "Mozilla/5.0 (X11; Linux x86_64) AppleWebKit/537.36 (KHTML, like Gecko) HeadlessChrome/127.0.6533.88 Safari/537.36" 
212.21.66.6 - - [21/Oct/2025:07:03:30 -0700] "GET /wp-content/plugins/elementskit-lite/widgets/init/assets/js/widget-scripts.js?ver=3.7.4 HTTP/2.0" 200 42495 "https://www.elconferencista.com/" "Mozilla/5.0 (X11; Linux x86_64) AppleWebKit/537.36 (KHTML, like Gecko) HeadlessChrome/127.0.6533.88 Safari/537.36" 
212.21.66.6 - - [21/Oct/2025:07:03:30 -0700] "GET /wp-content/plugins/elementskit-lite/libs/framework/assets/js/frontend-script.js?ver=3.7.4 HTTP/2.0" 200 109 "https://www.elconferencista.com/" "Mozilla/5.0 (X11; Linux x86_64) AppleWebKit/537.36 (KHTML, like Gecko) HeadlessChrome/127.0.6533.88 Safari/537.36" 
212.21.66.6 - - [21/Oct/2025:07:03:30 -0700] "GET /wp-content/plugins/elementor/assets/lib/e-gallery/js/e-gallery.min.js?ver=1.2.0 HTTP/2.0" 200 4718 "https://www.elconferencista.com/" "Mozilla/5.0 (X11; Linux x86_64) AppleWebKit/537.36 (KHTML, like Gecko) HeadlessChrome/127.0.6533.88 Safari/537.36" 
212.21.66.6 - - [21/Oct/2025:07:03:30 -0700] "GET /wp-content/plugins/elementor/assets/lib/swiper/v8/swiper.min.js?ver=8.4.5 HTTP/2.0" 200 40626 "https://www.elconferencista.com/" "Mozilla/5.0 (X11; Linux x86_64) AppleWebKit/537.36 (KHTML, like Gecko) HeadlessChrome/127.0.6533.88 Safari/537.36" 
212.21.66.6 - - [21/Oct/2025:07:03:30 -0700] "GET /wp-content/plugins/whatsapp-for-wordpress/assets/js/whatsapp-popup.js?ver=6.8.3 HTTP/2.0" 200 345 "https://www.elconferencista.com/" "Mozilla/5.0 (X11; Linux x86_64) AppleWebKit/537.36 (KHTML, like Gecko) HeadlessChrome/127.0.6533.88 Safari/537.36" 
212.21.66.6 - - [21/Oct/2025:07:03:30 -0700] "GET /wp-content/plugins/elementor-pro/assets/js/webpack-pro.runtime.min.js?ver=3.32.2 HTTP/2.0" 200 2904 "https://www.elconferencista.com/" "Mozilla/5.0 (X11; Linux x86_64) AppleWebKit/537.36 (KHTML, like Gecko) HeadlessChrome/127.0.6533.88 Safari/537.36" 
212.21.66.6 - - [21/Oct/2025:07:03:30 -0700] "GET /wp-includes/js/dist/i18n.min.js?ver=5e580eb46a90c2b997e6 HTTP/2.0" 200 3772 "https://www.elconferencista.com/" "Mozilla/5.0 (X11; Linux x86_64) AppleWebKit/537.36 (KHTML, like Gecko) HeadlessChrome/127.0.6533.88 Safari/537.36" 
212.21.66.6 - - [21/Oct/2025:07:03:30 -0700] "GET /wp-includes/js/dist/hooks.min.js?ver=4d63a3d491d11ffd8ac6 HTTP/2.0" 200 1728 "https://www.elconferencista.com/" "Mozilla/5.0 (X11; Linux x86_64) AppleWebKit/537.36 (KHTML, like Gecko) HeadlessChrome/127.0.6533.88 Safari/537.36" 
212.21.66.6 - - [21/Oct/2025:07:03:31 -0700] "GET /wp-content/plugins/elementor-pro/assets/js/frontend.min.js?ver=3.32.2 HTTP/2.0" 200 6751 "https://www.elconferencista.com/" "Mozilla/5.0 (X11; Linux x86_64) AppleWebKit/537.36 (KHTML, like Gecko) HeadlessChrome/127.0.6533.88 Safari/537.36" 
212.21.66.6 - - [21/Oct/2025:07:03:32 -0700] "GET /wp-content/plugins/elementor-pro/assets/js/elements-handlers.min.js?ver=3.32.2 HTTP/2.0" 200 10919 "https://www.elconferencista.com/" "Mozilla/5.0 (X11; Linux x86_64) AppleWebKit/537.36 (KHTML, like Gecko) HeadlessChrome/127.0.6533.88 Safari/537.36" 
212.21.66.6 - - [21/Oct/2025:07:03:32 -0700] "GET /wp-content/plugins/elementskit-lite/widgets/init/assets/js/animate-circle.min.js?ver=3.7.4 HTTP/2.0" 200 507 "https://www.elconferencista.com/" "Mozilla/5.0 (X11; Linux x86_64) AppleWebKit/537.36 (KHTML, like Gecko) HeadlessChrome/127.0.6533.88 Safari/537.36" 
212.21.66.6 - - [21/Oct/2025:07:03:32 -0700] "GET /wp-content/plugins/elementskit-lite/widgets/init/assets/js/elementor.js?ver=3.7.4 HTTP/2.0" 200 6118 "https://www.elconferencista.com/" "Mozilla/5.0 (X11; Linux x86_64) AppleWebKit/537.36 (KHTML, like Gecko) HeadlessChrome/127.0.6533.88 Safari/537.36" 
212.21.66.6 - - [21/Oct/2025:07:03:32 -0700] "GET /wp-includes/js/wp-emoji-release.min.js?ver=6.8.3 HTTP/2.0" 200 5313 "https://www.elconferencista.com/" "Mozilla/5.0 (X11; Linux x86_64) AppleWebKit/537.36 (KHTML, like Gecko) HeadlessChrome/127.0.6533.88 Safari/537.36" 
212.21.66.6 - - [21/Oct/2025:07:03:32 -0700] "GET /wp-content/plugins/elementor/assets/css/conditionals/dialog.min.css?ver=3.32.4 HTTP/2.0" 200 1658 "https://www.elconferencista.com/" "Mozilla/5.0 (X11; Linux x86_64) AppleWebKit/537.36 (KHTML, like Gecko) HeadlessChrome/127.0.6533.88 Safari/537.36" 
212.21.66.6 - - [21/Oct/2025:07:03:32 -0700] "GET /wp-content/plugins/elementor/assets/js/lightbox.408665be3d65f6ab17f0.bundle.min.js HTTP/2.0" 200 9505 "https://www.elconferencista.com/" "Mozilla/5.0 (X11; Linux x86_64) AppleWebKit/537.36 (KHTML, like Gecko) HeadlessChrome/127.0.6533.88 Safari/537.36" 
212.21.66.6 - - [21/Oct/2025:07:03:32 -0700] "GET /wp-content/plugins/elementor/assets/lib/share-link/share-link.min.js?ver=3.32.4 HTTP/2.0" 200 1224 "https://www.elconferencista.com/" "Mozilla/5.0 (X11; Linux x86_64) AppleWebKit/537.36 (KHTML, like Gecko) HeadlessChrome/127.0.6533.88 Safari/537.36" 
212.21.66.6 - - [21/Oct/2025:07:03:32 -0700] "GET /wp-content/plugins/elementor/assets/css/conditionals/lightbox.min.css?ver=3.32.4 HTTP/2.0" 200 2040 "https://www.elconferencista.com/" "Mozilla/5.0 (X11; Linux x86_64) AppleWebKit/537.36 (KHTML, like Gecko) HeadlessChrome/127.0.6533.88 Safari/537.36" 
212.21.66.6 - - [21/Oct/2025:07:03:32 -0700] "GET /wp-content/plugins/elementor/assets/lib/dialog/dialog.min.js?ver=4.9.3 HTTP/2.0" 200 3863 "https://www.elconferencista.com/" "Mozilla/5.0 (X11; Linux x86_64) AppleWebKit/537.36 (KHTML, like Gecko) HeadlessChrome/127.0.6533.88 Safari/537.36" 
212.21.66.6 - - [21/Oct/2025:07:03:32 -0700] "GET /wp-content/plugins/elementor/assets/js/shared-frontend-handlers.4c8abccc3e268b0767b2.bundle.min.js HTTP/2.0" 200 2755 "https://www.elconferencista.com/" "Mozilla/5.0 (X11; Linux x86_64) AppleWebKit/537.36 (KHTML, like Gecko) HeadlessChrome/127.0.6533.88 Safari/537.36" 
212.21.66.6 - - [21/Oct/2025:07:03:32 -0700] "GET /wp-content/plugins/elementor/assets/js/section-frontend-handlers.d85ab872da118940910d.bundle.min.js HTTP/2.0" 200 354 "https://www.elconferencista.com/" "Mozilla/5.0 (X11; Linux x86_64) AppleWebKit/537.36 (KHTML, like Gecko) HeadlessChrome/127.0.6533.88 Safari/537.36" 
212.21.66.6 - - [21/Oct/2025:07:03:33 -0700] "GET /wp-content/plugins/elementor/assets/js/text-editor.abc8f59c62f2820dc25a.bundle.min.js HTTP/2.0" 200 785 "https://www.elconferencista.com/" "Mozilla/5.0 (X11; Linux x86_64) AppleWebKit/537.36 (KHTML, like Gecko) HeadlessChrome/127.0.6533.88 Safari/537.36" 
212.21.66.6 - - [21/Oct/2025:07:03:33 -0700] "GET /wp-content/plugins/elementor-pro/assets/js/gallery.1628df47530ab42dafba.bundle.min.js HTTP/2.0" 200 1860 "https://www.elconferencista.com/" "Mozilla/5.0 (X11; Linux x86_64) AppleWebKit/537.36 (KHTML, like Gecko) HeadlessChrome/127.0.6533.88 Safari/537.36" 
212.21.66.6 - - [21/Oct/2025:07:03:33 -0700] "GET /wp-content/plugins/elementor-pro/assets/js/form.5fb35271b8ba3fb1e7d6.bundle.min.js HTTP/2.0" 200 5329 "https://www.elconferencista.com/" "Mozilla/5.0 (X11; Linux x86_64) AppleWebKit/537.36 (KHTML, like Gecko) HeadlessChrome/127.0.6533.88 Safari/537.36" 
212.21.66.6 - - [21/Oct/2025:07:03:33 -0700] "GET /wp-content/plugins/elementor/assets/js/counter.12335f45aaa79d244f24.bundle.min.js HTTP/2.0" 200 562 "https://www.elconferencista.com/" "Mozilla/5.0 (X11; Linux x86_64) AppleWebKit/537.36 (KHTML, like Gecko) HeadlessChrome/127.0.6533.88 Safari/537.36" 
212.21.66.6 - - [21/Oct/2025:07:03:33 -0700] "GET /wp-content/plugins/elementor/assets/js/video.87291d1f5076f8939c18.bundle.min.js HTTP/2.0" 200 1374 "https://www.elconferencista.com/" "Mozilla/5.0 (X11; Linux x86_64) AppleWebKit/537.36 (KHTML, like Gecko) HeadlessChrome/127.0.6533.88 Safari/537.36" 
212.21.66.6 - - [21/Oct/2025:07:03:33 -0700] "GET /wp-content/plugins/elementor-pro/assets/js/popup.f7b15b2ca565b152bf98.bundle.min.js HTTP/2.0" 200 500 "https://www.elconferencista.com/" "Mozilla/5.0 (X11; Linux x86_64) AppleWebKit/537.36 (KHTML, like Gecko) HeadlessChrome/127.0.6533.88 Safari/537.36" 
69.163.179.91 - - [21/Oct/2025:07:04:40 -0700] "POST /wp-cron.php?doing_wp_cron=1761055480.5350239276885986328125 HTTP/1.1" 200 3646 "-" "WordPress/6.8.3; https://www.elconferencista.com" 
216.73.216.180 - - [21/Oct/2025:07:04:39 -0700] "GET /14943898?products=0012453254 HTTP/2.0" 404 109979 "-" "Mozilla/5.0 AppleWebKit/537.36 (KHTML, like Gecko; compatible; ClaudeBot/1.0; +claudebot@anthropic.com)" 
173.236.250.59 - - [21/Oct/2025:07:04:43 -0700] "GET /wp-login.php HTTP/2.0" 200 3583 "-" "Mozilla/4.0 (compatible; MSIE 7.0; Windows NT 6.2; WOW64; Trident/7.0; .NET4.0C; .NET4.0E; InfoPath.3; .NET CLR 2.0.50727; .NET CLR 3.0.30729; .NET CLR 3.5.30729)" 
69.163.179.91 - - [21/Oct/2025:07:05:13 -0700] "POST /wp-cron.php?doing_wp_cron=1761055513.2468879222869873046875 HTTP/1.1" 200 3646 "-" "WordPress/6.8.3; https://www.elconferencista.com" 
216.73.216.180 - - [21/Oct/2025:07:05:12 -0700] "GET /14945160?products=0012454305 HTTP/2.0" 404 109988 "-" "Mozilla/5.0 AppleWebKit/537.36 (KHTML, like Gecko; compatible; ClaudeBot/1.0; +claudebot@anthropic.com)" 
216.73.216.180 - - [21/Oct/2025:07:07:39 -0700] "GET /robots.txt HTTP/2.0" 200 278 "-" "Mozilla/5.0 AppleWebKit/537.36 (KHTML, like Gecko; compatible; ClaudeBot/1.0; +claudebot@anthropic.com)" 
216.73.216.180 - - [21/Oct/2025:07:07:39 -0700] "GET /14942108?products=0012451763 HTTP/2.0" 404 109977 "-" "Mozilla/5.0 AppleWebKit/537.36 (KHTML, like Gecko; compatible; ClaudeBot/1.0; +claudebot@anthropic.com)" 
69.163.179.91 - - [21/Oct/2025:07:07:41 -0700] "POST /wp-cron.php?doing_wp_cron=1761055661.0613429546356201171875 HTTP/1.1" 200 3646 "-" "WordPress/6.8.3; https://www.elconferencista.com" 
216.73.216.180 - - [21/Oct/2025:07:07:45 -0700] "GET /14943476?products=0012452903 HTTP/2.0" 404 109822 "-" "Mozilla/5.0 AppleWebKit/537.36 (KHTML, like Gecko; compatible; ClaudeBot/1.0; +claudebot@anthropic.com)" 
154.56.134.227 - - [21/Oct/2025:07:10:51 -0700] "GET /wp-login.php HTTP/2.0" 429 351 "-" "Mozilla/5.0 (X11; Ubuntu; Linux x86_64; rv:60.0) Gecko/20100101 Firefox/60.0" 
154.56.134.227 - - [21/Oct/2025:07:10:56 -0700] "POST /wp-login.php HTTP/2.0" 429 278 "https://www.elconferencista.com/wp-login.php" "Mozilla/5.0 (X11; Ubuntu; Linux x86_64; rv:60.0) Gecko/20100101 Firefox/60.0" 
157.55.39.62 - - [21/Oct/2025:07:14:11 -0700] "GET /sitemap.xml HTTP/2.0" 200 5797 "-" "Mozilla/5.0 AppleWebKit/537.36 (KHTML, like Gecko; compatible; bingbot/2.0; +http://www.bing.com/bingbot.htm) Chrome/116.0.1938.76 Safari/537.36" 
66.249.73.167 - - [21/Oct/2025:07:18:38 -0700] "GET /?200012?products=0000166683 HTTP/1.1" 200 24877 "-" "Mozilla/5.0 (Linux; Android 6.0.1; Nexus 5X Build/MMB29P) AppleWebKit/537.36 (KHTML, like Gecko) Chrome/140.0.7339.207 Mobile Safari/537.36 (compatible; Googlebot/2.1; +http://www.google.com/bot.html)" 
178.63.40.42 - - [21/Oct/2025:07:20:19 -0700] "GET /wp-login.php HTTP/2.0" 429 351 "-" "Mozilla/5.0 (Windows NT 10.0; WOW64; Trident/7.0; TBTE; rv:11.0) like Gecko" 
106.10.100.91 - - [21/Oct/2025:07:34:03 -0700] "GET /wp-login.php HTTP/2.0" 429 351 "-" "Mozilla/5.0 (Macintosh; Intel Mac OS X 10_10_5) AppleWebKit/602.2.14 (KHTML, like Gecko) Version/10.0.1 Safari/602.2.14" 
106.10.100.91 - - [21/Oct/2025:07:34:21 -0700] "POST /wp-login.php HTTP/2.0" 429 351 "https://www.elconferencista.com/wp-login.php" "Mozilla/5.0 (Macintosh; Intel Mac OS X 10_10_5) AppleWebKit/602.2.14 (KHTML, like Gecko) Version/10.0.1 Safari/602.2.14" 
69.163.179.91 - - [21/Oct/2025:07:34:32 -0700] "POST /wp-cron.php?doing_wp_cron=1761057272.5485808849334716796875 HTTP/1.1" 200 3646 "-" "WordPress/6.8.3; https://www.elconferencista.com" 
69.163.179.91 - - [21/Oct/2025:07:34:33 -0700] "POST /wp-cron.php?doing_wp_cron=1761057273.5898590087890625000000 HTTP/1.1" 200 3646 "-" "WordPress/6.8.3; https://www.elconferencista.com" 
121.229.156.18 - - [21/Oct/2025:07:34:30 -0700] "GET / HTTP/1.1" 200 34846 "-" "Sogou web spider/4.0(+http://www.sogou.com/docs/help/webmasters.htm#07)" 
213.165.245.244 - - [21/Oct/2025:07:38:18 -0700] "GET /wp-login.php HTTP/2.0" 429 351 "-" "Mozilla/5.0 (Windows NT 6.1; WOW64; Trident/7.0; rv:11.0)" 
69.48.203.40 - - [21/Oct/2025:07:41:22 -0700] "GET /wp-login.php HTTP/2.0" 429 351 "-" "Mozilla/5.0 (Macintosh; Intel Mac OS X 10_12_6) AppleWebKit/604.5.6 (KHTML, like Gecko) Version/11.0.3 Safari/604.5.6" 
69.48.203.40 - - [21/Oct/2025:07:41:47 -0700] "GET /wp-login.php HTTP/2.0" 429 351 "-" "Mozilla/5.0 (Macintosh; Intel Mac OS X 10_12_6) AppleWebKit/604.5.6 (KHTML, like Gecko) Version/11.0.3 Safari/604.5.6" 
4.43.184.114 - - [21/Oct/2025:07:44:31 -0700] "GET / HTTP/1.0" 421 2900 "-" "Mozilla/5.0 (X11; Linux i686) AppleWebKit/534.30 (KHTML, like Gecko) Chrome/12.0.742.100 Safari/534.30" 
77.246.109.153 - - [21/Oct/2025:07:45:50 -0700] "GET / HTTP/1.0" 200 162369 "https://www.elconferencista.com/" "Mozilla/5.0 (Windows NT 10.0; Win64; x64) AppleWebKit/537.36 (KHTML, like Gecko) Chrome/103.0.5042.0 Safari/537.36" 
69.163.179.91 - - [21/Oct/2025:07:45:51 -0700] "POST /wp-cron.php?doing_wp_cron=1761057951.6023240089416503906250 HTTP/1.1" 200 3646 "-" "WordPress/6.8.3; https://www.elconferencista.com" 
195.26.225.209 - - [21/Oct/2025:07:58:37 -0700] "GET / HTTP/2.0" 200 31043 "https://ednergranados.com/" "Mozilla/5.0 (Windows NT 10.0; Win64; x64) AppleWebKit/537.36 (KHTML, like Gecko) Chrome/120.0.0.0 Safari/537.36" 
69.163.179.91 - - [21/Oct/2025:07:58:38 -0700] "POST /wp-cron.php?doing_wp_cron=1761058718.8996310234069824218750 HTTP/1.1" 200 3646 "-" "WordPress/6.8.3; https://www.elconferencista.com" 
37.60.254.254 - - [21/Oct/2025:08:00:25 -0700] "GET /wp-login.php HTTP/2.0" 429 351 "-" "Mozilla/5.0 (Windows NT 10.0; Win64; x64) AppleWebKit/537.36 (KHTML, like Gecko) Chrome/66.0.3359.117 Safari/537.36" 
165.232.37.202 - - [21/Oct/2025:08:04:41 -0700] "GET / HTTP/1.1" 301 3841 "-" "Mozilla/5.0 (X11; Linux x86_64) AppleWebKit/537.36 (KHTML, like Gecko) Chrome/139.0.0.0 Safari/537.36" 
165.232.37.202 - - [21/Oct/2025:08:04:44 -0700] "GET /favicon.ico HTTP/1.1" 301 3863 "https://elconferencista.com/" "Mozilla/5.0 (X11; Linux x86_64) AppleWebKit/537.36 (KHTML, like Gecko) Chrome/139.0.0.0 Safari/537.36" 
186.194.175.23 - - [21/Oct/2025:08:07:37 -0700] "GET /sitemap.xml HTTP/1.1" 200 9401 "-" "cc_bot" 
66.249.73.165 - - [21/Oct/2025:08:07:51 -0700] "GET /49940?products=0000041623 HTTP/1.1" 200 26726 "-" "Mozilla/5.0 (Linux; Android 6.0.1; Nexus 5X Build/MMB29P) AppleWebKit/537.36 (KHTML, like Gecko) Chrome/140.0.7339.207 Mobile Safari/537.36 (compatible; Googlebot/2.1; +http://www.google.com/bot.html)" 
195.26.225.209 - - [21/Oct/2025:08:07:50 -0700] "GET / HTTP/2.0" 200 31046 "-" "\"Mozilla/5.0 (Macintosh; Intel Mac OS X 10_15_7) AppleWebKit/537.36 (KHTML, like Gecko) Chrome/134.0.0.0 Safari/537.36\"" 
195.26.225.209 - - [21/Oct/2025:08:07:53 -0700] "GET /wp-includes/js/jquery/jquery-migrate.min.js?ver=3.4.1 HTTP/2.0" 200 4986 "https://www.elconferencista.com/" "\"Mozilla/5.0 (Macintosh; Intel Mac OS X 10_15_7) AppleWebKit/537.36 (KHTML, like Gecko) Chrome/134.0.0.0 Safari/537.36\"" 
195.26.225.209 - - [21/Oct/2025:08:07:53 -0700] "GET /wp-includes/js/jquery/jquery.min.js?ver=3.7.1 HTTP/2.0" 200 31071 "https://www.elconferencista.com/" "\"Mozilla/5.0 (Macintosh; Intel Mac OS X 10_15_7) AppleWebKit/537.36 (KHTML, like Gecko) Chrome/134.0.0.0 Safari/537.36\"" 
195.26.225.209 - - [21/Oct/2025:08:07:53 -0700] "GET /wp-content/plugins/elementor/assets/lib/font-awesome/js/v4-shims.min.js?ver=3.32.4 HTTP/2.0" 200 4332 "https://www.elconferencista.com/" "\"Mozilla/5.0 (Macintosh; Intel Mac OS X 10_15_7) AppleWebKit/537.36 (KHTML, like Gecko) Chrome/134.0.0.0 Safari/537.36\"" 
195.26.225.209 - - [21/Oct/2025:08:07:54 -0700] "GET /wp-content/themes/astra/assets/js/minified/frontend.min.js?ver=4.9.2 HTTP/2.0" 200 6089 "https://www.elconferencista.com/" "\"Mozilla/5.0 (Macintosh; Intel Mac OS X 10_15_7) AppleWebKit/537.36 (KHTML, like Gecko) Chrome/134.0.0.0 Safari/537.36\"" 
195.26.225.209 - - [21/Oct/2025:08:07:54 -0700] "GET /wp-content/plugins/whatsapp-for-wordpress/assets/dist/js/njt-whatsapp.js?ver=3.1.2 HTTP/2.0" 200 31442 "https://www.elconferencista.com/" "\"Mozilla/5.0 (Macintosh; Intel Mac OS X 10_15_7) AppleWebKit/537.36 (KHTML, like Gecko) Chrome/134.0.0.0 Safari/537.36\"" 
66.249.73.167 - - [21/Oct/2025:08:07:53 -0700] "GET /?187680?products=0000156405 HTTP/1.1" 200 30333 "-" "Mozilla/5.0 (Linux; Android 6.0.1; Nexus 5X Build/MMB29P) AppleWebKit/537.36 (KHTML, like Gecko) Chrome/140.0.7339.207 Mobile Safari/537.36 (compatible; Googlebot/2.1; +http://www.google.com/bot.html)" 
195.26.225.209 - - [21/Oct/2025:08:07:54 -0700] "GET /wp-content/plugins/whatsapp-for-wordpress/assets/js/whatsapp-button.js?ver=3.1.2 HTTP/2.0" 200 507 "https://www.elconferencista.com/" "\"Mozilla/5.0 (Macintosh; Intel Mac OS X 10_15_7) AppleWebKit/537.36 (KHTML, like Gecko) Chrome/134.0.0.0 Safari/537.36\"" 
195.26.225.209 - - [21/Oct/2025:08:07:54 -0700] "GET /wp-content/plugins/elementor/assets/js/webpack.runtime.min.js?ver=3.32.4 HTTP/2.0" 200 2593 "https://www.elconferencista.com/" "\"Mozilla/5.0 (Macintosh; Intel Mac OS X 10_15_7) AppleWebKit/537.36 (KHTML, like Gecko) Chrome/134.0.0.0 Safari/537.36\"" 
195.26.225.209 - - [21/Oct/2025:08:07:54 -0700] "GET /wp-content/plugins/elementor/assets/js/frontend-modules.min.js?ver=3.32.4 HTTP/2.0" 200 19013 "https://www.elconferencista.com/" "\"Mozilla/5.0 (Macintosh; Intel Mac OS X 10_15_7) AppleWebKit/537.36 (KHTML, like Gecko) Chrome/134.0.0.0 Safari/537.36\"" 
195.26.225.209 - - [21/Oct/2025:08:07:54 -0700] "GET /wp-includes/js/jquery/ui/core.min.js?ver=1.13.3 HTTP/2.0" 200 7227 "https://www.elconferencista.com/" "\"Mozilla/5.0 (Macintosh; Intel Mac OS X 10_15_7) AppleWebKit/537.36 (KHTML, like Gecko) Chrome/134.0.0.0 Safari/537.36\"" 
69.163.179.91 - - [21/Oct/2025:08:07:52 -0700] "POST /wp-cron.php?doing_wp_cron=1761059272.0171670913696289062500 HTTP/1.1" 200 3646 "-" "WordPress/6.8.3; https://www.elconferencista.com" 
195.26.225.209 - - [21/Oct/2025:08:07:54 -0700] "GET /wp-content/plugins/elementor-pro/assets/lib/sticky/jquery.sticky.min.js?ver=3.32.2 HTTP/2.0" 200 1623 "https://www.elconferencista.com/" "\"Mozilla/5.0 (Macintosh; Intel Mac OS X 10_15_7) AppleWebKit/537.36 (KHTML, like Gecko) Chrome/134.0.0.0 Safari/537.36\"" 
195.26.225.209 - - [21/Oct/2025:08:07:54 -0700] "GET /wp-content/plugins/elementor/assets/js/frontend.min.js?ver=3.32.4 HTTP/2.0" 200 10631 "https://www.elconferencista.com/" "\"Mozilla/5.0 (Macintosh; Intel Mac OS X 10_15_7) AppleWebKit/537.36 (KHTML, like Gecko) Chrome/134.0.0.0 Safari/537.36\"" 
195.26.225.209 - - [21/Oct/2025:08:07:54 -0700] "GET /wp-includes/js/mediaelement/mediaelement-and-player.min.js?ver=4.2.17 HTTP/2.0" 200 39751 "https://www.elconferencista.com/" "\"Mozilla/5.0 (Macintosh; Intel Mac OS X 10_15_7) AppleWebKit/537.36 (KHTML, like Gecko) Chrome/134.0.0.0 Safari/537.36\"" 
195.26.225.209 - - [21/Oct/2025:08:07:54 -0700] "GET /wp-includes/js/mediaelement/mediaelement-migrate.min.js?ver=6.8.3 HTTP/2.0" 200 619 "https://www.elconferencista.com/" "\"Mozilla/5.0 (Macintosh; Intel Mac OS X 10_15_7) AppleWebKit/537.36 (KHTML, like Gecko) Chrome/134.0.0.0 Safari/537.36\"" 
195.26.225.209 - - [21/Oct/2025:08:07:54 -0700] "GET /wp-includes/js/mediaelement/wp-mediaelement.min.js?ver=6.8.3 HTTP/2.0" 200 617 "https://www.elconferencista.com/" "\"Mozilla/5.0 (Macintosh; Intel Mac OS X 10_15_7) AppleWebKit/537.36 (KHTML, like Gecko) Chrome/134.0.0.0 Safari/537.36\"" 
195.26.225.209 - - [21/Oct/2025:08:07:54 -0700] "GET /wp-content/plugins/elementor/assets/lib/jquery-numerator/jquery-numerator.min.js?ver=0.2.1 HTTP/2.0" 200 794 "https://www.elconferencista.com/" "\"Mozilla/5.0 (Macintosh; Intel Mac OS X 10_15_7) AppleWebKit/537.36 (KHTML, like Gecko) Chrome/134.0.0.0 Safari/537.36\"" 
195.26.225.209 - - [21/Oct/2025:08:07:54 -0700] "GET /wp-content/plugins/elementor/assets/lib/swiper/v8/swiper.min.js?ver=8.4.5 HTTP/2.0" 200 40626 "https://www.elconferencista.com/" "\"Mozilla/5.0 (Macintosh; Intel Mac OS X 10_15_7) AppleWebKit/537.36 (KHTML, like Gecko) Chrome/134.0.0.0 Safari/537.36\"" 
195.26.225.209 - - [21/Oct/2025:08:07:54 -0700] "GET /wp-content/plugins/elementor/assets/lib/e-gallery/js/e-gallery.min.js?ver=1.2.0 HTTP/2.0" 200 4718 "https://www.elconferencista.com/" "\"Mozilla/5.0 (Macintosh; Intel Mac OS X 10_15_7) AppleWebKit/537.36 (KHTML, like Gecko) Chrome/134.0.0.0 Safari/537.36\"" 
195.26.225.209 - - [21/Oct/2025:08:07:54 -0700] "GET /wp-content/plugins/elementskit-lite/libs/framework/assets/js/frontend-script.js?ver=3.7.4 HTTP/2.0" 200 132 "https://www.elconferencista.com/" "\"Mozilla/5.0 (Macintosh; Intel Mac OS X 10_15_7) AppleWebKit/537.36 (KHTML, like Gecko) Chrome/134.0.0.0 Safari/537.36\"" 
195.26.225.209 - - [21/Oct/2025:08:07:54 -0700] "GET /wp-content/plugins/elementskit-lite/widgets/init/assets/js/widget-scripts.js?ver=3.7.4 HTTP/2.0" 200 42513 "https://www.elconferencista.com/" "\"Mozilla/5.0 (Macintosh; Intel Mac OS X 10_15_7) AppleWebKit/537.36 (KHTML, like Gecko) Chrome/134.0.0.0 Safari/537.36\"" 
195.26.225.209 - - [21/Oct/2025:08:07:55 -0700] "GET /wp-content/plugins/whatsapp-for-wordpress/assets/js/whatsapp-popup.js?ver=6.8.3 HTTP/2.0" 200 391 "https://www.elconferencista.com/" "\"Mozilla/5.0 (Macintosh; Intel Mac OS X 10_15_7) AppleWebKit/537.36 (KHTML, like Gecko) Chrome/134.0.0.0 Safari/537.36\"" 
195.26.225.209 - - [21/Oct/2025:08:07:55 -0700] "GET /wp-content/plugins/elementor-pro/assets/js/webpack-pro.runtime.min.js?ver=3.32.2 HTTP/2.0" 200 2904 "https://www.elconferencista.com/" "\"Mozilla/5.0 (Macintosh; Intel Mac OS X 10_15_7) AppleWebKit/537.36 (KHTML, like Gecko) Chrome/134.0.0.0 Safari/537.36\"" 
195.26.225.209 - - [21/Oct/2025:08:07:55 -0700] "GET /wp-includes/js/dist/hooks.min.js?ver=4d63a3d491d11ffd8ac6 HTTP/2.0" 200 1728 "https://www.elconferencista.com/" "\"Mozilla/5.0 (Macintosh; Intel Mac OS X 10_15_7) AppleWebKit/537.36 (KHTML, like Gecko) Chrome/134.0.0.0 Safari/537.36\"" 
195.26.225.209 - - [21/Oct/2025:08:07:55 -0700] "GET /wp-includes/js/dist/i18n.min.js?ver=5e580eb46a90c2b997e6 HTTP/2.0" 200 3772 "https://www.elconferencista.com/" "\"Mozilla/5.0 (Macintosh; Intel Mac OS X 10_15_7) AppleWebKit/537.36 (KHTML, like Gecko) Chrome/134.0.0.0 Safari/537.36\"" 
195.26.225.209 - - [21/Oct/2025:08:07:55 -0700] "GET /wp-content/plugins/elementor-pro/assets/js/frontend.min.js?ver=3.32.2 HTTP/2.0" 200 6705 "https://www.elconferencista.com/" "\"Mozilla/5.0 (Macintosh; Intel Mac OS X 10_15_7) AppleWebKit/537.36 (KHTML, like Gecko) Chrome/134.0.0.0 Safari/537.36\"" 
195.26.225.209 - - [21/Oct/2025:08:07:55 -0700] "GET /wp-content/plugins/elementor-pro/assets/js/elements-handlers.min.js?ver=3.32.2 HTTP/2.0" 200 10873 "https://www.elconferencista.com/" "\"Mozilla/5.0 (Macintosh; Intel Mac OS X 10_15_7) AppleWebKit/537.36 (KHTML, like Gecko) Chrome/134.0.0.0 Safari/537.36\"" 
195.26.225.209 - - [21/Oct/2025:08:07:55 -0700] "GET /wp-content/plugins/elementskit-lite/widgets/init/assets/js/animate-circle.min.js?ver=3.7.4 HTTP/2.0" 200 507 "https://www.elconferencista.com/" "\"Mozilla/5.0 (Macintosh; Intel Mac OS X 10_15_7) AppleWebKit/537.36 (KHTML, like Gecko) Chrome/134.0.0.0 Safari/537.36\"" 
195.26.225.209 - - [21/Oct/2025:08:07:55 -0700] "GET /wp-content/plugins/elementskit-lite/widgets/init/assets/js/elementor.js?ver=3.7.4 HTTP/2.0" 200 6118 "https://www.elconferencista.com/" "\"Mozilla/5.0 (Macintosh; Intel Mac OS X 10_15_7) AppleWebKit/537.36 (KHTML, like Gecko) Chrome/134.0.0.0 Safari/537.36\"" 
195.26.225.209 - - [21/Oct/2025:08:07:55 -0700] "GET /wp-includes/js/wp-emoji-release.min.js?ver=6.8.3 HTTP/2.0" 200 5313 "https://www.elconferencista.com/" "\"Mozilla/5.0 (Macintosh; Intel Mac OS X 10_15_7) AppleWebKit/537.36 (KHTML, like Gecko) Chrome/134.0.0.0 Safari/537.36\"" 
195.26.225.209 - - [21/Oct/2025:08:07:55 -0700] "GET /wp-content/plugins/elementor/assets/js/lightbox.408665be3d65f6ab17f0.bundle.min.js HTTP/2.0" 200 9505 "https://www.elconferencista.com/" "\"Mozilla/5.0 (Macintosh; Intel Mac OS X 10_15_7) AppleWebKit/537.36 (KHTML, like Gecko) Chrome/134.0.0.0 Safari/537.36\"" 
195.26.225.209 - - [21/Oct/2025:08:07:55 -0700] "GET /wp-content/plugins/elementor/assets/lib/dialog/dialog.min.js?ver=4.9.3 HTTP/2.0" 200 3863 "https://www.elconferencista.com/" "\"Mozilla/5.0 (Macintosh; Intel Mac OS X 10_15_7) AppleWebKit/537.36 (KHTML, like Gecko) Chrome/134.0.0.0 Safari/537.36\"" 
195.26.225.209 - - [21/Oct/2025:08:07:55 -0700] "GET /wp-content/plugins/elementor/assets/lib/share-link/share-link.min.js?ver=3.32.4 HTTP/2.0" 200 1224 "https://www.elconferencista.com/" "\"Mozilla/5.0 (Macintosh; Intel Mac OS X 10_15_7) AppleWebKit/537.36 (KHTML, like Gecko) Chrome/134.0.0.0 Safari/537.36\"" 
195.26.225.209 - - [21/Oct/2025:08:07:55 -0700] "GET /wp-content/plugins/elementor/assets/js/section-frontend-handlers.d85ab872da118940910d.bundle.min.js HTTP/2.0" 200 354 "https://www.elconferencista.com/" "\"Mozilla/5.0 (Macintosh; Intel Mac OS X 10_15_7) AppleWebKit/537.36 (KHTML, like Gecko) Chrome/134.0.0.0 Safari/537.36\"" 
195.26.225.209 - - [21/Oct/2025:08:07:55 -0700] "GET /wp-content/plugins/elementor/assets/js/shared-frontend-handlers.4c8abccc3e268b0767b2.bundle.min.js HTTP/2.0" 200 2755 "https://www.elconferencista.com/" "\"Mozilla/5.0 (Macintosh; Intel Mac OS X 10_15_7) AppleWebKit/537.36 (KHTML, like Gecko) Chrome/134.0.0.0 Safari/537.36\"" 
195.26.225.209 - - [21/Oct/2025:08:07:56 -0700] "GET /wp-content/plugins/elementor/assets/js/counter.12335f45aaa79d244f24.bundle.min.js HTTP/2.0" 200 631 "https://www.elconferencista.com/" "\"Mozilla/5.0 (Macintosh; Intel Mac OS X 10_15_7) AppleWebKit/537.36 (KHTML, like Gecko) Chrome/134.0.0.0 Safari/537.36\"" 
195.26.225.209 - - [21/Oct/2025:08:07:56 -0700] "GET /wp-content/plugins/elementor-pro/assets/js/gallery.1628df47530ab42dafba.bundle.min.js HTTP/2.0" 200 1860 "https://www.elconferencista.com/" "\"Mozilla/5.0 (Macintosh; Intel Mac OS X 10_15_7) AppleWebKit/537.36 (KHTML, like Gecko) Chrome/134.0.0.0 Safari/537.36\"" 
195.26.225.209 - - [21/Oct/2025:08:07:56 -0700] "GET /wp-content/plugins/elementor/assets/js/text-editor.abc8f59c62f2820dc25a.bundle.min.js HTTP/2.0" 200 739 "https://www.elconferencista.com/" "\"Mozilla/5.0 (Macintosh; Intel Mac OS X 10_15_7) AppleWebKit/537.36 (KHTML, like Gecko) Chrome/134.0.0.0 Safari/537.36\"" 
195.26.225.209 - - [21/Oct/2025:08:07:56 -0700] "GET /wp-content/plugins/elementor/assets/js/video.87291d1f5076f8939c18.bundle.min.js HTTP/2.0" 200 1374 "https://www.elconferencista.com/" "\"Mozilla/5.0 (Macintosh; Intel Mac OS X 10_15_7) AppleWebKit/537.36 (KHTML, like Gecko) Chrome/134.0.0.0 Safari/537.36\"" 
195.26.225.209 - - [21/Oct/2025:08:07:56 -0700] "GET /wp-content/plugins/elementor-pro/assets/js/form.5fb35271b8ba3fb1e7d6.bundle.min.js HTTP/2.0" 200 5329 "https://www.elconferencista.com/" "\"Mozilla/5.0 (Macintosh; Intel Mac OS X 10_15_7) AppleWebKit/537.36 (KHTML, like Gecko) Chrome/134.0.0.0 Safari/537.36\"" 
195.26.225.209 - - [21/Oct/2025:08:07:56 -0700] "GET /wp-content/plugins/elementor-pro/assets/js/popup.f7b15b2ca565b152bf98.bundle.min.js HTTP/2.0" 200 500 "https://www.elconferencista.com/" "\"Mozilla/5.0 (Macintosh; Intel Mac OS X 10_15_7) AppleWebKit/537.36 (KHTML, like Gecko) Chrome/134.0.0.0 Safari/537.36\"" 
195.26.225.209 - - [21/Oct/2025:08:07:57 -0700] "POST /wp-admin/admin-ajax.php HTTP/2.0" 200 496 "https://www.elconferencista.com/" "\"Mozilla/5.0 (Macintosh; Intel Mac OS X 10_15_7) AppleWebKit/537.36 (KHTML, like Gecko) Chrome/134.0.0.0 Safari/537.36\"" 
195.26.225.209 - - [21/Oct/2025:08:08:02 -0700] "POST /wp-admin/admin-ajax.php HTTP/2.0" 200 253 "https://www.elconferencista.com/" "\"Mozilla/5.0 (Macintosh; Intel Mac OS X 10_15_7) AppleWebKit/537.36 (KHTML, like Gecko) Chrome/134.0.0.0 Safari/537.36\"" 
69.163.179.91 - - [21/Oct/2025:08:08:02 -0700] "POST /wp-cron.php?doing_wp_cron=1761059282.5212619304656982421875 HTTP/1.1" 200 3646 "-" "WordPress/6.8.3; https://www.elconferencista.com" 
195.26.225.209 - - [21/Oct/2025:08:08:07 -0700] "POST /wp-admin/admin-ajax.php HTTP/2.0" 200 253 "https://www.elconferencista.com/" "\"Mozilla/5.0 (Macintosh; Intel Mac OS X 10_15_7) AppleWebKit/537.36 (KHTML, like Gecko) Chrome/134.0.0.0 Safari/537.36\"" 
196.251.87.191 - - [21/Oct/2025:08:15:12 -0700] "GET /index.php?option=com_myblog&task=ajaxupload HTTP/1.1" 429 3834 "-" "ALittle Client" 
66.249.73.166 - - [21/Oct/2025:08:21:41 -0700] "GET /?products=200372 HTTP/1.1" 200 24694 "-" "Mozilla/5.0 (Linux; Android 6.0.1; Nexus 5X Build/MMB29P) AppleWebKit/537.36 (KHTML, like Gecko) Chrome/140.0.7339.207 Mobile Safari/537.36 (compatible; Googlebot/2.1; +http://www.google.com/bot.html)" 
216.73.216.180 - - [21/Oct/2025:08:23:35 -0700] "GET /robots.txt HTTP/2.0" 200 278 "-" "Mozilla/5.0 AppleWebKit/537.36 (KHTML, like Gecko; compatible; ClaudeBot/1.0; +claudebot@anthropic.com)" 
216.73.216.180 - - [21/Oct/2025:08:23:36 -0700] "GET /13665250?products=0011387714 HTTP/2.0" 404 109973 "-" "Mozilla/5.0 AppleWebKit/537.36 (KHTML, like Gecko; compatible; ClaudeBot/1.0; +claudebot@anthropic.com)" 
69.163.179.91 - - [21/Oct/2025:08:23:38 -0700] "POST /wp-cron.php?doing_wp_cron=1761060217.9578208923339843750000 HTTP/1.1" 200 3646 "-" "WordPress/6.8.3; https://www.elconferencista.com" 
216.73.216.180 - - [21/Oct/2025:08:23:42 -0700] "GET /13665620?products=0011388023 HTTP/2.0" 404 109822 "-" "Mozilla/5.0 AppleWebKit/537.36 (KHTML, like Gecko; compatible; ClaudeBot/1.0; +claudebot@anthropic.com)" 
216.73.216.180 - - [21/Oct/2025:08:23:45 -0700] "GET /13666484?products=0011388743 HTTP/2.0" 404 109822 "-" "Mozilla/5.0 AppleWebKit/537.36 (KHTML, like Gecko; compatible; ClaudeBot/1.0; +claudebot@anthropic.com)" 
216.73.216.180 - - [21/Oct/2025:08:23:48 -0700] "GET /13666474?products=0011388734 HTTP/2.0" 404 109822 "-" "Mozilla/5.0 AppleWebKit/537.36 (KHTML, like Gecko; compatible; ClaudeBot/1.0; +claudebot@anthropic.com)" 
216.73.216.180 - - [21/Oct/2025:08:23:51 -0700] "GET /13665600?products=0011388005 HTTP/2.0" 404 109822 "-" "Mozilla/5.0 AppleWebKit/537.36 (KHTML, like Gecko; compatible; ClaudeBot/1.0; +claudebot@anthropic.com)" 
216.73.216.180 - - [21/Oct/2025:08:23:54 -0700] "GET /13665048?products=0011387545 HTTP/2.0" 404 109822 "-" "Mozilla/5.0 AppleWebKit/537.36 (KHTML, like Gecko; compatible; ClaudeBot/1.0; +claudebot@anthropic.com)" 
216.73.216.180 - - [21/Oct/2025:08:25:46 -0700] "GET /13662932?products=0011385783 HTTP/2.0" 404 109979 "-" "Mozilla/5.0 AppleWebKit/537.36 (KHTML, like Gecko; compatible; ClaudeBot/1.0; +claudebot@anthropic.com)" 
69.163.179.91 - - [21/Oct/2025:08:25:48 -0700] "POST /wp-cron.php?doing_wp_cron=1761060348.0506548881530761718750 HTTP/1.1" 200 3646 "-" "WordPress/6.8.3; https://www.elconferencista.com" 
216.73.216.180 - - [21/Oct/2025:08:25:52 -0700] "GET /13666724?products=0011388943 HTTP/2.0" 404 109813 "-" "Mozilla/5.0 AppleWebKit/537.36 (KHTML, like Gecko; compatible; ClaudeBot/1.0; +claudebot@anthropic.com)" 
216.73.216.180 - - [21/Oct/2025:08:25:55 -0700] "GET /13663940?products=0011386623 HTTP/2.0" 404 109813 "-" "Mozilla/5.0 AppleWebKit/537.36 (KHTML, like Gecko; compatible; ClaudeBot/1.0; +claudebot@anthropic.com)" 
216.73.216.180 - - [21/Oct/2025:08:25:58 -0700] "GET /13663254?products=0011386052 HTTP/2.0" 404 109804 "-" "Mozilla/5.0 AppleWebKit/537.36 (KHTML, like Gecko; compatible; ClaudeBot/1.0; +claudebot@anthropic.com)" 
216.73.216.180 - - [21/Oct/2025:08:26:01 -0700] "GET /13662956?products=0011385803 HTTP/2.0" 404 109804 "-" "Mozilla/5.0 AppleWebKit/537.36 (KHTML, like Gecko; compatible; ClaudeBot/1.0; +claudebot@anthropic.com)" 
69.163.179.91 - - [21/Oct/2025:08:26:04 -0700] "POST /wp-cron.php?doing_wp_cron=1761060364.6674699783325195312500 HTTP/1.1" 200 3646 "-" "WordPress/6.8.3; https://www.elconferencista.com" 
216.73.216.180 - - [21/Oct/2025:08:26:04 -0700] "GET /13663464?products=0011386225 HTTP/2.0" 404 109813 "-" "Mozilla/5.0 AppleWebKit/537.36 (KHTML, like Gecko; compatible; ClaudeBot/1.0; +claudebot@anthropic.com)" 
195.2.71.225 - - [21/Oct/2025:08:26:27 -0700] "GET / HTTP/1.0" 200 162369 "https://www.elconferencista.com/" "Mozilla/5.0 (Windows NT 10.0; Win64; x64) AppleWebKit/537.36 (KHTML, like Gecko) Chrome/131.0.0.0 Safari/537.36" 
216.73.216.180 - - [21/Oct/2025:08:26:30 -0700] "GET /13667070?products=0011389232 HTTP/2.0" 404 109979 "-" "Mozilla/5.0 AppleWebKit/537.36 (KHTML, like Gecko; compatible; ClaudeBot/1.0; +claudebot@anthropic.com)" 
216.73.216.180 - - [21/Oct/2025:08:26:32 -0700] "GET /13662768?products=0011385645 HTTP/2.0" 404 109822 "-" "Mozilla/5.0 AppleWebKit/537.36 (KHTML, like Gecko; compatible; ClaudeBot/1.0; +claudebot@anthropic.com)" 
216.73.216.180 - - [21/Oct/2025:08:26:35 -0700] "GET /13663714?products=0011386434 HTTP/2.0" 404 109822 "-" "Mozilla/5.0 AppleWebKit/537.36 (KHTML, like Gecko; compatible; ClaudeBot/1.0; +claudebot@anthropic.com)" 
216.73.216.180 - - [21/Oct/2025:08:26:38 -0700] "GET /13665984?products=0011388325 HTTP/2.0" 404 109822 "-" "Mozilla/5.0 AppleWebKit/537.36 (KHTML, like Gecko; compatible; ClaudeBot/1.0; +claudebot@anthropic.com)" 
216.73.216.180 - - [21/Oct/2025:08:26:41 -0700] "GET /13663224?products=0011386025 HTTP/2.0" 404 109822 "-" "Mozilla/5.0 AppleWebKit/537.36 (KHTML, like Gecko; compatible; ClaudeBot/1.0; +claudebot@anthropic.com)" 
69.163.179.91 - - [21/Oct/2025:08:27:04 -0700] "POST /wp-cron.php?doing_wp_cron=1761060424.2386670112609863281250 HTTP/1.1" 200 3646 "-" "WordPress/6.8.3; https://www.elconferencista.com" 
216.73.216.180 - - [21/Oct/2025:08:27:03 -0700] "GET /13664904?products=0011387425 HTTP/2.0" 404 109979 "-" "Mozilla/5.0 AppleWebKit/537.36 (KHTML, like Gecko; compatible; ClaudeBot/1.0; +claudebot@anthropic.com)" 
216.73.216.180 - - [21/Oct/2025:08:27:06 -0700] "GET /13663662?products=0011386392 HTTP/2.0" 404 109822 "-" "Mozilla/5.0 AppleWebKit/537.36 (KHTML, like Gecko; compatible; ClaudeBot/1.0; +claudebot@anthropic.com)" 
195.2.71.225 - - [21/Oct/2025:08:27:08 -0700] "GET / HTTP/1.0" 200 162369 "https://www.elconferencista.com/" "Mozilla/5.0 (Windows NT 10.0; Win64; x64) AppleWebKit/537.36 (KHTML, like Gecko) Chrome/131.0.0.0 Safari/537.36" 
216.73.216.180 - - [21/Oct/2025:08:27:09 -0700] "GET /13666662?products=0011388892 HTTP/2.0" 404 109822 "-" "Mozilla/5.0 AppleWebKit/537.36 (KHTML, like Gecko; compatible; ClaudeBot/1.0; +claudebot@anthropic.com)" 
216.73.216.180 - - [21/Oct/2025:08:27:12 -0700] "GET /13666282?products=0011388574 HTTP/2.0" 404 109822 "-" "Mozilla/5.0 AppleWebKit/537.36 (KHTML, like Gecko; compatible; ClaudeBot/1.0; +claudebot@anthropic.com)" 
216.73.216.180 - - [21/Oct/2025:08:27:15 -0700] "GET /13664866?products=0011387394 HTTP/2.0" 404 109822 "-" "Mozilla/5.0 AppleWebKit/537.36 (KHTML, like Gecko; compatible; ClaudeBot/1.0; +claudebot@anthropic.com)" 
216.73.216.180 - - [21/Oct/2025:08:29:16 -0700] "GET /13666302?products=0011388592 HTTP/2.0" 404 109979 "-" "Mozilla/5.0 AppleWebKit/537.36 (KHTML, like Gecko; compatible; ClaudeBot/1.0; +claudebot@anthropic.com)" 
69.163.179.91 - - [21/Oct/2025:08:29:18 -0700] "POST /wp-cron.php?doing_wp_cron=1761060558.0001740455627441406250 HTTP/1.1" 200 3646 "-" "WordPress/6.8.3; https://www.elconferencista.com" 
216.73.216.180 - - [21/Oct/2025:08:29:21 -0700] "GET /13664266?products=0011386894 HTTP/2.0" 404 109822 "-" "Mozilla/5.0 AppleWebKit/537.36 (KHTML, like Gecko; compatible; ClaudeBot/1.0; +claudebot@anthropic.com)" 
216.73.216.180 - - [21/Oct/2025:08:29:24 -0700] "GET /13663642?products=0011386374 HTTP/2.0" 404 109822 "-" "Mozilla/5.0 AppleWebKit/537.36 (KHTML, like Gecko; compatible; ClaudeBot/1.0; +claudebot@anthropic.com)" 
216.73.216.180 - - [21/Oct/2025:08:29:27 -0700] "GET /13664976?products=0011387485 HTTP/2.0" 404 109822 "-" "Mozilla/5.0 AppleWebKit/537.36 (KHTML, like Gecko; compatible; ClaudeBot/1.0; +claudebot@anthropic.com)" 
216.73.216.180 - - [21/Oct/2025:08:29:30 -0700] "GET /13666134?products=0011388452 HTTP/2.0" 404 109822 "-" "Mozilla/5.0 AppleWebKit/537.36 (KHTML, like Gecko; compatible; ClaudeBot/1.0; +claudebot@anthropic.com)" 
216.73.216.180 - - [21/Oct/2025:08:29:49 -0700] "GET /13664818?products=0011387354 HTTP/2.0" 404 109979 "-" "Mozilla/5.0 AppleWebKit/537.36 (KHTML, like Gecko; compatible; ClaudeBot/1.0; +claudebot@anthropic.com)" 
216.73.216.180 - - [21/Oct/2025:08:29:52 -0700] "GET /13667454?products=0011389552 HTTP/2.0" 404 109813 "-" "Mozilla/5.0 AppleWebKit/537.36 (KHTML, like Gecko; compatible; ClaudeBot/1.0; +claudebot@anthropic.com)" 
216.73.216.180 - - [21/Oct/2025:08:29:55 -0700] "GET /13668174?products=0011390152 HTTP/2.0" 404 109813 "-" "Mozilla/5.0 AppleWebKit/537.36 (KHTML, like Gecko; compatible; ClaudeBot/1.0; +claudebot@anthropic.com)" 
216.73.216.180 - - [21/Oct/2025:08:29:58 -0700] "GET /13664454?products=0011387052 HTTP/2.0" 404 109822 "-" "Mozilla/5.0 AppleWebKit/537.36 (KHTML, like Gecko; compatible; ClaudeBot/1.0; +claudebot@anthropic.com)" 
216.73.216.180 - - [21/Oct/2025:08:30:01 -0700] "GET /13664708?products=0011387263 HTTP/2.0" 404 109822 "-" "Mozilla/5.0 AppleWebKit/537.36 (KHTML, like Gecko; compatible; ClaudeBot/1.0; +claudebot@anthropic.com)" 
164.132.74.133 - - [21/Oct/2025:08:31:00 -0700] "GET /wp-login.php HTTP/2.0" 429 351 "-" "Mozilla/5.0 (Windows NT 10.0; Win64; x64; rv:60.0) Gecko/20100101 Firefox/60.0" 
164.132.74.133 - - [21/Oct/2025:08:31:03 -0700] "POST /wp-login.php HTTP/2.0" 429 278 "https://www.elconferencista.com/wp-login.php" "Mozilla/5.0 (Windows NT 10.0; Win64; x64; rv:60.0) Gecko/20100101 Firefox/60.0" 
216.73.216.180 - - [21/Oct/2025:08:31:04 -0700] "GET /13667122?products=0011389274 HTTP/2.0" 404 109997 "-" "Mozilla/5.0 AppleWebKit/537.36 (KHTML, like Gecko; compatible; ClaudeBot/1.0; +claudebot@anthropic.com)" 
69.163.179.91 - - [21/Oct/2025:08:31:05 -0700] "POST /wp-cron.php?doing_wp_cron=1761060665.2016398906707763671875 HTTP/1.1" 200 3646 "-" "WordPress/6.8.3; https://www.elconferencista.com" 
216.73.216.180 - - [21/Oct/2025:08:31:07 -0700] "GET /13668164?products=0011390143 HTTP/2.0" 404 109822 "-" "Mozilla/5.0 AppleWebKit/537.36 (KHTML, like Gecko; compatible; ClaudeBot/1.0; +claudebot@anthropic.com)" 
216.73.216.180 - - [21/Oct/2025:08:31:10 -0700] "GET /13667190?products=0011389332 HTTP/2.0" 404 109822 "-" "Mozilla/5.0 AppleWebKit/537.36 (KHTML, like Gecko; compatible; ClaudeBot/1.0; +claudebot@anthropic.com)" 
216.73.216.180 - - [21/Oct/2025:08:31:13 -0700] "GET /13664506?products=0011387094 HTTP/2.0" 404 109831 "-" "Mozilla/5.0 AppleWebKit/537.36 (KHTML, like Gecko; compatible; ClaudeBot/1.0; +claudebot@anthropic.com)" 
216.73.216.180 - - [21/Oct/2025:08:31:16 -0700] "GET /13664612?products=0011387183 HTTP/2.0" 404 109822 "-" "Mozilla/5.0 AppleWebKit/537.36 (KHTML, like Gecko; compatible; ClaudeBot/1.0; +claudebot@anthropic.com)" 
195.2.71.225 - - [21/Oct/2025:08:32:00 -0700] "GET / HTTP/1.0" 200 162369 "https://www.elconferencista.com/" "Mozilla/5.0 (Windows NT 10.0; Win64; x64) AppleWebKit/537.36 (KHTML, like Gecko) Chrome/131.0.0.0 Safari/537.36 Avast/131.0.0.0" 
69.163.179.91 - - [21/Oct/2025:08:32:22 -0700] "POST /wp-cron.php?doing_wp_cron=1761060742.6429939270019531250000 HTTP/1.1" 200 3646 "-" "WordPress/6.8.3; https://www.elconferencista.com" 
216.73.216.180 - - [21/Oct/2025:08:32:22 -0700] "GET /13664290?products=0011386914 HTTP/2.0" 404 109979 "-" "Mozilla/5.0 AppleWebKit/537.36 (KHTML, like Gecko; compatible; ClaudeBot/1.0; +claudebot@anthropic.com)" 
216.73.216.180 - - [21/Oct/2025:08:32:24 -0700] "GET /13664670?products=0011387232 HTTP/2.0" 404 109822 "-" "Mozilla/5.0 AppleWebKit/537.36 (KHTML, like Gecko; compatible; ClaudeBot/1.0; +claudebot@anthropic.com)" 
216.73.216.180 - - [21/Oct/2025:08:32:27 -0700] "GET /13667502?products=0011389592 HTTP/2.0" 404 109813 "-" "Mozilla/5.0 AppleWebKit/537.36 (KHTML, like Gecko; compatible; ClaudeBot/1.0; +claudebot@anthropic.com)" 
216.73.216.180 - - [21/Oct/2025:08:32:30 -0700] "GET /13667472?products=0011389565 HTTP/2.0" 404 109822 "-" "Mozilla/5.0 AppleWebKit/537.36 (KHTML, like Gecko; compatible; ClaudeBot/1.0; +claudebot@anthropic.com)" 
216.73.216.180 - - [21/Oct/2025:08:32:33 -0700] "GET /13663494?products=0011386252 HTTP/2.0" 404 109822 "-" "Mozilla/5.0 AppleWebKit/537.36 (KHTML, like Gecko; compatible; ClaudeBot/1.0; +claudebot@anthropic.com)" 
195.2.71.225 - - [21/Oct/2025:08:32:57 -0700] "GET / HTTP/1.0" 200 162369 "https://www.elconferencista.com/" "Mozilla/5.0 (Windows NT 10.0; Win64; x64) AppleWebKit/537.36 (KHTML, like Gecko) Chrome/131.0.0.0 Safari/537.36" 
216.73.216.180 - - [21/Oct/2025:08:34:16 -0700] "GET /13665778?products=0011388154 HTTP/2.0" 404 109979 "-" "Mozilla/5.0 AppleWebKit/537.36 (KHTML, like Gecko; compatible; ClaudeBot/1.0; +claudebot@anthropic.com)" 
69.163.179.91 - - [21/Oct/2025:08:34:18 -0700] "POST /wp-cron.php?doing_wp_cron=1761060858.1279940605163574218750 HTTP/1.1" 200 3646 "-" "WordPress/6.8.3; https://www.elconferencista.com" 
216.73.216.180 - - [21/Oct/2025:08:34:22 -0700] "GET /13663518?products=0011386272 HTTP/2.0" 404 109822 "-" "Mozilla/5.0 AppleWebKit/537.36 (KHTML, like Gecko; compatible; ClaudeBot/1.0; +claudebot@anthropic.com)" 
216.73.216.180 - - [21/Oct/2025:08:34:25 -0700] "GET /13664982?products=0011387492 HTTP/2.0" 404 109822 "-" "Mozilla/5.0 AppleWebKit/537.36 (KHTML, like Gecko; compatible; ClaudeBot/1.0; +claudebot@anthropic.com)" 
216.73.216.180 - - [21/Oct/2025:08:34:28 -0700] "GET /13665294?products=0011387752 HTTP/2.0" 404 109822 "-" "Mozilla/5.0 AppleWebKit/537.36 (KHTML, like Gecko; compatible; ClaudeBot/1.0; +claudebot@anthropic.com)" 
216.73.216.180 - - [21/Oct/2025:08:34:31 -0700] "GET /13664012?products=0011386683 HTTP/2.0" 404 109822 "-" "Mozilla/5.0 AppleWebKit/537.36 (KHTML, like Gecko; compatible; ClaudeBot/1.0; +claudebot@anthropic.com)" 
69.163.179.91 - - [21/Oct/2025:08:35:14 -0700] "POST /wp-cron.php?doing_wp_cron=1761060914.4604609012603759765625 HTTP/1.1" 200 3646 "-" "WordPress/6.8.3; https://www.elconferencista.com" 
69.163.179.91 - - [21/Oct/2025:08:35:14 -0700] "POST /wp-cron.php?doing_wp_cron=1761060914.9380071163177490234375 HTTP/1.1" 200 3646 "-" "WordPress/6.8.3; https://www.elconferencista.com" 
216.73.216.180 - - [21/Oct/2025:08:35:13 -0700] "GET /13666374?products=0011388652 HTTP/2.0" 404 109979 "-" "Mozilla/5.0 AppleWebKit/537.36 (KHTML, like Gecko; compatible; ClaudeBot/1.0; +claudebot@anthropic.com)" 
216.73.216.180 - - [21/Oct/2025:08:35:16 -0700] "GET /13666998?products=0011389172 HTTP/2.0" 404 109822 "-" "Mozilla/5.0 AppleWebKit/537.36 (KHTML, like Gecko; compatible; ClaudeBot/1.0; +claudebot@anthropic.com)" 
216.73.216.180 - - [21/Oct/2025:08:35:19 -0700] "GET /13664190?products=0011386832 HTTP/2.0" 404 109822 "-" "Mozilla/5.0 AppleWebKit/537.36 (KHTML, like Gecko; compatible; ClaudeBot/1.0; +claudebot@anthropic.com)" 
216.73.216.180 - - [21/Oct/2025:08:35:22 -0700] "GET /13665192?products=0011387665 HTTP/2.0" 404 109813 "-" "Mozilla/5.0 AppleWebKit/537.36 (KHTML, like Gecko; compatible; ClaudeBot/1.0; +claudebot@anthropic.com)" 
216.73.216.180 - - [21/Oct/2025:08:35:25 -0700] "GET /13664938?products=0011387454 HTTP/2.0" 404 109822 "-" "Mozilla/5.0 AppleWebKit/537.36 (KHTML, like Gecko; compatible; ClaudeBot/1.0; +claudebot@anthropic.com)" 
14.234.129.211 - - [21/Oct/2025:08:35:58 -0700] "GET /sitemap.xml HTTP/1.1" 200 9417 "-" "cc_bot" 
69.163.179.91 - - [21/Oct/2025:08:36:08 -0700] "POST /wp-cron.php?doing_wp_cron=1761060968.5577590465545654296875 HTTP/1.1" 200 3646 "-" "WordPress/6.8.3; https://www.elconferencista.com" 
43.135.133.194 - - [21/Oct/2025:08:36:07 -0700] "GET / HTTP/1.1" 200 34806 "http://www.elconferencista.com" "Mozilla/5.0 (iPhone; CPU iPhone OS 13_2_3 like Mac OS X) AppleWebKit/605.1.15 (KHTML, like Gecko) Version/13.0.3 Mobile/15E148 Safari/604.1" 
216.73.216.180 - - [21/Oct/2025:08:36:16 -0700] "GET /13667136?products=0011389285 HTTP/2.0" 404 109979 "-" "Mozilla/5.0 AppleWebKit/537.36 (KHTML, like Gecko; compatible; ClaudeBot/1.0; +claudebot@anthropic.com)" 
216.73.216.180 - - [21/Oct/2025:08:36:18 -0700] "GET /13667262?products=0011389392 HTTP/2.0" 404 109813 "-" "Mozilla/5.0 AppleWebKit/537.36 (KHTML, like Gecko; compatible; ClaudeBot/1.0; +claudebot@anthropic.com)" 
216.73.216.180 - - [21/Oct/2025:08:36:21 -0700] "GET /13667232?products=0011389365 HTTP/2.0" 404 109813 "-" "Mozilla/5.0 AppleWebKit/537.36 (KHTML, like Gecko; compatible; ClaudeBot/1.0; +claudebot@anthropic.com)" 
216.73.216.180 - - [21/Oct/2025:08:36:24 -0700] "GET /13665456?products=0011387885 HTTP/2.0" 404 109822 "-" "Mozilla/5.0 AppleWebKit/537.36 (KHTML, like Gecko; compatible; ClaudeBot/1.0; +claudebot@anthropic.com)" 
216.73.216.180 - - [21/Oct/2025:08:36:27 -0700] "GET /13664616?products=0011387185 HTTP/2.0" 404 109822 "-" "Mozilla/5.0 AppleWebKit/537.36 (KHTML, like Gecko; compatible; ClaudeBot/1.0; +claudebot@anthropic.com)" 
216.73.216.180 - - [21/Oct/2025:08:38:00 -0700] "GET /13665130?products=0011387614 HTTP/2.0" 404 109979 "-" "Mozilla/5.0 AppleWebKit/537.36 (KHTML, like Gecko; compatible; ClaudeBot/1.0; +claudebot@anthropic.com)" 
69.163.179.91 - - [21/Oct/2025:08:38:01 -0700] "POST /wp-cron.php?doing_wp_cron=1761061081.7447049617767333984375 HTTP/1.1" 200 3646 "-" "WordPress/6.8.3; https://www.elconferencista.com" 
216.73.216.180 - - [21/Oct/2025:08:38:05 -0700] "GET /13667660?products=0011389723 HTTP/2.0" 404 109822 "-" "Mozilla/5.0 AppleWebKit/537.36 (KHTML, like Gecko; compatible; ClaudeBot/1.0; +claudebot@anthropic.com)" 
216.73.216.180 - - [21/Oct/2025:08:38:08 -0700] "GET /13666056?products=0011388385 HTTP/2.0" 404 109822 "-" "Mozilla/5.0 AppleWebKit/537.36 (KHTML, like Gecko; compatible; ClaudeBot/1.0; +claudebot@anthropic.com)" 
216.73.216.180 - - [21/Oct/2025:08:38:11 -0700] "GET /13667060?products=0011389223 HTTP/2.0" 404 109822 "-" "Mozilla/5.0 AppleWebKit/537.36 (KHTML, like Gecko; compatible; ClaudeBot/1.0; +claudebot@anthropic.com)" 
216.73.216.180 - - [21/Oct/2025:08:38:14 -0700] "GET /13663806?products=0011386512 HTTP/2.0" 404 109831 "-" "Mozilla/5.0 AppleWebKit/537.36 (KHTML, like Gecko; compatible; ClaudeBot/1.0; +claudebot@anthropic.com)" 
162.240.159.156 - - [21/Oct/2025:08:38:34 -0700] "GET /wp-login.php HTTP/2.0" 429 351 "-" "Mozilla/5.0 (Macintosh; Intel Mac OS X 10_11_6) AppleWebKit/604.1.38 (KHTML, like Gecko) Version/11.0 Safari/604.1.38" 
162.240.159.156 - - [21/Oct/2025:08:38:37 -0700] "POST /wp-login.php HTTP/2.0" 429 278 "https://www.elconferencista.com/wp-login.php" "Mozilla/5.0 (Macintosh; Intel Mac OS X 10_11_6) AppleWebKit/604.1.38 (KHTML, like Gecko) Version/11.0 Safari/604.1.38" 
216.73.216.180 - - [21/Oct/2025:08:38:38 -0700] "GET /13667496?products=0011389585 HTTP/2.0" 404 109979 "-" "Mozilla/5.0 AppleWebKit/537.36 (KHTML, like Gecko; compatible; ClaudeBot/1.0; +claudebot@anthropic.com)" 
216.73.216.180 - - [21/Oct/2025:08:38:40 -0700] "GET /13665822?products=0011388192 HTTP/2.0" 404 109822 "-" "Mozilla/5.0 AppleWebKit/537.36 (KHTML, like Gecko; compatible; ClaudeBot/1.0; +claudebot@anthropic.com)" 
