45.148.126.81 - - [21/Oct/2025:18:41:13 -0700] "POST /wp-login.php HTTP/1.1" 200 4310 "https://www.elconferencista.com/wp-login.php" "Mozilla/5.0 (Windows NT 10.0; Win64; x64) AppleWebKit/537.36 (KHTML, like Gecko) Chrome/115.0.0.0 Safari/537.36 Edg/115.0.1901.203" 
185.61.217.45 - - [21/Oct/2025:18:41:19 -0700] "GET /wp-login.php HTTP/1.1" 200 7182 "-" "Mozilla/5.0 (Windows NT 10.0; Win64; x64) AppleWebKit/537.36 (KHTML, like Gecko) Chrome/115.0.0.0 Safari/537.36 Edg/115.0.1901.203" 
130.49.10.220 - - [21/Oct/2025:18:41:19 -0700] "GET /wp-login.php HTTP/1.1" 200 7182 "-" "Mozilla/5.0 (Windows NT 10.0; Win64; x64) AppleWebKit/537.36 (KHTML, like Gecko) Chrome/115.0.0.0 Safari/537.36 Edg/115.0.1901.203" 
155.212.36.68 - - [21/Oct/2025:18:41:19 -0700] "GET /wp-login.php HTTP/1.1" 200 7182 "-" "Mozilla/5.0 (Windows NT 10.0; Win64; x64) AppleWebKit/537.36 (KHTML, like Gecko) Chrome/115.0.0.0 Safari/537.36 Edg/115.0.1901.203" 
45.140.206.58 - - [21/Oct/2025:18:41:19 -0700] "GET /wp-login.php HTTP/1.1" 200 7182 "-" "Mozilla/5.0 (Windows NT 10.0; Win64; x64) AppleWebKit/537.36 (KHTML, like Gecko) Chrome/115.0.0.0 Safari/537.36 Edg/115.0.1901.203" 
185.61.217.45 - - [21/Oct/2025:18:41:22 -0700] "POST /wp-login.php HTTP/1.1" 200 4311 "https://www.elconferencista.com/wp-login.php" "Mozilla/5.0 (Windows NT 10.0; Win64; x64) AppleWebKit/537.36 (KHTML, like Gecko) Chrome/115.0.0.0 Safari/537.36 Edg/115.0.1901.203" 
130.49.10.220 - - [21/Oct/2025:18:41:23 -0700] "POST /wp-login.php HTTP/1.1" 200 4311 "https://www.elconferencista.com/wp-login.php" "Mozilla/5.0 (Windows NT 10.0; Win64; x64) AppleWebKit/537.36 (KHTML, like Gecko) Chrome/115.0.0.0 Safari/537.36 Edg/115.0.1901.203" 
155.212.36.68 - - [21/Oct/2025:18:41:23 -0700] "POST /wp-login.php HTTP/1.1" 200 4290 "https://www.elconferencista.com/wp-login.php" "Mozilla/5.0 (Windows NT 10.0; Win64; x64) AppleWebKit/537.36 (KHTML, like Gecko) Chrome/115.0.0.0 Safari/537.36 Edg/115.0.1901.203" 
45.140.206.58 - - [21/Oct/2025:18:41:23 -0700] "POST /wp-login.php HTTP/1.1" 200 4336 "https://www.elconferencista.com/wp-login.php" "Mozilla/5.0 (Windows NT 10.0; Win64; x64) AppleWebKit/537.36 (KHTML, like Gecko) Chrome/115.0.0.0 Safari/537.36 Edg/115.0.1901.203" 
47.128.121.44 - - [21/Oct/2025:18:45:32 -0700] "GET /robots.txt HTTP/1.1" 200 3635 "-" "Mozilla/5.0 (Linux; Android 5.0) AppleWebKit/537.36 (KHTML, like Gecko) Mobile Safari/537.36 (compatible; Bytespider; spider-feedback@bytedance.com)" 
46.105.71.74 - - [21/Oct/2025:18:50:50 -0700] "POST /xmlrpc.php HTTP/2.0" 429 348 "https://www.elconferencista.com" "Mozilla/5.0 (Macintosh; Intel Mac OS X 13.3; rv:126.0) Gecko/20100101 Firefox/126.0" 
3.14.183.191 - - [21/Oct/2025:18:54:29 -0700] "GET /wp-login.php HTTP/2.0" 429 351 "-" "Mozilla/4.0 (compatible; MSIE 7.0; Windows NT 6.1; Trident/7.0; SLCC2; .NET CLR 2.0.50727; .NET CLR 3.5.30729; .NET CLR 3.0.30729; .NET4.0C; .NET4.0E)" 
3.14.183.191 - - [21/Oct/2025:18:54:29 -0700] "POST /wp-login.php HTTP/2.0" 429 255 "https://www.elconferencista.com/wp-login.php" "Mozilla/4.0 (compatible; MSIE 7.0; Windows NT 6.1; Trident/7.0; SLCC2; .NET CLR 2.0.50727; .NET CLR 3.5.30729; .NET CLR 3.0.30729; .NET4.0C; .NET4.0E)" 
37.27.52.80 - - [21/Oct/2025:19:03:19 -0700] "POST /xmlrpc.php HTTP/2.0" 429 348 "https://www.elconferencista.com" "Mozilla/5.0 (Macintosh; Intel Mac OS X 10_15_7; rv:129.0) Gecko/20100101 Firefox/129.0" 
110.249.201.109 - - [21/Oct/2025:19:12:32 -0700] "GET /robots.txt HTTP/1.1" 200 3635 "-" "Mozilla/5.0 (Linux; Android 5.0) AppleWebKit/537.36 (KHTML, like Gecko) Mobile Safari/537.36 (compatible; Bytespider; https://zhanzhang.toutiao.com/)" 
66.249.73.165 - - [21/Oct/2025:19:13:25 -0700] "GET /?products=200694 HTTP/1.1" 200 25481 "-" "Mozilla/5.0 (Linux; Android 6.0.1; Nexus 5X Build/MMB29P) AppleWebKit/537.36 (KHTML, like Gecko) Chrome/141.0.7390.107 Mobile Safari/537.36 (compatible; Googlebot/2.1; +http://www.google.com/bot.html)" 
173.252.95.113 - - [21/Oct/2025:19:18:32 -0700] "GET /robots.txt HTTP/2.0" 206 271 "-" "facebookexternalhit/1.1 (+http://www.facebook.com/externalhit_uatext.php)" 
57.141.6.73 - - [21/Oct/2025:19:18:33 -0700] "GET /sitemap.xml HTTP/2.0" 429 351 "-" "meta-externalagent/1.1 (+https://developers.facebook.com/docs/sharing/webmasters/crawler)" 
66.249.73.166 - - [21/Oct/2025:19:18:34 -0700] "GET /?products=211618 HTTP/1.1" 200 24553 "-" "Mozilla/5.0 (Linux; Android 6.0.1; Nexus 5X Build/MMB29P) AppleWebKit/537.36 (KHTML, like Gecko) Chrome/141.0.7390.107 Mobile Safari/537.36 (compatible; Googlebot/2.1; +http://www.google.com/bot.html)" 
112.35.70.139 - - [21/Oct/2025:19:29:39 -0700] "GET /feed/ HTTP/2.0" 429 348 "http://www.elconferencista.com/feed/" "Go-http-client/2.0" 
69.163.179.91 - - [21/Oct/2025:19:29:55 -0700] "POST /wp-cron.php?doing_wp_cron=1761100195.2579069137573242187500 HTTP/1.1" 200 3646 "-" "WordPress/6.8.3; https://www.elconferencista.com" 
69.163.179.91 - - [21/Oct/2025:19:29:56 -0700] "POST /wp-cron.php?doing_wp_cron=1761100196.2896070480346679687500 HTTP/1.1" 200 3646 "-" "WordPress/6.8.3; https://www.elconferencista.com" 
180.102.110.143 - - [21/Oct/2025:19:29:53 -0700] "GET / HTTP/1.1" 200 34843 "-" "Sogou web spider/4.0(+http://www.sogou.com/docs/help/webmasters.htm#07)" 
3.14.183.191 - - [21/Oct/2025:19:30:28 -0700] "GET /wp-login.php HTTP/2.0" 429 351 "-" "Mozilla/5.0 (MSIE 9.0; Windows NT 6.1; WOW64; Trident/7.0; rv:11.0) like Gecko" 
3.14.183.191 - - [21/Oct/2025:19:30:28 -0700] "POST /wp-login.php HTTP/2.0" 429 255 "https://www.elconferencista.com/wp-login.php" "Mozilla/5.0 (MSIE 9.0; Windows NT 6.1; WOW64; Trident/7.0; rv:11.0) like Gecko" 
66.249.73.167 - - [21/Oct/2025:19:34:52 -0700] "GET /?products=212598 HTTP/1.1" 200 25238 "-" "Mozilla/5.0 (Linux; Android 6.0.1; Nexus 5X Build/MMB29P) AppleWebKit/537.36 (KHTML, like Gecko) Chrome/141.0.7390.107 Mobile Safari/537.36 (compatible; Googlebot/2.1; +http://www.google.com/bot.html)" 
15.235.98.146 - - [21/Oct/2025:19:37:57 -0700] "GET /wp-content/plugins/elementor/assets/css/widget-divider.min.css?ver=3.32.5 HTTP/2.0" 200 958 "-" "Mozilla/5.0 (compatible; AhrefsBot/7.0; +http://ahrefs.com/robot/)" 
148.113.130.59 - - [21/Oct/2025:19:37:59 -0700] "GET /wp-content/uploads/elementor/css/post-295.css?ver=1761096107 HTTP/2.0" 200 1876 "-" "Mozilla/5.0 (compatible; AhrefsBot/7.0; +http://ahrefs.com/robot/)" 
15.235.98.37 - - [21/Oct/2025:19:38:10 -0700] "GET /sitemap.xml HTTP/2.0" 200 5785 "-" "Mozilla/5.0 (compatible; AhrefsBot/7.0; +http://ahrefs.com/robot/)" 
164.132.74.135 - - [21/Oct/2025:19:41:41 -0700] "GET /wp-login.php HTTP/2.0" 429 351 "-" "Mozilla/5.0 (Windows NT 10.0; WOW64; Trident/7.0; MANM; rv:11.0) like Gecko" 
164.132.74.135 - - [21/Oct/2025:19:42:05 -0700] "POST /wp-login.php HTTP/2.0" 429 351 "https://www.elconferencista.com/wp-login.php" "Mozilla/5.0 (Windows NT 10.0; WOW64; Trident/7.0; MANM; rv:11.0) like Gecko" 
173.252.70.114 - - [21/Oct/2025:19:44:00 -0700] "GET /robots.txt HTTP/2.0" 206 271 "-" "facebookexternalhit/1.1 (+http://www.facebook.com/externalhit_uatext.php)" 
163.223.13.96 - - [21/Oct/2025:19:53:05 -0700] "GET /wp-login.php HTTP/2.0" 429 351 "-" "Mozilla/5.0 (Windows NT 6.1) AppleWebKit/537.36 (KHTML, like Gecko) Chrome/65.0.3325.146 Safari/537.36" 
163.223.13.96 - - [21/Oct/2025:19:53:06 -0700] "POST /wp-login.php HTTP/2.0" 429 278 "https://www.elconferencista.com/wp-login.php" "Mozilla/5.0 (Windows NT 6.1) AppleWebKit/537.36 (KHTML, like Gecko) Chrome/65.0.3325.146 Safari/537.36" 
66.249.73.166 - - [21/Oct/2025:19:53:59 -0700] "GET /?products=212564 HTTP/1.1" 200 29368 "-" "Mozilla/5.0 (Linux; Android 6.0.1; Nexus 5X Build/MMB29P) AppleWebKit/537.36 (KHTML, like Gecko) Chrome/141.0.7390.107 Mobile Safari/537.36 (compatible; Googlebot/2.1; +http://www.google.com/bot.html)" 
4.43.184.114 - - [21/Oct/2025:19:55:50 -0700] "GET / HTTP/1.0" 421 2900 "-" "Mozilla/5.0 (Windows; U; Windows NT 6.0; en-US) AppleWebKit/534.16 (KHTML, like Gecko) Chrome/10.0.648.151 Safari/534.16" 
216.73.216.180 - - [21/Oct/2025:19:56:15 -0700] "GET /robots.txt HTTP/2.0" 200 278 "-" "Mozilla/5.0 AppleWebKit/537.36 (KHTML, like Gecko; compatible; ClaudeBot/1.0; +claudebot@anthropic.com)" 
216.73.216.180 - - [21/Oct/2025:19:56:15 -0700] "GET /6394800?products=0005329005 HTTP/2.0" 404 109968 "-" "Mozilla/5.0 AppleWebKit/537.36 (KHTML, like Gecko; compatible; ClaudeBot/1.0; +claudebot@anthropic.com)" 
69.163.179.91 - - [21/Oct/2025:19:56:17 -0700] "POST /wp-cron.php?doing_wp_cron=1761101777.5062780380249023437500 HTTP/1.1" 200 3646 "-" "WordPress/6.8.3; https://www.elconferencista.com" 
216.73.216.180 - - [21/Oct/2025:19:56:21 -0700] "GET /6396212?products=0005330183 HTTP/2.0" 404 109822 "-" "Mozilla/5.0 AppleWebKit/537.36 (KHTML, like Gecko; compatible; ClaudeBot/1.0; +claudebot@anthropic.com)" 
216.73.216.180 - - [21/Oct/2025:19:56:24 -0700] "GET /6397734?products=0005331452 HTTP/2.0" 404 109813 "-" "Mozilla/5.0 AppleWebKit/537.36 (KHTML, like Gecko; compatible; ClaudeBot/1.0; +claudebot@anthropic.com)" 
216.73.216.180 - - [21/Oct/2025:19:56:27 -0700] "GET /6395190?products=0005329332 HTTP/2.0" 404 109822 "-" "Mozilla/5.0 AppleWebKit/537.36 (KHTML, like Gecko; compatible; ClaudeBot/1.0; +claudebot@anthropic.com)" 
69.163.179.91 - - [21/Oct/2025:19:57:12 -0700] "POST /wp-cron.php?doing_wp_cron=1761101832.3103981018066406250000 HTTP/1.1" 200 3646 "-" "WordPress/6.8.3; https://www.elconferencista.com" 
216.73.216.180 - - [21/Oct/2025:19:57:11 -0700] "GET /6395348?products=0005329463 HTTP/2.0" 404 109997 "-" "Mozilla/5.0 AppleWebKit/537.36 (KHTML, like Gecko; compatible; ClaudeBot/1.0; +claudebot@anthropic.com)" 
216.73.216.180 - - [21/Oct/2025:19:57:14 -0700] "GET /6397388?products=0005331163 HTTP/2.0" 404 109822 "-" "Mozilla/5.0 AppleWebKit/537.36 (KHTML, like Gecko; compatible; ClaudeBot/1.0; +claudebot@anthropic.com)" 
216.73.216.180 - - [21/Oct/2025:19:57:17 -0700] "GET /6396682?products=0005330574 HTTP/2.0" 404 109822 "-" "Mozilla/5.0 AppleWebKit/537.36 (KHTML, like Gecko; compatible; ClaudeBot/1.0; +claudebot@anthropic.com)" 
216.73.216.180 - - [21/Oct/2025:19:57:20 -0700] "GET /6397992?products=0005331665 HTTP/2.0" 404 109822 "-" "Mozilla/5.0 AppleWebKit/537.36 (KHTML, like Gecko; compatible; ClaudeBot/1.0; +claudebot@anthropic.com)" 
216.73.216.180 - - [21/Oct/2025:19:57:37 -0700] "GET /6398448?products=0005332045 HTTP/2.0" 404 109997 "-" "Mozilla/5.0 AppleWebKit/537.36 (KHTML, like Gecko; compatible; ClaudeBot/1.0; +claudebot@anthropic.com)" 
216.73.216.180 - - [21/Oct/2025:19:57:40 -0700] "GET /6397038?products=0005330872 HTTP/2.0" 404 109813 "-" "Mozilla/5.0 AppleWebKit/537.36 (KHTML, like Gecko; compatible; ClaudeBot/1.0; +claudebot@anthropic.com)" 
216.73.216.180 - - [21/Oct/2025:19:57:43 -0700] "GET /6396778?products=0005330654 HTTP/2.0" 404 109822 "-" "Mozilla/5.0 AppleWebKit/537.36 (KHTML, like Gecko; compatible; ClaudeBot/1.0; +claudebot@anthropic.com)" 
216.73.216.180 - - [21/Oct/2025:19:57:46 -0700] "GET /6395252?products=0005329383 HTTP/2.0" 404 109822 "-" "Mozilla/5.0 AppleWebKit/537.36 (KHTML, like Gecko; compatible; ClaudeBot/1.0; +claudebot@anthropic.com)" 
216.73.216.180 - - [21/Oct/2025:19:59:29 -0700] "GET /6395180?products=0005329323 HTTP/2.0" 404 109997 "-" "Mozilla/5.0 AppleWebKit/537.36 (KHTML, like Gecko; compatible; ClaudeBot/1.0; +claudebot@anthropic.com)" 
69.163.179.91 - - [21/Oct/2025:19:59:31 -0700] "POST /wp-cron.php?doing_wp_cron=1761101971.1621410846710205078125 HTTP/1.1" 200 3646 "-" "WordPress/6.8.3; https://www.elconferencista.com" 
216.73.216.180 - - [21/Oct/2025:19:59:35 -0700] "GET /6394388?products=0005328663 HTTP/2.0" 404 109822 "-" "Mozilla/5.0 AppleWebKit/537.36 (KHTML, like Gecko; compatible; ClaudeBot/1.0; +claudebot@anthropic.com)" 
216.73.216.180 - - [21/Oct/2025:19:59:38 -0700] "GET /6395544?products=0005329625 HTTP/2.0" 404 109822 "-" "Mozilla/5.0 AppleWebKit/537.36 (KHTML, like Gecko; compatible; ClaudeBot/1.0; +claudebot@anthropic.com)" 
216.73.216.180 - - [21/Oct/2025:19:59:41 -0700] "GET /6398626?products=0005332194 HTTP/2.0" 404 109822 "-" "Mozilla/5.0 AppleWebKit/537.36 (KHTML, like Gecko; compatible; ClaudeBot/1.0; +claudebot@anthropic.com)" 
216.73.216.180 - - [21/Oct/2025:19:59:48 -0700] "GET /6398276?products=0005331903 HTTP/2.0" 404 109979 "-" "Mozilla/5.0 AppleWebKit/537.36 (KHTML, like Gecko; compatible; ClaudeBot/1.0; +claudebot@anthropic.com)" 
216.73.216.180 - - [21/Oct/2025:19:59:51 -0700] "GET /6398982?products=0005332492 HTTP/2.0" 404 109813 "-" "Mozilla/5.0 AppleWebKit/537.36 (KHTML, like Gecko; compatible; ClaudeBot/1.0; +claudebot@anthropic.com)" 
216.73.216.180 - - [21/Oct/2025:19:59:54 -0700] "GET /6395262?products=0005329392 HTTP/2.0" 404 109822 "-" "Mozilla/5.0 AppleWebKit/537.36 (KHTML, like Gecko; compatible; ClaudeBot/1.0; +claudebot@anthropic.com)" 
216.73.216.180 - - [21/Oct/2025:19:59:57 -0700] "GET /6395496?products=0005329585 HTTP/2.0" 404 109822 "-" "Mozilla/5.0 AppleWebKit/537.36 (KHTML, like Gecko; compatible; ClaudeBot/1.0; +claudebot@anthropic.com)" 
5.180.252.164 - - [21/Oct/2025:20:01:12 -0700] "GET /wp-login.php HTTP/2.0" 429 351 "-" "Mozilla/5.0 (Windows NT 6.1; WOW64; Trident/7.0; MASN; rv:11.0) like Gecko" 
5.180.252.164 - - [21/Oct/2025:20:01:15 -0700] "POST /wp-login.php HTTP/2.0" 429 278 "https://www.elconferencista.com/wp-login.php" "Mozilla/5.0 (Windows NT 6.1; WOW64; Trident/7.0; MASN; rv:11.0) like Gecko" 
216.73.216.180 - - [21/Oct/2025:20:01:23 -0700] "GET /6398304?products=0005331925 HTTP/2.0" 404 109997 "-" "Mozilla/5.0 AppleWebKit/537.36 (KHTML, like Gecko; compatible; ClaudeBot/1.0; +claudebot@anthropic.com)" 
69.163.179.91 - - [21/Oct/2025:20:01:24 -0700] "POST /wp-cron.php?doing_wp_cron=1761102084.8702309131622314453125 HTTP/1.1" 200 3646 "-" "WordPress/6.8.3; https://www.elconferencista.com" 
216.73.216.180 - - [21/Oct/2025:20:01:28 -0700] "GET /6398962?products=0005332474 HTTP/2.0" 404 109813 "-" "Mozilla/5.0 AppleWebKit/537.36 (KHTML, like Gecko; compatible; ClaudeBot/1.0; +claudebot@anthropic.com)" 
216.73.216.180 - - [21/Oct/2025:20:01:31 -0700] "GET /6395228?products=0005329363 HTTP/2.0" 404 109822 "-" "Mozilla/5.0 AppleWebKit/537.36 (KHTML, like Gecko; compatible; ClaudeBot/1.0; +claudebot@anthropic.com)" 
216.73.216.180 - - [21/Oct/2025:20:01:43 -0700] "GET /6398016?products=0005331685 HTTP/2.0" 404 109979 "-" "Mozilla/5.0 AppleWebKit/537.36 (KHTML, like Gecko; compatible; ClaudeBot/1.0; +claudebot@anthropic.com)" 
216.73.216.180 - - [21/Oct/2025:20:01:46 -0700] "GET /6398722?products=0005332274 HTTP/2.0" 404 109822 "-" "Mozilla/5.0 AppleWebKit/537.36 (KHTML, like Gecko; compatible; ClaudeBot/1.0; +claudebot@anthropic.com)" 
15.235.98.188 - - [21/Oct/2025:20:01:48 -0700] "GET /wp-sitemap.xml HTTP/2.0" 200 5775 "-" "Mozilla/5.0 (compatible; AhrefsBot/7.0; +http://ahrefs.com/robot/)" 
216.73.216.180 - - [21/Oct/2025:20:01:49 -0700] "GET /6395266?products=0005329394 HTTP/2.0" 404 109822 "-" "Mozilla/5.0 AppleWebKit/537.36 (KHTML, like Gecko; compatible; ClaudeBot/1.0; +claudebot@anthropic.com)" 
69.163.179.91 - - [21/Oct/2025:20:02:31 -0700] "POST /wp-cron.php?doing_wp_cron=1761102151.9484829902648925781250 HTTP/1.1" 200 3646 "-" "WordPress/6.8.3; https://www.elconferencista.com" 
216.73.216.180 - - [21/Oct/2025:20:02:31 -0700] "GET /6398190?products=0005331832 HTTP/2.0" 404 109979 "-" "Mozilla/5.0 AppleWebKit/537.36 (KHTML, like Gecko; compatible; ClaudeBot/1.0; +claudebot@anthropic.com)" 
216.73.216.180 - - [21/Oct/2025:20:02:34 -0700] "GET /6398256?products=0005331885 HTTP/2.0" 404 109822 "-" "Mozilla/5.0 AppleWebKit/537.36 (KHTML, like Gecko; compatible; ClaudeBot/1.0; +claudebot@anthropic.com)" 
216.73.216.180 - - [21/Oct/2025:20:02:37 -0700] "GET /6399226?products=0005332694 HTTP/2.0" 404 109822 "-" "Mozilla/5.0 AppleWebKit/537.36 (KHTML, like Gecko; compatible; ClaudeBot/1.0; +claudebot@anthropic.com)" 
216.73.216.180 - - [21/Oct/2025:20:04:05 -0700] "GET /6398334?products=0005331952 HTTP/2.0" 404 109997 "-" "Mozilla/5.0 AppleWebKit/537.36 (KHTML, like Gecko; compatible; ClaudeBot/1.0; +claudebot@anthropic.com)" 
69.163.179.91 - - [21/Oct/2025:20:04:07 -0700] "POST /wp-cron.php?doing_wp_cron=1761102247.3831899166107177734375 HTTP/1.1" 200 3646 "-" "WordPress/6.8.3; https://www.elconferencista.com" 
216.73.216.180 - - [21/Oct/2025:20:04:11 -0700] "GET /6395684?products=0005329743 HTTP/2.0" 404 109822 "-" "Mozilla/5.0 AppleWebKit/537.36 (KHTML, like Gecko; compatible; ClaudeBot/1.0; +claudebot@anthropic.com)" 
216.73.216.180 - - [21/Oct/2025:20:04:14 -0700] "GET /6398688?products=0005332245 HTTP/2.0" 404 109813 "-" "Mozilla/5.0 AppleWebKit/537.36 (KHTML, like Gecko; compatible; ClaudeBot/1.0; +claudebot@anthropic.com)" 
216.73.216.180 - - [21/Oct/2025:20:04:43 -0700] "GET /6396346?products=0005330294 HTTP/2.0" 404 109988 "-" "Mozilla/5.0 AppleWebKit/537.36 (KHTML, like Gecko; compatible; ClaudeBot/1.0; +claudebot@anthropic.com)" 
216.73.216.180 - - [21/Oct/2025:20:04:46 -0700] "GET /6397282?products=0005331074 HTTP/2.0" 404 109813 "-" "Mozilla/5.0 AppleWebKit/537.36 (KHTML, like Gecko; compatible; ClaudeBot/1.0; +claudebot@anthropic.com)" 
216.73.216.180 - - [21/Oct/2025:20:04:49 -0700] "GET /6395756?products=0005329803 HTTP/2.0" 404 109822 "-" "Mozilla/5.0 AppleWebKit/537.36 (KHTML, like Gecko; compatible; ClaudeBot/1.0; +claudebot@anthropic.com)" 
216.73.216.180 - - [21/Oct/2025:20:05:29 -0700] "GET /6397230?products=0005331032 HTTP/2.0" 404 109997 "-" "Mozilla/5.0 AppleWebKit/537.36 (KHTML, like Gecko; compatible; ClaudeBot/1.0; +claudebot@anthropic.com)" 
69.163.179.91 - - [21/Oct/2025:20:05:30 -0700] "POST /wp-cron.php?doing_wp_cron=1761102330.4685928821563720703125 HTTP/1.1" 200 3646 "-" "WordPress/6.8.3; https://www.elconferencista.com" 
216.73.216.180 - - [21/Oct/2025:20:05:32 -0700] "GET /6398352?products=0005331965 HTTP/2.0" 404 109822 "-" "Mozilla/5.0 AppleWebKit/537.36 (KHTML, like Gecko; compatible; ClaudeBot/1.0; +claudebot@anthropic.com)" 
216.73.216.180 - - [21/Oct/2025:20:05:35 -0700] "GET /6397402?products=0005331174 HTTP/2.0" 404 109813 "-" "Mozilla/5.0 AppleWebKit/537.36 (KHTML, like Gecko; compatible; ClaudeBot/1.0; +claudebot@anthropic.com)" 
216.73.216.180 - - [21/Oct/2025:20:07:12 -0700] "GET /6395232?products=0005329365 HTTP/2.0" 404 109997 "-" "Mozilla/5.0 AppleWebKit/537.36 (KHTML, like Gecko; compatible; ClaudeBot/1.0; +claudebot@anthropic.com)" 
69.163.179.91 - - [21/Oct/2025:20:07:14 -0700] "POST /wp-cron.php?doing_wp_cron=1761102434.4736039638519287109375 HTTP/1.1" 200 3646 "-" "WordPress/6.8.3; https://www.elconferencista.com" 
216.73.216.180 - - [21/Oct/2025:20:07:18 -0700] "GET /6399116?products=0005332603 HTTP/2.0" 404 109822 "-" "Mozilla/5.0 AppleWebKit/537.36 (KHTML, like Gecko; compatible; ClaudeBot/1.0; +claudebot@anthropic.com)" 
216.73.216.180 - - [21/Oct/2025:20:07:21 -0700] "GET /6399192?products=0005332665 HTTP/2.0" 404 109822 "-" "Mozilla/5.0 AppleWebKit/537.36 (KHTML, like Gecko; compatible; ClaudeBot/1.0; +claudebot@anthropic.com)" 
216.73.216.180 - - [21/Oct/2025:20:07:40 -0700] "GET /6398180?products=0005331823 HTTP/2.0" 404 109997 "-" "Mozilla/5.0 AppleWebKit/537.36 (KHTML, like Gecko; compatible; ClaudeBot/1.0; +claudebot@anthropic.com)" 
216.73.216.180 - - [21/Oct/2025:20:07:42 -0700] "GET /6396106?products=0005330094 HTTP/2.0" 404 109813 "-" "Mozilla/5.0 AppleWebKit/537.36 (KHTML, like Gecko; compatible; ClaudeBot/1.0; +claudebot@anthropic.com)" 
216.73.216.180 - - [21/Oct/2025:20:07:45 -0700] "GET /6397474?products=0005331234 HTTP/2.0" 404 109822 "-" "Mozilla/5.0 AppleWebKit/537.36 (KHTML, like Gecko; compatible; ClaudeBot/1.0; +claudebot@anthropic.com)" 
216.73.216.180 - - [21/Oct/2025:20:09:04 -0700] "GET /6398396?products=0005332003 HTTP/2.0" 404 109979 "-" "Mozilla/5.0 AppleWebKit/537.36 (KHTML, like Gecko; compatible; ClaudeBot/1.0; +claudebot@anthropic.com)" 
69.163.179.91 - - [21/Oct/2025:20:09:05 -0700] "POST /wp-cron.php?doing_wp_cron=1761102545.2672700881958007812500 HTTP/1.1" 200 3646 "-" "WordPress/6.8.3; https://www.elconferencista.com" 
216.73.216.180 - - [21/Oct/2025:20:09:06 -0700] "GET /6398348?products=0005331963 HTTP/2.0" 404 109822 "-" "Mozilla/5.0 AppleWebKit/537.36 (KHTML, like Gecko; compatible; ClaudeBot/1.0; +claudebot@anthropic.com)" 
216.73.216.180 - - [21/Oct/2025:20:09:09 -0700] "GET /6395242?products=0005329374 HTTP/2.0" 404 109822 "-" "Mozilla/5.0 AppleWebKit/537.36 (KHTML, like Gecko; compatible; ClaudeBot/1.0; +claudebot@anthropic.com)" 
112.86.225.188 - - [21/Oct/2025:20:09:30 -0700] "GET / HTTP/1.1" 200 34843 "-" "Sogou web spider/4.0(+http://www.sogou.com/docs/help/webmasters.htm#07)" 
69.163.179.91 - - [21/Oct/2025:20:10:06 -0700] "POST /wp-cron.php?doing_wp_cron=1761102606.1348609924316406250000 HTTP/1.1" 200 3646 "-" "WordPress/6.8.3; https://www.elconferencista.com" 
216.73.216.180 - - [21/Oct/2025:20:10:05 -0700] "GET /6399048?products=0005332545 HTTP/2.0" 404 109988 "-" "Mozilla/5.0 AppleWebKit/537.36 (KHTML, like Gecko; compatible; ClaudeBot/1.0; +claudebot@anthropic.com)" 
216.73.216.180 - - [21/Oct/2025:20:10:08 -0700] "GET /6397196?products=0005331003 HTTP/2.0" 404 109822 "-" "Mozilla/5.0 AppleWebKit/537.36 (KHTML, like Gecko; compatible; ClaudeBot/1.0; +claudebot@anthropic.com)" 
216.73.216.180 - - [21/Oct/2025:20:10:43 -0700] "GET /6396432?products=0005330365 HTTP/2.0" 404 109997 "-" "Mozilla/5.0 AppleWebKit/537.36 (KHTML, like Gecko; compatible; ClaudeBot/1.0; +claudebot@anthropic.com)" 
216.73.216.180 - - [21/Oct/2025:20:13:19 -0700] "GET /6395022?products=0005329192 HTTP/2.0" 404 109997 "-" "Mozilla/5.0 AppleWebKit/537.36 (KHTML, like Gecko; compatible; ClaudeBot/1.0; +claudebot@anthropic.com)" 
69.163.179.91 - - [21/Oct/2025:20:13:20 -0700] "POST /wp-cron.php?doing_wp_cron=1761102800.8937170505523681640625 HTTP/1.1" 200 3646 "-" "WordPress/6.8.3; https://www.elconferencista.com" 
161.132.40.223 - - [21/Oct/2025:20:15:06 -0700] "POST /xmlrpc.php HTTP/2.0" 429 348 "https://www.elconferencista.com" "Mozilla/5.0 (Windows NT 10.0; Win64; x64; rv:126.0) Gecko/20100101 Firefox/126.0" 
66.249.73.166 - - [21/Oct/2025:20:17:31 -0700] "GET /?products=200780 HTTP/1.1" 200 25597 "-" "Mozilla/5.0 (Linux; Android 6.0.1; Nexus 5X Build/MMB29P) AppleWebKit/537.36 (KHTML, like Gecko) Chrome/141.0.7390.107 Mobile Safari/537.36 (compatible; Googlebot/2.1; +http://www.google.com/bot.html)" 
216.73.216.180 - - [21/Oct/2025:20:18:38 -0700] "GET /6395108?products=0005329263 HTTP/2.0" 404 109979 "-" "Mozilla/5.0 AppleWebKit/537.36 (KHTML, like Gecko; compatible; ClaudeBot/1.0; +claudebot@anthropic.com)" 
69.163.179.91 - - [21/Oct/2025:20:18:40 -0700] "POST /wp-cron.php?doing_wp_cron=1761103120.2974939346313476562500 HTTP/1.1" 200 3646 "-" "WordPress/6.8.3; https://www.elconferencista.com" 
216.73.216.180 - - [21/Oct/2025:20:21:31 -0700] "GET /6395276?products=0005329403 HTTP/2.0" 404 109979 "-" "Mozilla/5.0 AppleWebKit/537.36 (KHTML, like Gecko; compatible; ClaudeBot/1.0; +claudebot@anthropic.com)" 
69.163.179.91 - - [21/Oct/2025:20:21:32 -0700] "POST /wp-cron.php?doing_wp_cron=1761103292.7891700267791748046875 HTTP/1.1" 200 3646 "-" "WordPress/6.8.3; https://www.elconferencista.com" 
84.247.151.78 - - [21/Oct/2025:20:22:26 -0700] "GET /wp-login.php HTTP/2.0" 429 351 "-" "Mozilla/5.0 (Windows NT 6.3; WOW64) AppleWebKit/537.36 (KHTML, like Gecko) Chrome/65.0.3325.181 Safari/537.36" 
69.163.179.91 - - [21/Oct/2025:20:22:52 -0700] "POST /wp-cron.php?doing_wp_cron=1761103372.2420959472656250000000 HTTP/1.1" 200 3646 "-" "WordPress/6.8.3; https://www.elconferencista.com" 
216.73.216.180 - - [21/Oct/2025:20:22:51 -0700] "GET /6396442?products=0005330374 HTTP/2.0" 404 109997 "-" "Mozilla/5.0 AppleWebKit/537.36 (KHTML, like Gecko; compatible; ClaudeBot/1.0; +claudebot@anthropic.com)" 
84.247.151.78 - - [21/Oct/2025:20:22:53 -0700] "POST /wp-login.php HTTP/2.0" 429 351 "https://www.elconferencista.com/wp-login.php" "Mozilla/5.0 (Windows NT 6.3; WOW64) AppleWebKit/537.36 (KHTML, like Gecko) Chrome/65.0.3325.181 Safari/537.36" 
216.73.216.180 - - [21/Oct/2025:20:22:54 -0700] "GET /6395458?products=0005329554 HTTP/2.0" 404 109822 "-" "Mozilla/5.0 AppleWebKit/537.36 (KHTML, like Gecko; compatible; ClaudeBot/1.0; +claudebot@anthropic.com)" 
69.163.179.91 - - [21/Oct/2025:20:23:22 -0700] "POST /wp-cron.php?doing_wp_cron=1761103402.2580480575561523437500 HTTP/1.1" 200 3646 "-" "WordPress/6.8.3; https://www.elconferencista.com" 
15.235.98.155 - - [21/Oct/2025:20:23:21 -0700] "GET /conferencias-edner/13-conferencias-para-mujeres-de-mi-para-mi/ HTTP/2.0" 200 24360 "-" "Mozilla/5.0 (compatible; AhrefsBot/7.0; +http://ahrefs.com/robot/)" 
65.109.99.134 - - [21/Oct/2025:20:23:52 -0700] "POST /xmlrpc.php HTTP/2.0" 429 348 "https://www.elconferencista.com" "Mozilla/5.0 (Windows NT 10.0; Win64; x64) AppleWebKit/537.36 (KHTML, like Gecko) Chrome/115.0.5790.171 Safari/537.36 Edg/115.0.1901.203" 
199.16.157.182 - - [21/Oct/2025:20:24:16 -0700] "GET /robots.txt HTTP/1.1" 200 3556 "-" "Twitterbot/1.0" 
216.73.216.180 - - [21/Oct/2025:20:24:17 -0700] "GET /6395900?products=0005329923 HTTP/2.0" 404 109997 "-" "Mozilla/5.0 AppleWebKit/537.36 (KHTML, like Gecko; compatible; ClaudeBot/1.0; +claudebot@anthropic.com)" 
199.16.157.182 - - [21/Oct/2025:20:24:16 -0700] "GET / HTTP/1.1" 200 31502 "-" "Twitterbot/1.0" 
69.163.179.91 - - [21/Oct/2025:20:24:17 -0700] "POST /wp-cron.php?doing_wp_cron=1761103457.3094708919525146484375 HTTP/1.1" 200 3646 "-" "WordPress/6.8.3; https://www.elconferencista.com" 
216.73.216.180 - - [21/Oct/2025:20:24:19 -0700] "GET /6398708?products=0005332263 HTTP/2.0" 404 109822 "-" "Mozilla/5.0 AppleWebKit/537.36 (KHTML, like Gecko; compatible; ClaudeBot/1.0; +claudebot@anthropic.com)" 
216.73.216.180 - - [21/Oct/2025:20:26:48 -0700] "GET /6398622?products=0005332192 HTTP/2.0" 404 109997 "-" "Mozilla/5.0 AppleWebKit/537.36 (KHTML, like Gecko; compatible; ClaudeBot/1.0; +claudebot@anthropic.com)" 
69.163.179.91 - - [21/Oct/2025:20:26:49 -0700] "POST /wp-cron.php?doing_wp_cron=1761103609.6206419467926025390625 HTTP/1.1" 200 3646 "-" "WordPress/6.8.3; https://www.elconferencista.com" 
66.249.73.165 - - [21/Oct/2025:20:29:46 -0700] "GET /?products=211738 HTTP/1.1" 200 25702 "-" "Mozilla/5.0 (Linux; Android 6.0.1; Nexus 5X Build/MMB29P) AppleWebKit/537.36 (KHTML, like Gecko) Chrome/141.0.7390.107 Mobile Safari/537.36 (compatible; Googlebot/2.1; +http://www.google.com/bot.html)" 
173.249.17.27 - - [21/Oct/2025:20:30:38 -0700] "GET /wp-login.php HTTP/2.0" 429 354 "-" "Mozilla/5.0 (Macintosh; Intel Mac OS X 10_12_2) AppleWebKit/602.3.12 (KHTML, like Gecko) Version/10.0.2 Safari/602.3.12" 
173.249.17.27 - - [21/Oct/2025:20:30:42 -0700] "POST /wp-login.php HTTP/2.0" 429 313 "https://www.elconferencista.com/wp-login.php" "Mozilla/5.0 (Macintosh; Intel Mac OS X 10_12_2) AppleWebKit/602.3.12 (KHTML, like Gecko) Version/10.0.2 Safari/602.3.12" 
136.243.228.178 - - [21/Oct/2025:20:31:28 -0700] "GET /robots.txt HTTP/1.1" 200 3852 "-" "Mozilla/5.0 (compatible; DataForSeoBot/1.0; +https://dataforseo.com/dataforseo-bot)" 
69.163.179.91 - - [21/Oct/2025:20:31:56 -0700] "POST /wp-cron.php?doing_wp_cron=1761103916.8680799007415771484375 HTTP/1.1" 200 3646 "-" "WordPress/6.8.3; https://www.elconferencista.com" 
69.163.179.91 - - [21/Oct/2025:20:31:58 -0700] "POST /wp-cron.php?doing_wp_cron=1761103917.8940610885620117187500 HTTP/1.1" 200 3646 "-" "WordPress/6.8.3; https://www.elconferencista.com" 
199.16.157.180 - - [21/Oct/2025:20:31:55 -0700] "GET / HTTP/1.1" 200 34624 "-" "Twitterbot/1.0" 
133.167.118.212 - - [21/Oct/2025:20:33:04 -0700] "POST /xmlrpc.php HTTP/2.0" 429 359 "https://www.elconferencista.com" "Mozilla/5.0 (Macintosh; Intel Mac OS X 10_15_7) AppleWebKit/537.36 (KHTML, like Gecko) Chrome/114.0.5735.134 Safari/537.36" 
199.16.157.181 - - [21/Oct/2025:20:34:12 -0700] "GET /robots.txt HTTP/1.1" 200 3556 "-" "Twitterbot/1.0" 
199.16.157.181 - - [21/Oct/2025:20:34:12 -0700] "GET / HTTP/1.1" 200 31502 "-" "Twitterbot/1.0" 
69.163.179.91 - - [21/Oct/2025:20:34:14 -0700] "POST /wp-cron.php?doing_wp_cron=1761104054.0568459033966064453125 HTTP/1.1" 200 3646 "-" "WordPress/6.8.3; https://www.elconferencista.com" 
216.244.66.199 - - [21/Oct/2025:20:38:10 -0700] "GET /robots.txt HTTP/1.1" 200 3585 "-" "Mozilla/5.0 (compatible; DotBot/1.2; +https://opensiteexplorer.org/dotbot; help@moz.com)" 
35.154.222.130 - - [21/Oct/2025:20:39:05 -0700] "GET /wp-login.php HTTP/2.0" 429 351 "-" "Mozilla/5.0 (Macintosh; Intel Mac OS X 10_11_6) AppleWebKit/603.1.30 (KHTML, like Gecko) Version/10.1 Safari/603.1.30" 
114.119.144.65 - - [21/Oct/2025:20:39:19 -0700] "GET /conferencias-edner/1-conferencia-ir-mas-alla-nuestra-conferencia-estrella-ideal-para-juntas-de-planeacion-y-reuniones-de-fijacion-de-objetivos/ HTTP/1.1" 200 28538 "https://www.elconferencista.com/conferencias" "Mozilla/5.0 (Linux; Android 7.0;) AppleWebKit/537.36 (KHTML, like Gecko) Mobile Safari/537.36 (compatible; PetalBot;+https://webmaster.petalsearch.com/site/petalbot)" 
69.163.179.91 - - [21/Oct/2025:20:39:21 -0700] "POST /wp-cron.php?doing_wp_cron=1761104361.0612280368804931640625 HTTP/1.1" 200 3646 "-" "WordPress/6.8.3; https://www.elconferencista.com" 
35.154.222.130 - - [21/Oct/2025:20:39:38 -0700] "POST /wp-login.php HTTP/2.0" 429 351 "https://www.elconferencista.com/wp-login.php" "Mozilla/5.0 (Macintosh; Intel Mac OS X 10_11_6) AppleWebKit/603.1.30 (KHTML, like Gecko) Version/10.1 Safari/603.1.30" 
114.119.131.136 - - [21/Oct/2025:20:40:43 -0700] "GET /conferencias-edner/1-conferencia-ir-mas-alla-nuestra-conferencia-estrella-ideal-para-juntas-de-planeacion-y-reuniones-de-fijacion-de-objetivos/ HTTP/1.1" 200 28538 "https://www.elconferencista.com/conferencias" "Mozilla/5.0 (Linux; Android 7.0;) AppleWebKit/537.36 (KHTML, like Gecko) Mobile Safari/537.36 (compatible; PetalBot;+https://webmaster.petalsearch.com/site/petalbot)" 
69.163.179.91 - - [21/Oct/2025:20:40:45 -0700] "POST /wp-cron.php?doing_wp_cron=1761104445.5957579612731933593750 HTTP/1.1" 200 3646 "-" "WordPress/6.8.3; https://www.elconferencista.com" 
51.222.95.245 - - [21/Oct/2025:20:44:07 -0700] "GET /category/uncategorized/ HTTP/2.0" 200 23691 "-" "Mozilla/5.0 (compatible; AhrefsBot/7.0; +http://ahrefs.com/robot/)" 
69.163.179.91 - - [21/Oct/2025:20:44:08 -0700] "POST /wp-cron.php?doing_wp_cron=1761104648.7244958877563476562500 HTTP/1.1" 200 3646 "-" "WordPress/6.8.3; https://www.elconferencista.com" 
178.20.45.182 - - [21/Oct/2025:20:58:00 -0700] "GET / HTTP/1.0" 429 3594 "https://www.elconferencista.com/" "Mozilla/5.0 (Windows NT 10.0; Win64; x64) AppleWebKit/537.36 (KHTML, like Gecko) Chrome/129.0.0.0 Safari/537.36" 
89.46.110.149 - - [21/Oct/2025:21:01:42 -0700] "POST /xmlrpc.php HTTP/2.0" 429 348 "https://www.elconferencista.com" "Mozilla/5.0 (Macintosh; Intel Mac OS X 13.3; rv:126.0) Gecko/20100101 Firefox/126.0" 
66.249.73.166 - - [21/Oct/2025:21:01:44 -0700] "GET /?products=212550 HTTP/1.1" 200 26378 "-" "Mozilla/5.0 (Linux; Android 6.0.1; Nexus 5X Build/MMB29P) AppleWebKit/537.36 (KHTML, like Gecko) Chrome/141.0.7390.107 Mobile Safari/537.36 (compatible; Googlebot/2.1; +http://www.google.com/bot.html)" 
142.44.233.64 - - [21/Oct/2025:21:05:35 -0700] "GET /conferencias-edner/1-conferencia-ir-mas-alla-nuestra-conferencia-estrella-ideal-para-juntas-de-planeacion-y-reuniones-de-fijacion-de-objetivos/ HTTP/2.0" 200 24740 "-" "Mozilla/5.0 (compatible; AhrefsBot/7.0; +http://ahrefs.com/robot/)" 
69.163.179.91 - - [21/Oct/2025:21:05:37 -0700] "POST /wp-cron.php?doing_wp_cron=1761105937.1209759712219238281250 HTTP/1.1" 200 3646 "-" "WordPress/6.8.3; https://www.elconferencista.com" 
163.223.13.96 - - [21/Oct/2025:21:11:39 -0700] "GET /wp-login.php HTTP/2.0" 429 351 "-" "Mozilla/5.0 (Macintosh; Intel Mac OS X 10_13_2) AppleWebKit/537.36 (KHTML, like Gecko) Chrome/65.0.3325.181 Safari/537.36" 
163.223.13.96 - - [21/Oct/2025:21:11:41 -0700] "POST /wp-login.php HTTP/2.0" 429 278 "https://www.elconferencista.com/wp-login.php" "Mozilla/5.0 (Macintosh; Intel Mac OS X 10_13_2) AppleWebKit/537.36 (KHTML, like Gecko) Chrome/65.0.3325.181 Safari/537.36" 
49.51.195.195 - - [21/Oct/2025:21:12:22 -0700] "GET / HTTP/1.1" 200 34800 "https://ednergranados.com/" "Mozilla/5.0 (iPhone; CPU iPhone OS 13_2_3 like Mac OS X) AppleWebKit/605.1.15 (KHTML, like Gecko) Version/13.0.3 Mobile/15E148 Safari/604.1" 
69.163.179.91 - - [21/Oct/2025:21:12:24 -0700] "POST /wp-cron.php?doing_wp_cron=1761106344.6000928878784179687500 HTTP/1.1" 200 3646 "-" "WordPress/6.8.3; https://www.elconferencista.com" 
152.136.30.16 - - [21/Oct/2025:21:38:05 -0700] "POST /xmlrpc.php HTTP/2.0" 429 348 "https://www.elconferencista.com" "Mozilla/5.0 (Macintosh; Intel Mac OS X 10_15_7; rv:129.0) Gecko/20100101 Firefox/129.0" 
136.243.228.178 - - [21/Oct/2025:21:40:13 -0700] "GET /robots.txt HTTP/1.1" 200 3852 "-" "Mozilla/5.0 (compatible; DataForSeoBot/1.0; +https://dataforseo.com/dataforseo-bot)" 
136.243.228.178 - - [21/Oct/2025:21:40:15 -0700] "GET /robots.txt HTTP/1.1" 200 3852 "-" "Mozilla/5.0 (compatible; DataForSeoBot/1.0; +https://dataforseo.com/dataforseo-bot)" 
136.243.228.178 - - [21/Oct/2025:21:40:15 -0700] "GET /sitemap.xml HTTP/1.1" 200 6358 "-" "Mozilla/5.0 (compatible; DataForSeoBot/1.0; +https://dataforseo.com/dataforseo-bot)" 
69.163.179.91 - - [21/Oct/2025:21:41:17 -0700] "POST /wp-cron.php?doing_wp_cron=1761108077.5539510250091552734375 HTTP/1.1" 200 3646 "-" "WordPress/6.8.3; https://www.elconferencista.com" 
69.163.179.91 - - [21/Oct/2025:21:41:18 -0700] "POST /wp-cron.php?doing_wp_cron=1761108078.5847079753875732421875 HTTP/1.1" 200 3646 "-" "WordPress/6.8.3; https://www.elconferencista.com" 
136.243.228.178 - - [21/Oct/2025:21:41:16 -0700] "GET /15010152?products=0012508465 HTTP/1.1" 404 110948 "-" "Mozilla/5.0 (compatible; DataForSeoBot/1.0; +https://dataforseo.com/dataforseo-bot)" 
136.243.228.178 - - [21/Oct/2025:21:41:22 -0700] "GET /robots.txt HTTP/1.1" 200 850 "-" "Mozilla/5.0 (compatible; DataForSeoBot/1.0; +https://dataforseo.com/dataforseo-bot)" 
136.243.228.178 - - [21/Oct/2025:21:41:24 -0700] "GET /robots.txt HTTP/1.1" 200 3852 "-" "Mozilla/5.0 (compatible; DataForSeoBot/1.0; +https://dataforseo.com/dataforseo-bot)" 
136.243.228.178 - - [21/Oct/2025:21:41:23 -0700] "GET /15005242?products=0012504374 HTTP/1.1" 404 110948 "-" "Mozilla/5.0 (compatible; DataForSeoBot/1.0; +https://dataforseo.com/dataforseo-bot)" 
136.243.228.178 - - [21/Oct/2025:21:41:27 -0700] "GET /15007350?products=0012506132 HTTP/1.1" 404 110948 "-" "Mozilla/5.0 (compatible; DataForSeoBot/1.0; +https://dataforseo.com/dataforseo-bot)" 
136.243.228.178 - - [21/Oct/2025:21:41:32 -0700] "GET /15007590?products=0012506332 HTTP/1.1" 404 110948 "-" "Mozilla/5.0 (compatible; DataForSeoBot/1.0; +https://dataforseo.com/dataforseo-bot)" 
136.243.228.178 - - [21/Oct/2025:21:41:35 -0700] "GET /15005622?products=0012504692 HTTP/1.1" 404 110948 "-" "Mozilla/5.0 (compatible; DataForSeoBot/1.0; +https://dataforseo.com/dataforseo-bot)" 
136.243.228.178 - - [21/Oct/2025:21:41:39 -0700] "GET /15009240?products=0012507705 HTTP/1.1" 404 110948 "-" "Mozilla/5.0 (compatible; DataForSeoBot/1.0; +https://dataforseo.com/dataforseo-bot)" 
136.243.228.178 - - [21/Oct/2025:21:41:43 -0700] "GET /15007412?products=0012506183 HTTP/1.1" 404 110948 "-" "Mozilla/5.0 (compatible; DataForSeoBot/1.0; +https://dataforseo.com/dataforseo-bot)" 
136.243.228.178 - - [21/Oct/2025:21:41:47 -0700] "GET /15009966?products=0012508312 HTTP/1.1" 404 110948 "-" "Mozilla/5.0 (compatible; DataForSeoBot/1.0; +https://dataforseo.com/dataforseo-bot)" 
136.243.228.178 - - [21/Oct/2025:21:41:51 -0700] "GET /15006346?products=0012505294 HTTP/1.1" 404 110948 "-" "Mozilla/5.0 (compatible; DataForSeoBot/1.0; +https://dataforseo.com/dataforseo-bot)" 
136.243.228.178 - - [21/Oct/2025:21:41:56 -0700] "GET /15007076?products=0012505903 HTTP/1.1" 404 110948 "-" "Mozilla/5.0 (compatible; DataForSeoBot/1.0; +https://dataforseo.com/dataforseo-bot)" 
136.243.228.178 - - [21/Oct/2025:21:42:00 -0700] "GET /15006356?products=0012505303 HTTP/1.1" 404 110948 "-" "Mozilla/5.0 (compatible; DataForSeoBot/1.0; +https://dataforseo.com/dataforseo-bot)" 
69.163.179.91 - - [21/Oct/2025:21:42:04 -0700] "POST /wp-cron.php?doing_wp_cron=1761108124.4169139862060546875000 HTTP/1.1" 200 3646 "-" "WordPress/6.8.3; https://www.elconferencista.com" 
136.243.228.178 - - [21/Oct/2025:21:42:03 -0700] "GET /15009428?products=0012507863 HTTP/1.1" 404 110948 "-" "Mozilla/5.0 (compatible; DataForSeoBot/1.0; +https://dataforseo.com/dataforseo-bot)" 
173.224.122.237 - - [21/Oct/2025:21:42:05 -0700] "POST /xmlrpc.php HTTP/2.0" 429 348 "https://www.elconferencista.com" "Mozilla/5.0 (Windows NT 10.0; Win64; x64) AppleWebKit/537.36 (KHTML, like Gecko) Chrome/116.0.5845.96 Safari/537.36 Edg/116.0.1938.62" 
136.243.228.178 - - [21/Oct/2025:21:42:07 -0700] "GET /15005276?products=0012504403 HTTP/1.1" 404 110948 "-" "Mozilla/5.0 (compatible; DataForSeoBot/1.0; +https://dataforseo.com/dataforseo-bot)" 
136.243.228.178 - - [21/Oct/2025:21:42:12 -0700] "GET /15005382?products=0012504492 HTTP/1.1" 404 110948 "-" "Mozilla/5.0 (compatible; DataForSeoBot/1.0; +https://dataforseo.com/dataforseo-bot)" 
136.243.228.178 - - [21/Oct/2025:21:42:15 -0700] "GET /15006912?products=0012505765 HTTP/1.1" 404 110948 "-" "Mozilla/5.0 (compatible; DataForSeoBot/1.0; +https://dataforseo.com/dataforseo-bot)" 
136.243.228.178 - - [21/Oct/2025:21:42:20 -0700] "GET /15009572?products=0012507983 HTTP/1.1" 404 110948 "-" "Mozilla/5.0 (compatible; DataForSeoBot/1.0; +https://dataforseo.com/dataforseo-bot)" 
136.243.228.178 - - [21/Oct/2025:21:42:24 -0700] "GET /15008622?products=0012507192 HTTP/1.1" 404 110948 "-" "Mozilla/5.0 (compatible; DataForSeoBot/1.0; +https://dataforseo.com/dataforseo-bot)" 
136.243.228.178 - - [21/Oct/2025:21:42:27 -0700] "GET /15007134?products=0012505952 HTTP/1.1" 404 110948 "-" "Mozilla/5.0 (compatible; DataForSeoBot/1.0; +https://dataforseo.com/dataforseo-bot)" 
136.243.228.178 - - [21/Oct/2025:21:42:31 -0700] "GET /15006582?products=0012505492 HTTP/1.1" 404 110948 "-" "Mozilla/5.0 (compatible; DataForSeoBot/1.0; +https://dataforseo.com/dataforseo-bot)" 
136.243.228.178 - - [21/Oct/2025:21:42:36 -0700] "GET /15006298?products=0012505254 HTTP/1.1" 404 110948 "-" "Mozilla/5.0 (compatible; DataForSeoBot/1.0; +https://dataforseo.com/dataforseo-bot)" 
136.243.228.178 - - [21/Oct/2025:21:42:39 -0700] "GET /15006318?products=0012505272 HTTP/1.1" 404 110948 "-" "Mozilla/5.0 (compatible; DataForSeoBot/1.0; +https://dataforseo.com/dataforseo-bot)" 
136.243.228.178 - - [21/Oct/2025:21:42:43 -0700] "GET /15007710?products=0012506432 HTTP/1.1" 404 110926 "-" "Mozilla/5.0 (compatible; DataForSeoBot/1.0; +https://dataforseo.com/dataforseo-bot)" 
136.243.228.178 - - [21/Oct/2025:21:42:47 -0700] "GET /15010056?products=0012508385 HTTP/1.1" 404 110948 "-" "Mozilla/5.0 (compatible; DataForSeoBot/1.0; +https://dataforseo.com/dataforseo-bot)" 
136.243.228.178 - - [21/Oct/2025:21:42:51 -0700] "GET /15005766?products=0012504812 HTTP/1.1" 404 110948 "-" "Mozilla/5.0 (compatible; DataForSeoBot/1.0; +https://dataforseo.com/dataforseo-bot)" 
136.243.228.178 - - [21/Oct/2025:21:42:55 -0700] "GET /15006120?products=0012505105 HTTP/1.1" 404 110948 "-" "Mozilla/5.0 (compatible; DataForSeoBot/1.0; +https://dataforseo.com/dataforseo-bot)" 
136.243.228.178 - - [21/Oct/2025:21:42:59 -0700] "GET /15006744?products=0012505625 HTTP/1.1" 404 110948 "-" "Mozilla/5.0 (compatible; DataForSeoBot/1.0; +https://dataforseo.com/dataforseo-bot)" 
69.163.179.91 - - [21/Oct/2025:21:43:04 -0700] "POST /wp-cron.php?doing_wp_cron=1761108184.6222479343414306640625 HTTP/1.1" 200 3646 "-" "WordPress/6.8.3; https://www.elconferencista.com" 
136.243.228.178 - - [21/Oct/2025:21:43:04 -0700] "GET /15007148?products=0012505963 HTTP/1.1" 404 110948 "-" "Mozilla/5.0 (compatible; DataForSeoBot/1.0; +https://dataforseo.com/dataforseo-bot)" 
136.243.228.178 - - [21/Oct/2025:21:43:08 -0700] "GET /15008136?products=0012506785 HTTP/1.1" 404 110948 "-" "Mozilla/5.0 (compatible; DataForSeoBot/1.0; +https://dataforseo.com/dataforseo-bot)" 
136.243.228.178 - - [21/Oct/2025:21:43:12 -0700] "GET /15007272?products=0012506065 HTTP/1.1" 404 110948 "-" "Mozilla/5.0 (compatible; DataForSeoBot/1.0; +https://dataforseo.com/dataforseo-bot)" 
136.243.228.178 - - [21/Oct/2025:21:43:16 -0700] "GET /15008876?products=0012507403 HTTP/1.1" 404 110948 "-" "Mozilla/5.0 (compatible; DataForSeoBot/1.0; +https://dataforseo.com/dataforseo-bot)" 
136.243.228.178 - - [21/Oct/2025:21:43:20 -0700] "GET /15009912?products=0012508265 HTTP/1.1" 404 110948 "-" "Mozilla/5.0 (compatible; DataForSeoBot/1.0; +https://dataforseo.com/dataforseo-bot)" 
136.243.228.178 - - [21/Oct/2025:21:43:23 -0700] "GET /15006778?products=0012505654 HTTP/1.1" 404 110948 "-" "Mozilla/5.0 (compatible; DataForSeoBot/1.0; +https://dataforseo.com/dataforseo-bot)" 
136.243.228.178 - - [21/Oct/2025:21:43:27 -0700] "GET /15009126?products=0012507612 HTTP/1.1" 404 110948 "-" "Mozilla/5.0 (compatible; DataForSeoBot/1.0; +https://dataforseo.com/dataforseo-bot)" 
136.243.228.178 - - [21/Oct/2025:21:43:31 -0700] "GET /15005602?products=0012504674 HTTP/1.1" 404 110948 "-" "Mozilla/5.0 (compatible; DataForSeoBot/1.0; +https://dataforseo.com/dataforseo-bot)" 
136.243.228.178 - - [21/Oct/2025:21:43:36 -0700] "GET /15007724?products=0012506443 HTTP/1.1" 404 113950 "-" "Mozilla/5.0 (compatible; DataForSeoBot/1.0; +https://dataforseo.com/dataforseo-bot)" 
136.243.228.178 - - [21/Oct/2025:21:43:39 -0700] "GET /15006596?products=0012505503 HTTP/1.1" 404 110948 "-" "Mozilla/5.0 (compatible; DataForSeoBot/1.0; +https://dataforseo.com/dataforseo-bot)" 
136.243.228.178 - - [21/Oct/2025:21:43:43 -0700] "GET /15007638?products=0012506372 HTTP/1.1" 404 110948 "-" "Mozilla/5.0 (compatible; DataForSeoBot/1.0; +https://dataforseo.com/dataforseo-bot)" 
136.243.228.178 - - [21/Oct/2025:21:43:47 -0700] "GET /15005880?products=0012504905 HTTP/1.1" 404 110948 "-" "Mozilla/5.0 (compatible; DataForSeoBot/1.0; +https://dataforseo.com/dataforseo-bot)" 
136.243.228.178 - - [21/Oct/2025:21:43:51 -0700] "GET /15007426?products=0012506194 HTTP/1.1" 404 110948 "-" "Mozilla/5.0 (compatible; DataForSeoBot/1.0; +https://dataforseo.com/dataforseo-bot)" 
136.243.228.178 - - [21/Oct/2025:21:43:55 -0700] "GET /15006384?products=0012505325 HTTP/1.1" 404 110948 "-" "Mozilla/5.0 (compatible; DataForSeoBot/1.0; +https://dataforseo.com/dataforseo-bot)" 
136.243.228.178 - - [21/Oct/2025:21:44:00 -0700] "GET /15009990?products=0012508332 HTTP/1.1" 404 110948 "-" "Mozilla/5.0 (compatible; DataForSeoBot/1.0; +https://dataforseo.com/dataforseo-bot)" 
69.163.179.91 - - [21/Oct/2025:21:44:04 -0700] "POST /wp-cron.php?doing_wp_cron=1761108244.4163188934326171875000 HTTP/1.1" 200 3646 "-" "WordPress/6.8.3; https://www.elconferencista.com" 
136.243.228.178 - - [21/Oct/2025:21:44:03 -0700] "GET /15008252?products=0012506883 HTTP/1.1" 404 110948 "-" "Mozilla/5.0 (compatible; DataForSeoBot/1.0; +https://dataforseo.com/dataforseo-bot)" 
136.243.228.178 - - [21/Oct/2025:21:44:07 -0700] "GET /15009370?products=0012507814 HTTP/1.1" 404 110948 "-" "Mozilla/5.0 (compatible; DataForSeoBot/1.0; +https://dataforseo.com/dataforseo-bot)" 
136.243.228.178 - - [21/Oct/2025:21:44:11 -0700] "GET /15007220?products=0012506023 HTTP/1.1" 404 110948 "-" "Mozilla/5.0 (compatible; DataForSeoBot/1.0; +https://dataforseo.com/dataforseo-bot)" 
136.243.228.178 - - [21/Oct/2025:21:44:15 -0700] "GET /15005290?products=0012504414 HTTP/1.1" 404 110948 "-" "Mozilla/5.0 (compatible; DataForSeoBot/1.0; +https://dataforseo.com/dataforseo-bot)" 
136.243.228.178 - - [21/Oct/2025:21:44:20 -0700] "GET /15006394?products=0012505334 HTTP/1.1" 404 110948 "-" "Mozilla/5.0 (compatible; DataForSeoBot/1.0; +https://dataforseo.com/dataforseo-bot)" 
136.243.228.178 - - [21/Oct/2025:21:44:23 -0700] "GET /15009702?products=0012508092 HTTP/1.1" 404 110948 "-" "Mozilla/5.0 (compatible; DataForSeoBot/1.0; +https://dataforseo.com/dataforseo-bot)" 
136.243.228.178 - - [21/Oct/2025:21:44:27 -0700] "GET /15008660?products=0012507223 HTTP/1.1" 404 110948 "-" "Mozilla/5.0 (compatible; DataForSeoBot/1.0; +https://dataforseo.com/dataforseo-bot)" 
136.243.228.178 - - [21/Oct/2025:21:44:32 -0700] "GET /15007666?products=0012506394 HTTP/1.1" 404 110948 "-" "Mozilla/5.0 (compatible; DataForSeoBot/1.0; +https://dataforseo.com/dataforseo-bot)" 
136.243.228.178 - - [21/Oct/2025:21:44:35 -0700] "GET /15007282?products=0012506074 HTTP/1.1" 404 110948 "-" "Mozilla/5.0 (compatible; DataForSeoBot/1.0; +https://dataforseo.com/dataforseo-bot)" 
108.141.166.46 - - [21/Oct/2025:21:44:40 -0700] "GET / HTTP/1.1" 200 34857 "https://www.google.com/" "Mozilla/5.0 (Windows NT 10.0; Win64; x64) AppleWebKit/537.36 (KHTML, like Gecko) Chrome/120.0.0.0 Safari/537.36" 
136.243.228.178 - - [21/Oct/2025:21:44:40 -0700] "GET /15009696?products=0012508085 HTTP/1.1" 404 110948 "-" "Mozilla/5.0 (compatible; DataForSeoBot/1.0; +https://dataforseo.com/dataforseo-bot)" 
108.141.166.46 - - [21/Oct/2025:21:44:43 -0700] "GET / HTTP/1.1" 200 34856 "https://www.google.com/" "Mozilla/5.0 (Windows NT 10.0; Win64; x64) AppleWebKit/537.36 (KHTML, like Gecko) Chrome/120.0.0.0 Safari/537.36" 
136.243.228.178 - - [21/Oct/2025:21:44:43 -0700] "GET /15009222?products=0012507692 HTTP/1.1" 404 110948 "-" "Mozilla/5.0 (compatible; DataForSeoBot/1.0; +https://dataforseo.com/dataforseo-bot)" 
108.141.166.46 - - [21/Oct/2025:21:44:46 -0700] "GET / HTTP/1.1" 200 34857 "https://www.google.com/" "Mozilla/5.0 (Windows NT 10.0; Win64; x64) AppleWebKit/537.36 (KHTML, like Gecko) Chrome/120.0.0.0 Safari/537.36" 
136.243.228.178 - - [21/Oct/2025:21:44:48 -0700] "GET /15009576?products=0012507985 HTTP/1.1" 404 110948 "-" "Mozilla/5.0 (compatible; DataForSeoBot/1.0; +https://dataforseo.com/dataforseo-bot)" 
108.141.166.46 - - [21/Oct/2025:21:44:49 -0700] "GET / HTTP/1.1" 200 34858 "https://www.google.com/" "Mozilla/5.0 (Windows NT 10.0; Win64; x64) AppleWebKit/537.36 (KHTML, like Gecko) Chrome/120.0.0.0 Safari/537.36" 
136.243.228.178 - - [21/Oct/2025:21:44:51 -0700] "GET /15006322?products=0012505274 HTTP/1.1" 404 110948 "-" "Mozilla/5.0 (compatible; DataForSeoBot/1.0; +https://dataforseo.com/dataforseo-bot)" 
136.243.228.178 - - [21/Oct/2025:21:44:56 -0700] "GET /15005430?products=0012504532 HTTP/1.1" 404 110948 "-" "Mozilla/5.0 (compatible; DataForSeoBot/1.0; +https://dataforseo.com/dataforseo-bot)" 
136.243.228.178 - - [21/Oct/2025:21:44:59 -0700] "GET /15007080?products=0012505905 HTTP/1.1" 404 110948 "-" "Mozilla/5.0 (compatible; DataForSeoBot/1.0; +https://dataforseo.com/dataforseo-bot)" 
69.163.179.91 - - [21/Oct/2025:21:45:04 -0700] "POST /wp-cron.php?doing_wp_cron=1761108304.1396551132202148437500 HTTP/1.1" 200 3646 "-" "WordPress/6.8.3; https://www.elconferencista.com" 
136.243.228.178 - - [21/Oct/2025:21:45:03 -0700] "GET /15006246?products=0012505212 HTTP/1.1" 404 110948 "-" "Mozilla/5.0 (compatible; DataForSeoBot/1.0; +https://dataforseo.com/dataforseo-bot)" 
136.243.228.178 - - [21/Oct/2025:21:45:08 -0700] "GET /15008300?products=0012506923 HTTP/1.1" 404 110948 "-" "Mozilla/5.0 (compatible; DataForSeoBot/1.0; +https://dataforseo.com/dataforseo-bot)" 
136.243.228.178 - - [21/Oct/2025:21:45:11 -0700] "GET /15005064?products=0012504225 HTTP/1.1" 404 110948 "-" "Mozilla/5.0 (compatible; DataForSeoBot/1.0; +https://dataforseo.com/dataforseo-bot)" 
136.243.228.178 - - [21/Oct/2025:21:45:15 -0700] "GET /15008852?products=0012507383 HTTP/1.1" 404 110948 "-" "Mozilla/5.0 (compatible; DataForSeoBot/1.0; +https://dataforseo.com/dataforseo-bot)" 
136.243.228.178 - - [21/Oct/2025:21:45:19 -0700] "GET /15007066?products=0012505894 HTTP/1.1" 404 110948 "-" "Mozilla/5.0 (compatible; DataForSeoBot/1.0; +https://dataforseo.com/dataforseo-bot)" 
136.243.228.178 - - [21/Oct/2025:21:45:23 -0700] "GET /15009510?products=0012507932 HTTP/1.1" 404 110948 "-" "Mozilla/5.0 (compatible; DataForSeoBot/1.0; +https://dataforseo.com/dataforseo-bot)" 
136.243.228.178 - - [21/Oct/2025:21:45:27 -0700] "GET /15007344?products=0012506125 HTTP/1.1" 404 110948 "-" "Mozilla/5.0 (compatible; DataForSeoBot/1.0; +https://dataforseo.com/dataforseo-bot)" 
136.243.228.178 - - [21/Oct/2025:21:45:31 -0700] "GET /15009298?products=0012507754 HTTP/1.1" 404 110948 "-" "Mozilla/5.0 (compatible; DataForSeoBot/1.0; +https://dataforseo.com/dataforseo-bot)" 
136.243.228.178 - - [21/Oct/2025:21:45:36 -0700] "GET /15006668?products=0012505563 HTTP/1.1" 404 110948 "-" "Mozilla/5.0 (compatible; DataForSeoBot/1.0; +https://dataforseo.com/dataforseo-bot)" 
136.243.228.178 - - [21/Oct/2025:21:45:39 -0700] "GET /15008838?products=0012507372 HTTP/1.1" 404 110948 "-" "Mozilla/5.0 (compatible; DataForSeoBot/1.0; +https://dataforseo.com/dataforseo-bot)" 
136.243.228.178 - - [21/Oct/2025:21:45:44 -0700] "GET /15006946?products=0012505794 HTTP/1.1" 404 110948 "-" "Mozilla/5.0 (compatible; DataForSeoBot/1.0; +https://dataforseo.com/dataforseo-bot)" 
136.243.228.178 - - [21/Oct/2025:21:45:48 -0700] "GET /15006432?products=0012505365 HTTP/1.1" 404 110948 "-" "Mozilla/5.0 (compatible; DataForSeoBot/1.0; +https://dataforseo.com/dataforseo-bot)" 
136.243.228.178 - - [21/Oct/2025:21:45:52 -0700] "GET /15006600?products=0012505505 HTTP/1.1" 404 110948 "-" "Mozilla/5.0 (compatible; DataForSeoBot/1.0; +https://dataforseo.com/dataforseo-bot)" 
136.243.228.178 - - [21/Oct/2025:21:45:55 -0700] "GET /15009658?products=0012508054 HTTP/1.1" 404 110948 "-" "Mozilla/5.0 (compatible; DataForSeoBot/1.0; +https://dataforseo.com/dataforseo-bot)" 
136.243.228.178 - - [21/Oct/2025:21:45:59 -0700] "GET /15008626?products=0012507194 HTTP/1.1" 404 110948 "-" "Mozilla/5.0 (compatible; DataForSeoBot/1.0; +https://dataforseo.com/dataforseo-bot)" 
69.163.179.91 - - [21/Oct/2025:21:46:04 -0700] "POST /wp-cron.php?doing_wp_cron=1761108364.4777739048004150390625 HTTP/1.1" 200 3646 "-" "WordPress/6.8.3; https://www.elconferencista.com" 
