136.243.228.178 - - [21/Oct/2025:22:03:19 -0700] "GET /15008036?products=0012506703 HTTP/1.1" 404 110948 "-" "Mozilla/5.0 (compatible; DataForSeoBot/1.0; +https://dataforseo.com/dataforseo-bot)" 
136.243.228.178 - - [21/Oct/2025:22:03:23 -0700] "GET /15007512?products=0012506265 HTTP/1.1" 404 110948 "-" "Mozilla/5.0 (compatible; DataForSeoBot/1.0; +https://dataforseo.com/dataforseo-bot)" 
136.243.228.178 - - [21/Oct/2025:22:03:27 -0700] "GET /15007368?products=0012506145 HTTP/1.1" 404 79053 "-" "Mozilla/5.0 (compatible; DataForSeoBot/1.0; +https://dataforseo.com/dataforseo-bot)" 
69.163.179.91 - - [21/Oct/2025:22:04:18 -0700] "POST /wp-cron.php?doing_wp_cron=1761109458.8469920158386230468750 HTTP/1.1" 200 3646 "-" "WordPress/6.8.3; https://www.elconferencista.com" 
136.243.228.178 - - [21/Oct/2025:22:04:18 -0700] "GET /15006894?products=0012505752 HTTP/1.1" 404 113950 "-" "Mozilla/5.0 (compatible; DataForSeoBot/1.0; +https://dataforseo.com/dataforseo-bot)" 
136.243.228.178 - - [21/Oct/2025:22:04:22 -0700] "GET /15009140?products=0012507623 HTTP/1.1" 404 110948 "-" "Mozilla/5.0 (compatible; DataForSeoBot/1.0; +https://dataforseo.com/dataforseo-bot)" 
136.243.228.178 - - [21/Oct/2025:22:04:26 -0700] "GET /15007978?products=0012506654 HTTP/1.1" 404 110948 "-" "Mozilla/5.0 (compatible; DataForSeoBot/1.0; +https://dataforseo.com/dataforseo-bot)" 
178.20.45.182 - - [21/Oct/2025:22:04:45 -0700] "GET / HTTP/1.0" 200 162369 "https://www.elconferencista.com/" "Mozilla/5.0 (Windows NT 10.0; Win64; x64) AppleWebKit/537.36 (KHTML, like Gecko) Chrome/129.0.0.0 Safari/537.36" 
69.163.179.91 - - [21/Oct/2025:22:05:17 -0700] "POST /wp-cron.php?doing_wp_cron=1761109517.8636379241943359375000 HTTP/1.1" 200 3646 "-" "WordPress/6.8.3; https://www.elconferencista.com" 
136.243.228.178 - - [21/Oct/2025:22:05:17 -0700] "GET /15007618?products=0012506354 HTTP/1.1" 404 110948 "-" "Mozilla/5.0 (compatible; DataForSeoBot/1.0; +https://dataforseo.com/dataforseo-bot)" 
136.243.228.178 - - [21/Oct/2025:22:05:20 -0700] "GET /15010436?products=0012508703 HTTP/1.1" 404 110948 "-" "Mozilla/5.0 (compatible; DataForSeoBot/1.0; +https://dataforseo.com/dataforseo-bot)" 
136.243.228.178 - - [21/Oct/2025:22:05:24 -0700] "GET /15007844?products=0012506543 HTTP/1.1" 404 110948 "-" "Mozilla/5.0 (compatible; DataForSeoBot/1.0; +https://dataforseo.com/dataforseo-bot)" 
136.243.228.178 - - [21/Oct/2025:22:05:28 -0700] "GET /15005286?products=0012504412 HTTP/1.1" 404 110948 "-" "Mozilla/5.0 (compatible; DataForSeoBot/1.0; +https://dataforseo.com/dataforseo-bot)" 
136.243.228.178 - - [21/Oct/2025:22:05:33 -0700] "GET /15005962?products=0012504974 HTTP/1.1" 404 110948 "-" "Mozilla/5.0 (compatible; DataForSeoBot/1.0; +https://dataforseo.com/dataforseo-bot)" 
136.243.228.178 - - [21/Oct/2025:22:05:36 -0700] "GET /15010104?products=0012508425 HTTP/1.1" 404 110948 "-" "Mozilla/5.0 (compatible; DataForSeoBot/1.0; +https://dataforseo.com/dataforseo-bot)" 
136.243.228.178 - - [21/Oct/2025:22:05:40 -0700] "GET /15006048?products=0012505045 HTTP/1.1" 404 110948 "-" "Mozilla/5.0 (compatible; DataForSeoBot/1.0; +https://dataforseo.com/dataforseo-bot)" 
136.243.228.178 - - [21/Oct/2025:22:05:44 -0700] "GET /15008890?products=0012507414 HTTP/1.1" 404 113950 "-" "Mozilla/5.0 (compatible; DataForSeoBot/1.0; +https://dataforseo.com/dataforseo-bot)" 
136.243.228.178 - - [21/Oct/2025:22:05:48 -0700] "GET /15006250?products=0012505214 HTTP/1.1" 404 113950 "-" "Mozilla/5.0 (compatible; DataForSeoBot/1.0; +https://dataforseo.com/dataforseo-bot)" 
136.243.228.178 - - [21/Oct/2025:22:05:52 -0700] "GET /15010080?products=0012508405 HTTP/1.1" 404 113950 "-" "Mozilla/5.0 (compatible; DataForSeoBot/1.0; +https://dataforseo.com/dataforseo-bot)" 
136.243.228.178 - - [21/Oct/2025:22:05:56 -0700] "GET /15009072?products=0012507565 HTTP/1.1" 404 110948 "-" "Mozilla/5.0 (compatible; DataForSeoBot/1.0; +https://dataforseo.com/dataforseo-bot)" 
136.243.228.178 - - [21/Oct/2025:22:06:00 -0700] "GET /15008358?products=0012506972 HTTP/1.1" 404 110948 "-" "Mozilla/5.0 (compatible; DataForSeoBot/1.0; +https://dataforseo.com/dataforseo-bot)" 
69.163.179.91 - - [21/Oct/2025:22:06:05 -0700] "POST /wp-cron.php?doing_wp_cron=1761109565.5604579448699951171875 HTTP/1.1" 200 3646 "-" "WordPress/6.8.3; https://www.elconferencista.com" 
136.243.228.178 - - [21/Oct/2025:22:06:04 -0700] "GET /15007704?products=0012506425 HTTP/1.1" 404 110948 "-" "Mozilla/5.0 (compatible; DataForSeoBot/1.0; +https://dataforseo.com/dataforseo-bot)" 
136.243.228.178 - - [21/Oct/2025:22:06:09 -0700] "GET /15006918?products=0012505772 HTTP/1.1" 404 110948 "-" "Mozilla/5.0 (compatible; DataForSeoBot/1.0; +https://dataforseo.com/dataforseo-bot)" 
136.243.228.178 - - [21/Oct/2025:22:06:12 -0700] "GET /15010306?products=0012508594 HTTP/1.1" 404 110926 "-" "Mozilla/5.0 (compatible; DataForSeoBot/1.0; +https://dataforseo.com/dataforseo-bot)" 
136.243.228.178 - - [21/Oct/2025:22:06:17 -0700] "GET /15007446?products=0012506212 HTTP/1.1" 404 110948 "-" "Mozilla/5.0 (compatible; DataForSeoBot/1.0; +https://dataforseo.com/dataforseo-bot)" 
136.243.228.178 - - [21/Oct/2025:22:06:20 -0700] "GET /15005862?products=0012504892 HTTP/1.1" 404 110948 "-" "Mozilla/5.0 (compatible; DataForSeoBot/1.0; +https://dataforseo.com/dataforseo-bot)" 
136.243.228.178 - - [21/Oct/2025:22:06:24 -0700] "GET /15005112?products=0012504265 HTTP/1.1" 404 110948 "-" "Mozilla/5.0 (compatible; DataForSeoBot/1.0; +https://dataforseo.com/dataforseo-bot)" 
136.243.228.178 - - [21/Oct/2025:22:06:28 -0700] "GET /15006922?products=0012505774 HTTP/1.1" 404 110948 "-" "Mozilla/5.0 (compatible; DataForSeoBot/1.0; +https://dataforseo.com/dataforseo-bot)" 
136.243.228.178 - - [21/Oct/2025:22:06:32 -0700] "GET /15009270?products=0012507732 HTTP/1.1" 404 110948 "-" "Mozilla/5.0 (compatible; DataForSeoBot/1.0; +https://dataforseo.com/dataforseo-bot)" 
136.243.228.178 - - [21/Oct/2025:22:06:36 -0700] "GET /15009006?products=0012507512 HTTP/1.1" 404 110948 "-" "Mozilla/5.0 (compatible; DataForSeoBot/1.0; +https://dataforseo.com/dataforseo-bot)" 
136.243.228.178 - - [21/Oct/2025:22:06:40 -0700] "GET /15006154?products=0012505134 HTTP/1.1" 404 110948 "-" "Mozilla/5.0 (compatible; DataForSeoBot/1.0; +https://dataforseo.com/dataforseo-bot)" 
13.77.99.66 - - [21/Oct/2025:22:06:42 -0700] "HEAD /wordpress HTTP/1.1" 429 3300 "http://elconferencista.com/wordpress" "Mozilla/5.0 (Windows NT 10.0; Win64; x64) AppleWebKit/537.36 (KHTML, like Gecko) Chrome/74.0.3729.169 Safari/537.36" 
13.77.99.66 - - [21/Oct/2025:22:06:42 -0700] "HEAD / HTTP/1.1" 429 212 "http://elconferencista.com/" "Mozilla/5.0 (Windows NT 10.0; Win64; x64) AppleWebKit/537.36 (KHTML, like Gecko) Chrome/74.0.3729.169 Safari/537.36" 
13.77.99.66 - - [21/Oct/2025:22:06:42 -0700] "HEAD /wp HTTP/1.1" 429 212 "http://elconferencista.com/wp" "Mozilla/5.0 (Windows NT 10.0; Win64; x64) AppleWebKit/537.36 (KHTML, like Gecko) Chrome/74.0.3729.169 Safari/537.36" 
13.77.99.66 - - [21/Oct/2025:22:06:42 -0700] "HEAD /bc HTTP/1.1" 429 212 "http://elconferencista.com/bc" "Mozilla/5.0 (Windows NT 10.0; Win64; x64) AppleWebKit/537.36 (KHTML, like Gecko) Chrome/74.0.3729.169 Safari/537.36" 
13.77.99.66 - - [21/Oct/2025:22:06:43 -0700] "HEAD /bk HTTP/1.1" 429 212 "http://elconferencista.com/bk" "Mozilla/5.0 (Windows NT 10.0; Win64; x64) AppleWebKit/537.36 (KHTML, like Gecko) Chrome/74.0.3729.169 Safari/537.36" 
13.77.99.66 - - [21/Oct/2025:22:06:43 -0700] "HEAD /backup HTTP/1.1" 429 212 "http://elconferencista.com/backup" "Mozilla/5.0 (Windows NT 10.0; Win64; x64) AppleWebKit/537.36 (KHTML, like Gecko) Chrome/74.0.3729.169 Safari/537.36" 
13.77.99.66 - - [21/Oct/2025:22:06:43 -0700] "HEAD /old HTTP/1.1" 429 212 "http://elconferencista.com/old" "Mozilla/5.0 (Windows NT 10.0; Win64; x64) AppleWebKit/537.36 (KHTML, like Gecko) Chrome/74.0.3729.169 Safari/537.36" 
13.77.99.66 - - [21/Oct/2025:22:06:43 -0700] "HEAD /new HTTP/1.1" 429 212 "http://elconferencista.com/new" "Mozilla/5.0 (Windows NT 10.0; Win64; x64) AppleWebKit/537.36 (KHTML, like Gecko) Chrome/74.0.3729.169 Safari/537.36" 
13.77.99.66 - - [21/Oct/2025:22:06:44 -0700] "HEAD /main HTTP/1.1" 429 212 "http://elconferencista.com/main" "Mozilla/5.0 (Windows NT 10.0; Win64; x64) AppleWebKit/537.36 (KHTML, like Gecko) Chrome/74.0.3729.169 Safari/537.36" 
13.77.99.66 - - [21/Oct/2025:22:06:44 -0700] "HEAD /home HTTP/1.1" 429 212 "http://elconferencista.com/home" "Mozilla/5.0 (Windows NT 10.0; Win64; x64) AppleWebKit/537.36 (KHTML, like Gecko) Chrome/74.0.3729.169 Safari/537.36" 
136.243.228.178 - - [21/Oct/2025:22:06:44 -0700] "GET /15007878?products=0012506572 HTTP/1.1" 404 113950 "-" "Mozilla/5.0 (compatible; DataForSeoBot/1.0; +https://dataforseo.com/dataforseo-bot)" 
136.243.228.178 - - [21/Oct/2025:22:06:48 -0700] "GET /15007402?products=0012506174 HTTP/1.1" 404 110948 "-" "Mozilla/5.0 (compatible; DataForSeoBot/1.0; +https://dataforseo.com/dataforseo-bot)" 
136.243.228.178 - - [21/Oct/2025:22:06:52 -0700] "GET /15008688?products=0012507245 HTTP/1.1" 404 110948 "-" "Mozilla/5.0 (compatible; DataForSeoBot/1.0; +https://dataforseo.com/dataforseo-bot)" 
136.243.228.178 - - [21/Oct/2025:22:06:56 -0700] "GET /15008352?products=0012506965 HTTP/1.1" 404 110948 "-" "Mozilla/5.0 (compatible; DataForSeoBot/1.0; +https://dataforseo.com/dataforseo-bot)" 
136.243.228.178 - - [21/Oct/2025:22:07:00 -0700] "GET /15006130?products=0012505114 HTTP/1.1" 404 110948 "-" "Mozilla/5.0 (compatible; DataForSeoBot/1.0; +https://dataforseo.com/dataforseo-bot)" 
69.163.179.91 - - [21/Oct/2025:22:07:05 -0700] "POST /wp-cron.php?doing_wp_cron=1761109625.0247828960418701171875 HTTP/1.1" 200 3646 "-" "WordPress/6.8.3; https://www.elconferencista.com" 
136.243.228.178 - - [21/Oct/2025:22:07:04 -0700] "GET /15009466?products=0012507894 HTTP/1.1" 404 110948 "-" "Mozilla/5.0 (compatible; DataForSeoBot/1.0; +https://dataforseo.com/dataforseo-bot)" 
136.243.228.178 - - [21/Oct/2025:22:07:08 -0700] "GET /15005914?products=0012504934 HTTP/1.1" 404 110948 "-" "Mozilla/5.0 (compatible; DataForSeoBot/1.0; +https://dataforseo.com/dataforseo-bot)" 
136.243.228.178 - - [21/Oct/2025:22:07:12 -0700] "GET /15006010?products=0012505014 HTTP/1.1" 404 110948 "-" "Mozilla/5.0 (compatible; DataForSeoBot/1.0; +https://dataforseo.com/dataforseo-bot)" 
136.243.228.178 - - [21/Oct/2025:22:07:17 -0700] "GET /15008832?products=0012507365 HTTP/1.1" 404 110948 "-" "Mozilla/5.0 (compatible; DataForSeoBot/1.0; +https://dataforseo.com/dataforseo-bot)" 
136.243.228.178 - - [21/Oct/2025:22:07:20 -0700] "GET /15009918?products=0012508272 HTTP/1.1" 404 110948 "-" "Mozilla/5.0 (compatible; DataForSeoBot/1.0; +https://dataforseo.com/dataforseo-bot)" 
136.243.228.178 - - [21/Oct/2025:22:07:25 -0700] "GET /15008982?products=0012507492 HTTP/1.1" 404 110948 "-" "Mozilla/5.0 (compatible; DataForSeoBot/1.0; +https://dataforseo.com/dataforseo-bot)" 
136.243.228.178 - - [21/Oct/2025:22:07:29 -0700] "GET /15006960?products=0012505805 HTTP/1.1" 404 110948 "-" "Mozilla/5.0 (compatible; DataForSeoBot/1.0; +https://dataforseo.com/dataforseo-bot)" 
136.243.228.178 - - [21/Oct/2025:22:07:33 -0700] "GET /15006006?products=0012505012 HTTP/1.1" 404 110948 "-" "Mozilla/5.0 (compatible; DataForSeoBot/1.0; +https://dataforseo.com/dataforseo-bot)" 
136.243.228.178 - - [21/Oct/2025:22:07:36 -0700] "GET /15007258?products=0012506054 HTTP/1.1" 404 110948 "-" "Mozilla/5.0 (compatible; DataForSeoBot/1.0; +https://dataforseo.com/dataforseo-bot)" 
136.243.228.178 - - [21/Oct/2025:22:07:40 -0700] "GET /15005856?products=0012504885 HTTP/1.1" 404 113950 "-" "Mozilla/5.0 (compatible; DataForSeoBot/1.0; +https://dataforseo.com/dataforseo-bot)" 
157.230.185.105 - - [21/Oct/2025:22:07:44 -0700] "POST /xmlrpc.php HTTP/1.1" 429 3561 "-" "Mozilla/5.0 (X11; Ubuntu; Linux x86_64; rv:85.0) Gecko/20100101 Firefox/91.0" 
136.243.228.178 - - [21/Oct/2025:22:07:45 -0700] "GET /15008074?products=0012506734 HTTP/1.1" 404 110948 "-" "Mozilla/5.0 (compatible; DataForSeoBot/1.0; +https://dataforseo.com/dataforseo-bot)" 
136.243.228.178 - - [21/Oct/2025:22:07:48 -0700] "GET /15007488?products=0012506245 HTTP/1.1" 404 110948 "-" "Mozilla/5.0 (compatible; DataForSeoBot/1.0; +https://dataforseo.com/dataforseo-bot)" 
136.243.228.178 - - [21/Oct/2025:22:07:53 -0700] "GET /15006630?products=0012505532 HTTP/1.1" 404 110948 "-" "Mozilla/5.0 (compatible; DataForSeoBot/1.0; +https://dataforseo.com/dataforseo-bot)" 
136.243.228.178 - - [21/Oct/2025:22:07:56 -0700] "GET /15006970?products=0012505814 HTTP/1.1" 404 110948 "-" "Mozilla/5.0 (compatible; DataForSeoBot/1.0; +https://dataforseo.com/dataforseo-bot)" 
69.163.179.91 - - [21/Oct/2025:22:08:02 -0700] "POST /wp-cron.php?doing_wp_cron=1761109682.2316269874572753906250 HTTP/1.1" 200 3646 "-" "WordPress/6.8.3; https://www.elconferencista.com" 
136.243.228.178 - - [21/Oct/2025:22:08:01 -0700] "GET /15007014?products=0012505852 HTTP/1.1" 404 110948 "-" "Mozilla/5.0 (compatible; DataForSeoBot/1.0; +https://dataforseo.com/dataforseo-bot)" 
69.163.179.91 - - [21/Oct/2025:22:08:05 -0700] "POST /wp-cron.php?doing_wp_cron=1761109685.1965620517730712890625 HTTP/1.1" 200 3646 "-" "WordPress/6.8.3; https://www.elconferencista.com" 
136.243.228.178 - - [21/Oct/2025:22:08:04 -0700] "GET /15005204?products=0012504343 HTTP/1.1" 404 110948 "-" "Mozilla/5.0 (compatible; DataForSeoBot/1.0; +https://dataforseo.com/dataforseo-bot)" 
136.243.228.178 - - [21/Oct/2025:22:08:09 -0700] "GET /15006504?products=0012505425 HTTP/1.1" 404 110948 "-" "Mozilla/5.0 (compatible; DataForSeoBot/1.0; +https://dataforseo.com/dataforseo-bot)" 
136.243.228.178 - - [21/Oct/2025:22:08:13 -0700] "GET /15008050?products=0012506714 HTTP/1.1" 404 110948 "-" "Mozilla/5.0 (compatible; DataForSeoBot/1.0; +https://dataforseo.com/dataforseo-bot)" 
136.243.228.178 - - [21/Oct/2025:22:08:17 -0700] "GET /15008506?products=0012507094 HTTP/1.1" 404 110948 "-" "Mozilla/5.0 (compatible; DataForSeoBot/1.0; +https://dataforseo.com/dataforseo-bot)" 
136.243.228.178 - - [21/Oct/2025:22:08:20 -0700] "GET /15006072?products=0012505065 HTTP/1.1" 404 110948 "-" "Mozilla/5.0 (compatible; DataForSeoBot/1.0; +https://dataforseo.com/dataforseo-bot)" 
136.243.228.178 - - [21/Oct/2025:22:08:24 -0700] "GET /15010230?products=0012508532 HTTP/1.1" 404 110948 "-" "Mozilla/5.0 (compatible; DataForSeoBot/1.0; +https://dataforseo.com/dataforseo-bot)" 
136.243.228.178 - - [21/Oct/2025:22:08:29 -0700] "GET /15006102?products=0012505092 HTTP/1.1" 404 110948 "-" "Mozilla/5.0 (compatible; DataForSeoBot/1.0; +https://dataforseo.com/dataforseo-bot)" 
136.243.228.178 - - [21/Oct/2025:22:08:33 -0700] "GET /15008962?products=0012507474 HTTP/1.1" 404 110948 "-" "Mozilla/5.0 (compatible; DataForSeoBot/1.0; +https://dataforseo.com/dataforseo-bot)" 
136.243.228.178 - - [21/Oct/2025:22:08:36 -0700] "GET /15005790?products=0012504832 HTTP/1.1" 404 110948 "-" "Mozilla/5.0 (compatible; DataForSeoBot/1.0; +https://dataforseo.com/dataforseo-bot)" 
136.243.228.178 - - [21/Oct/2025:22:08:40 -0700] "GET /15006096?products=0012505085 HTTP/1.1" 404 110948 "-" "Mozilla/5.0 (compatible; DataForSeoBot/1.0; +https://dataforseo.com/dataforseo-bot)" 
136.243.228.178 - - [21/Oct/2025:22:08:44 -0700] "GET /15005958?products=0012504972 HTTP/1.1" 404 110948 "-" "Mozilla/5.0 (compatible; DataForSeoBot/1.0; +https://dataforseo.com/dataforseo-bot)" 
62.171.139.181 - - [21/Oct/2025:22:08:45 -0700] "GET /wp-login.php HTTP/2.0" 429 362 "-" "Mozilla/5.0 (compatible; MSIE 9.0; Windows NT 6.2; WOW64; Trident/7.0)" 
62.171.139.181 - - [21/Oct/2025:22:08:49 -0700] "POST /wp-login.php HTTP/2.0" 429 278 "https://www.elconferencista.com/wp-login.php" "Mozilla/5.0 (compatible; MSIE 9.0; Windows NT 6.2; WOW64; Trident/7.0)" 
136.243.228.178 - - [21/Oct/2025:22:08:48 -0700] "GET /15008952?products=0012507465 HTTP/1.1" 404 110948 "-" "Mozilla/5.0 (compatible; DataForSeoBot/1.0; +https://dataforseo.com/dataforseo-bot)" 
136.243.228.178 - - [21/Oct/2025:22:08:52 -0700] "GET /15005214?products=0012504352 HTTP/1.1" 404 110948 "-" "Mozilla/5.0 (compatible; DataForSeoBot/1.0; +https://dataforseo.com/dataforseo-bot)" 
136.243.228.178 - - [21/Oct/2025:22:08:57 -0700] "GET /15009682?products=0012508074 HTTP/1.1" 404 110948 "-" "Mozilla/5.0 (compatible; DataForSeoBot/1.0; +https://dataforseo.com/dataforseo-bot)" 
136.243.228.178 - - [21/Oct/2025:22:09:00 -0700] "GET /15007450?products=0012506214 HTTP/1.1" 404 110948 "-" "Mozilla/5.0 (compatible; DataForSeoBot/1.0; +https://dataforseo.com/dataforseo-bot)" 
69.163.179.91 - - [21/Oct/2025:22:09:05 -0700] "POST /wp-cron.php?doing_wp_cron=1761109745.2449181079864501953125 HTTP/1.1" 200 3646 "-" "WordPress/6.8.3; https://www.elconferencista.com" 
136.243.228.178 - - [21/Oct/2025:22:09:04 -0700] "GET /15006840?products=0012505705 HTTP/1.1" 404 110948 "-" "Mozilla/5.0 (compatible; DataForSeoBot/1.0; +https://dataforseo.com/dataforseo-bot)" 
136.243.228.178 - - [21/Oct/2025:22:09:08 -0700] "GET /15008362?products=0012506974 HTTP/1.1" 404 113950 "-" "Mozilla/5.0 (compatible; DataForSeoBot/1.0; +https://dataforseo.com/dataforseo-bot)" 
136.243.228.178 - - [21/Oct/2025:22:09:12 -0700] "GET /15006888?products=0012505745 HTTP/1.1" 404 113950 "-" "Mozilla/5.0 (compatible; DataForSeoBot/1.0; +https://dataforseo.com/dataforseo-bot)" 
136.243.228.178 - - [21/Oct/2025:22:09:17 -0700] "GET /15006514?products=0012505434 HTTP/1.1" 404 113950 "-" "Mozilla/5.0 (compatible; DataForSeoBot/1.0; +https://dataforseo.com/dataforseo-bot)" 
136.243.228.178 - - [21/Oct/2025:22:09:20 -0700] "GET /15006490?products=0012505414 HTTP/1.1" 404 113950 "-" "Mozilla/5.0 (compatible; DataForSeoBot/1.0; +https://dataforseo.com/dataforseo-bot)" 
136.243.228.178 - - [21/Oct/2025:22:09:24 -0700] "GET /15006816?products=0012505685 HTTP/1.1" 404 110948 "-" "Mozilla/5.0 (compatible; DataForSeoBot/1.0; +https://dataforseo.com/dataforseo-bot)" 
136.243.228.178 - - [21/Oct/2025:22:09:28 -0700] "GET /15005132?products=0012504283 HTTP/1.1" 404 110948 "-" "Mozilla/5.0 (compatible; DataForSeoBot/1.0; +https://dataforseo.com/dataforseo-bot)" 
136.243.228.178 - - [21/Oct/2025:22:09:32 -0700] "GET /15009528?products=0012507945 HTTP/1.1" 404 110948 "-" "Mozilla/5.0 (compatible; DataForSeoBot/1.0; +https://dataforseo.com/dataforseo-bot)" 
136.243.228.178 - - [21/Oct/2025:22:09:36 -0700] "GET /15006092?products=0012505083 HTTP/1.1" 404 110948 "-" "Mozilla/5.0 (compatible; DataForSeoBot/1.0; +https://dataforseo.com/dataforseo-bot)" 
136.243.228.178 - - [21/Oct/2025:22:09:40 -0700] "GET /15006150?products=0012505132 HTTP/1.1" 404 110948 "-" "Mozilla/5.0 (compatible; DataForSeoBot/1.0; +https://dataforseo.com/dataforseo-bot)" 
136.243.228.178 - - [21/Oct/2025:22:09:44 -0700] "GET /15005444?products=0012504543 HTTP/1.1" 404 110948 "-" "Mozilla/5.0 (compatible; DataForSeoBot/1.0; +https://dataforseo.com/dataforseo-bot)" 
136.243.228.178 - - [21/Oct/2025:22:09:49 -0700] "GET /15007008?products=0012505845 HTTP/1.1" 404 110948 "-" "Mozilla/5.0 (compatible; DataForSeoBot/1.0; +https://dataforseo.com/dataforseo-bot)" 
136.243.228.178 - - [21/Oct/2025:22:09:53 -0700] "GET /15007440?products=0012506205 HTTP/1.1" 404 110948 "-" "Mozilla/5.0 (compatible; DataForSeoBot/1.0; +https://dataforseo.com/dataforseo-bot)" 
136.243.228.178 - - [21/Oct/2025:22:09:56 -0700] "GET /15009744?products=0012508125 HTTP/1.1" 404 110948 "-" "Mozilla/5.0 (compatible; DataForSeoBot/1.0; +https://dataforseo.com/dataforseo-bot)" 
136.243.228.178 - - [21/Oct/2025:22:10:01 -0700] "GET /15007916?products=0012506603 HTTP/1.1" 404 110948 "-" "Mozilla/5.0 (compatible; DataForSeoBot/1.0; +https://dataforseo.com/dataforseo-bot)" 
69.163.179.91 - - [21/Oct/2025:22:10:05 -0700] "POST /wp-cron.php?doing_wp_cron=1761109805.8780159950256347656250 HTTP/1.1" 200 3646 "-" "WordPress/6.8.3; https://www.elconferencista.com" 
136.243.228.178 - - [21/Oct/2025:22:10:05 -0700] "GET /15005890?products=0012504914 HTTP/1.1" 404 110948 "-" "Mozilla/5.0 (compatible; DataForSeoBot/1.0; +https://dataforseo.com/dataforseo-bot)" 
136.243.228.178 - - [21/Oct/2025:22:10:08 -0700] "GET /15009750?products=0012508132 HTTP/1.1" 404 113950 "-" "Mozilla/5.0 (compatible; DataForSeoBot/1.0; +https://dataforseo.com/dataforseo-bot)" 
136.243.228.178 - - [21/Oct/2025:22:10:12 -0700] "GET /15008444?products=0012507043 HTTP/1.1" 404 113950 "-" "Mozilla/5.0 (compatible; DataForSeoBot/1.0; +https://dataforseo.com/dataforseo-bot)" 
136.243.228.178 - - [21/Oct/2025:22:10:16 -0700] "GET /15005948?products=0012504963 HTTP/1.1" 404 110948 "-" "Mozilla/5.0 (compatible; DataForSeoBot/1.0; +https://dataforseo.com/dataforseo-bot)" 
136.243.228.178 - - [21/Oct/2025:22:10:20 -0700] "GET /15009380?products=0012507823 HTTP/1.1" 404 110948 "-" "Mozilla/5.0 (compatible; DataForSeoBot/1.0; +https://dataforseo.com/dataforseo-bot)" 
136.243.228.178 - - [21/Oct/2025:22:10:25 -0700] "GET /15010296?products=0012508585 HTTP/1.1" 404 110948 "-" "Mozilla/5.0 (compatible; DataForSeoBot/1.0; +https://dataforseo.com/dataforseo-bot)" 
136.243.228.178 - - [21/Oct/2025:22:10:28 -0700] "GET /15007138?products=0012505954 HTTP/1.1" 404 110948 "-" "Mozilla/5.0 (compatible; DataForSeoBot/1.0; +https://dataforseo.com/dataforseo-bot)" 
136.243.228.178 - - [21/Oct/2025:22:10:32 -0700] "GET /15009476?products=0012507903 HTTP/1.1" 404 110948 "-" "Mozilla/5.0 (compatible; DataForSeoBot/1.0; +https://dataforseo.com/dataforseo-bot)" 
136.243.228.178 - - [21/Oct/2025:22:10:37 -0700] "GET /15008478?products=0012507072 HTTP/1.1" 404 110948 "-" "Mozilla/5.0 (compatible; DataForSeoBot/1.0; +https://dataforseo.com/dataforseo-bot)" 
136.243.228.178 - - [21/Oct/2025:22:10:40 -0700] "GET /15009260?products=0012507723 HTTP/1.1" 404 110948 "-" "Mozilla/5.0 (compatible; DataForSeoBot/1.0; +https://dataforseo.com/dataforseo-bot)" 
136.243.228.178 - - [21/Oct/2025:22:10:44 -0700] "GET /15007422?products=0012506192 HTTP/1.1" 404 110948 "-" "Mozilla/5.0 (compatible; DataForSeoBot/1.0; +https://dataforseo.com/dataforseo-bot)" 
136.243.228.178 - - [21/Oct/2025:22:10:48 -0700] "GET /15010330?products=0012508614 HTTP/1.1" 404 110948 "-" "Mozilla/5.0 (compatible; DataForSeoBot/1.0; +https://dataforseo.com/dataforseo-bot)" 
136.243.228.178 - - [21/Oct/2025:22:10:52 -0700] "GET /15006836?products=0012505703 HTTP/1.1" 404 110948 "-" "Mozilla/5.0 (compatible; DataForSeoBot/1.0; +https://dataforseo.com/dataforseo-bot)" 
136.243.228.178 - - [21/Oct/2025:22:10:57 -0700] "GET /15006332?products=0012505283 HTTP/1.1" 404 110948 "-" "Mozilla/5.0 (compatible; DataForSeoBot/1.0; +https://dataforseo.com/dataforseo-bot)" 
136.243.228.178 - - [21/Oct/2025:22:11:00 -0700] "GET /15009342?products=0012507792 HTTP/1.1" 404 110948 "-" "Mozilla/5.0 (compatible; DataForSeoBot/1.0; +https://dataforseo.com/dataforseo-bot)" 
69.163.179.91 - - [21/Oct/2025:22:11:05 -0700] "POST /wp-cron.php?doing_wp_cron=1761109864.9953849315643310546875 HTTP/1.1" 200 3646 "-" "WordPress/6.8.3; https://www.elconferencista.com" 
136.243.228.178 - - [21/Oct/2025:22:11:04 -0700] "GET /15007968?products=0012506645 HTTP/1.1" 404 113950 "-" "Mozilla/5.0 (compatible; DataForSeoBot/1.0; +https://dataforseo.com/dataforseo-bot)" 
136.243.228.178 - - [21/Oct/2025:22:11:09 -0700] "GET /15007762?products=0012506474 HTTP/1.1" 404 110948 "-" "Mozilla/5.0 (compatible; DataForSeoBot/1.0; +https://dataforseo.com/dataforseo-bot)" 
136.243.228.178 - - [21/Oct/2025:22:11:12 -0700] "GET /15007162?products=0012505974 HTTP/1.1" 404 110948 "-" "Mozilla/5.0 (compatible; DataForSeoBot/1.0; +https://dataforseo.com/dataforseo-bot)" 
136.243.228.178 - - [21/Oct/2025:22:11:16 -0700] "GET /15006452?products=0012505383 HTTP/1.1" 404 110948 "-" "Mozilla/5.0 (compatible; DataForSeoBot/1.0; +https://dataforseo.com/dataforseo-bot)" 
136.243.228.178 - - [21/Oct/2025:22:11:21 -0700] "GET /15008142?products=0012506792 HTTP/1.1" 404 110948 "-" "Mozilla/5.0 (compatible; DataForSeoBot/1.0; +https://dataforseo.com/dataforseo-bot)" 
136.243.228.178 - - [21/Oct/2025:22:11:24 -0700] "GET /15008424?products=0012507025 HTTP/1.1" 404 110948 "-" "Mozilla/5.0 (compatible; DataForSeoBot/1.0; +https://dataforseo.com/dataforseo-bot)" 
136.243.228.178 - - [21/Oct/2025:22:11:29 -0700] "GET /15008592?products=0012507165 HTTP/1.1" 404 110948 "-" "Mozilla/5.0 (compatible; DataForSeoBot/1.0; +https://dataforseo.com/dataforseo-bot)" 
136.243.228.178 - - [21/Oct/2025:22:11:32 -0700] "GET /15009000?products=0012507505 HTTP/1.1" 404 110948 "-" "Mozilla/5.0 (compatible; DataForSeoBot/1.0; +https://dataforseo.com/dataforseo-bot)" 
136.243.228.178 - - [21/Oct/2025:22:11:36 -0700] "GET /15006654?products=0012505552 HTTP/1.1" 404 110948 "-" "Mozilla/5.0 (compatible; DataForSeoBot/1.0; +https://dataforseo.com/dataforseo-bot)" 
136.243.228.178 - - [21/Oct/2025:22:11:40 -0700] "GET /15005376?products=0012504485 HTTP/1.1" 404 110948 "-" "Mozilla/5.0 (compatible; DataForSeoBot/1.0; +https://dataforseo.com/dataforseo-bot)" 
136.243.228.178 - - [21/Oct/2025:22:11:44 -0700] "GET /15007594?products=0012506334 HTTP/1.1" 404 110948 "-" "Mozilla/5.0 (compatible; DataForSeoBot/1.0; +https://dataforseo.com/dataforseo-bot)" 
136.243.228.178 - - [21/Oct/2025:22:11:48 -0700] "GET /15009726?products=0012508112 HTTP/1.1" 404 110948 "-" "Mozilla/5.0 (compatible; DataForSeoBot/1.0; +https://dataforseo.com/dataforseo-bot)" 
136.243.228.178 - - [21/Oct/2025:22:11:52 -0700] "GET /15007532?products=0012506283 HTTP/1.1" 404 110948 "-" "Mozilla/5.0 (compatible; DataForSeoBot/1.0; +https://dataforseo.com/dataforseo-bot)" 
136.243.228.178 - - [21/Oct/2025:22:11:56 -0700] "GET /15008194?products=0012506834 HTTP/1.1" 404 110948 "-" "Mozilla/5.0 (compatible; DataForSeoBot/1.0; +https://dataforseo.com/dataforseo-bot)" 
136.243.228.178 - - [21/Oct/2025:22:12:00 -0700] "GET /15010124?products=0012508443 HTTP/1.1" 404 110948 "-" "Mozilla/5.0 (compatible; DataForSeoBot/1.0; +https://dataforseo.com/dataforseo-bot)" 
69.163.179.91 - - [21/Oct/2025:22:12:05 -0700] "POST /wp-cron.php?doing_wp_cron=1761109925.7655711174011230468750 HTTP/1.1" 200 3646 "-" "WordPress/6.8.3; https://www.elconferencista.com" 
136.243.228.178 - - [21/Oct/2025:22:12:05 -0700] "GET /15008046?products=0012506712 HTTP/1.1" 404 110948 "-" "Mozilla/5.0 (compatible; DataForSeoBot/1.0; +https://dataforseo.com/dataforseo-bot)" 
136.243.228.178 - - [21/Oct/2025:22:12:09 -0700] "GET /15005694?products=0012504752 HTTP/1.1" 404 110948 "-" "Mozilla/5.0 (compatible; DataForSeoBot/1.0; +https://dataforseo.com/dataforseo-bot)" 
136.243.228.178 - - [21/Oct/2025:22:12:12 -0700] "GET /15005540?products=0012504623 HTTP/1.1" 404 110948 "-" "Mozilla/5.0 (compatible; DataForSeoBot/1.0; +https://dataforseo.com/dataforseo-bot)" 
136.243.228.178 - - [21/Oct/2025:22:12:16 -0700] "GET /15009630?products=0012508032 HTTP/1.1" 404 110948 "-" "Mozilla/5.0 (compatible; DataForSeoBot/1.0; +https://dataforseo.com/dataforseo-bot)" 
136.243.228.178 - - [21/Oct/2025:22:12:20 -0700] "GET /15006572?products=0012505483 HTTP/1.1" 404 110948 "-" "Mozilla/5.0 (compatible; DataForSeoBot/1.0; +https://dataforseo.com/dataforseo-bot)" 
136.243.228.178 - - [21/Oct/2025:22:12:25 -0700] "GET /15008698?products=0012507254 HTTP/1.1" 404 110948 "-" "Mozilla/5.0 (compatible; DataForSeoBot/1.0; +https://dataforseo.com/dataforseo-bot)" 
136.243.228.178 - - [21/Oct/2025:22:12:28 -0700] "GET /15010268?products=0012508563 HTTP/1.1" 404 113950 "-" "Mozilla/5.0 (compatible; DataForSeoBot/1.0; +https://dataforseo.com/dataforseo-bot)" 
136.243.228.178 - - [21/Oct/2025:22:12:32 -0700] "GET /15005190?products=0012504332 HTTP/1.1" 404 113950 "-" "Mozilla/5.0 (compatible; DataForSeoBot/1.0; +https://dataforseo.com/dataforseo-bot)" 
136.243.228.178 - - [21/Oct/2025:22:12:36 -0700] "GET /15008938?products=0012507454 HTTP/1.1" 404 113950 "-" "Mozilla/5.0 (compatible; DataForSeoBot/1.0; +https://dataforseo.com/dataforseo-bot)" 
136.243.228.178 - - [21/Oct/2025:22:12:41 -0700] "GET /15006644?products=0012505543 HTTP/1.1" 404 113950 "-" "Mozilla/5.0 (compatible; DataForSeoBot/1.0; +https://dataforseo.com/dataforseo-bot)" 
136.243.228.178 - - [21/Oct/2025:22:12:44 -0700] "GET /15007686?products=0012506412 HTTP/1.1" 404 110948 "-" "Mozilla/5.0 (compatible; DataForSeoBot/1.0; +https://dataforseo.com/dataforseo-bot)" 
136.243.228.178 - - [21/Oct/2025:22:12:49 -0700] "GET /15008310?products=0012506932 HTTP/1.1" 404 110948 "-" "Mozilla/5.0 (compatible; DataForSeoBot/1.0; +https://dataforseo.com/dataforseo-bot)" 
136.243.228.178 - - [21/Oct/2025:22:12:52 -0700] "GET /15006726?products=0012505612 HTTP/1.1" 404 110948 "-" "Mozilla/5.0 (compatible; DataForSeoBot/1.0; +https://dataforseo.com/dataforseo-bot)" 
136.243.228.178 - - [21/Oct/2025:22:12:56 -0700] "GET /15006788?products=0012505663 HTTP/1.1" 404 110948 "-" "Mozilla/5.0 (compatible; DataForSeoBot/1.0; +https://dataforseo.com/dataforseo-bot)" 
66.249.73.165 - - [21/Oct/2025:22:12:58 -0700] "GET /?products=211710 HTTP/1.1" 200 24736 "-" "Mozilla/5.0 (Linux; Android 6.0.1; Nexus 5X Build/MMB29P) AppleWebKit/537.36 (KHTML, like Gecko) Chrome/141.0.7390.107 Mobile Safari/537.36 (compatible; Googlebot/2.1; +http://www.google.com/bot.html)" 
136.243.228.178 - - [21/Oct/2025:22:13:00 -0700] "GET /15009480?products=0012507905 HTTP/1.1" 404 110948 "-" "Mozilla/5.0 (compatible; DataForSeoBot/1.0; +https://dataforseo.com/dataforseo-bot)" 
69.163.179.91 - - [21/Oct/2025:22:13:05 -0700] "POST /wp-cron.php?doing_wp_cron=1761109985.3266398906707763671875 HTTP/1.1" 200 3646 "-" "WordPress/6.8.3; https://www.elconferencista.com" 
136.243.228.178 - - [21/Oct/2025:22:13:04 -0700] "GET /15007522?products=0012506274 HTTP/1.1" 404 110948 "-" "Mozilla/5.0 (compatible; DataForSeoBot/1.0; +https://dataforseo.com/dataforseo-bot)" 
136.243.228.178 - - [21/Oct/2025:22:13:08 -0700] "GET /15005756?products=0012504803 HTTP/1.1" 404 110948 "-" "Mozilla/5.0 (compatible; DataForSeoBot/1.0; +https://dataforseo.com/dataforseo-bot)" 
136.243.228.178 - - [21/Oct/2025:22:13:12 -0700] "GET /15005746?products=0012504794 HTTP/1.1" 404 110948 "-" "Mozilla/5.0 (compatible; DataForSeoBot/1.0; +https://dataforseo.com/dataforseo-bot)" 
136.243.228.178 - - [21/Oct/2025:22:13:16 -0700] "GET /15010052?products=0012508383 HTTP/1.1" 404 110948 "-" "Mozilla/5.0 (compatible; DataForSeoBot/1.0; +https://dataforseo.com/dataforseo-bot)" 
136.243.228.178 - - [21/Oct/2025:22:13:21 -0700] "GET /15007776?products=0012506485 HTTP/1.1" 404 110948 "-" "Mozilla/5.0 (compatible; DataForSeoBot/1.0; +https://dataforseo.com/dataforseo-bot)" 
136.243.228.178 - - [21/Oct/2025:22:13:24 -0700] "GET /15005972?products=0012504983 HTTP/1.1" 404 110948 "-" "Mozilla/5.0 (compatible; DataForSeoBot/1.0; +https://dataforseo.com/dataforseo-bot)" 
136.243.228.178 - - [21/Oct/2025:22:13:28 -0700] "GET /15006500?products=0012505423 HTTP/1.1" 404 110948 "-" "Mozilla/5.0 (compatible; DataForSeoBot/1.0; +https://dataforseo.com/dataforseo-bot)" 
136.243.228.178 - - [21/Oct/2025:22:13:33 -0700] "GET /15007820?products=0012506523 HTTP/1.1" 404 113950 "-" "Mozilla/5.0 (compatible; DataForSeoBot/1.0; +https://dataforseo.com/dataforseo-bot)" 
136.243.228.178 - - [21/Oct/2025:22:13:37 -0700] "GET /15009178?products=0012507654 HTTP/1.1" 404 113950 "-" "Mozilla/5.0 (compatible; DataForSeoBot/1.0; +https://dataforseo.com/dataforseo-bot)" 
136.243.228.178 - - [21/Oct/2025:22:13:40 -0700] "GET /15009846?products=0012508212 HTTP/1.1" 404 113950 "-" "Mozilla/5.0 (compatible; DataForSeoBot/1.0; +https://dataforseo.com/dataforseo-bot)" 
136.243.228.178 - - [21/Oct/2025:22:13:44 -0700] "GET /15005794?products=0012504834 HTTP/1.1" 404 110948 "-" "Mozilla/5.0 (compatible; DataForSeoBot/1.0; +https://dataforseo.com/dataforseo-bot)" 
136.243.228.178 - - [21/Oct/2025:22:13:48 -0700] "GET /15010234?products=0012508534 HTTP/1.1" 404 110948 "-" "Mozilla/5.0 (compatible; DataForSeoBot/1.0; +https://dataforseo.com/dataforseo-bot)" 
136.243.228.178 - - [21/Oct/2025:22:13:52 -0700] "GET /15008760?products=0012507305 HTTP/1.1" 404 110948 "-" "Mozilla/5.0 (compatible; DataForSeoBot/1.0; +https://dataforseo.com/dataforseo-bot)" 
136.243.228.178 - - [21/Oct/2025:22:13:56 -0700] "GET /15005708?products=0012504763 HTTP/1.1" 404 110948 "-" "Mozilla/5.0 (compatible; DataForSeoBot/1.0; +https://dataforseo.com/dataforseo-bot)" 
136.243.228.178 - - [21/Oct/2025:22:14:01 -0700] "GET /15009188?products=0012507663 HTTP/1.1" 404 110948 "-" "Mozilla/5.0 (compatible; DataForSeoBot/1.0; +https://dataforseo.com/dataforseo-bot)" 
69.163.179.91 - - [21/Oct/2025:22:14:05 -0700] "POST /wp-cron.php?doing_wp_cron=1761110045.6927380561828613281250 HTTP/1.1" 200 3646 "-" "WordPress/6.8.3; https://www.elconferencista.com" 
136.243.228.178 - - [21/Oct/2025:22:14:05 -0700] "GET /15006606?products=0012505512 HTTP/1.1" 404 110948 "-" "Mozilla/5.0 (compatible; DataForSeoBot/1.0; +https://dataforseo.com/dataforseo-bot)" 
136.243.228.178 - - [21/Oct/2025:22:14:09 -0700] "GET /15005084?products=0012504243 HTTP/1.1" 404 110948 "-" "Mozilla/5.0 (compatible; DataForSeoBot/1.0; +https://dataforseo.com/dataforseo-bot)" 
136.243.228.178 - - [21/Oct/2025:22:14:12 -0700] "GET /15008996?products=0012507503 HTTP/1.1" 404 110948 "-" "Mozilla/5.0 (compatible; DataForSeoBot/1.0; +https://dataforseo.com/dataforseo-bot)" 
136.243.228.178 - - [21/Oct/2025:22:14:16 -0700] "GET /15008886?products=0012507412 HTTP/1.1" 404 110948 "-" "Mozilla/5.0 (compatible; DataForSeoBot/1.0; +https://dataforseo.com/dataforseo-bot)" 
136.243.228.178 - - [21/Oct/2025:22:14:20 -0700] "GET /15008492?products=0012507083 HTTP/1.1" 404 110948 "-" "Mozilla/5.0 (compatible; DataForSeoBot/1.0; +https://dataforseo.com/dataforseo-bot)" 
136.243.228.178 - - [21/Oct/2025:22:14:24 -0700] "GET /15006980?products=0012505823 HTTP/1.1" 404 110948 "-" "Mozilla/5.0 (compatible; DataForSeoBot/1.0; +https://dataforseo.com/dataforseo-bot)" 
136.243.228.178 - - [21/Oct/2025:22:14:28 -0700] "GET /15006140?products=0012505123 HTTP/1.1" 404 113950 "-" "Mozilla/5.0 (compatible; DataForSeoBot/1.0; +https://dataforseo.com/dataforseo-bot)" 
107.180.224.51 - - [21/Oct/2025:22:14:32 -0700] "POST /xmlrpc.php HTTP/2.0" 429 348 "https://www.elconferencista.com" "Mozilla/5.0 (Macintosh; Intel Mac OS X 14_4_1) AppleWebKit/605.1.15 (KHTML, like Gecko) Version/17.3.1 Safari/605.1.15" 
136.243.228.178 - - [21/Oct/2025:22:14:33 -0700] "GET /15008670?products=0012507232 HTTP/1.1" 404 113950 "-" "Mozilla/5.0 (compatible; DataForSeoBot/1.0; +https://dataforseo.com/dataforseo-bot)" 
136.243.228.178 - - [21/Oct/2025:22:14:36 -0700] "GET /15010254?products=0012508552 HTTP/1.1" 404 110948 "-" "Mozilla/5.0 (compatible; DataForSeoBot/1.0; +https://dataforseo.com/dataforseo-bot)" 
136.243.228.178 - - [21/Oct/2025:22:14:40 -0700] "GET /15005616?products=0012504685 HTTP/1.1" 404 110948 "-" "Mozilla/5.0 (compatible; DataForSeoBot/1.0; +https://dataforseo.com/dataforseo-bot)" 
136.243.228.178 - - [21/Oct/2025:22:14:44 -0700] "GET /15006966?products=0012505812 HTTP/1.1" 404 110948 "-" "Mozilla/5.0 (compatible; DataForSeoBot/1.0; +https://dataforseo.com/dataforseo-bot)" 
136.243.228.178 - - [21/Oct/2025:22:14:49 -0700] "GET /15009788?products=0012508163 HTTP/1.1" 404 110948 "-" "Mozilla/5.0 (compatible; DataForSeoBot/1.0; +https://dataforseo.com/dataforseo-bot)" 
136.243.228.178 - - [21/Oct/2025:22:14:52 -0700] "GET /15008694?products=0012507252 HTTP/1.1" 404 110948 "-" "Mozilla/5.0 (compatible; DataForSeoBot/1.0; +https://dataforseo.com/dataforseo-bot)" 
136.243.228.178 - - [21/Oct/2025:22:14:56 -0700] "GET /15005280?products=0012504405 HTTP/1.1" 404 110948 "-" "Mozilla/5.0 (compatible; DataForSeoBot/1.0; +https://dataforseo.com/dataforseo-bot)" 
136.243.228.178 - - [21/Oct/2025:22:15:00 -0700] "GET /15005314?products=0012504434 HTTP/1.1" 404 110948 "-" "Mozilla/5.0 (compatible; DataForSeoBot/1.0; +https://dataforseo.com/dataforseo-bot)" 
69.163.179.91 - - [21/Oct/2025:22:15:05 -0700] "POST /wp-cron.php?doing_wp_cron=1761110105.5974779129028320312500 HTTP/1.1" 200 3646 "-" "WordPress/6.8.3; https://www.elconferencista.com" 
136.243.228.178 - - [21/Oct/2025:22:15:04 -0700] "GET /15009150?products=0012507632 HTTP/1.1" 404 110948 "-" "Mozilla/5.0 (compatible; DataForSeoBot/1.0; +https://dataforseo.com/dataforseo-bot)" 
136.243.228.178 - - [21/Oct/2025:22:15:09 -0700] "GET /15008112?products=0012506765 HTTP/1.1" 404 110948 "-" "Mozilla/5.0 (compatible; DataForSeoBot/1.0; +https://dataforseo.com/dataforseo-bot)" 
136.243.228.178 - - [21/Oct/2025:22:15:13 -0700] "GET /15006414?products=0012505352 HTTP/1.1" 404 110948 "-" "Mozilla/5.0 (compatible; DataForSeoBot/1.0; +https://dataforseo.com/dataforseo-bot)" 
136.243.228.178 - - [21/Oct/2025:22:15:17 -0700] "GET /15005184?products=0012504325 HTTP/1.1" 404 110948 "-" "Mozilla/5.0 (compatible; DataForSeoBot/1.0; +https://dataforseo.com/dataforseo-bot)" 
69.163.179.91 - - [21/Oct/2025:22:15:21 -0700] "POST /wp-cron.php?doing_wp_cron=1761110121.9413139820098876953125 HTTP/1.1" 200 3646 "-" "WordPress/6.8.3; https://www.elconferencista.com" 
136.243.228.178 - - [21/Oct/2025:22:15:21 -0700] "GET /15005670?products=0012504732 HTTP/1.1" 404 110948 "-" "Mozilla/5.0 (compatible; DataForSeoBot/1.0; +https://dataforseo.com/dataforseo-bot)" 
136.243.228.178 - - [21/Oct/2025:22:15:25 -0700] "GET /15009840?products=0012508205 HTTP/1.1" 404 110948 "-" "Mozilla/5.0 (compatible; DataForSeoBot/1.0; +https://dataforseo.com/dataforseo-bot)" 
136.243.228.178 - - [21/Oct/2025:22:15:28 -0700] "GET /15007728?products=0012506445 HTTP/1.1" 404 110948 "-" "Mozilla/5.0 (compatible; DataForSeoBot/1.0; +https://dataforseo.com/dataforseo-bot)" 
136.243.228.178 - - [21/Oct/2025:22:15:32 -0700] "GET /15005238?products=0012504372 HTTP/1.1" 404 110948 "-" "Mozilla/5.0 (compatible; DataForSeoBot/1.0; +https://dataforseo.com/dataforseo-bot)" 
136.243.228.178 - - [21/Oct/2025:22:15:36 -0700] "GET /15005938?products=0012504954 HTTP/1.1" 404 110948 "-" "Mozilla/5.0 (compatible; DataForSeoBot/1.0; +https://dataforseo.com/dataforseo-bot)" 
136.243.228.178 - - [21/Oct/2025:22:15:40 -0700] "GET /15007810?products=0012506514 HTTP/1.1" 404 110948 "-" "Mozilla/5.0 (compatible; DataForSeoBot/1.0; +https://dataforseo.com/dataforseo-bot)" 
136.243.228.178 - - [21/Oct/2025:22:15:44 -0700] "GET /15008818?products=0012507354 HTTP/1.1" 404 110948 "-" "Mozilla/5.0 (compatible; DataForSeoBot/1.0; +https://dataforseo.com/dataforseo-bot)" 
136.243.228.178 - - [21/Oct/2025:22:15:48 -0700] "GET /15007988?products=0012506663 HTTP/1.1" 404 110948 "-" "Mozilla/5.0 (compatible; DataForSeoBot/1.0; +https://dataforseo.com/dataforseo-bot)" 
136.243.228.178 - - [21/Oct/2025:22:15:52 -0700] "GET /15009308?products=0012507763 HTTP/1.1" 404 110948 "-" "Mozilla/5.0 (compatible; DataForSeoBot/1.0; +https://dataforseo.com/dataforseo-bot)" 
136.243.228.178 - - [21/Oct/2025:22:15:57 -0700] "GET /15005118?products=0012504272 HTTP/1.1" 404 113950 "-" "Mozilla/5.0 (compatible; DataForSeoBot/1.0; +https://dataforseo.com/dataforseo-bot)" 
136.243.228.178 - - [21/Oct/2025:22:16:00 -0700] "GET /15007018?products=0012505854 HTTP/1.1" 404 113950 "-" "Mozilla/5.0 (compatible; DataForSeoBot/1.0; +https://dataforseo.com/dataforseo-bot)" 
69.163.179.91 - - [21/Oct/2025:22:16:05 -0700] "POST /wp-cron.php?doing_wp_cron=1761110165.0865340232849121093750 HTTP/1.1" 200 3646 "-" "WordPress/6.8.3; https://www.elconferencista.com" 
136.243.228.178 - - [21/Oct/2025:22:16:04 -0700] "GET /15009048?products=0012507545 HTTP/1.1" 404 113950 "-" "Mozilla/5.0 (compatible; DataForSeoBot/1.0; +https://dataforseo.com/dataforseo-bot)" 
136.243.228.178 - - [21/Oct/2025:22:16:08 -0700] "GET /15007800?products=0012506505 HTTP/1.1" 404 113950 "-" "Mozilla/5.0 (compatible; DataForSeoBot/1.0; +https://dataforseo.com/dataforseo-bot)" 
136.243.228.178 - - [21/Oct/2025:22:16:13 -0700] "GET /15008664?products=0012507225 HTTP/1.1" 404 113950 "-" "Mozilla/5.0 (compatible; DataForSeoBot/1.0; +https://dataforseo.com/dataforseo-bot)" 
136.243.228.178 - - [21/Oct/2025:22:16:17 -0700] "GET /15008410?products=0012507014 HTTP/1.1" 404 110948 "-" "Mozilla/5.0 (compatible; DataForSeoBot/1.0; +https://dataforseo.com/dataforseo-bot)" 
136.243.228.178 - - [21/Oct/2025:22:16:20 -0700] "GET /15005502?products=0012504592 HTTP/1.1" 404 110948 "-" "Mozilla/5.0 (compatible; DataForSeoBot/1.0; +https://dataforseo.com/dataforseo-bot)" 
136.243.228.178 - - [21/Oct/2025:22:16:24 -0700] "GET /15007580?products=0012506323 HTTP/1.1" 404 110948 "-" "Mozilla/5.0 (compatible; DataForSeoBot/1.0; +https://dataforseo.com/dataforseo-bot)" 
136.243.228.178 - - [21/Oct/2025:22:16:28 -0700] "GET /15009888?products=0012508245 HTTP/1.1" 404 110948 "-" "Mozilla/5.0 (compatible; DataForSeoBot/1.0; +https://dataforseo.com/dataforseo-bot)" 
136.243.228.178 - - [21/Oct/2025:22:16:32 -0700] "GET /15009836?products=0012508203 HTTP/1.1" 404 110948 "-" "Mozilla/5.0 (compatible; DataForSeoBot/1.0; +https://dataforseo.com/dataforseo-bot)" 
136.243.228.178 - - [21/Oct/2025:22:16:36 -0700] "GET /15006294?products=0012505252 HTTP/1.1" 404 110948 "-" "Mozilla/5.0 (compatible; DataForSeoBot/1.0; +https://dataforseo.com/dataforseo-bot)" 
136.243.228.178 - - [21/Oct/2025:22:16:41 -0700] "GET /15009332?products=0012507783 HTTP/1.1" 404 110948 "-" "Mozilla/5.0 (compatible; DataForSeoBot/1.0; +https://dataforseo.com/dataforseo-bot)" 
136.243.228.178 - - [21/Oct/2025:22:16:45 -0700] "GET /15005544?products=0012504625 HTTP/1.1" 404 110948 "-" "Mozilla/5.0 (compatible; DataForSeoBot/1.0; +https://dataforseo.com/dataforseo-bot)" 
136.243.228.178 - - [21/Oct/2025:22:16:49 -0700] "GET /15009586?products=0012507994 HTTP/1.1" 404 110948 "-" "Mozilla/5.0 (compatible; DataForSeoBot/1.0; +https://dataforseo.com/dataforseo-bot)" 
136.243.228.178 - - [21/Oct/2025:22:16:52 -0700] "GET /15008040?products=0012506705 HTTP/1.1" 404 110948 "-" "Mozilla/5.0 (compatible; DataForSeoBot/1.0; +https://dataforseo.com/dataforseo-bot)" 
136.243.228.178 - - [21/Oct/2025:22:16:56 -0700] "GET /15008568?products=0012507145 HTTP/1.1" 404 113950 "-" "Mozilla/5.0 (compatible; DataForSeoBot/1.0; +https://dataforseo.com/dataforseo-bot)" 
136.243.228.178 - - [21/Oct/2025:22:17:00 -0700] "GET /15008382?products=0012506992 HTTP/1.1" 404 113950 "-" "Mozilla/5.0 (compatible; DataForSeoBot/1.0; +https://dataforseo.com/dataforseo-bot)" 
69.163.179.91 - - [21/Oct/2025:22:17:05 -0700] "POST /wp-cron.php?doing_wp_cron=1761110225.2472798824310302734375 HTTP/1.1" 200 3646 "-" "WordPress/6.8.3; https://www.elconferencista.com" 
136.243.228.178 - - [21/Oct/2025:22:17:04 -0700] "GET /15009624?products=0012508025 HTTP/1.1" 404 113950 "-" "Mozilla/5.0 (compatible; DataForSeoBot/1.0; +https://dataforseo.com/dataforseo-bot)" 
136.243.228.178 - - [21/Oct/2025:22:17:08 -0700] "GET /15009312?products=0012507765 HTTP/1.1" 404 110948 "-" "Mozilla/5.0 (compatible; DataForSeoBot/1.0; +https://dataforseo.com/dataforseo-bot)" 
136.243.228.178 - - [21/Oct/2025:22:17:12 -0700] "GET /15010316?products=0012508603 HTTP/1.1" 404 110948 "-" "Mozilla/5.0 (compatible; DataForSeoBot/1.0; +https://dataforseo.com/dataforseo-bot)" 
136.243.228.178 - - [21/Oct/2025:22:17:17 -0700] "GET /15009020?products=0012507523 HTTP/1.1" 404 110948 "-" "Mozilla/5.0 (compatible; DataForSeoBot/1.0; +https://dataforseo.com/dataforseo-bot)" 
136.243.228.178 - - [21/Oct/2025:22:17:20 -0700] "GET /15006802?products=0012505674 HTTP/1.1" 404 110948 "-" "Mozilla/5.0 (compatible; DataForSeoBot/1.0; +https://dataforseo.com/dataforseo-bot)" 
136.243.228.178 - - [21/Oct/2025:22:17:25 -0700] "GET /15010354?products=0012508634 HTTP/1.1" 404 110948 "-" "Mozilla/5.0 (compatible; DataForSeoBot/1.0; +https://dataforseo.com/dataforseo-bot)" 
136.243.228.178 - - [21/Oct/2025:22:17:29 -0700] "GET /15008276?products=0012506903 HTTP/1.1" 404 110948 "-" "Mozilla/5.0 (compatible; DataForSeoBot/1.0; +https://dataforseo.com/dataforseo-bot)" 
66.249.73.165 - - [21/Oct/2025:22:17:32 -0700] "GET /?products=212280 HTTP/1.1" 200 25081 "-" "Mozilla/5.0 (Linux; Android 6.0.1; Nexus 5X Build/MMB29P) AppleWebKit/537.36 (KHTML, like Gecko) Chrome/141.0.7390.107 Mobile Safari/537.36 (compatible; Googlebot/2.1; +http://www.google.com/bot.html)" 
136.243.228.178 - - [21/Oct/2025:22:17:32 -0700] "GET /15005780?products=0012504823 HTTP/1.1" 404 110948 "-" "Mozilla/5.0 (compatible; DataForSeoBot/1.0; +https://dataforseo.com/dataforseo-bot)" 
136.243.228.178 - - [21/Oct/2025:22:17:36 -0700] "GET /15008948?products=0012507463 HTTP/1.1" 404 110948 "-" "Mozilla/5.0 (compatible; DataForSeoBot/1.0; +https://dataforseo.com/dataforseo-bot)" 
136.243.228.178 - - [21/Oct/2025:22:17:41 -0700] "GET /15005074?products=0012504234 HTTP/1.1" 404 110948 "-" "Mozilla/5.0 (compatible; DataForSeoBot/1.0; +https://dataforseo.com/dataforseo-bot)" 
136.243.228.178 - - [21/Oct/2025:22:17:44 -0700] "GET /15006846?products=0012505712 HTTP/1.1" 404 110948 "-" "Mozilla/5.0 (compatible; DataForSeoBot/1.0; +https://dataforseo.com/dataforseo-bot)" 
136.243.228.178 - - [21/Oct/2025:22:17:48 -0700] "GET /15008286?products=0012506912 HTTP/1.1" 404 113950 "-" "Mozilla/5.0 (compatible; DataForSeoBot/1.0; +https://dataforseo.com/dataforseo-bot)" 
136.243.228.178 - - [21/Oct/2025:22:17:52 -0700] "GET /15007940?products=0012506623 HTTP/1.1" 404 110948 "-" "Mozilla/5.0 (compatible; DataForSeoBot/1.0; +https://dataforseo.com/dataforseo-bot)" 
136.243.228.178 - - [21/Oct/2025:22:17:56 -0700] "GET /15007364?products=0012506143 HTTP/1.1" 404 113950 "-" "Mozilla/5.0 (compatible; DataForSeoBot/1.0; +https://dataforseo.com/dataforseo-bot)" 
136.243.228.178 - - [21/Oct/2025:22:18:00 -0700] "GET /15009874?products=0012508234 HTTP/1.1" 404 113950 "-" "Mozilla/5.0 (compatible; DataForSeoBot/1.0; +https://dataforseo.com/dataforseo-bot)" 
69.163.179.91 - - [21/Oct/2025:22:18:05 -0700] "POST /wp-cron.php?doing_wp_cron=1761110285.1617000102996826171875 HTTP/1.1" 200 3646 "-" "WordPress/6.8.3; https://www.elconferencista.com" 
136.243.228.178 - - [21/Oct/2025:22:18:04 -0700] "GET /15010062?products=0012508392 HTTP/1.1" 404 110948 "-" "Mozilla/5.0 (compatible; DataForSeoBot/1.0; +https://dataforseo.com/dataforseo-bot)" 
136.243.228.178 - - [21/Oct/2025:22:18:08 -0700] "GET /15005496?products=0012504585 HTTP/1.1" 404 110948 "-" "Mozilla/5.0 (compatible; DataForSeoBot/1.0; +https://dataforseo.com/dataforseo-bot)" 
136.243.228.178 - - [21/Oct/2025:22:18:12 -0700] "GET /15005578?products=0012504654 HTTP/1.1" 404 110948 "-" "Mozilla/5.0 (compatible; DataForSeoBot/1.0; +https://dataforseo.com/dataforseo-bot)" 
136.243.228.178 - - [21/Oct/2025:22:18:16 -0700] "GET /15007254?products=0012506052 HTTP/1.1" 404 110948 "-" "Mozilla/5.0 (compatible; DataForSeoBot/1.0; +https://dataforseo.com/dataforseo-bot)" 
136.243.228.178 - - [21/Oct/2025:22:18:20 -0700] "GET /15007436?products=0012506203 HTTP/1.1" 404 110948 "-" "Mozilla/5.0 (compatible; DataForSeoBot/1.0; +https://dataforseo.com/dataforseo-bot)" 
136.243.228.178 - - [21/Oct/2025:22:18:24 -0700] "GET /15005592?products=0012504665 HTTP/1.1" 404 110948 "-" "Mozilla/5.0 (compatible; DataForSeoBot/1.0; +https://dataforseo.com/dataforseo-bot)" 
136.243.228.178 - - [21/Oct/2025:22:18:28 -0700] "GET /15009606?products=0012508012 HTTP/1.1" 404 110948 "-" "Mozilla/5.0 (compatible; DataForSeoBot/1.0; +https://dataforseo.com/dataforseo-bot)" 
136.243.228.178 - - [21/Oct/2025:22:18:33 -0700] "GET /15008012?products=0012506683 HTTP/1.1" 404 110948 "-" "Mozilla/5.0 (compatible; DataForSeoBot/1.0; +https://dataforseo.com/dataforseo-bot)" 
136.243.228.178 - - [21/Oct/2025:22:18:37 -0700] "GET /15006936?products=0012505785 HTTP/1.1" 404 110948 "-" "Mozilla/5.0 (compatible; DataForSeoBot/1.0; +https://dataforseo.com/dataforseo-bot)" 
136.243.228.178 - - [21/Oct/2025:22:18:40 -0700] "GET /15005352?products=0012504465 HTTP/1.1" 404 110948 "-" "Mozilla/5.0 (compatible; DataForSeoBot/1.0; +https://dataforseo.com/dataforseo-bot)" 
136.243.228.178 - - [21/Oct/2025:22:18:44 -0700] "GET /15005808?products=0012504845 HTTP/1.1" 404 110948 "-" "Mozilla/5.0 (compatible; DataForSeoBot/1.0; +https://dataforseo.com/dataforseo-bot)" 
136.243.228.178 - - [21/Oct/2025:22:18:48 -0700] "GET /15009322?products=0012507774 HTTP/1.1" 404 110948 "-" "Mozilla/5.0 (compatible; DataForSeoBot/1.0; +https://dataforseo.com/dataforseo-bot)" 
136.243.228.178 - - [21/Oct/2025:22:18:52 -0700] "GET /15005400?products=0012504505 HTTP/1.1" 404 110948 "-" "Mozilla/5.0 (compatible; DataForSeoBot/1.0; +https://dataforseo.com/dataforseo-bot)" 
136.243.228.178 - - [21/Oct/2025:22:18:56 -0700] "GET /15009884?products=0012508243 HTTP/1.1" 404 110948 "-" "Mozilla/5.0 (compatible; DataForSeoBot/1.0; +https://dataforseo.com/dataforseo-bot)" 
136.243.228.178 - - [21/Oct/2025:22:19:00 -0700] "GET /15006408?products=0012505345 HTTP/1.1" 404 110948 "-" "Mozilla/5.0 (compatible; DataForSeoBot/1.0; +https://dataforseo.com/dataforseo-bot)" 
69.163.179.91 - - [21/Oct/2025:22:19:05 -0700] "POST /wp-cron.php?doing_wp_cron=1761110345.1942250728607177734375 HTTP/1.1" 200 3646 "-" "WordPress/6.8.3; https://www.elconferencista.com" 
136.243.228.178 - - [21/Oct/2025:22:19:04 -0700] "GET /15005564?products=0012504643 HTTP/1.1" 404 110948 "-" "Mozilla/5.0 (compatible; DataForSeoBot/1.0; +https://dataforseo.com/dataforseo-bot)" 
136.243.228.178 - - [21/Oct/2025:22:19:08 -0700] "GET /15005194?products=0012504334 HTTP/1.1" 404 110948 "-" "Mozilla/5.0 (compatible; DataForSeoBot/1.0; +https://dataforseo.com/dataforseo-bot)" 
136.243.228.178 - - [21/Oct/2025:22:19:12 -0700] "GET /15005910?products=0012504932 HTTP/1.1" 404 110948 "-" "Mozilla/5.0 (compatible; DataForSeoBot/1.0; +https://dataforseo.com/dataforseo-bot)" 
136.243.228.178 - - [21/Oct/2025:22:19:16 -0700] "GET /15006932?products=0012505783 HTTP/1.1" 404 110948 "-" "Mozilla/5.0 (compatible; DataForSeoBot/1.0; +https://dataforseo.com/dataforseo-bot)" 
