136.243.228.178 - - [21/Oct/2025:22:35:44 -0700] "GET /15008646?products=0012507212 HTTP/1.1" 404 110948 "-" "Mozilla/5.0 (compatible; DataForSeoBot/1.0; +https://dataforseo.com/dataforseo-bot)" 
136.243.228.178 - - [21/Oct/2025:22:35:48 -0700] "GET /15005986?products=0012504994 HTTP/1.1" 404 110948 "-" "Mozilla/5.0 (compatible; DataForSeoBot/1.0; +https://dataforseo.com/dataforseo-bot)" 
136.243.228.178 - - [21/Oct/2025:22:35:52 -0700] "GET /15007306?products=0012506094 HTTP/1.1" 404 110948 "-" "Mozilla/5.0 (compatible; DataForSeoBot/1.0; +https://dataforseo.com/dataforseo-bot)" 
136.243.228.178 - - [21/Oct/2025:22:35:56 -0700] "GET /15006264?products=0012505225 HTTP/1.1" 404 110948 "-" "Mozilla/5.0 (compatible; DataForSeoBot/1.0; +https://dataforseo.com/dataforseo-bot)" 
136.243.228.178 - - [21/Oct/2025:22:36:00 -0700] "GET /15009092?products=0012507583 HTTP/1.1" 404 110948 "-" "Mozilla/5.0 (compatible; DataForSeoBot/1.0; +https://dataforseo.com/dataforseo-bot)" 
69.163.179.91 - - [21/Oct/2025:22:36:05 -0700] "POST /wp-cron.php?doing_wp_cron=1761111365.2013330459594726562500 HTTP/1.1" 200 3646 "-" "WordPress/6.8.3; https://www.elconferencista.com" 
136.243.228.178 - - [21/Oct/2025:22:36:04 -0700] "GET /15005492?products=0012504583 HTTP/1.1" 404 110948 "-" "Mozilla/5.0 (compatible; DataForSeoBot/1.0; +https://dataforseo.com/dataforseo-bot)" 
136.243.228.178 - - [21/Oct/2025:22:36:09 -0700] "GET /15009678?products=0012508072 HTTP/1.1" 404 110948 "-" "Mozilla/5.0 (compatible; DataForSeoBot/1.0; +https://dataforseo.com/dataforseo-bot)" 
136.243.228.178 - - [21/Oct/2025:22:36:12 -0700] "GET /15009390?products=0012507832 HTTP/1.1" 404 110948 "-" "Mozilla/5.0 (compatible; DataForSeoBot/1.0; +https://dataforseo.com/dataforseo-bot)" 
136.243.228.178 - - [21/Oct/2025:22:36:16 -0700] "GET /15009404?products=0012507843 HTTP/1.1" 404 110948 "-" "Mozilla/5.0 (compatible; DataForSeoBot/1.0; +https://dataforseo.com/dataforseo-bot)" 
136.243.228.178 - - [21/Oct/2025:22:36:20 -0700] "GET /15006216?products=0012505185 HTTP/1.1" 404 110948 "-" "Mozilla/5.0 (compatible; DataForSeoBot/1.0; +https://dataforseo.com/dataforseo-bot)" 
136.243.228.178 - - [21/Oct/2025:22:36:24 -0700] "GET /15006202?products=0012505174 HTTP/1.1" 404 110948 "-" "Mozilla/5.0 (compatible; DataForSeoBot/1.0; +https://dataforseo.com/dataforseo-bot)" 
136.243.228.178 - - [21/Oct/2025:22:36:28 -0700] "GET /15008602?products=0012507174 HTTP/1.1" 404 110948 "-" "Mozilla/5.0 (compatible; DataForSeoBot/1.0; +https://dataforseo.com/dataforseo-bot)" 
136.243.228.178 - - [21/Oct/2025:22:36:32 -0700] "GET /15010278?products=0012508572 HTTP/1.1" 404 113950 "-" "Mozilla/5.0 (compatible; DataForSeoBot/1.0; +https://dataforseo.com/dataforseo-bot)" 
136.243.228.178 - - [21/Oct/2025:22:36:36 -0700] "GET /15006288?products=0012505245 HTTP/1.1" 404 113950 "-" "Mozilla/5.0 (compatible; DataForSeoBot/1.0; +https://dataforseo.com/dataforseo-bot)" 
136.243.228.178 - - [21/Oct/2025:22:36:40 -0700] "GET /15008208?products=0012506845 HTTP/1.1" 404 113950 "-" "Mozilla/5.0 (compatible; DataForSeoBot/1.0; +https://dataforseo.com/dataforseo-bot)" 
136.243.228.178 - - [21/Oct/2025:22:36:45 -0700] "GET /15005448?products=0012504545 HTTP/1.1" 404 113950 "-" "Mozilla/5.0 (compatible; DataForSeoBot/1.0; +https://dataforseo.com/dataforseo-bot)" 
136.243.228.178 - - [21/Oct/2025:22:36:48 -0700] "GET /15009216?products=0012507685 HTTP/1.1" 404 110948 "-" "Mozilla/5.0 (compatible; DataForSeoBot/1.0; +https://dataforseo.com/dataforseo-bot)" 
136.243.228.178 - - [21/Oct/2025:22:36:52 -0700] "GET /15008904?products=0012507425 HTTP/1.1" 404 110948 "-" "Mozilla/5.0 (compatible; DataForSeoBot/1.0; +https://dataforseo.com/dataforseo-bot)" 
136.243.228.178 - - [21/Oct/2025:22:36:56 -0700] "GET /15008516?products=0012507103 HTTP/1.1" 404 110948 "-" "Mozilla/5.0 (compatible; DataForSeoBot/1.0; +https://dataforseo.com/dataforseo-bot)" 
136.243.228.178 - - [21/Oct/2025:22:37:00 -0700] "GET /15009442?products=0012507874 HTTP/1.1" 404 110948 "-" "Mozilla/5.0 (compatible; DataForSeoBot/1.0; +https://dataforseo.com/dataforseo-bot)" 
69.163.179.91 - - [21/Oct/2025:22:37:05 -0700] "POST /wp-cron.php?doing_wp_cron=1761111425.4794509410858154296875 HTTP/1.1" 200 3646 "-" "WordPress/6.8.3; https://www.elconferencista.com" 
136.243.228.178 - - [21/Oct/2025:22:37:04 -0700] "GET /15009860?products=0012508223 HTTP/1.1" 404 110948 "-" "Mozilla/5.0 (compatible; DataForSeoBot/1.0; +https://dataforseo.com/dataforseo-bot)" 
136.243.228.178 - - [21/Oct/2025:22:37:08 -0700] "GET /15007176?products=0012505985 HTTP/1.1" 404 110948 "-" "Mozilla/5.0 (compatible; DataForSeoBot/1.0; +https://dataforseo.com/dataforseo-bot)" 
136.243.228.178 - - [21/Oct/2025:22:37:12 -0700] "GET /15006610?products=0012505514 HTTP/1.1" 404 113950 "-" "Mozilla/5.0 (compatible; DataForSeoBot/1.0; +https://dataforseo.com/dataforseo-bot)" 
136.243.228.178 - - [21/Oct/2025:22:37:16 -0700] "GET /15008550?products=0012507132 HTTP/1.1" 404 113950 "-" "Mozilla/5.0 (compatible; DataForSeoBot/1.0; +https://dataforseo.com/dataforseo-bot)" 
136.243.228.178 - - [21/Oct/2025:22:37:20 -0700] "GET /15007110?products=0012505932 HTTP/1.1" 404 113950 "-" "Mozilla/5.0 (compatible; DataForSeoBot/1.0; +https://dataforseo.com/dataforseo-bot)" 
136.243.228.178 - - [21/Oct/2025:22:37:24 -0700] "GET /15006792?products=0012505665 HTTP/1.1" 404 113950 "-" "Mozilla/5.0 (compatible; DataForSeoBot/1.0; +https://dataforseo.com/dataforseo-bot)" 
136.243.228.178 - - [21/Oct/2025:22:37:29 -0700] "GET /15008958?products=0012507472 HTTP/1.1" 404 110948 "-" "Mozilla/5.0 (compatible; DataForSeoBot/1.0; +https://dataforseo.com/dataforseo-bot)" 
136.243.228.178 - - [21/Oct/2025:22:37:32 -0700] "GET /15005506?products=0012504594 HTTP/1.1" 404 110948 "-" "Mozilla/5.0 (compatible; DataForSeoBot/1.0; +https://dataforseo.com/dataforseo-bot)" 
136.243.228.178 - - [21/Oct/2025:22:37:36 -0700] "GET /15005612?products=0012504683 HTTP/1.1" 404 110948 "-" "Mozilla/5.0 (compatible; DataForSeoBot/1.0; +https://dataforseo.com/dataforseo-bot)" 
136.243.228.178 - - [21/Oct/2025:22:37:41 -0700] "GET /15005684?products=0012504743 HTTP/1.1" 404 110948 "-" "Mozilla/5.0 (compatible; DataForSeoBot/1.0; +https://dataforseo.com/dataforseo-bot)" 
136.243.228.178 - - [21/Oct/2025:22:37:44 -0700] "GET /15007340?products=0012506123 HTTP/1.1" 404 110948 "-" "Mozilla/5.0 (compatible; DataForSeoBot/1.0; +https://dataforseo.com/dataforseo-bot)" 
136.243.228.178 - - [21/Oct/2025:22:37:48 -0700] "GET /15009068?products=0012507563 HTTP/1.1" 404 110926 "-" "Mozilla/5.0 (compatible; DataForSeoBot/1.0; +https://dataforseo.com/dataforseo-bot)" 
136.243.228.178 - - [21/Oct/2025:22:37:52 -0700] "GET /15008454?products=0012507052 HTTP/1.1" 404 110948 "-" "Mozilla/5.0 (compatible; DataForSeoBot/1.0; +https://dataforseo.com/dataforseo-bot)" 
136.243.228.178 - - [21/Oct/2025:22:37:56 -0700] "GET /15006548?products=0012505463 HTTP/1.1" 404 113950 "-" "Mozilla/5.0 (compatible; DataForSeoBot/1.0; +https://dataforseo.com/dataforseo-bot)" 
136.243.228.178 - - [21/Oct/2025:22:38:01 -0700] "GET /15006000?products=0012505005 HTTP/1.1" 404 113950 "-" "Mozilla/5.0 (compatible; DataForSeoBot/1.0; +https://dataforseo.com/dataforseo-bot)" 
69.163.179.91 - - [21/Oct/2025:22:38:05 -0700] "POST /wp-cron.php?doing_wp_cron=1761111485.2381858825683593750000 HTTP/1.1" 200 3646 "-" "WordPress/6.8.3; https://www.elconferencista.com" 
136.243.228.178 - - [21/Oct/2025:22:38:04 -0700] "GET /15009336?products=0012507785 HTTP/1.1" 404 113950 "-" "Mozilla/5.0 (compatible; DataForSeoBot/1.0; +https://dataforseo.com/dataforseo-bot)" 
136.243.228.178 - - [21/Oct/2025:22:38:08 -0700] "GET /15007608?products=0012506345 HTTP/1.1" 404 113950 "-" "Mozilla/5.0 (compatible; DataForSeoBot/1.0; +https://dataforseo.com/dataforseo-bot)" 
136.243.228.178 - - [21/Oct/2025:22:38:13 -0700] "GET /15005876?products=0012504903 HTTP/1.1" 404 113950 "-" "Mozilla/5.0 (compatible; DataForSeoBot/1.0; +https://dataforseo.com/dataforseo-bot)" 
136.243.228.178 - - [21/Oct/2025:22:38:16 -0700] "GET /15005348?products=0012504463 HTTP/1.1" 404 113950 "-" "Mozilla/5.0 (compatible; DataForSeoBot/1.0; +https://dataforseo.com/dataforseo-bot)" 
136.243.228.178 - - [21/Oct/2025:22:38:20 -0700] "GET /15007498?products=0012506254 HTTP/1.1" 404 113950 "-" "Mozilla/5.0 (compatible; DataForSeoBot/1.0; +https://dataforseo.com/dataforseo-bot)" 
13.89.224.123 - - [21/Oct/2025:22:38:24 -0700] "GET /.well-known/acme-challenge/ HTTP/1.1" 403 3811 "-" "-" 
13.89.224.123 - - [21/Oct/2025:22:38:24 -0700] "GET /abcd.php HTTP/1.1" 403 485 "-" "-" 
13.89.224.123 - - [21/Oct/2025:22:38:24 -0700] "GET /about.php?p= HTTP/1.1" 403 485 "-" "-" 
13.89.224.123 - - [21/Oct/2025:22:38:24 -0700] "GET /chosen.php?p= HTTP/1.1" 403 485 "-" "-" 
13.89.224.123 - - [21/Oct/2025:22:38:24 -0700] "GET /default.php HTTP/1.1" 403 485 "-" "-" 
13.89.224.123 - - [21/Oct/2025:22:38:24 -0700] "GET /ds.php HTTP/1.1" 403 485 "-" "-" 
13.89.224.123 - - [21/Oct/2025:22:38:24 -0700] "GET /f5.php HTTP/1.1" 403 485 "-" "-" 
13.89.224.123 - - [21/Oct/2025:22:38:24 -0700] "GET /file.php HTTP/1.1" 403 485 "-" "-" 
13.89.224.123 - - [21/Oct/2025:22:38:25 -0700] "GET /god4m.php HTTP/1.1" 403 485 "-" "-" 
13.89.224.123 - - [21/Oct/2025:22:38:25 -0700] "GET /info.php HTTP/1.1" 403 485 "-" "-" 
13.89.224.123 - - [21/Oct/2025:22:38:25 -0700] "GET /modules/ HTTP/1.1" 403 485 "-" "-" 
13.89.224.123 - - [21/Oct/2025:22:38:25 -0700] "GET /test1.php HTTP/1.1" 403 485 "-" "-" 
13.89.224.123 - - [21/Oct/2025:22:38:25 -0700] "GET /uploads/ HTTP/1.1" 403 485 "-" "-" 
13.89.224.123 - - [21/Oct/2025:22:38:25 -0700] "GET /wp-admin/images/ HTTP/1.1" 403 485 "-" "-" 
13.89.224.123 - - [21/Oct/2025:22:38:25 -0700] "GET /wp-content/uploads/ HTTP/1.1" 403 485 "-" "-" 
136.243.228.178 - - [21/Oct/2025:22:38:24 -0700] "GET /15010110?products=0012508432 HTTP/1.1" 404 113950 "-" "Mozilla/5.0 (compatible; DataForSeoBot/1.0; +https://dataforseo.com/dataforseo-bot)" 
13.89.224.123 - - [21/Oct/2025:22:38:25 -0700] "GET /wp-good.php HTTP/1.1" 403 485 "-" "-" 
13.89.224.123 - - [21/Oct/2025:22:38:26 -0700] "GET /wp-includes/ID3/ HTTP/1.1" 403 485 "-" "-" 
13.89.224.123 - - [21/Oct/2025:22:38:26 -0700] "GET /wp-includes/Text/ HTTP/1.1" 403 485 "-" "-" 
13.89.224.123 - - [21/Oct/2025:22:38:26 -0700] "GET /wp-includes/assets/ HTTP/1.1" 403 485 "-" "-" 
13.89.224.123 - - [21/Oct/2025:22:38:26 -0700] "GET /wp-includes/js/codemirror/ HTTP/1.1" 403 485 "-" "-" 
13.89.224.123 - - [21/Oct/2025:22:38:26 -0700] "GET /wp-includes/js/crop/ HTTP/1.1" 403 485 "-" "-" 
13.89.224.123 - - [21/Oct/2025:22:38:26 -0700] "GET /wp-includes/pomo/ HTTP/1.1" 403 485 "-" "-" 
13.89.224.123 - - [21/Oct/2025:22:38:26 -0700] "GET /wp-includes/rest-api/fields/ HTTP/1.1" 403 485 "-" "-" 
13.89.224.123 - - [21/Oct/2025:22:38:26 -0700] "GET /.__info.php HTTP/1.1" 403 485 "-" "-" 
13.89.224.123 - - [21/Oct/2025:22:38:27 -0700] "GET /0.php HTTP/1.1" 403 485 "-" "-" 
13.89.224.123 - - [21/Oct/2025:22:38:27 -0700] "GET /07.php HTTP/1.1" 403 485 "-" "-" 
13.89.224.123 - - [21/Oct/2025:22:38:27 -0700] "GET /1.php HTTP/1.1" 403 485 "-" "-" 
13.89.224.123 - - [21/Oct/2025:22:38:27 -0700] "GET /123.php HTTP/1.1" 403 485 "-" "-" 
13.89.224.123 - - [21/Oct/2025:22:38:27 -0700] "GET /aa.php HTTP/1.1" 403 485 "-" "-" 
13.89.224.123 - - [21/Oct/2025:22:38:27 -0700] "GET /about.php HTTP/1.1" 403 485 "-" "-" 
13.89.224.123 - - [21/Oct/2025:22:38:27 -0700] "GET /admin.php HTTP/1.1" 403 485 "-" "-" 
13.89.224.123 - - [21/Oct/2025:22:38:27 -0700] "GET /adminfuns.php HTTP/1.1" 403 485 "-" "-" 
13.89.224.123 - - [21/Oct/2025:22:38:27 -0700] "GET /akc.php HTTP/1.1" 403 485 "-" "-" 
13.89.224.123 - - [21/Oct/2025:22:38:28 -0700] "GET /akcc.php HTTP/1.1" 403 485 "-" "-" 
13.89.224.123 - - [21/Oct/2025:22:38:28 -0700] "GET /asasx.php HTTP/1.1" 403 485 "-" "-" 
13.89.224.123 - - [21/Oct/2025:22:38:28 -0700] "GET /asd.php HTTP/1.1" 403 485 "-" "-" 
13.89.224.123 - - [21/Oct/2025:22:38:28 -0700] "GET /atomlib.php HTTP/1.1" 403 485 "-" "-" 
13.89.224.123 - - [21/Oct/2025:22:38:28 -0700] "GET /autoload_classmap.php HTTP/1.1" 403 485 "-" "-" 
13.89.224.123 - - [21/Oct/2025:22:38:28 -0700] "GET /axx.php HTTP/1.1" 403 485 "-" "-" 
13.89.224.123 - - [21/Oct/2025:22:38:28 -0700] "GET /berax.php HTTP/1.1" 403 485 "-" "-" 
13.89.224.123 - - [21/Oct/2025:22:38:28 -0700] "GET /build.php HTTP/1.1" 403 485 "-" "-" 
13.89.224.123 - - [21/Oct/2025:22:38:28 -0700] "GET /buy.php HTTP/1.1" 403 485 "-" "-" 
13.89.224.123 - - [21/Oct/2025:22:38:29 -0700] "GET /checkbox.php HTTP/1.1" 403 485 "-" "-" 
13.89.224.123 - - [21/Oct/2025:22:38:29 -0700] "GET /chosen.php HTTP/1.1" 403 485 "-" "-" 
13.89.224.123 - - [21/Oct/2025:22:38:29 -0700] "GET /classwithtostring.php HTTP/1.1" 403 485 "-" "-" 
13.89.224.123 - - [21/Oct/2025:22:38:29 -0700] "GET /cong.php HTTP/1.1" 403 485 "-" "-" 
13.89.224.123 - - [21/Oct/2025:22:38:29 -0700] "GET /css.php HTTP/1.1" 403 485 "-" "-" 
13.89.224.123 - - [21/Oct/2025:22:38:29 -0700] "GET /dropdown.php HTTP/1.1" 403 485 "-" "-" 
13.89.224.123 - - [21/Oct/2025:22:38:29 -0700] "GET /edit.php HTTP/1.1" 403 485 "-" "-" 
13.89.224.123 - - [21/Oct/2025:22:38:29 -0700] "GET /file2.php HTTP/1.1" 403 485 "-" "-" 
13.89.224.123 - - [21/Oct/2025:22:38:30 -0700] "GET /file4.php HTTP/1.1" 403 485 "-" "-" 
136.243.228.178 - - [21/Oct/2025:22:38:29 -0700] "GET /15006750?products=0012505632 HTTP/1.1" 404 110948 "-" "Mozilla/5.0 (compatible; DataForSeoBot/1.0; +https://dataforseo.com/dataforseo-bot)" 
13.89.224.123 - - [21/Oct/2025:22:38:30 -0700] "GET /filemanager.php HTTP/1.1" 403 485 "-" "-" 
13.89.224.123 - - [21/Oct/2025:22:38:30 -0700] "GET /flower.php HTTP/1.1" 403 485 "-" "-" 
13.89.224.123 - - [21/Oct/2025:22:38:30 -0700] "GET /form.php HTTP/1.1" 403 485 "-" "-" 
13.89.224.123 - - [21/Oct/2025:22:38:30 -0700] "GET /gecko.php HTTP/1.1" 403 485 "-" "-" 
13.89.224.123 - - [21/Oct/2025:22:38:30 -0700] "GET /kyami.php HTTP/1.1" 403 485 "-" "-" 
13.89.224.123 - - [21/Oct/2025:22:38:30 -0700] "GET /makeasmtp.php HTTP/1.1" 403 485 "-" "-" 
13.89.224.123 - - [21/Oct/2025:22:38:30 -0700] "GET /manager.php HTTP/1.1" 403 485 "-" "-" 
13.89.224.123 - - [21/Oct/2025:22:38:30 -0700] "GET /mari.php HTTP/1.1" 403 485 "-" "-" 
13.89.224.123 - - [21/Oct/2025:22:38:31 -0700] "GET /moon.php HTTP/1.1" 403 485 "-" "-" 
13.89.224.123 - - [21/Oct/2025:22:38:31 -0700] "GET /nc4.php HTTP/1.1" 403 485 "-" "-" 
13.89.224.123 - - [21/Oct/2025:22:38:31 -0700] "GET /new.php HTTP/1.1" 403 485 "-" "-" 
13.89.224.123 - - [21/Oct/2025:22:38:31 -0700] "GET /wp-activate.php HTTP/1.1" 403 485 "-" "-" 
13.89.224.123 - - [21/Oct/2025:22:38:31 -0700] "GET /wp-admin.php HTTP/1.1" 403 485 "-" "-" 
13.89.224.123 - - [21/Oct/2025:22:38:31 -0700] "GET /wp-trackback.php HTTP/1.1" 403 485 "-" "-" 
13.89.224.123 - - [21/Oct/2025:22:38:31 -0700] "GET /xmlrpc.php HTTP/1.1" 403 485 "-" "-" 
13.89.224.123 - - [21/Oct/2025:22:38:31 -0700] "GET /xmrlpc.php HTTP/1.1" 403 485 "-" "-" 
136.243.228.178 - - [21/Oct/2025:22:38:32 -0700] "GET /15010302?products=0012508592 HTTP/1.1" 404 110948 "-" "Mozilla/5.0 (compatible; DataForSeoBot/1.0; +https://dataforseo.com/dataforseo-bot)" 
136.243.228.178 - - [21/Oct/2025:22:38:37 -0700] "GET /15007484?products=0012506243 HTTP/1.1" 404 110948 "-" "Mozilla/5.0 (compatible; DataForSeoBot/1.0; +https://dataforseo.com/dataforseo-bot)" 
136.243.228.178 - - [21/Oct/2025:22:38:40 -0700] "GET /15010440?products=0012508705 HTTP/1.1" 404 110948 "-" "Mozilla/5.0 (compatible; DataForSeoBot/1.0; +https://dataforseo.com/dataforseo-bot)" 
136.243.228.178 - - [21/Oct/2025:22:38:45 -0700] "GET /15006236?products=0012505203 HTTP/1.1" 404 110948 "-" "Mozilla/5.0 (compatible; DataForSeoBot/1.0; +https://dataforseo.com/dataforseo-bot)" 
136.243.228.178 - - [21/Oct/2025:22:38:48 -0700] "GET /15006692?products=0012505583 HTTP/1.1" 404 110948 "-" "Mozilla/5.0 (compatible; DataForSeoBot/1.0; +https://dataforseo.com/dataforseo-bot)" 
136.243.228.178 - - [21/Oct/2025:22:38:52 -0700] "GET /15005928?products=0012504945 HTTP/1.1" 404 113950 "-" "Mozilla/5.0 (compatible; DataForSeoBot/1.0; +https://dataforseo.com/dataforseo-bot)" 
136.243.228.178 - - [21/Oct/2025:22:38:56 -0700] "GET /15005574?products=0012504652 HTTP/1.1" 404 113950 "-" "Mozilla/5.0 (compatible; DataForSeoBot/1.0; +https://dataforseo.com/dataforseo-bot)" 
173.236.218.94 - - [21/Oct/2025:22:39:00 -0700] "POST /xmlrpc.php HTTP/2.0" 200 368 "https://www.elconferencista.com" "Mozilla/5.0 (Macintosh; Intel Mac OS X 14_4_1) AppleWebKit/605.1.15 (KHTML, like Gecko) Version/17.3.1 Safari/605.1.15" 
136.243.228.178 - - [21/Oct/2025:22:39:00 -0700] "GET /15009054?products=0012507552 HTTP/1.1" 404 110948 "-" "Mozilla/5.0 (compatible; DataForSeoBot/1.0; +https://dataforseo.com/dataforseo-bot)" 
69.163.179.91 - - [21/Oct/2025:22:39:05 -0700] "POST /wp-cron.php?doing_wp_cron=1761111545.9488599300384521484375 HTTP/1.1" 200 3646 "-" "WordPress/6.8.3; https://www.elconferencista.com" 
136.243.228.178 - - [21/Oct/2025:22:39:05 -0700] "GET /15006558?products=0012505472 HTTP/1.1" 404 110948 "-" "Mozilla/5.0 (compatible; DataForSeoBot/1.0; +https://dataforseo.com/dataforseo-bot)" 
136.243.228.178 - - [21/Oct/2025:22:39:09 -0700] "GET /15006380?products=0012505323 HTTP/1.1" 404 110948 "-" "Mozilla/5.0 (compatible; DataForSeoBot/1.0; +https://dataforseo.com/dataforseo-bot)" 
136.243.228.178 - - [21/Oct/2025:22:39:12 -0700] "GET /15008496?products=0012507085 HTTP/1.1" 404 110948 "-" "Mozilla/5.0 (compatible; DataForSeoBot/1.0; +https://dataforseo.com/dataforseo-bot)" 
136.243.228.178 - - [21/Oct/2025:22:39:16 -0700] "GET /15005784?products=0012504825 HTTP/1.1" 404 110948 "-" "Mozilla/5.0 (compatible; DataForSeoBot/1.0; +https://dataforseo.com/dataforseo-bot)" 
136.243.228.178 - - [21/Oct/2025:22:39:20 -0700] "GET /15005976?products=0012504985 HTTP/1.1" 404 110948 "-" "Mozilla/5.0 (compatible; DataForSeoBot/1.0; +https://dataforseo.com/dataforseo-bot)" 
136.243.228.178 - - [21/Oct/2025:22:39:24 -0700] "GET /15007206?products=0012506012 HTTP/1.1" 404 110948 "-" "Mozilla/5.0 (compatible; DataForSeoBot/1.0; +https://dataforseo.com/dataforseo-bot)" 
136.243.228.178 - - [21/Oct/2025:22:39:28 -0700] "GET /15007628?products=0012506363 HTTP/1.1" 404 110948 "-" "Mozilla/5.0 (compatible; DataForSeoBot/1.0; +https://dataforseo.com/dataforseo-bot)" 
136.243.228.178 - - [21/Oct/2025:22:39:32 -0700] "GET /15009078?products=0012507572 HTTP/1.1" 404 110948 "-" "Mozilla/5.0 (compatible; DataForSeoBot/1.0; +https://dataforseo.com/dataforseo-bot)" 
136.243.228.178 - - [21/Oct/2025:22:39:36 -0700] "GET /15006822?products=0012505692 HTTP/1.1" 404 110948 "-" "Mozilla/5.0 (compatible; DataForSeoBot/1.0; +https://dataforseo.com/dataforseo-bot)" 
136.243.228.178 - - [21/Oct/2025:22:39:41 -0700] "GET /15009202?products=0012507674 HTTP/1.1" 404 110948 "-" "Mozilla/5.0 (compatible; DataForSeoBot/1.0; +https://dataforseo.com/dataforseo-bot)" 
136.243.228.178 - - [21/Oct/2025:22:39:44 -0700] "GET /15006850?products=0012505714 HTTP/1.1" 404 113950 "-" "Mozilla/5.0 (compatible; DataForSeoBot/1.0; +https://dataforseo.com/dataforseo-bot)" 
136.243.228.178 - - [21/Oct/2025:22:39:49 -0700] "GET /15005996?products=0012505003 HTTP/1.1" 404 113950 "-" "Mozilla/5.0 (compatible; DataForSeoBot/1.0; +https://dataforseo.com/dataforseo-bot)" 
136.243.228.178 - - [21/Oct/2025:22:39:53 -0700] "GET /15006486?products=0012505412 HTTP/1.1" 404 113950 "-" "Mozilla/5.0 (compatible; DataForSeoBot/1.0; +https://dataforseo.com/dataforseo-bot)" 
136.243.228.178 - - [21/Oct/2025:22:39:57 -0700] "GET /15009024?products=0012507525 HTTP/1.1" 404 113950 "-" "Mozilla/5.0 (compatible; DataForSeoBot/1.0; +https://dataforseo.com/dataforseo-bot)" 
136.243.228.178 - - [21/Oct/2025:22:40:00 -0700] "GET /15007920?products=0012506605 HTTP/1.1" 404 113950 "-" "Mozilla/5.0 (compatible; DataForSeoBot/1.0; +https://dataforseo.com/dataforseo-bot)" 
69.163.179.91 - - [21/Oct/2025:22:40:05 -0700] "POST /wp-cron.php?doing_wp_cron=1761111605.2925291061401367187500 HTTP/1.1" 200 3646 "-" "WordPress/6.8.3; https://www.elconferencista.com" 
136.243.228.178 - - [21/Oct/2025:22:40:04 -0700] "GET /15008924?products=0012507443 HTTP/1.1" 404 110948 "-" "Mozilla/5.0 (compatible; DataForSeoBot/1.0; +https://dataforseo.com/dataforseo-bot)" 
136.243.228.178 - - [21/Oct/2025:22:40:08 -0700] "GET /15008722?products=0012507274 HTTP/1.1" 404 110948 "-" "Mozilla/5.0 (compatible; DataForSeoBot/1.0; +https://dataforseo.com/dataforseo-bot)" 
136.243.228.178 - - [21/Oct/2025:22:40:13 -0700] "GET /15010158?products=0012508472 HTTP/1.1" 404 110948 "-" "Mozilla/5.0 (compatible; DataForSeoBot/1.0; +https://dataforseo.com/dataforseo-bot)" 
136.243.228.178 - - [21/Oct/2025:22:40:16 -0700] "GET /15005310?products=0012504432 HTTP/1.1" 404 110948 "-" "Mozilla/5.0 (compatible; DataForSeoBot/1.0; +https://dataforseo.com/dataforseo-bot)" 
136.243.228.178 - - [21/Oct/2025:22:40:20 -0700] "GET /15005160?products=0012504305 HTTP/1.1" 404 110948 "-" "Mozilla/5.0 (compatible; DataForSeoBot/1.0; +https://dataforseo.com/dataforseo-bot)" 
136.243.228.178 - - [21/Oct/2025:22:40:24 -0700] "GET /15005660?products=0012504723 HTTP/1.1" 404 110948 "-" "Mozilla/5.0 (compatible; DataForSeoBot/1.0; +https://dataforseo.com/dataforseo-bot)" 
136.243.228.178 - - [21/Oct/2025:22:40:29 -0700] "GET /15008190?products=0012506832 HTTP/1.1" 404 113950 "-" "Mozilla/5.0 (compatible; DataForSeoBot/1.0; +https://dataforseo.com/dataforseo-bot)" 
136.243.228.178 - - [21/Oct/2025:22:40:32 -0700] "GET /15008828?products=0012507363 HTTP/1.1" 404 113950 "-" "Mozilla/5.0 (compatible; DataForSeoBot/1.0; +https://dataforseo.com/dataforseo-bot)" 
136.243.228.178 - - [21/Oct/2025:22:40:36 -0700] "GET /15010206?products=0012508512 HTTP/1.1" 404 113950 "-" "Mozilla/5.0 (compatible; DataForSeoBot/1.0; +https://dataforseo.com/dataforseo-bot)" 
136.243.228.178 - - [21/Oct/2025:22:40:40 -0700] "GET /15008928?products=0012507445 HTTP/1.1" 404 113950 "-" "Mozilla/5.0 (compatible; DataForSeoBot/1.0; +https://dataforseo.com/dataforseo-bot)" 
136.243.228.178 - - [21/Oct/2025:22:40:44 -0700] "GET /15007028?products=0012505863 HTTP/1.1" 404 113950 "-" "Mozilla/5.0 (compatible; DataForSeoBot/1.0; +https://dataforseo.com/dataforseo-bot)" 
136.243.228.178 - - [21/Oct/2025:22:40:48 -0700] "GET /15008430?products=0012507032 HTTP/1.1" 404 110948 "-" "Mozilla/5.0 (compatible; DataForSeoBot/1.0; +https://dataforseo.com/dataforseo-bot)" 
136.243.228.178 - - [21/Oct/2025:22:40:52 -0700] "GET /15006178?products=0012505154 HTTP/1.1" 404 110948 "-" "Mozilla/5.0 (compatible; DataForSeoBot/1.0; +https://dataforseo.com/dataforseo-bot)" 
136.243.228.178 - - [21/Oct/2025:22:40:56 -0700] "GET /15008118?products=0012506772 HTTP/1.1" 404 110948 "-" "Mozilla/5.0 (compatible; DataForSeoBot/1.0; +https://dataforseo.com/dataforseo-bot)" 
136.243.228.178 - - [21/Oct/2025:22:41:00 -0700] "GET /15006870?products=0012505732 HTTP/1.1" 404 110948 "-" "Mozilla/5.0 (compatible; DataForSeoBot/1.0; +https://dataforseo.com/dataforseo-bot)" 
136.243.228.178 - - [21/Oct/2025:22:41:05 -0700] "GET /15006528?products=0012505445 HTTP/1.1" 404 110948 "-" "Mozilla/5.0 (compatible; DataForSeoBot/1.0; +https://dataforseo.com/dataforseo-bot)" 
69.163.179.91 - - [21/Oct/2025:22:41:05 -0700] "POST /wp-cron.php?doing_wp_cron=1761111665.5510499477386474609375 HTTP/1.1" 200 3646 "-" "WordPress/6.8.3; https://www.elconferencista.com" 
136.243.228.178 - - [21/Oct/2025:22:41:08 -0700] "GET /15005924?products=0012504943 HTTP/1.1" 404 113950 "-" "Mozilla/5.0 (compatible; DataForSeoBot/1.0; +https://dataforseo.com/dataforseo-bot)" 
136.243.228.178 - - [21/Oct/2025:22:41:13 -0700] "GET /15005852?products=0012504883 HTTP/1.1" 404 113950 "-" "Mozilla/5.0 (compatible; DataForSeoBot/1.0; +https://dataforseo.com/dataforseo-bot)" 
136.243.228.178 - - [21/Oct/2025:22:41:17 -0700] "GET /15008808?products=0012507345 HTTP/1.1" 404 113950 "-" "Mozilla/5.0 (compatible; DataForSeoBot/1.0; +https://dataforseo.com/dataforseo-bot)" 
136.243.228.178 - - [21/Oct/2025:22:41:21 -0700] "GET /15009034?products=0012507534 HTTP/1.1" 404 113950 "-" "Mozilla/5.0 (compatible; DataForSeoBot/1.0; +https://dataforseo.com/dataforseo-bot)" 
69.163.179.91 - - [21/Oct/2025:22:41:25 -0700] "POST /wp-cron.php?doing_wp_cron=1761111685.4850978851318359375000 HTTP/1.1" 200 3646 "-" "WordPress/6.8.3; https://www.elconferencista.com" 
136.243.228.178 - - [21/Oct/2025:22:41:24 -0700] "GET /15009960?products=0012508305 HTTP/1.1" 404 113950 "-" "Mozilla/5.0 (compatible; DataForSeoBot/1.0; +https://dataforseo.com/dataforseo-bot)" 
136.243.228.178 - - [21/Oct/2025:22:41:28 -0700] "GET /15009894?products=0012508252 HTTP/1.1" 404 110948 "-" "Mozilla/5.0 (compatible; DataForSeoBot/1.0; +https://dataforseo.com/dataforseo-bot)" 
136.243.228.178 - - [21/Oct/2025:22:41:32 -0700] "GET /15010176?products=0012508485 HTTP/1.1" 404 113950 "-" "Mozilla/5.0 (compatible; DataForSeoBot/1.0; +https://dataforseo.com/dataforseo-bot)" 
136.243.228.178 - - [21/Oct/2025:22:41:36 -0700] "GET /15010186?products=0012508494 HTTP/1.1" 404 110948 "-" "Mozilla/5.0 (compatible; DataForSeoBot/1.0; +https://dataforseo.com/dataforseo-bot)" 
136.243.228.178 - - [21/Oct/2025:22:41:40 -0700] "GET /15010172?products=0012508483 HTTP/1.1" 404 113950 "-" "Mozilla/5.0 (compatible; DataForSeoBot/1.0; +https://dataforseo.com/dataforseo-bot)" 
136.243.228.178 - - [21/Oct/2025:22:41:44 -0700] "GET /15006054?products=0012505052 HTTP/1.1" 404 113950 "-" "Mozilla/5.0 (compatible; DataForSeoBot/1.0; +https://dataforseo.com/dataforseo-bot)" 
136.243.228.178 - - [21/Oct/2025:22:41:49 -0700] "GET /15007772?products=0012506483 HTTP/1.1" 404 110948 "-" "Mozilla/5.0 (compatible; DataForSeoBot/1.0; +https://dataforseo.com/dataforseo-bot)" 
136.243.228.178 - - [21/Oct/2025:22:41:52 -0700] "GET /15005252?products=0012504383 HTTP/1.1" 404 110948 "-" "Mozilla/5.0 (compatible; DataForSeoBot/1.0; +https://dataforseo.com/dataforseo-bot)" 
136.243.228.178 - - [21/Oct/2025:22:41:57 -0700] "GET /15005904?products=0012504925 HTTP/1.1" 404 110948 "-" "Mozilla/5.0 (compatible; DataForSeoBot/1.0; +https://dataforseo.com/dataforseo-bot)" 
136.243.228.178 - - [21/Oct/2025:22:42:00 -0700] "GET /15010042?products=0012508374 HTTP/1.1" 404 110948 "-" "Mozilla/5.0 (compatible; DataForSeoBot/1.0; +https://dataforseo.com/dataforseo-bot)" 
136.243.228.178 - - [21/Oct/2025:22:42:05 -0700] "GET /15009408?products=0012507845 HTTP/1.1" 404 110948 "-" "Mozilla/5.0 (compatible; DataForSeoBot/1.0; +https://dataforseo.com/dataforseo-bot)" 
69.163.179.91 - - [21/Oct/2025:22:42:05 -0700] "POST /wp-cron.php?doing_wp_cron=1761111725.7359490394592285156250 HTTP/1.1" 200 3646 "-" "WordPress/6.8.3; https://www.elconferencista.com" 
136.243.228.178 - - [21/Oct/2025:22:42:09 -0700] "GET /15010464?products=0012508725 HTTP/1.1" 404 113950 "-" "Mozilla/5.0 (compatible; DataForSeoBot/1.0; +https://dataforseo.com/dataforseo-bot)" 
136.243.228.178 - - [21/Oct/2025:22:42:13 -0700] "GET /15009212?products=0012507683 HTTP/1.1" 404 113950 "-" "Mozilla/5.0 (compatible; DataForSeoBot/1.0; +https://dataforseo.com/dataforseo-bot)" 
136.243.228.178 - - [21/Oct/2025:22:42:16 -0700] "GET /15009284?products=0012507743 HTTP/1.1" 404 113950 "-" "Mozilla/5.0 (compatible; DataForSeoBot/1.0; +https://dataforseo.com/dataforseo-bot)" 
66.249.73.166 - - [21/Oct/2025:22:42:19 -0700] "GET /?products=212756 HTTP/1.1" 200 24762 "-" "Mozilla/5.0 (Linux; Android 6.0.1; Nexus 5X Build/MMB29P) AppleWebKit/537.36 (KHTML, like Gecko) Chrome/141.0.7390.107 Mobile Safari/537.36 (compatible; Googlebot/2.1; +http://www.google.com/bot.html)" 
66.249.73.165 - - [21/Oct/2025:22:42:20 -0700] "GET /?products=212304 HTTP/1.1" 200 25596 "-" "Mozilla/5.0 (Linux; Android 6.0.1; Nexus 5X Build/MMB29P) AppleWebKit/537.36 (KHTML, like Gecko) Chrome/141.0.7390.107 Mobile Safari/537.36 (compatible; Googlebot/2.1; +http://www.google.com/bot.html)" 
136.243.228.178 - - [21/Oct/2025:22:42:20 -0700] "GET /15008746?products=0012507294 HTTP/1.1" 404 110948 "-" "Mozilla/5.0 (compatible; DataForSeoBot/1.0; +https://dataforseo.com/dataforseo-bot)" 
136.243.228.178 - - [21/Oct/2025:22:42:24 -0700] "GET /15007556?products=0012506303 HTTP/1.1" 404 110948 "-" "Mozilla/5.0 (compatible; DataForSeoBot/1.0; +https://dataforseo.com/dataforseo-bot)" 
136.243.228.178 - - [21/Oct/2025:22:42:29 -0700] "GET /15005146?products=0012504294 HTTP/1.1" 404 110948 "-" "Mozilla/5.0 (compatible; DataForSeoBot/1.0; +https://dataforseo.com/dataforseo-bot)" 
136.243.228.178 - - [21/Oct/2025:22:42:32 -0700] "GET /15010008?products=0012508345 HTTP/1.1" 404 110948 "-" "Mozilla/5.0 (compatible; DataForSeoBot/1.0; +https://dataforseo.com/dataforseo-bot)" 
136.243.228.178 - - [21/Oct/2025:22:42:36 -0700] "GET /15005732?products=0012504783 HTTP/1.1" 404 110948 "-" "Mozilla/5.0 (compatible; DataForSeoBot/1.0; +https://dataforseo.com/dataforseo-bot)" 
136.243.228.178 - - [21/Oct/2025:22:42:40 -0700] "GET /15008026?products=0012506694 HTTP/1.1" 404 110948 "-" "Mozilla/5.0 (compatible; DataForSeoBot/1.0; +https://dataforseo.com/dataforseo-bot)" 
136.243.228.178 - - [21/Oct/2025:22:42:45 -0700] "GET /15008794?products=0012507334 HTTP/1.1" 404 110948 "-" "Mozilla/5.0 (compatible; DataForSeoBot/1.0; +https://dataforseo.com/dataforseo-bot)" 
136.243.228.178 - - [21/Oct/2025:22:42:48 -0700] "GET /15006144?products=0012505125 HTTP/1.1" 404 110948 "-" "Mozilla/5.0 (compatible; DataForSeoBot/1.0; +https://dataforseo.com/dataforseo-bot)" 
136.243.228.178 - - [21/Oct/2025:22:42:52 -0700] "GET /15010412?products=0012508683 HTTP/1.1" 404 110948 "-" "Mozilla/5.0 (compatible; DataForSeoBot/1.0; +https://dataforseo.com/dataforseo-bot)" 
136.243.228.178 - - [21/Oct/2025:22:42:56 -0700] "GET /15008448?products=0012507045 HTTP/1.1" 404 110948 "-" "Mozilla/5.0 (compatible; DataForSeoBot/1.0; +https://dataforseo.com/dataforseo-bot)" 
66.249.73.165 - - [21/Oct/2025:22:42:59 -0700] "GET /?products=212218 HTTP/1.1" 200 25761 "-" "Mozilla/5.0 (Linux; Android 6.0.1; Nexus 5X Build/MMB29P) AppleWebKit/537.36 (KHTML, like Gecko) Chrome/141.0.7390.107 Mobile Safari/537.36 (compatible; Googlebot/2.1; +http://www.google.com/bot.html)" 
66.249.73.166 - - [21/Oct/2025:22:43:01 -0700] "GET /?187368?products=0000156145 HTTP/1.1" 200 25635 "-" "Mozilla/5.0 (Linux; Android 6.0.1; Nexus 5X Build/MMB29P) AppleWebKit/537.36 (KHTML, like Gecko) Chrome/141.0.7390.107 Mobile Safari/537.36 (compatible; Googlebot/2.1; +http://www.google.com/bot.html)" 
136.243.228.178 - - [21/Oct/2025:22:43:01 -0700] "GET /15005718?products=0012504772 HTTP/1.1" 404 110948 "-" "Mozilla/5.0 (compatible; DataForSeoBot/1.0; +https://dataforseo.com/dataforseo-bot)" 
69.163.179.91 - - [21/Oct/2025:22:43:05 -0700] "POST /wp-cron.php?doing_wp_cron=1761111785.0139899253845214843750 HTTP/1.1" 200 3646 "-" "WordPress/6.8.3; https://www.elconferencista.com" 
136.243.228.178 - - [21/Oct/2025:22:43:04 -0700] "GET /15010200?products=0012508505 HTTP/1.1" 404 113950 "-" "Mozilla/5.0 (compatible; DataForSeoBot/1.0; +https://dataforseo.com/dataforseo-bot)" 
136.243.228.178 - - [21/Oct/2025:22:43:08 -0700] "GET /15008166?products=0012506812 HTTP/1.1" 404 113950 "-" "Mozilla/5.0 (compatible; DataForSeoBot/1.0; +https://dataforseo.com/dataforseo-bot)" 
136.243.228.178 - - [21/Oct/2025:22:43:13 -0700] "GET /15009716?products=0012508103 HTTP/1.1" 404 113950 "-" "Mozilla/5.0 (compatible; DataForSeoBot/1.0; +https://dataforseo.com/dataforseo-bot)" 
136.243.228.178 - - [21/Oct/2025:22:43:17 -0700] "GET /15009582?products=0012507992 HTTP/1.1" 404 113950 "-" "Mozilla/5.0 (compatible; DataForSeoBot/1.0; +https://dataforseo.com/dataforseo-bot)" 
136.243.228.178 - - [21/Oct/2025:22:43:21 -0700] "GET /15008228?products=0012506863 HTTP/1.1" 404 113950 "-" "Mozilla/5.0 (compatible; DataForSeoBot/1.0; +https://dataforseo.com/dataforseo-bot)" 
136.243.228.178 - - [21/Oct/2025:22:43:25 -0700] "GET /15009058?products=0012507554 HTTP/1.1" 404 113950 "-" "Mozilla/5.0 (compatible; DataForSeoBot/1.0; +https://dataforseo.com/dataforseo-bot)" 
136.243.228.178 - - [21/Oct/2025:22:43:28 -0700] "GET /15009720?products=0012508105 HTTP/1.1" 404 110948 "-" "Mozilla/5.0 (compatible; DataForSeoBot/1.0; +https://dataforseo.com/dataforseo-bot)" 
136.243.228.178 - - [21/Oct/2025:22:43:32 -0700] "GET /15008650?products=0012507214 HTTP/1.1" 404 110948 "-" "Mozilla/5.0 (compatible; DataForSeoBot/1.0; +https://dataforseo.com/dataforseo-bot)" 
136.243.228.178 - - [21/Oct/2025:22:43:36 -0700] "GET /15005688?products=0012504745 HTTP/1.1" 404 110948 "-" "Mozilla/5.0 (compatible; DataForSeoBot/1.0; +https://dataforseo.com/dataforseo-bot)" 
136.243.228.178 - - [21/Oct/2025:22:43:40 -0700] "GET /15008770?products=0012507314 HTTP/1.1" 404 110948 "-" "Mozilla/5.0 (compatible; DataForSeoBot/1.0; +https://dataforseo.com/dataforseo-bot)" 
66.249.73.165 - - [21/Oct/2025:22:43:41 -0700] "GET /?products=211988 HTTP/1.1" 200 26126 "-" "Mozilla/5.0 (Linux; Android 6.0.1; Nexus 5X Build/MMB29P) AppleWebKit/537.36 (KHTML, like Gecko) Chrome/141.0.7390.107 Mobile Safari/537.36 (compatible; Googlebot/2.1; +http://www.google.com/bot.html)" 
136.243.228.178 - - [21/Oct/2025:22:43:44 -0700] "GET /15006212?products=0012505183 HTTP/1.1" 404 110948 "-" "Mozilla/5.0 (compatible; DataForSeoBot/1.0; +https://dataforseo.com/dataforseo-bot)" 
136.243.228.178 - - [21/Oct/2025:22:43:48 -0700] "GET /15008780?products=0012507323 HTTP/1.1" 404 113950 "-" "Mozilla/5.0 (compatible; DataForSeoBot/1.0; +https://dataforseo.com/dataforseo-bot)" 
136.243.228.178 - - [21/Oct/2025:22:43:52 -0700] "GET /15006164?products=0012505143 HTTP/1.1" 404 113950 "-" "Mozilla/5.0 (compatible; DataForSeoBot/1.0; +https://dataforseo.com/dataforseo-bot)" 
136.243.228.178 - - [21/Oct/2025:22:43:56 -0700] "GET /15005094?products=0012504252 HTTP/1.1" 404 113950 "-" "Mozilla/5.0 (compatible; DataForSeoBot/1.0; +https://dataforseo.com/dataforseo-bot)" 
136.243.228.178 - - [21/Oct/2025:22:44:00 -0700] "GET /15008636?products=0012507203 HTTP/1.1" 404 113950 "-" "Mozilla/5.0 (compatible; DataForSeoBot/1.0; +https://dataforseo.com/dataforseo-bot)" 
69.163.179.91 - - [21/Oct/2025:22:44:05 -0700] "POST /wp-cron.php?doing_wp_cron=1761111845.4871459007263183593750 HTTP/1.1" 200 3646 "-" "WordPress/6.8.3; https://www.elconferencista.com" 
136.243.228.178 - - [21/Oct/2025:22:44:04 -0700] "GET /15006222?products=0012505192 HTTP/1.1" 404 113950 "-" "Mozilla/5.0 (compatible; DataForSeoBot/1.0; +https://dataforseo.com/dataforseo-bot)" 
136.243.228.178 - - [21/Oct/2025:22:44:08 -0700] "GET /15005334?products=0012504452 HTTP/1.1" 404 113950 "-" "Mozilla/5.0 (compatible; DataForSeoBot/1.0; +https://dataforseo.com/dataforseo-bot)" 
136.243.228.178 - - [21/Oct/2025:22:44:12 -0700] "GET /15008574?products=0012507152 HTTP/1.1" 404 110948 "-" "Mozilla/5.0 (compatible; DataForSeoBot/1.0; +https://dataforseo.com/dataforseo-bot)" 
136.243.228.178 - - [21/Oct/2025:22:44:16 -0700] "GET /15006466?products=0012505394 HTTP/1.1" 404 110948 "-" "Mozilla/5.0 (compatible; DataForSeoBot/1.0; +https://dataforseo.com/dataforseo-bot)" 
66.249.73.165 - - [21/Oct/2025:22:44:21 -0700] "GET /?products=212472 HTTP/1.1" 200 26229 "-" "Mozilla/5.0 (Linux; Android 6.0.1; Nexus 5X Build/MMB29P) AppleWebKit/537.36 (KHTML, like Gecko) Chrome/141.0.7390.107 Mobile Safari/537.36 (compatible; Googlebot/2.1; +http://www.google.com/bot.html)" 
136.243.228.178 - - [21/Oct/2025:22:44:20 -0700] "GET /15008214?products=0012506852 HTTP/1.1" 404 110948 "-" "Mozilla/5.0 (compatible; DataForSeoBot/1.0; +https://dataforseo.com/dataforseo-bot)" 
136.243.228.178 - - [21/Oct/2025:22:44:24 -0700] "GET /15006696?products=0012505585 HTTP/1.1" 404 110948 "-" "Mozilla/5.0 (compatible; DataForSeoBot/1.0; +https://dataforseo.com/dataforseo-bot)" 
136.243.228.178 - - [21/Oct/2025:22:44:29 -0700] "GET /15010182?products=0012508492 HTTP/1.1" 404 113950 "-" "Mozilla/5.0 (compatible; DataForSeoBot/1.0; +https://dataforseo.com/dataforseo-bot)" 
136.243.228.178 - - [21/Oct/2025:22:44:32 -0700] "GET /15010014?products=0012508352 HTTP/1.1" 404 113950 "-" "Mozilla/5.0 (compatible; DataForSeoBot/1.0; +https://dataforseo.com/dataforseo-bot)" 
136.243.228.178 - - [21/Oct/2025:22:44:36 -0700] "GET /15010292?products=0012508583 HTTP/1.1" 404 113950 "-" "Mozilla/5.0 (compatible; DataForSeoBot/1.0; +https://dataforseo.com/dataforseo-bot)" 
136.243.228.178 - - [21/Oct/2025:22:44:41 -0700] "GET /15008434?products=0012507034 HTTP/1.1" 404 113950 "-" "Mozilla/5.0 (compatible; DataForSeoBot/1.0; +https://dataforseo.com/dataforseo-bot)" 
136.243.228.178 - - [21/Oct/2025:22:44:44 -0700] "GET /15009438?products=0012507872 HTTP/1.1" 404 113950 "-" "Mozilla/5.0 (compatible; DataForSeoBot/1.0; +https://dataforseo.com/dataforseo-bot)" 
136.243.228.178 - - [21/Oct/2025:22:44:49 -0700] "GET /15009668?products=0012508063 HTTP/1.1" 404 113950 "-" "Mozilla/5.0 (compatible; DataForSeoBot/1.0; +https://dataforseo.com/dataforseo-bot)" 
136.243.228.178 - - [21/Oct/2025:22:44:53 -0700] "GET /15010028?products=0012508363 HTTP/1.1" 404 113950 "-" "Mozilla/5.0 (compatible; DataForSeoBot/1.0; +https://dataforseo.com/dataforseo-bot)" 
136.243.228.178 - - [21/Oct/2025:22:44:57 -0700] "GET /15010244?products=0012508543 HTTP/1.1" 404 113950 "-" "Mozilla/5.0 (compatible; DataForSeoBot/1.0; +https://dataforseo.com/dataforseo-bot)" 
66.249.73.165 - - [21/Oct/2025:22:45:01 -0700] "GET /?products=212338 HTTP/1.1" 200 24849 "-" "Mozilla/5.0 (Linux; Android 6.0.1; Nexus 5X Build/MMB29P) AppleWebKit/537.36 (KHTML, like Gecko) Chrome/141.0.7390.107 Mobile Safari/537.36 (compatible; Googlebot/2.1; +http://www.google.com/bot.html)" 
136.243.228.178 - - [21/Oct/2025:22:45:00 -0700] "GET /15006174?products=0012505152 HTTP/1.1" 404 113950 "-" "Mozilla/5.0 (compatible; DataForSeoBot/1.0; +https://dataforseo.com/dataforseo-bot)" 
69.163.179.91 - - [21/Oct/2025:22:45:05 -0700] "POST /wp-cron.php?doing_wp_cron=1761111905.0368900299072265625000 HTTP/1.1" 200 3646 "-" "WordPress/6.8.3; https://www.elconferencista.com" 
136.243.228.178 - - [21/Oct/2025:22:45:04 -0700] "GET /15009514?products=0012507934 HTTP/1.1" 404 113950 "-" "Mozilla/5.0 (compatible; DataForSeoBot/1.0; +https://dataforseo.com/dataforseo-bot)" 
136.243.228.178 - - [21/Oct/2025:22:45:08 -0700] "GET /15006624?products=0012505525 HTTP/1.1" 404 113950 "-" "Mozilla/5.0 (compatible; DataForSeoBot/1.0; +https://dataforseo.com/dataforseo-bot)" 
136.243.228.178 - - [21/Oct/2025:22:45:12 -0700] "GET /15010364?products=0012508643 HTTP/1.1" 404 110948 "-" "Mozilla/5.0 (compatible; DataForSeoBot/1.0; +https://dataforseo.com/dataforseo-bot)" 
136.243.228.178 - - [21/Oct/2025:22:45:17 -0700] "GET /15006270?products=0012505232 HTTP/1.1" 404 110948 "-" "Mozilla/5.0 (compatible; DataForSeoBot/1.0; +https://dataforseo.com/dataforseo-bot)" 
136.243.228.178 - - [21/Oct/2025:22:45:20 -0700] "GET /15005472?products=0012504565 HTTP/1.1" 404 110948 "-" "Mozilla/5.0 (compatible; DataForSeoBot/1.0; +https://dataforseo.com/dataforseo-bot)" 
136.243.228.178 - - [21/Oct/2025:22:45:24 -0700] "GET /15005650?products=0012504714 HTTP/1.1" 404 110948 "-" "Mozilla/5.0 (compatible; DataForSeoBot/1.0; +https://dataforseo.com/dataforseo-bot)" 
136.243.228.178 - - [21/Oct/2025:22:45:28 -0700] "GET /15006716?products=0012505603 HTTP/1.1" 404 113950 "-" "Mozilla/5.0 (compatible; DataForSeoBot/1.0; +https://dataforseo.com/dataforseo-bot)" 
136.243.228.178 - - [21/Oct/2025:22:45:32 -0700] "GET /15005886?products=0012504912 HTTP/1.1" 404 113950 "-" "Mozilla/5.0 (compatible; DataForSeoBot/1.0; +https://dataforseo.com/dataforseo-bot)" 
136.243.228.178 - - [21/Oct/2025:22:45:37 -0700] "GET /15005262?products=0012504392 HTTP/1.1" 404 113950 "-" "Mozilla/5.0 (compatible; DataForSeoBot/1.0; +https://dataforseo.com/dataforseo-bot)" 
66.249.73.166 - - [21/Oct/2025:22:45:40 -0700] "GET /?products=212502 HTTP/1.1" 200 25071 "-" "Mozilla/5.0 (Linux; Android 6.0.1; Nexus 5X Build/MMB29P) AppleWebKit/537.36 (KHTML, like Gecko) Chrome/141.0.7390.107 Mobile Safari/537.36 (compatible; Googlebot/2.1; +http://www.google.com/bot.html)" 
136.243.228.178 - - [21/Oct/2025:22:45:40 -0700] "GET /15005828?products=0012504863 HTTP/1.1" 404 113950 "-" "Mozilla/5.0 (compatible; DataForSeoBot/1.0; +https://dataforseo.com/dataforseo-bot)" 
136.243.228.178 - - [21/Oct/2025:22:45:45 -0700] "GET /15008084?products=0012506743 HTTP/1.1" 404 110948 "-" "Mozilla/5.0 (compatible; DataForSeoBot/1.0; +https://dataforseo.com/dataforseo-bot)" 
136.243.228.178 - - [21/Oct/2025:22:45:49 -0700] "GET /15008914?products=0012507434 HTTP/1.1" 404 110948 "-" "Mozilla/5.0 (compatible; DataForSeoBot/1.0; +https://dataforseo.com/dataforseo-bot)" 
136.243.228.178 - - [21/Oct/2025:22:45:52 -0700] "GET /15009414?products=0012507852 HTTP/1.1" 404 110948 "-" "Mozilla/5.0 (compatible; DataForSeoBot/1.0; +https://dataforseo.com/dataforseo-bot)" 
136.243.228.178 - - [21/Oct/2025:22:45:56 -0700] "GET /15007114?products=0012505934 HTTP/1.1" 404 110948 "-" "Mozilla/5.0 (compatible; DataForSeoBot/1.0; +https://dataforseo.com/dataforseo-bot)" 
136.243.228.178 - - [21/Oct/2025:22:46:00 -0700] "GET /15007330?products=0012506114 HTTP/1.1" 404 110948 "-" "Mozilla/5.0 (compatible; DataForSeoBot/1.0; +https://dataforseo.com/dataforseo-bot)" 
69.163.179.91 - - [21/Oct/2025:22:46:05 -0700] "POST /wp-cron.php?doing_wp_cron=1761111965.2749619483947753906250 HTTP/1.1" 200 3646 "-" "WordPress/6.8.3; https://www.elconferencista.com" 
136.243.228.178 - - [21/Oct/2025:22:46:04 -0700] "GET /15009264?products=0012507725 HTTP/1.1" 404 110948 "-" "Mozilla/5.0 (compatible; DataForSeoBot/1.0; +https://dataforseo.com/dataforseo-bot)" 
66.249.73.167 - - [21/Oct/2025:22:46:20 -0700] "GET /?products=212300 HTTP/1.1" 200 25103 "-" "Mozilla/5.0 (Linux; Android 6.0.1; Nexus 5X Build/MMB29P) AppleWebKit/537.36 (KHTML, like Gecko) Chrome/141.0.7390.107 Mobile Safari/537.36 (compatible; Googlebot/2.1; +http://www.google.com/bot.html)" 
66.249.73.165 - - [21/Oct/2025:22:46:21 -0700] "GET /?products=211902 HTTP/1.1" 200 27510 "-" "Mozilla/5.0 (Linux; Android 6.0.1; Nexus 5X Build/MMB29P) AppleWebKit/537.36 (KHTML, like Gecko) Chrome/141.0.7390.107 Mobile Safari/537.36 (compatible; Googlebot/2.1; +http://www.google.com/bot.html)" 
66.249.73.165 - - [21/Oct/2025:22:47:00 -0700] "GET /?products=212348 HTTP/1.1" 200 26291 "-" "Mozilla/5.0 (Linux; Android 6.0.1; Nexus 5X Build/MMB29P) AppleWebKit/537.36 (KHTML, like Gecko) Chrome/141.0.7390.107 Mobile Safari/537.36 (compatible; Googlebot/2.1; +http://www.google.com/bot.html)" 
66.249.73.167 - - [21/Oct/2025:22:48:58 -0700] "GET /?products=211834 HTTP/1.1" 200 30734 "-" "Mozilla/5.0 (Linux; Android 6.0.1; Nexus 5X Build/MMB29P) AppleWebKit/537.36 (KHTML, like Gecko) Chrome/141.0.7390.107 Mobile Safari/537.36 (compatible; Googlebot/2.1; +http://www.google.com/bot.html)" 
66.249.73.165 - - [21/Oct/2025:22:49:37 -0700] "GET /?products=212400 HTTP/1.1" 200 25046 "-" "Mozilla/5.0 (Linux; Android 6.0.1; Nexus 5X Build/MMB29P) AppleWebKit/537.36 (KHTML, like Gecko) Chrome/141.0.7390.107 Mobile Safari/537.36 (compatible; Googlebot/2.1; +http://www.google.com/bot.html)" 
178.63.40.42 - - [21/Oct/2025:22:50:07 -0700] "GET /wp-login.php HTTP/2.0" 429 351 "-" "Mozilla/5.0 (Windows NT 6.3; WOW64; Trident/7.0; MASPJS; rv:11.0) like Gecko" 
66.249.73.165 - - [21/Oct/2025:22:50:17 -0700] "GET /?products=212156 HTTP/1.1" 200 24348 "-" "Mozilla/5.0 (Linux; Android 6.0.1; Nexus 5X Build/MMB29P) AppleWebKit/537.36 (KHTML, like Gecko) Chrome/141.0.7390.107 Mobile Safari/537.36 (compatible; Googlebot/2.1; +http://www.google.com/bot.html)" 
66.249.73.165 - - [21/Oct/2025:22:50:57 -0700] "GET /?products=211734 HTTP/1.1" 200 24581 "-" "Mozilla/5.0 (Linux; Android 6.0.1; Nexus 5X Build/MMB29P) AppleWebKit/537.36 (KHTML, like Gecko) Chrome/141.0.7390.107 Mobile Safari/537.36 (compatible; Googlebot/2.1; +http://www.google.com/bot.html)" 
66.249.73.165 - - [21/Oct/2025:22:50:57 -0700] "GET /?products=212890 HTTP/1.1" 200 21136 "-" "Mozilla/5.0 (Linux; Android 6.0.1; Nexus 5X Build/MMB29P) AppleWebKit/537.36 (KHTML, like Gecko) Chrome/141.0.7390.107 Mobile Safari/537.36 (compatible; Googlebot/2.1; +http://www.google.com/bot.html)" 
66.249.73.166 - - [21/Oct/2025:22:51:37 -0700] "GET /?products=212098 HTTP/1.1" 200 24775 "-" "Mozilla/5.0 (Linux; Android 6.0.1; Nexus 5X Build/MMB29P) AppleWebKit/537.36 (KHTML, like Gecko) Chrome/141.0.7390.107 Mobile Safari/537.36 (compatible; Googlebot/2.1; +http://www.google.com/bot.html)" 
66.249.73.165 - - [21/Oct/2025:22:52:17 -0700] "GET /?products=212310 HTTP/1.1" 200 24949 "-" "Mozilla/5.0 (Linux; Android 6.0.1; Nexus 5X Build/MMB29P) AppleWebKit/537.36 (KHTML, like Gecko) Chrome/141.0.7390.107 Mobile Safari/537.36 (compatible; Googlebot/2.1; +http://www.google.com/bot.html)" 
66.249.73.166 - - [21/Oct/2025:22:52:57 -0700] "GET /?products=211964 HTTP/1.1" 200 25645 "-" "Mozilla/5.0 (Linux; Android 6.0.1; Nexus 5X Build/MMB29P) AppleWebKit/537.36 (KHTML, like Gecko) Chrome/141.0.7390.107 Mobile Safari/537.36 (compatible; Googlebot/2.1; +http://www.google.com/bot.html)" 
66.249.73.166 - - [21/Oct/2025:22:52:57 -0700] "GET /?products=212430 HTTP/1.1" 200 22918 "-" "Mozilla/5.0 (Linux; Android 6.0.1; Nexus 5X Build/MMB29P) AppleWebKit/537.36 (KHTML, like Gecko) Chrome/141.0.7390.107 Mobile Safari/537.36 (compatible; Googlebot/2.1; +http://www.google.com/bot.html)" 
66.249.73.165 - - [21/Oct/2025:22:53:37 -0700] "GET /?products=212118 HTTP/1.1" 200 25505 "-" "Mozilla/5.0 (Linux; Android 6.0.1; Nexus 5X Build/MMB29P) AppleWebKit/537.36 (KHTML, like Gecko) Chrome/141.0.7390.107 Mobile Safari/537.36 (compatible; Googlebot/2.1; +http://www.google.com/bot.html)" 
66.249.73.167 - - [21/Oct/2025:22:53:38 -0700] "GET /?products=212136 HTTP/1.1" 200 24779 "-" "Mozilla/5.0 (Linux; Android 6.0.1; Nexus 5X Build/MMB29P) AppleWebKit/537.36 (KHTML, like Gecko) Chrome/141.0.7390.107 Mobile Safari/537.36 (compatible; Googlebot/2.1; +http://www.google.com/bot.html)" 
66.249.73.167 - - [21/Oct/2025:22:54:17 -0700] "GET /?products=212026 HTTP/1.1" 200 25674 "-" "Mozilla/5.0 (Linux; Android 6.0.1; Nexus 5X Build/MMB29P) AppleWebKit/537.36 (KHTML, like Gecko) Chrome/141.0.7390.107 Mobile Safari/537.36 (compatible; Googlebot/2.1; +http://www.google.com/bot.html)" 
66.249.73.165 - - [21/Oct/2025:22:54:57 -0700] "GET /?products=211920 HTTP/1.1" 200 24575 "-" "Mozilla/5.0 (Linux; Android 6.0.1; Nexus 5X Build/MMB29P) AppleWebKit/537.36 (KHTML, like Gecko) Chrome/141.0.7390.107 Mobile Safari/537.36 (compatible; Googlebot/2.1; +http://www.google.com/bot.html)" 
66.249.73.165 - - [21/Oct/2025:22:54:58 -0700] "GET / HTTP/1.1" 200 31488 "-" "Mozilla/5.0 (Linux; Android 6.0.1; Nexus 5X Build/MMB29P) AppleWebKit/537.36 (KHTML, like Gecko) Chrome/141.0.7390.107 Mobile Safari/537.36 (compatible; Googlebot/2.1; +http://www.google.com/bot.html)" 
69.163.179.91 - - [21/Oct/2025:22:55:00 -0700] "POST /wp-cron.php?doing_wp_cron=1761112500.0442810058593750000000 HTTP/1.1" 200 3646 "-" "WordPress/6.8.3; https://www.elconferencista.com" 
66.249.73.165 - - [21/Oct/2025:22:55:06 -0700] "GET /wp-content/plugins/elementor/assets/css/conditionals/apple-webkit.min.css?ver=3.32.5 HTTP/1.1" 200 4337 "https://www.elconferencista.com/" "Mozilla/5.0 (Linux; Android 6.0.1; Nexus 5X Build/MMB29P) AppleWebKit/537.36 (KHTML, like Gecko) Chrome/140.0.7339.207 Mobile Safari/537.36 (compatible; Googlebot/2.1; +http://www.google.com/bot.html)" 
66.249.73.165 - - [21/Oct/2025:22:55:07 -0700] "GET /wp-content/plugins/elementor/assets/lib/animations/styles/fadeInUp.min.css?ver=3.32.5 HTTP/1.1" 200 540 "https://www.elconferencista.com/" "Mozilla/5.0 (Linux; Android 6.0.1; Nexus 5X Build/MMB29P) AppleWebKit/537.36 (KHTML, like Gecko) Chrome/140.0.7339.207 Mobile Safari/537.36 (compatible; Googlebot/2.1; +http://www.google.com/bot.html)" 
66.249.73.165 - - [21/Oct/2025:22:55:08 -0700] "GET /wp-content/uploads/elementor/css/post-613.css?ver=1759968000 HTTP/1.1" 200 1691 "https://www.elconferencista.com/" "Mozilla/5.0 (Linux; Android 6.0.1; Nexus 5X Build/MMB29P) AppleWebKit/537.36 (KHTML, like Gecko) Chrome/140.0.7339.207 Mobile Safari/537.36 (compatible; Googlebot/2.1; +http://www.google.com/bot.html)" 
66.249.73.165 - - [21/Oct/2025:22:55:09 -0700] "GET /wp-content/plugins/elementor/assets/lib/animations/styles/fadeIn.min.css?ver=3.32.5 HTTP/1.1" 200 501 "https://www.elconferencista.com/" "Mozilla/5.0 (Linux; Android 6.0.1; Nexus 5X Build/MMB29P) AppleWebKit/537.36 (KHTML, like Gecko) Chrome/140.0.7339.207 Mobile Safari/537.36 (compatible; Googlebot/2.1; +http://www.google.com/bot.html)" 
66.249.73.165 - - [21/Oct/2025:22:55:09 -0700] "GET /wp-content/plugins/elementor/assets/lib/font-awesome/css/all.min.css?ver=3.32.5 HTTP/1.1" 200 13341 "https://www.elconferencista.com/" "Mozilla/5.0 (Linux; Android 6.0.1; Nexus 5X Build/MMB29P) AppleWebKit/537.36 (KHTML, like Gecko) Chrome/140.0.7339.207 Mobile Safari/537.36 (compatible; Googlebot/2.1; +http://www.google.com/bot.html)" 
66.249.73.165 - - [21/Oct/2025:22:55:10 -0700] "GET /wp-content/plugins/elementor/assets/css/widget-image.min.css?ver=3.32.5 HTTP/1.1" 200 587 "https://www.elconferencista.com/" "Mozilla/5.0 (Linux; Android 6.0.1; Nexus 5X Build/MMB29P) AppleWebKit/537.36 (KHTML, like Gecko) Chrome/140.0.7339.207 Mobile Safari/537.36 (compatible; Googlebot/2.1; +http://www.google.com/bot.html)" 
66.249.73.165 - - [21/Oct/2025:22:55:10 -0700] "GET /wp-content/plugins/elementor/assets/css/widget-counter.min.css?ver=3.32.5 HTTP/1.1" 200 729 "https://www.elconferencista.com/" "Mozilla/5.0 (Linux; Android 6.0.1; Nexus 5X Build/MMB29P) AppleWebKit/537.36 (KHTML, like Gecko) Chrome/140.0.7339.207 Mobile Safari/537.36 (compatible; Googlebot/2.1; +http://www.google.com/bot.html)" 
