146.19.90.196 - - [21/Oct/2025:15:57:49 -0700] "GET /wp-login.php HTTP/1.1" 200 7182 "-" "Mozilla/5.0 (Windows NT 10.0; Win64; x64) AppleWebKit/537.36 (KHTML, like Gecko) Chrome/115.0.0.0 Safari/537.36 Edg/115.0.1901.203" 
185.68.185.160 - - [21/Oct/2025:15:57:50 -0700] "GET /wp-login.php HTTP/1.1" 200 7182 "-" "Mozilla/5.0 (Windows NT 10.0; Win64; x64) AppleWebKit/537.36 (KHTML, like Gecko) Chrome/115.0.0.0 Safari/537.36 Edg/115.0.1901.203" 
122.8.92.188 - - [21/Oct/2025:15:57:50 -0700] "POST /wp-login.php HTTP/1.1" 200 4310 "https://www.elconferencista.com/wp-login.php" "Mozilla/5.0 (Windows NT 10.0; Win64; x64) AppleWebKit/537.36 (KHTML, like Gecko) Chrome/115.0.0.0 Safari/537.36 Edg/115.0.1901.203" 
45.132.184.254 - - [21/Oct/2025:15:57:52 -0700] "POST /wp-login.php HTTP/1.1" 200 4310 "https://www.elconferencista.com/wp-login.php" "Mozilla/5.0 (Windows NT 10.0; Win64; x64) AppleWebKit/537.36 (KHTML, like Gecko) Chrome/115.0.0.0 Safari/537.36 Edg/115.0.1901.203" 
146.19.90.196 - - [21/Oct/2025:15:57:52 -0700] "POST /wp-login.php HTTP/1.1" 200 4310 "https://www.elconferencista.com/wp-login.php" "Mozilla/5.0 (Windows NT 10.0; Win64; x64) AppleWebKit/537.36 (KHTML, like Gecko) Chrome/115.0.0.0 Safari/537.36 Edg/115.0.1901.203" 
185.68.185.160 - - [21/Oct/2025:15:57:53 -0700] "POST /wp-login.php HTTP/1.1" 200 4310 "https://www.elconferencista.com/wp-login.php" "Mozilla/5.0 (Windows NT 10.0; Win64; x64) AppleWebKit/537.36 (KHTML, like Gecko) Chrome/115.0.0.0 Safari/537.36 Edg/115.0.1901.203" 
146.19.78.56 - - [21/Oct/2025:15:57:55 -0700] "GET /wp-login.php HTTP/1.1" 200 7182 "-" "Mozilla/5.0 (Windows NT 10.0; Win64; x64) AppleWebKit/537.36 (KHTML, like Gecko) Chrome/115.0.0.0 Safari/537.36 Edg/115.0.1901.203" 
193.151.188.107 - - [21/Oct/2025:15:57:57 -0700] "GET /wp-login.php HTTP/1.1" 200 7182 "-" "Mozilla/5.0 (Windows NT 10.0; Win64; x64) AppleWebKit/537.36 (KHTML, like Gecko) Chrome/115.0.0.0 Safari/537.36 Edg/115.0.1901.203" 
5.183.254.238 - - [21/Oct/2025:15:57:57 -0700] "GET /wp-login.php HTTP/1.1" 200 7182 "-" "Mozilla/5.0 (Windows NT 10.0; Win64; x64) AppleWebKit/537.36 (KHTML, like Gecko) Chrome/115.0.0.0 Safari/537.36 Edg/115.0.1901.203" 
193.151.188.107 - - [21/Oct/2025:15:57:59 -0700] "GET /wp-login.php HTTP/1.1" 200 7182 "-" "Mozilla/5.0 (Windows NT 10.0; Win64; x64) AppleWebKit/537.36 (KHTML, like Gecko) Chrome/115.0.0.0 Safari/537.36 Edg/115.0.1901.203" 
146.19.78.56 - - [21/Oct/2025:15:57:59 -0700] "POST /wp-login.php HTTP/1.1" 200 4311 "https://www.elconferencista.com/wp-login.php" "Mozilla/5.0 (Windows NT 10.0; Win64; x64) AppleWebKit/537.36 (KHTML, like Gecko) Chrome/115.0.0.0 Safari/537.36 Edg/115.0.1901.203" 
193.151.188.107 - - [21/Oct/2025:15:58:00 -0700] "POST /wp-login.php HTTP/1.1" 200 4311 "https://www.elconferencista.com/wp-login.php" "Mozilla/5.0 (Windows NT 10.0; Win64; x64) AppleWebKit/537.36 (KHTML, like Gecko) Chrome/115.0.0.0 Safari/537.36 Edg/115.0.1901.203" 
5.183.254.238 - - [21/Oct/2025:15:58:00 -0700] "POST /wp-login.php HTTP/1.1" 200 4290 "https://www.elconferencista.com/wp-login.php" "Mozilla/5.0 (Windows NT 10.0; Win64; x64) AppleWebKit/537.36 (KHTML, like Gecko) Chrome/115.0.0.0 Safari/537.36 Edg/115.0.1901.203" 
69.163.179.91 - - [21/Oct/2025:15:58:02 -0700] "POST /wp-cron.php?doing_wp_cron=1761087482.6155350208282470703125 HTTP/1.1" 200 3646 "-" "WordPress/6.8.3; https://www.elconferencista.com" 
193.151.188.107 - - [21/Oct/2025:15:58:02 -0700] "POST /wp-login.php HTTP/1.1" 200 4336 "https://www.elconferencista.com/wp-login.php" "Mozilla/5.0 (Windows NT 10.0; Win64; x64) AppleWebKit/537.36 (KHTML, like Gecko) Chrome/115.0.0.0 Safari/537.36 Edg/115.0.1901.203" 
178.62.119.222 - - [21/Oct/2025:15:59:20 -0700] "POST /xmlrpc.php HTTP/2.0" 429 339 "https://www.elconferencista.com" "Mozilla/5.0 (Windows NT 11.0; Win64; x64) AppleWebKit/537.36 (KHTML, like Gecko) Chrome/126.0.0.0 Safari/537.36" 
54.39.0.82 - - [21/Oct/2025:16:02:20 -0700] "GET /sitemap.xml HTTP/2.0" 200 5769 "-" "Mozilla/5.0 (compatible; AhrefsBot/7.0; +http://ahrefs.com/robot/)" 
69.163.179.91 - - [21/Oct/2025:16:10:17 -0700] "POST /wp-cron.php?doing_wp_cron=1761088217.5039179325103759765625 HTTP/1.1" 200 3646 "-" "WordPress/6.8.3; https://www.elconferencista.com" 
69.163.179.91 - - [21/Oct/2025:16:10:18 -0700] "POST /wp-cron.php?doing_wp_cron=1761088218.5729129314422607421875 HTTP/1.1" 200 3646 "-" "WordPress/6.8.3; https://www.elconferencista.com" 
175.106.108.246 - - [21/Oct/2025:16:10:16 -0700] "GET /wp-content/uploads/logo190.jpg HTTP/1.1" 404 87475 "-" "Mozilla/5.0 (X11; Ubuntu; Linux x86_64; rv:72.0) Gecko/20100101 Firefox/72.0" 
66.249.73.165 - - [21/Oct/2025:16:14:51 -0700] "GET /?products=200156 HTTP/1.1" 200 26044 "-" "Mozilla/5.0 (Linux; Android 6.0.1; Nexus 5X Build/MMB29P) AppleWebKit/537.36 (KHTML, like Gecko) Chrome/141.0.7390.107 Mobile Safari/537.36 (compatible; Googlebot/2.1; +http://www.google.com/bot.html)" 
66.249.73.165 - - [21/Oct/2025:16:14:56 -0700] "GET /?products=199902 HTTP/1.1" 200 23232 "-" "Mozilla/5.0 (Linux; Android 6.0.1; Nexus 5X Build/MMB29P) AppleWebKit/537.36 (KHTML, like Gecko) Chrome/141.0.7390.107 Mobile Safari/537.36 (compatible; Googlebot/2.1; +http://www.google.com/bot.html)" 
66.249.73.167 - - [21/Oct/2025:16:15:01 -0700] "GET /?products=200088 HTTP/1.1" 200 24453 "-" "Mozilla/5.0 (Linux; Android 6.0.1; Nexus 5X Build/MMB29P) AppleWebKit/537.36 (KHTML, like Gecko) Chrome/141.0.7390.107 Mobile Safari/537.36 (compatible; Googlebot/2.1; +http://www.google.com/bot.html)" 
82.165.69.22 - - [21/Oct/2025:16:23:27 -0700] "POST /xmlrpc.php HTTP/2.0" 429 348 "https://www.elconferencista.com" "Mozilla/5.0 (Macintosh; Intel Mac OS X 10_15_7) AppleWebKit/537.36 (KHTML, like Gecko) Chrome/112.0.5615.138 Safari/537.36" 
15.235.27.245 - - [21/Oct/2025:16:40:28 -0700] "GET /wp-sitemap.xml HTTP/2.0" 200 5829 "-" "Mozilla/5.0 (compatible; AhrefsBot/7.0; +http://ahrefs.com/robot/)" 
66.249.73.167 - - [21/Oct/2025:16:45:03 -0700] "GET /224688?products=0000187245 HTTP/1.1" 200 27081 "-" "Mozilla/5.0 (Linux; Android 6.0.1; Nexus 5X Build/MMB29P) AppleWebKit/537.36 (KHTML, like Gecko) Chrome/141.0.7390.107 Mobile Safari/537.36 (compatible; Googlebot/2.1; +http://www.google.com/bot.html)" 
46.105.71.74 - - [21/Oct/2025:16:47:29 -0700] "POST /xmlrpc.php HTTP/2.0" 429 348 "https://www.elconferencista.com" "Mozilla/5.0 (Windows NT 10.0; Win64; x64; rv:127.0) Gecko/20100101 Firefox/127.0" 
20.27.94.136 - - [21/Oct/2025:16:51:37 -0700] "GET / HTTP/2.0" 301 350 "-" "Mozilla/5.0 AppleWebKit/537.36 (KHTML, like Gecko); compatible; ChatGPT-User/1.0; +https://openai.com/bot" 
201.141.104.104 - - [21/Oct/2025:16:51:39 -0700] "GET /wp-content/uploads/2022/09/edner-granados.png HTTP/2.0" 200 337421 "https://chatgpt.com/" "Mozilla/5.0 (Windows NT 10.0; Win64; x64) AppleWebKit/537.36 (KHTML, like Gecko) Chrome/141.0.0.0 Safari/537.36 Edg/141.0.0.0" 
20.27.94.130 - - [21/Oct/2025:16:51:38 -0700] "GET / HTTP/2.0" 200 0 "-" "Mozilla/5.0 AppleWebKit/537.36 (KHTML, like Gecko); compatible; ChatGPT-User/1.0; +https://openai.com/bot" 
69.163.179.91 - - [21/Oct/2025:16:51:39 -0700] "POST /wp-cron.php?doing_wp_cron=1761090699.7519528865814208984375 HTTP/1.1" 200 3646 "-" "WordPress/6.8.3; https://www.elconferencista.com" 
201.141.104.104 - - [21/Oct/2025:16:53:51 -0700] "GET /wp-content/uploads/2022/09/edner-granados.png HTTP/1.1" 200 341738 "-" "Mozilla/4.0 (compatible; MSIE 7.0; Windows NT 10.0; Win64; x64; Trident/7.0; .NET4.0C; .NET4.0E; Zoom 3.6.0; ms-office; MSOffice 16)" 
216.73.216.180 - - [21/Oct/2025:16:55:12 -0700] "GET /robots.txt HTTP/2.0" 200 278 "-" "Mozilla/5.0 AppleWebKit/537.36 (KHTML, like Gecko; compatible; ClaudeBot/1.0; +claudebot@anthropic.com)" 
216.73.216.180 - - [21/Oct/2025:16:55:12 -0700] "GET /6393956?products=0005328303 HTTP/2.0" 404 109959 "-" "Mozilla/5.0 AppleWebKit/537.36 (KHTML, like Gecko; compatible; ClaudeBot/1.0; +claudebot@anthropic.com)" 
69.163.179.91 - - [21/Oct/2025:16:55:13 -0700] "POST /wp-cron.php?doing_wp_cron=1761090913.7887399196624755859375 HTTP/1.1" 200 3646 "-" "WordPress/6.8.3; https://www.elconferencista.com" 
216.73.216.180 - - [21/Oct/2025:16:55:15 -0700] "GET /6396768?products=0005330645 HTTP/2.0" 404 109822 "-" "Mozilla/5.0 AppleWebKit/537.36 (KHTML, like Gecko; compatible; ClaudeBot/1.0; +claudebot@anthropic.com)" 
216.73.216.180 - - [21/Oct/2025:16:55:18 -0700] "GET /6398434?products=0005332034 HTTP/2.0" 404 109822 "-" "Mozilla/5.0 AppleWebKit/537.36 (KHTML, like Gecko; compatible; ClaudeBot/1.0; +claudebot@anthropic.com)" 
216.73.216.180 - - [21/Oct/2025:16:55:21 -0700] "GET /6396312?products=0005330265 HTTP/2.0" 404 109822 "-" "Mozilla/5.0 AppleWebKit/537.36 (KHTML, like Gecko; compatible; ClaudeBot/1.0; +claudebot@anthropic.com)" 
216.73.216.180 - - [21/Oct/2025:16:55:24 -0700] "GET /6395718?products=0005329772 HTTP/2.0" 404 109822 "-" "Mozilla/5.0 AppleWebKit/537.36 (KHTML, like Gecko; compatible; ClaudeBot/1.0; +claudebot@anthropic.com)" 
216.73.216.180 - - [21/Oct/2025:16:55:27 -0700] "GET /6394628?products=0005328863 HTTP/2.0" 404 109822 "-" "Mozilla/5.0 AppleWebKit/537.36 (KHTML, like Gecko; compatible; ClaudeBot/1.0; +claudebot@anthropic.com)" 
216.73.216.180 - - [21/Oct/2025:16:55:30 -0700] "GET /6398756?products=0005332303 HTTP/2.0" 404 109822 "-" "Mozilla/5.0 AppleWebKit/537.36 (KHTML, like Gecko; compatible; ClaudeBot/1.0; +claudebot@anthropic.com)" 
216.73.216.180 - - [21/Oct/2025:16:55:33 -0700] "GET /6397320?products=0005331105 HTTP/2.0" 404 109822 "-" "Mozilla/5.0 AppleWebKit/537.36 (KHTML, like Gecko; compatible; ClaudeBot/1.0; +claudebot@anthropic.com)" 
216.73.216.180 - - [21/Oct/2025:16:55:36 -0700] "GET /6398214?products=0005331852 HTTP/2.0" 404 109822 "-" "Mozilla/5.0 AppleWebKit/537.36 (KHTML, like Gecko; compatible; ClaudeBot/1.0; +claudebot@anthropic.com)" 
216.73.216.180 - - [21/Oct/2025:16:55:39 -0700] "GET /6394518?products=0005328772 HTTP/2.0" 404 109822 "-" "Mozilla/5.0 AppleWebKit/537.36 (KHTML, like Gecko; compatible; ClaudeBot/1.0; +claudebot@anthropic.com)" 
216.73.216.180 - - [21/Oct/2025:16:55:42 -0700] "GET /6397340?products=0005331123 HTTP/2.0" 404 109822 "-" "Mozilla/5.0 AppleWebKit/537.36 (KHTML, like Gecko; compatible; ClaudeBot/1.0; +claudebot@anthropic.com)" 
216.73.216.180 - - [21/Oct/2025:16:55:45 -0700] "GET /6397316?products=0005331103 HTTP/2.0" 404 109822 "-" "Mozilla/5.0 AppleWebKit/537.36 (KHTML, like Gecko; compatible; ClaudeBot/1.0; +claudebot@anthropic.com)" 
216.73.216.180 - - [21/Oct/2025:16:55:48 -0700] "GET /6398520?products=0005332105 HTTP/2.0" 404 109822 "-" "Mozilla/5.0 AppleWebKit/537.36 (KHTML, like Gecko; compatible; ClaudeBot/1.0; +claudebot@anthropic.com)" 
216.73.216.180 - - [21/Oct/2025:16:55:51 -0700] "GET /6396918?products=0005330772 HTTP/2.0" 404 109822 "-" "Mozilla/5.0 AppleWebKit/537.36 (KHTML, like Gecko; compatible; ClaudeBot/1.0; +claudebot@anthropic.com)" 
216.73.216.180 - - [21/Oct/2025:16:55:54 -0700] "GET /6394038?products=0005328372 HTTP/2.0" 404 109822 "-" "Mozilla/5.0 AppleWebKit/537.36 (KHTML, like Gecko; compatible; ClaudeBot/1.0; +claudebot@anthropic.com)" 
216.73.216.180 - - [21/Oct/2025:16:55:57 -0700] "GET /6397066?products=0005330894 HTTP/2.0" 404 109831 "-" "Mozilla/5.0 AppleWebKit/537.36 (KHTML, like Gecko; compatible; ClaudeBot/1.0; +claudebot@anthropic.com)" 
216.73.216.180 - - [21/Oct/2025:16:56:00 -0700] "GET /6394018?products=0005328354 HTTP/2.0" 404 109822 "-" "Mozilla/5.0 AppleWebKit/537.36 (KHTML, like Gecko; compatible; ClaudeBot/1.0; +claudebot@anthropic.com)" 
69.163.179.91 - - [21/Oct/2025:16:56:03 -0700] "POST /wp-cron.php?doing_wp_cron=1761090963.9508519172668457031250 HTTP/1.1" 200 3646 "-" "WordPress/6.8.3; https://www.elconferencista.com" 
216.73.216.180 - - [21/Oct/2025:16:56:03 -0700] "GET /6394008?products=0005328345 HTTP/2.0" 404 109822 "-" "Mozilla/5.0 AppleWebKit/537.36 (KHTML, like Gecko; compatible; ClaudeBot/1.0; +claudebot@anthropic.com)" 
216.73.216.180 - - [21/Oct/2025:16:56:06 -0700] "GET /6397796?products=0005331503 HTTP/2.0" 404 109822 "-" "Mozilla/5.0 AppleWebKit/537.36 (KHTML, like Gecko; compatible; ClaudeBot/1.0; +claudebot@anthropic.com)" 
216.73.216.180 - - [21/Oct/2025:16:56:09 -0700] "GET /6397364?products=0005331143 HTTP/2.0" 404 109822 "-" "Mozilla/5.0 AppleWebKit/537.36 (KHTML, like Gecko; compatible; ClaudeBot/1.0; +claudebot@anthropic.com)" 
216.73.216.180 - - [21/Oct/2025:16:56:12 -0700] "GET /6394772?products=0005328983 HTTP/2.0" 404 109822 "-" "Mozilla/5.0 AppleWebKit/537.36 (KHTML, like Gecko; compatible; ClaudeBot/1.0; +claudebot@anthropic.com)" 
216.73.216.180 - - [21/Oct/2025:16:56:15 -0700] "GET /6398506?products=0005332094 HTTP/2.0" 404 109822 "-" "Mozilla/5.0 AppleWebKit/537.36 (KHTML, like Gecko; compatible; ClaudeBot/1.0; +claudebot@anthropic.com)" 
216.73.216.180 - - [21/Oct/2025:16:56:18 -0700] "GET /6397148?products=0005330963 HTTP/2.0" 404 109822 "-" "Mozilla/5.0 AppleWebKit/537.36 (KHTML, like Gecko; compatible; ClaudeBot/1.0; +claudebot@anthropic.com)" 
216.73.216.180 - - [21/Oct/2025:16:56:21 -0700] "GET /6394748?products=0005328963 HTTP/2.0" 404 109822 "-" "Mozilla/5.0 AppleWebKit/537.36 (KHTML, like Gecko; compatible; ClaudeBot/1.0; +claudebot@anthropic.com)" 
216.73.216.180 - - [21/Oct/2025:16:56:24 -0700] "GET /6398420?products=0005332023 HTTP/2.0" 404 109831 "-" "Mozilla/5.0 AppleWebKit/537.36 (KHTML, like Gecko; compatible; ClaudeBot/1.0; +claudebot@anthropic.com)" 
216.73.216.180 - - [21/Oct/2025:16:56:27 -0700] "GET /6395890?products=0005329914 HTTP/2.0" 404 109822 "-" "Mozilla/5.0 AppleWebKit/537.36 (KHTML, like Gecko; compatible; ClaudeBot/1.0; +claudebot@anthropic.com)" 
216.73.216.180 - - [21/Oct/2025:16:56:30 -0700] "GET /6394080?products=0005328405 HTTP/2.0" 404 109822 "-" "Mozilla/5.0 AppleWebKit/537.36 (KHTML, like Gecko; compatible; ClaudeBot/1.0; +claudebot@anthropic.com)" 
216.73.216.180 - - [21/Oct/2025:16:56:33 -0700] "GET /6394920?products=0005329105 HTTP/2.0" 404 109822 "-" "Mozilla/5.0 AppleWebKit/537.36 (KHTML, like Gecko; compatible; ClaudeBot/1.0; +claudebot@anthropic.com)" 
216.73.216.180 - - [21/Oct/2025:16:56:36 -0700] "GET /6393960?products=0005328305 HTTP/2.0" 404 109822 "-" "Mozilla/5.0 AppleWebKit/537.36 (KHTML, like Gecko; compatible; ClaudeBot/1.0; +claudebot@anthropic.com)" 
216.73.216.180 - - [21/Oct/2025:16:56:39 -0700] "GET /6395280?products=0005329405 HTTP/2.0" 404 109831 "-" "Mozilla/5.0 AppleWebKit/537.36 (KHTML, like Gecko; compatible; ClaudeBot/1.0; +claudebot@anthropic.com)" 
69.163.179.91 - - [21/Oct/2025:16:57:21 -0700] "POST /wp-cron.php?doing_wp_cron=1761091041.5702641010284423828125 HTTP/1.1" 200 3646 "-" "WordPress/6.8.3; https://www.elconferencista.com" 
216.73.216.180 - - [21/Oct/2025:16:57:20 -0700] "GET /6395468?products=0005329563 HTTP/2.0" 404 109997 "-" "Mozilla/5.0 AppleWebKit/537.36 (KHTML, like Gecko; compatible; ClaudeBot/1.0; +claudebot@anthropic.com)" 
216.73.216.180 - - [21/Oct/2025:16:57:23 -0700] "GET /6394254?products=0005328552 HTTP/2.0" 404 109831 "-" "Mozilla/5.0 AppleWebKit/537.36 (KHTML, like Gecko; compatible; ClaudeBot/1.0; +claudebot@anthropic.com)" 
216.73.216.180 - - [21/Oct/2025:16:57:26 -0700] "GET /6397488?products=0005331245 HTTP/2.0" 404 109822 "-" "Mozilla/5.0 AppleWebKit/537.36 (KHTML, like Gecko; compatible; ClaudeBot/1.0; +claudebot@anthropic.com)" 
216.73.216.180 - - [21/Oct/2025:16:57:29 -0700] "GET /6397008?products=0005330845 HTTP/2.0" 404 109822 "-" "Mozilla/5.0 AppleWebKit/537.36 (KHTML, like Gecko; compatible; ClaudeBot/1.0; +claudebot@anthropic.com)" 
216.73.216.180 - - [21/Oct/2025:16:57:32 -0700] "GET /6397748?products=0005331463 HTTP/2.0" 404 109822 "-" "Mozilla/5.0 AppleWebKit/537.36 (KHTML, like Gecko; compatible; ClaudeBot/1.0; +claudebot@anthropic.com)" 
216.73.216.180 - - [21/Oct/2025:16:57:35 -0700] "GET /6394062?products=0005328392 HTTP/2.0" 404 109822 "-" "Mozilla/5.0 AppleWebKit/537.36 (KHTML, like Gecko; compatible; ClaudeBot/1.0; +claudebot@anthropic.com)" 
216.73.216.180 - - [21/Oct/2025:16:57:38 -0700] "GET /6395592?products=0005329665 HTTP/2.0" 404 109822 "-" "Mozilla/5.0 AppleWebKit/537.36 (KHTML, like Gecko; compatible; ClaudeBot/1.0; +claudebot@anthropic.com)" 
216.73.216.180 - - [21/Oct/2025:16:57:41 -0700] "GET /6393980?products=0005328323 HTTP/2.0" 404 109813 "-" "Mozilla/5.0 AppleWebKit/537.36 (KHTML, like Gecko; compatible; ClaudeBot/1.0; +claudebot@anthropic.com)" 
216.73.216.180 - - [21/Oct/2025:16:57:44 -0700] "GET /6396072?products=0005330065 HTTP/2.0" 404 109831 "-" "Mozilla/5.0 AppleWebKit/537.36 (KHTML, like Gecko; compatible; ClaudeBot/1.0; +claudebot@anthropic.com)" 
216.73.216.180 - - [21/Oct/2025:16:57:47 -0700] "GET /6396942?products=0005330792 HTTP/2.0" 404 109822 "-" "Mozilla/5.0 AppleWebKit/537.36 (KHTML, like Gecko; compatible; ClaudeBot/1.0; +claudebot@anthropic.com)" 
216.73.216.180 - - [21/Oct/2025:16:57:50 -0700] "GET /6397848?products=0005331545 HTTP/2.0" 404 109822 "-" "Mozilla/5.0 AppleWebKit/537.36 (KHTML, like Gecko; compatible; ClaudeBot/1.0; +claudebot@anthropic.com)" 
216.73.216.180 - - [21/Oct/2025:16:57:53 -0700] "GET /6397056?products=0005330885 HTTP/2.0" 404 109813 "-" "Mozilla/5.0 AppleWebKit/537.36 (KHTML, like Gecko; compatible; ClaudeBot/1.0; +claudebot@anthropic.com)" 
216.73.216.180 - - [21/Oct/2025:16:57:56 -0700] "GET /6397014?products=0005330852 HTTP/2.0" 404 109822 "-" "Mozilla/5.0 AppleWebKit/537.36 (KHTML, like Gecko; compatible; ClaudeBot/1.0; +claudebot@anthropic.com)" 
216.73.216.180 - - [21/Oct/2025:16:57:59 -0700] "GET /6395670?products=0005329732 HTTP/2.0" 404 109813 "-" "Mozilla/5.0 AppleWebKit/537.36 (KHTML, like Gecko; compatible; ClaudeBot/1.0; +claudebot@anthropic.com)" 
69.163.179.91 - - [21/Oct/2025:16:58:03 -0700] "POST /wp-cron.php?doing_wp_cron=1761091083.3038458824157714843750 HTTP/1.1" 200 3646 "-" "WordPress/6.8.3; https://www.elconferencista.com" 
216.73.216.180 - - [21/Oct/2025:16:58:02 -0700] "GET /6397782?products=0005331492 HTTP/2.0" 404 109822 "-" "Mozilla/5.0 AppleWebKit/537.36 (KHTML, like Gecko; compatible; ClaudeBot/1.0; +claudebot@anthropic.com)" 
216.73.216.180 - - [21/Oct/2025:16:58:05 -0700] "GET /6397570?products=0005331314 HTTP/2.0" 404 109822 "-" "Mozilla/5.0 AppleWebKit/537.36 (KHTML, like Gecko; compatible; ClaudeBot/1.0; +claudebot@anthropic.com)" 
216.73.216.180 - - [21/Oct/2025:16:58:08 -0700] "GET /6397206?products=0005331012 HTTP/2.0" 404 109822 "-" "Mozilla/5.0 AppleWebKit/537.36 (KHTML, like Gecko; compatible; ClaudeBot/1.0; +claudebot@anthropic.com)" 
216.73.216.180 - - [21/Oct/2025:16:58:11 -0700] "GET /6396860?products=0005330723 HTTP/2.0" 404 109822 "-" "Mozilla/5.0 AppleWebKit/537.36 (KHTML, like Gecko; compatible; ClaudeBot/1.0; +claudebot@anthropic.com)" 
216.73.216.180 - - [21/Oct/2025:16:58:14 -0700] "GET /6395170?products=0005329314 HTTP/2.0" 404 109822 "-" "Mozilla/5.0 AppleWebKit/537.36 (KHTML, like Gecko; compatible; ClaudeBot/1.0; +claudebot@anthropic.com)" 
216.73.216.180 - - [21/Oct/2025:16:58:17 -0700] "GET /6396984?products=0005330825 HTTP/2.0" 404 109822 "-" "Mozilla/5.0 AppleWebKit/537.36 (KHTML, like Gecko; compatible; ClaudeBot/1.0; +claudebot@anthropic.com)" 
216.73.216.180 - - [21/Oct/2025:16:58:20 -0700] "GET /6393884?products=0005328243 HTTP/2.0" 404 109822 "-" "Mozilla/5.0 AppleWebKit/537.36 (KHTML, like Gecko; compatible; ClaudeBot/1.0; +claudebot@anthropic.com)" 
216.73.216.180 - - [21/Oct/2025:16:58:23 -0700] "GET /6395838?products=0005329872 HTTP/2.0" 404 109822 "-" "Mozilla/5.0 AppleWebKit/537.36 (KHTML, like Gecko; compatible; ClaudeBot/1.0; +claudebot@anthropic.com)" 
216.73.216.180 - - [21/Oct/2025:16:58:26 -0700] "GET /6397440?products=0005331205 HTTP/2.0" 404 109822 "-" "Mozilla/5.0 AppleWebKit/537.36 (KHTML, like Gecko; compatible; ClaudeBot/1.0; +claudebot@anthropic.com)" 
216.73.216.180 - - [21/Oct/2025:16:58:29 -0700] "GET /6394944?products=0005329125 HTTP/2.0" 404 109822 "-" "Mozilla/5.0 AppleWebKit/537.36 (KHTML, like Gecko; compatible; ClaudeBot/1.0; +claudebot@anthropic.com)" 
216.73.216.180 - - [21/Oct/2025:16:58:32 -0700] "GET /6399078?products=0005332572 HTTP/2.0" 404 109831 "-" "Mozilla/5.0 AppleWebKit/537.36 (KHTML, like Gecko; compatible; ClaudeBot/1.0; +claudebot@anthropic.com)" 
216.73.216.180 - - [21/Oct/2025:16:58:35 -0700] "GET /6396082?products=0005330074 HTTP/2.0" 404 109822 "-" "Mozilla/5.0 AppleWebKit/537.36 (KHTML, like Gecko; compatible; ClaudeBot/1.0; +claudebot@anthropic.com)" 
216.73.216.180 - - [21/Oct/2025:16:58:38 -0700] "GET /6395996?products=0005330003 HTTP/2.0" 404 109813 "-" "Mozilla/5.0 AppleWebKit/537.36 (KHTML, like Gecko; compatible; ClaudeBot/1.0; +claudebot@anthropic.com)" 
216.73.216.180 - - [21/Oct/2025:16:58:41 -0700] "GET /6396936?products=0005330785 HTTP/2.0" 404 109822 "-" "Mozilla/5.0 AppleWebKit/537.36 (KHTML, like Gecko; compatible; ClaudeBot/1.0; +claudebot@anthropic.com)" 
216.73.216.180 - - [21/Oct/2025:16:58:44 -0700] "GET /6395736?products=0005329785 HTTP/2.0" 404 109822 "-" "Mozilla/5.0 AppleWebKit/537.36 (KHTML, like Gecko; compatible; ClaudeBot/1.0; +claudebot@anthropic.com)" 
216.73.216.180 - - [21/Oct/2025:16:58:47 -0700] "GET /6396048?products=0005330045 HTTP/2.0" 404 109822 "-" "Mozilla/5.0 AppleWebKit/537.36 (KHTML, like Gecko; compatible; ClaudeBot/1.0; +claudebot@anthropic.com)" 
81.177.136.216 - - [21/Oct/2025:16:59:28 -0700] "POST /xmlrpc.php HTTP/2.0" 429 348 "https://www.elconferencista.com" "Mozilla/5.0 (Macintosh; Intel Mac OS X 13.3; rv:126.0) Gecko/20100101 Firefox/126.0" 
216.73.216.180 - - [21/Oct/2025:16:59:31 -0700] "GET /6395866?products=0005329894 HTTP/2.0" 404 109988 "-" "Mozilla/5.0 AppleWebKit/537.36 (KHTML, like Gecko; compatible; ClaudeBot/1.0; +claudebot@anthropic.com)" 
69.163.179.91 - - [21/Oct/2025:16:59:31 -0700] "POST /wp-cron.php?doing_wp_cron=1761091171.7922921180725097656250 HTTP/1.1" 200 3646 "-" "WordPress/6.8.3; https://www.elconferencista.com" 
216.73.216.180 - - [21/Oct/2025:16:59:33 -0700] "GET /6397714?products=0005331434 HTTP/2.0" 404 109831 "-" "Mozilla/5.0 AppleWebKit/537.36 (KHTML, like Gecko; compatible; ClaudeBot/1.0; +claudebot@anthropic.com)" 
216.73.216.180 - - [21/Oct/2025:16:59:36 -0700] "GET /6394296?products=0005328585 HTTP/2.0" 404 109822 "-" "Mozilla/5.0 AppleWebKit/537.36 (KHTML, like Gecko; compatible; ClaudeBot/1.0; +claudebot@anthropic.com)" 
216.73.216.180 - - [21/Oct/2025:16:59:39 -0700] "GET /6398640?products=0005332205 HTTP/2.0" 404 109822 "-" "Mozilla/5.0 AppleWebKit/537.36 (KHTML, like Gecko; compatible; ClaudeBot/1.0; +claudebot@anthropic.com)" 
216.73.216.180 - - [21/Oct/2025:16:59:42 -0700] "GET /6395506?products=0005329594 HTTP/2.0" 404 109822 "-" "Mozilla/5.0 AppleWebKit/537.36 (KHTML, like Gecko; compatible; ClaudeBot/1.0; +claudebot@anthropic.com)" 
216.73.216.180 - - [21/Oct/2025:16:59:45 -0700] "GET /6394580?products=0005328823 HTTP/2.0" 404 109822 "-" "Mozilla/5.0 AppleWebKit/537.36 (KHTML, like Gecko; compatible; ClaudeBot/1.0; +claudebot@anthropic.com)" 
216.73.216.180 - - [21/Oct/2025:16:59:48 -0700] "GET /6394196?products=0005328503 HTTP/2.0" 404 109822 "-" "Mozilla/5.0 AppleWebKit/537.36 (KHTML, like Gecko; compatible; ClaudeBot/1.0; +claudebot@anthropic.com)" 
216.73.216.180 - - [21/Oct/2025:16:59:51 -0700] "GET /6398410?products=0005332014 HTTP/2.0" 404 109822 "-" "Mozilla/5.0 AppleWebKit/537.36 (KHTML, like Gecko; compatible; ClaudeBot/1.0; +claudebot@anthropic.com)" 
216.73.216.180 - - [21/Oct/2025:16:59:54 -0700] "GET /6394806?products=0005329012 HTTP/2.0" 404 109822 "-" "Mozilla/5.0 AppleWebKit/537.36 (KHTML, like Gecko; compatible; ClaudeBot/1.0; +claudebot@anthropic.com)" 
216.73.216.180 - - [21/Oct/2025:16:59:57 -0700] "GET /6394868?products=0005329063 HTTP/2.0" 404 109822 "-" "Mozilla/5.0 AppleWebKit/537.36 (KHTML, like Gecko; compatible; ClaudeBot/1.0; +claudebot@anthropic.com)" 
216.73.216.180 - - [21/Oct/2025:17:00:00 -0700] "GET /6394782?products=0005328992 HTTP/2.0" 404 109822 "-" "Mozilla/5.0 AppleWebKit/537.36 (KHTML, like Gecko; compatible; ClaudeBot/1.0; +claudebot@anthropic.com)" 
69.163.179.91 - - [21/Oct/2025:17:00:04 -0700] "POST /wp-cron.php?doing_wp_cron=1761091204.5207870006561279296875 HTTP/1.1" 200 3646 "-" "WordPress/6.8.3; https://www.elconferencista.com" 
216.73.216.180 - - [21/Oct/2025:17:00:03 -0700] "GET /6395540?products=0005329623 HTTP/2.0" 404 109831 "-" "Mozilla/5.0 AppleWebKit/537.36 (KHTML, like Gecko; compatible; ClaudeBot/1.0; +claudebot@anthropic.com)" 
216.73.216.180 - - [21/Oct/2025:17:00:06 -0700] "GET /6394536?products=0005328785 HTTP/2.0" 404 109822 "-" "Mozilla/5.0 AppleWebKit/537.36 (KHTML, like Gecko; compatible; ClaudeBot/1.0; +claudebot@anthropic.com)" 
216.73.216.180 - - [21/Oct/2025:17:00:09 -0700] "GET /6394056?products=0005328385 HTTP/2.0" 404 109813 "-" "Mozilla/5.0 AppleWebKit/537.36 (KHTML, like Gecko; compatible; ClaudeBot/1.0; +claudebot@anthropic.com)" 
216.73.216.180 - - [21/Oct/2025:17:00:12 -0700] "GET /6397580?products=0005331323 HTTP/2.0" 404 109822 "-" "Mozilla/5.0 AppleWebKit/537.36 (KHTML, like Gecko; compatible; ClaudeBot/1.0; +claudebot@anthropic.com)" 
216.73.216.180 - - [21/Oct/2025:17:00:15 -0700] "GET /6397776?products=0005331485 HTTP/2.0" 404 109822 "-" "Mozilla/5.0 AppleWebKit/537.36 (KHTML, like Gecko; compatible; ClaudeBot/1.0; +claudebot@anthropic.com)" 
216.73.216.180 - - [21/Oct/2025:17:00:18 -0700] "GET /6396966?products=0005330812 HTTP/2.0" 404 109822 "-" "Mozilla/5.0 AppleWebKit/537.36 (KHTML, like Gecko; compatible; ClaudeBot/1.0; +claudebot@anthropic.com)" 
216.73.216.180 - - [21/Oct/2025:17:00:21 -0700] "GET /6393984?products=0005328325 HTTP/2.0" 404 109822 "-" "Mozilla/5.0 AppleWebKit/537.36 (KHTML, like Gecko; compatible; ClaudeBot/1.0; +claudebot@anthropic.com)" 
216.73.216.180 - - [21/Oct/2025:17:00:24 -0700] "GET /6394076?products=0005328403 HTTP/2.0" 404 109822 "-" "Mozilla/5.0 AppleWebKit/537.36 (KHTML, like Gecko; compatible; ClaudeBot/1.0; +claudebot@anthropic.com)" 
216.73.216.180 - - [21/Oct/2025:17:00:27 -0700] "GET /6394738?products=0005328954 HTTP/2.0" 404 109822 "-" "Mozilla/5.0 AppleWebKit/537.36 (KHTML, like Gecko; compatible; ClaudeBot/1.0; +claudebot@anthropic.com)" 
216.73.216.180 - - [21/Oct/2025:17:00:30 -0700] "GET /6396596?products=0005330503 HTTP/2.0" 404 109822 "-" "Mozilla/5.0 AppleWebKit/537.36 (KHTML, like Gecko; compatible; ClaudeBot/1.0; +claudebot@anthropic.com)" 
216.73.216.180 - - [21/Oct/2025:17:00:33 -0700] "GET /6394004?products=0005328343 HTTP/2.0" 404 109822 "-" "Mozilla/5.0 AppleWebKit/537.36 (KHTML, like Gecko; compatible; ClaudeBot/1.0; +claudebot@anthropic.com)" 
216.73.216.180 - - [21/Oct/2025:17:00:36 -0700] "GET /6394258?products=0005328554 HTTP/2.0" 404 109822 "-" "Mozilla/5.0 AppleWebKit/537.36 (KHTML, like Gecko; compatible; ClaudeBot/1.0; +claudebot@anthropic.com)" 
216.73.216.180 - - [21/Oct/2025:17:00:39 -0700] "GET /6397344?products=0005331125 HTTP/2.0" 404 109822 "-" "Mozilla/5.0 AppleWebKit/537.36 (KHTML, like Gecko; compatible; ClaudeBot/1.0; +claudebot@anthropic.com)" 
216.73.216.180 - - [21/Oct/2025:17:00:42 -0700] "GET /6393912?products=0005328265 HTTP/2.0" 404 109822 "-" "Mozilla/5.0 AppleWebKit/537.36 (KHTML, like Gecko; compatible; ClaudeBot/1.0; +claudebot@anthropic.com)" 
216.73.216.180 - - [21/Oct/2025:17:00:45 -0700] "GET /6395420?products=0005329523 HTTP/2.0" 404 109822 "-" "Mozilla/5.0 AppleWebKit/537.36 (KHTML, like Gecko; compatible; ClaudeBot/1.0; +claudebot@anthropic.com)" 
216.73.216.180 - - [21/Oct/2025:17:00:48 -0700] "GET /6395948?products=0005329963 HTTP/2.0" 404 109822 "-" "Mozilla/5.0 AppleWebKit/537.36 (KHTML, like Gecko; compatible; ClaudeBot/1.0; +claudebot@anthropic.com)" 
216.73.216.180 - - [21/Oct/2025:17:00:51 -0700] "GET /6394906?products=0005329094 HTTP/2.0" 404 109822 "-" "Mozilla/5.0 AppleWebKit/537.36 (KHTML, like Gecko; compatible; ClaudeBot/1.0; +claudebot@anthropic.com)" 
216.73.216.180 - - [21/Oct/2025:17:00:54 -0700] "GET /6394940?products=0005329123 HTTP/2.0" 404 109822 "-" "Mozilla/5.0 AppleWebKit/537.36 (KHTML, like Gecko; compatible; ClaudeBot/1.0; +claudebot@anthropic.com)" 
216.73.216.180 - - [21/Oct/2025:17:00:57 -0700] "GET /6394998?products=0005329172 HTTP/2.0" 404 109813 "-" "Mozilla/5.0 AppleWebKit/537.36 (KHTML, like Gecko; compatible; ClaudeBot/1.0; +claudebot@anthropic.com)" 
216.73.216.180 - - [21/Oct/2025:17:01:38 -0700] "GET /6395886?products=0005329912 HTTP/2.0" 404 109988 "-" "Mozilla/5.0 AppleWebKit/537.36 (KHTML, like Gecko; compatible; ClaudeBot/1.0; +claudebot@anthropic.com)" 
69.163.179.91 - - [21/Oct/2025:17:01:39 -0700] "POST /wp-cron.php?doing_wp_cron=1761091299.0125539302825927734375 HTTP/1.1" 200 3646 "-" "WordPress/6.8.3; https://www.elconferencista.com" 
216.73.216.180 - - [21/Oct/2025:17:01:41 -0700] "GET /6395568?products=0005329645 HTTP/2.0" 404 109822 "-" "Mozilla/5.0 AppleWebKit/537.36 (KHTML, like Gecko; compatible; ClaudeBot/1.0; +claudebot@anthropic.com)" 
216.73.216.180 - - [21/Oct/2025:17:01:44 -0700] "GET /6398616?products=0005332185 HTTP/2.0" 404 109822 "-" "Mozilla/5.0 AppleWebKit/537.36 (KHTML, like Gecko; compatible; ClaudeBot/1.0; +claudebot@anthropic.com)" 
216.73.216.180 - - [21/Oct/2025:17:01:47 -0700] "GET /6394854?products=0005329052 HTTP/2.0" 404 109822 "-" "Mozilla/5.0 AppleWebKit/537.36 (KHTML, like Gecko; compatible; ClaudeBot/1.0; +claudebot@anthropic.com)" 
216.73.216.180 - - [21/Oct/2025:17:01:50 -0700] "GET /6398526?products=0005332112 HTTP/2.0" 404 109822 "-" "Mozilla/5.0 AppleWebKit/537.36 (KHTML, like Gecko; compatible; ClaudeBot/1.0; +claudebot@anthropic.com)" 
216.73.216.180 - - [21/Oct/2025:17:01:53 -0700] "GET /6398766?products=0005332312 HTTP/2.0" 404 109813 "-" "Mozilla/5.0 AppleWebKit/537.36 (KHTML, like Gecko; compatible; ClaudeBot/1.0; +claudebot@anthropic.com)" 
216.73.216.180 - - [21/Oct/2025:17:01:56 -0700] "GET /6397700?products=0005331423 HTTP/2.0" 404 109822 "-" "Mozilla/5.0 AppleWebKit/537.36 (KHTML, like Gecko; compatible; ClaudeBot/1.0; +claudebot@anthropic.com)" 
216.73.216.180 - - [21/Oct/2025:17:01:59 -0700] "GET /6398646?products=0005332212 HTTP/2.0" 404 109822 "-" "Mozilla/5.0 AppleWebKit/537.36 (KHTML, like Gecko; compatible; ClaudeBot/1.0; +claudebot@anthropic.com)" 
69.163.179.91 - - [21/Oct/2025:17:02:02 -0700] "POST /wp-cron.php?doing_wp_cron=1761091322.5407919883728027343750 HTTP/1.1" 200 3646 "-" "WordPress/6.8.3; https://www.elconferencista.com" 
216.73.216.180 - - [21/Oct/2025:17:02:02 -0700] "GET /6397134?products=0005330952 HTTP/2.0" 404 109822 "-" "Mozilla/5.0 AppleWebKit/537.36 (KHTML, like Gecko; compatible; ClaudeBot/1.0; +claudebot@anthropic.com)" 
69.163.179.91 - - [21/Oct/2025:17:02:05 -0700] "POST /wp-cron.php?doing_wp_cron=1761091325.5974860191345214843750 HTTP/1.1" 200 3646 "-" "WordPress/6.8.3; https://www.elconferencista.com" 
216.73.216.180 - - [21/Oct/2025:17:02:05 -0700] "GET /6394244?products=0005328543 HTTP/2.0" 404 109822 "-" "Mozilla/5.0 AppleWebKit/537.36 (KHTML, like Gecko; compatible; ClaudeBot/1.0; +claudebot@anthropic.com)" 
216.73.216.180 - - [21/Oct/2025:17:02:08 -0700] "GET /6394412?products=0005328683 HTTP/2.0" 404 109822 "-" "Mozilla/5.0 AppleWebKit/537.36 (KHTML, like Gecko; compatible; ClaudeBot/1.0; +claudebot@anthropic.com)" 
216.73.216.180 - - [21/Oct/2025:17:02:11 -0700] "GET /6397590?products=0005331332 HTTP/2.0" 404 109822 "-" "Mozilla/5.0 AppleWebKit/537.36 (KHTML, like Gecko; compatible; ClaudeBot/1.0; +claudebot@anthropic.com)" 
216.73.216.180 - - [21/Oct/2025:17:02:14 -0700] "GET /6397806?products=0005331512 HTTP/2.0" 404 109822 "-" "Mozilla/5.0 AppleWebKit/537.36 (KHTML, like Gecko; compatible; ClaudeBot/1.0; +claudebot@anthropic.com)" 
216.73.216.180 - - [21/Oct/2025:17:02:17 -0700] "GET /6393850?products=0005328214 HTTP/2.0" 404 109822 "-" "Mozilla/5.0 AppleWebKit/537.36 (KHTML, like Gecko; compatible; ClaudeBot/1.0; +claudebot@anthropic.com)" 
216.73.216.180 - - [21/Oct/2025:17:02:20 -0700] "GET /6397872?products=0005331565 HTTP/2.0" 404 109822 "-" "Mozilla/5.0 AppleWebKit/537.36 (KHTML, like Gecko; compatible; ClaudeBot/1.0; +claudebot@anthropic.com)" 
216.73.216.180 - - [21/Oct/2025:17:02:23 -0700] "GET /6395742?products=0005329792 HTTP/2.0" 404 109822 "-" "Mozilla/5.0 AppleWebKit/537.36 (KHTML, like Gecko; compatible; ClaudeBot/1.0; +claudebot@anthropic.com)" 
216.73.216.180 - - [21/Oct/2025:17:02:26 -0700] "GET /6396822?products=0005330692 HTTP/2.0" 404 109813 "-" "Mozilla/5.0 AppleWebKit/537.36 (KHTML, like Gecko; compatible; ClaudeBot/1.0; +claudebot@anthropic.com)" 
216.73.216.180 - - [21/Oct/2025:17:02:29 -0700] "GET /6398280?products=0005331905 HTTP/2.0" 404 109822 "-" "Mozilla/5.0 AppleWebKit/537.36 (KHTML, like Gecko; compatible; ClaudeBot/1.0; +claudebot@anthropic.com)" 
216.73.216.180 - - [21/Oct/2025:17:02:32 -0700] "GET /6395472?products=0005329565 HTTP/2.0" 404 109822 "-" "Mozilla/5.0 AppleWebKit/537.36 (KHTML, like Gecko; compatible; ClaudeBot/1.0; +claudebot@anthropic.com)" 
216.73.216.180 - - [21/Oct/2025:17:02:35 -0700] "GET /6395454?products=0005329552 HTTP/2.0" 404 109813 "-" "Mozilla/5.0 AppleWebKit/537.36 (KHTML, like Gecko; compatible; ClaudeBot/1.0; +claudebot@anthropic.com)" 
216.73.216.180 - - [21/Oct/2025:17:02:38 -0700] "GET /6396894?products=0005330752 HTTP/2.0" 404 109813 "-" "Mozilla/5.0 AppleWebKit/537.36 (KHTML, like Gecko; compatible; ClaudeBot/1.0; +claudebot@anthropic.com)" 
216.73.216.180 - - [21/Oct/2025:17:02:41 -0700] "GET /6396764?products=0005330643 HTTP/2.0" 404 109822 "-" "Mozilla/5.0 AppleWebKit/537.36 (KHTML, like Gecko; compatible; ClaudeBot/1.0; +claudebot@anthropic.com)" 
216.73.216.180 - - [21/Oct/2025:17:02:44 -0700] "GET /6397110?products=0005330932 HTTP/2.0" 404 109822 "-" "Mozilla/5.0 AppleWebKit/537.36 (KHTML, like Gecko; compatible; ClaudeBot/1.0; +claudebot@anthropic.com)" 
216.73.216.180 - - [21/Oct/2025:17:02:47 -0700] "GET /6397450?products=0005331214 HTTP/2.0" 404 109822 "-" "Mozilla/5.0 AppleWebKit/537.36 (KHTML, like Gecko; compatible; ClaudeBot/1.0; +claudebot@anthropic.com)" 
216.73.216.180 - - [21/Oct/2025:17:02:50 -0700] "GET /6397498?products=0005331254 HTTP/2.0" 404 109822 "-" "Mozilla/5.0 AppleWebKit/537.36 (KHTML, like Gecko; compatible; ClaudeBot/1.0; +claudebot@anthropic.com)" 
216.73.216.180 - - [21/Oct/2025:17:02:53 -0700] "GET /6398324?products=0005331943 HTTP/2.0" 404 109822 "-" "Mozilla/5.0 AppleWebKit/537.36 (KHTML, like Gecko; compatible; ClaudeBot/1.0; +claudebot@anthropic.com)" 
216.73.216.180 - - [21/Oct/2025:17:02:56 -0700] "GET /6395310?products=0005329432 HTTP/2.0" 404 109822 "-" "Mozilla/5.0 AppleWebKit/537.36 (KHTML, like Gecko; compatible; ClaudeBot/1.0; +claudebot@anthropic.com)" 
216.73.216.180 - - [21/Oct/2025:17:02:59 -0700] "GET /6396476?products=0005330403 HTTP/2.0" 404 109822 "-" "Mozilla/5.0 AppleWebKit/537.36 (KHTML, like Gecko; compatible; ClaudeBot/1.0; +claudebot@anthropic.com)" 
69.163.179.91 - - [21/Oct/2025:17:03:02 -0700] "POST /wp-cron.php?doing_wp_cron=1761091382.5976259708404541015625 HTTP/1.1" 200 3646 "-" "WordPress/6.8.3; https://www.elconferencista.com" 
216.73.216.180 - - [21/Oct/2025:17:03:02 -0700] "GET /6396438?products=0005330372 HTTP/2.0" 404 109822 "-" "Mozilla/5.0 AppleWebKit/537.36 (KHTML, like Gecko; compatible; ClaudeBot/1.0; +claudebot@anthropic.com)" 
69.163.179.91 - - [21/Oct/2025:17:03:05 -0700] "POST /wp-cron.php?doing_wp_cron=1761091385.6392080783843994140625 HTTP/1.1" 200 3646 "-" "WordPress/6.8.3; https://www.elconferencista.com" 
216.73.216.180 - - [21/Oct/2025:17:03:05 -0700] "GET /6395334?products=0005329452 HTTP/2.0" 404 109822 "-" "Mozilla/5.0 AppleWebKit/537.36 (KHTML, like Gecko; compatible; ClaudeBot/1.0; +claudebot@anthropic.com)" 
216.73.216.180 - - [21/Oct/2025:17:03:47 -0700] "GET /6397484?products=0005331243 HTTP/2.0" 404 109997 "-" "Mozilla/5.0 AppleWebKit/537.36 (KHTML, like Gecko; compatible; ClaudeBot/1.0; +claudebot@anthropic.com)" 
216.73.216.180 - - [21/Oct/2025:17:03:49 -0700] "GET /6398300?products=0005331923 HTTP/2.0" 404 109822 "-" "Mozilla/5.0 AppleWebKit/537.36 (KHTML, like Gecko; compatible; ClaudeBot/1.0; +claudebot@anthropic.com)" 
216.73.216.180 - - [21/Oct/2025:17:03:52 -0700] "GET /6395098?products=0005329254 HTTP/2.0" 404 109822 "-" "Mozilla/5.0 AppleWebKit/537.36 (KHTML, like Gecko; compatible; ClaudeBot/1.0; +claudebot@anthropic.com)" 
216.73.216.180 - - [21/Oct/2025:17:03:55 -0700] "GET /6396414?products=0005330352 HTTP/2.0" 404 109831 "-" "Mozilla/5.0 AppleWebKit/537.36 (KHTML, like Gecko; compatible; ClaudeBot/1.0; +claudebot@anthropic.com)" 
216.73.216.180 - - [21/Oct/2025:17:03:58 -0700] "GET /6395122?products=0005329274 HTTP/2.0" 404 109831 "-" "Mozilla/5.0 AppleWebKit/537.36 (KHTML, like Gecko; compatible; ClaudeBot/1.0; +claudebot@anthropic.com)" 
69.163.179.91 - - [21/Oct/2025:17:04:02 -0700] "POST /wp-cron.php?doing_wp_cron=1761091442.4428899288177490234375 HTTP/1.1" 200 3646 "-" "WordPress/6.8.3; https://www.elconferencista.com" 
216.73.216.180 - - [21/Oct/2025:17:04:01 -0700] "GET /6396250?products=0005330214 HTTP/2.0" 404 109804 "-" "Mozilla/5.0 AppleWebKit/537.36 (KHTML, like Gecko; compatible; ClaudeBot/1.0; +claudebot@anthropic.com)" 
69.163.179.91 - - [21/Oct/2025:17:04:05 -0700] "POST /wp-cron.php?doing_wp_cron=1761091445.4736890792846679687500 HTTP/1.1" 200 3646 "-" "WordPress/6.8.3; https://www.elconferencista.com" 
216.73.216.180 - - [21/Oct/2025:17:04:04 -0700] "GET /6398036?products=0005331703 HTTP/2.0" 404 109822 "-" "Mozilla/5.0 AppleWebKit/537.36 (KHTML, like Gecko; compatible; ClaudeBot/1.0; +claudebot@anthropic.com)" 
216.73.216.180 - - [21/Oct/2025:17:04:07 -0700] "GET /6395050?products=0005329214 HTTP/2.0" 404 109822 "-" "Mozilla/5.0 AppleWebKit/537.36 (KHTML, like Gecko; compatible; ClaudeBot/1.0; +claudebot@anthropic.com)" 
216.73.216.180 - - [21/Oct/2025:17:04:10 -0700] "GET /6394292?products=0005328583 HTTP/2.0" 404 109822 "-" "Mozilla/5.0 AppleWebKit/537.36 (KHTML, like Gecko; compatible; ClaudeBot/1.0; +claudebot@anthropic.com)" 
216.73.216.180 - - [21/Oct/2025:17:04:13 -0700] "GET /6397508?products=0005331263 HTTP/2.0" 404 109822 "-" "Mozilla/5.0 AppleWebKit/537.36 (KHTML, like Gecko; compatible; ClaudeBot/1.0; +claudebot@anthropic.com)" 
216.73.216.180 - - [21/Oct/2025:17:04:16 -0700] "GET /6397652?products=0005331383 HTTP/2.0" 404 109822 "-" "Mozilla/5.0 AppleWebKit/537.36 (KHTML, like Gecko; compatible; ClaudeBot/1.0; +claudebot@anthropic.com)" 
216.73.216.180 - - [21/Oct/2025:17:04:19 -0700] "GET /6397752?products=0005331465 HTTP/2.0" 404 109822 "-" "Mozilla/5.0 AppleWebKit/537.36 (KHTML, like Gecko; compatible; ClaudeBot/1.0; +claudebot@anthropic.com)" 
216.73.216.180 - - [21/Oct/2025:17:04:22 -0700] "GET /6395070?products=0005329232 HTTP/2.0" 404 109822 "-" "Mozilla/5.0 AppleWebKit/537.36 (KHTML, like Gecko; compatible; ClaudeBot/1.0; +claudebot@anthropic.com)" 
216.73.216.180 - - [21/Oct/2025:17:04:25 -0700] "GET /6397834?products=0005331534 HTTP/2.0" 404 109822 "-" "Mozilla/5.0 AppleWebKit/537.36 (KHTML, like Gecko; compatible; ClaudeBot/1.0; +claudebot@anthropic.com)" 
216.73.216.180 - - [21/Oct/2025:17:04:28 -0700] "GET /6398040?products=0005331705 HTTP/2.0" 404 109813 "-" "Mozilla/5.0 AppleWebKit/537.36 (KHTML, like Gecko; compatible; ClaudeBot/1.0; +claudebot@anthropic.com)" 
216.73.216.180 - - [21/Oct/2025:17:04:31 -0700] "GET /6397532?products=0005331283 HTTP/2.0" 404 109822 "-" "Mozilla/5.0 AppleWebKit/537.36 (KHTML, like Gecko; compatible; ClaudeBot/1.0; +claudebot@anthropic.com)" 
216.73.216.180 - - [21/Oct/2025:17:04:34 -0700] "GET /6398094?products=0005331752 HTTP/2.0" 404 109822 "-" "Mozilla/5.0 AppleWebKit/537.36 (KHTML, like Gecko; compatible; ClaudeBot/1.0; +claudebot@anthropic.com)" 
216.73.216.180 - - [21/Oct/2025:17:04:37 -0700] "GET /6397124?products=0005330943 HTTP/2.0" 404 109822 "-" "Mozilla/5.0 AppleWebKit/537.36 (KHTML, like Gecko; compatible; ClaudeBot/1.0; +claudebot@anthropic.com)" 
216.73.216.180 - - [21/Oct/2025:17:04:40 -0700] "GET /6396322?products=0005330274 HTTP/2.0" 404 109813 "-" "Mozilla/5.0 AppleWebKit/537.36 (KHTML, like Gecko; compatible; ClaudeBot/1.0; +claudebot@anthropic.com)" 
216.73.216.180 - - [21/Oct/2025:17:04:43 -0700] "GET /6393994?products=0005328334 HTTP/2.0" 404 109822 "-" "Mozilla/5.0 AppleWebKit/537.36 (KHTML, like Gecko; compatible; ClaudeBot/1.0; +claudebot@anthropic.com)" 
216.73.216.180 - - [21/Oct/2025:17:04:46 -0700] "GET /6393918?products=0005328272 HTTP/2.0" 404 109822 "-" "Mozilla/5.0 AppleWebKit/537.36 (KHTML, like Gecko; compatible; ClaudeBot/1.0; +claudebot@anthropic.com)" 
216.73.216.180 - - [21/Oct/2025:17:04:49 -0700] "GET /6399006?products=0005332512 HTTP/2.0" 404 109822 "-" "Mozilla/5.0 AppleWebKit/537.36 (KHTML, like Gecko; compatible; ClaudeBot/1.0; +claudebot@anthropic.com)" 
216.73.216.180 - - [21/Oct/2025:17:04:52 -0700] "GET /6396418?products=0005330354 HTTP/2.0" 404 109822 "-" "Mozilla/5.0 AppleWebKit/537.36 (KHTML, like Gecko; compatible; ClaudeBot/1.0; +claudebot@anthropic.com)" 
216.73.216.180 - - [21/Oct/2025:17:04:55 -0700] "GET /6394350?products=0005328632 HTTP/2.0" 404 109822 "-" "Mozilla/5.0 AppleWebKit/537.36 (KHTML, like Gecko; compatible; ClaudeBot/1.0; +claudebot@anthropic.com)" 
216.73.216.180 - - [21/Oct/2025:17:04:58 -0700] "GET /6396216?products=0005330185 HTTP/2.0" 404 109822 "-" "Mozilla/5.0 AppleWebKit/537.36 (KHTML, like Gecko; compatible; ClaudeBot/1.0; +claudebot@anthropic.com)" 
69.163.179.91 - - [21/Oct/2025:17:05:02 -0700] "POST /wp-cron.php?doing_wp_cron=1761091502.4773919582366943359375 HTTP/1.1" 200 3646 "-" "WordPress/6.8.3; https://www.elconferencista.com" 
216.73.216.180 - - [21/Oct/2025:17:05:01 -0700] "GET /6397258?products=0005331054 HTTP/2.0" 404 109813 "-" "Mozilla/5.0 AppleWebKit/537.36 (KHTML, like Gecko; compatible; ClaudeBot/1.0; +claudebot@anthropic.com)" 
69.163.179.91 - - [21/Oct/2025:17:05:05 -0700] "POST /wp-cron.php?doing_wp_cron=1761091505.4969949722290039062500 HTTP/1.1" 200 3646 "-" "WordPress/6.8.3; https://www.elconferencista.com" 
216.73.216.180 - - [21/Oct/2025:17:05:04 -0700] "GET /6397374?products=0005331152 HTTP/2.0" 404 109822 "-" "Mozilla/5.0 AppleWebKit/537.36 (KHTML, like Gecko; compatible; ClaudeBot/1.0; +claudebot@anthropic.com)" 
216.73.216.180 - - [21/Oct/2025:17:05:07 -0700] "GET /6395156?products=0005329303 HTTP/2.0" 404 109822 "-" "Mozilla/5.0 AppleWebKit/537.36 (KHTML, like Gecko; compatible; ClaudeBot/1.0; +claudebot@anthropic.com)" 
216.73.216.180 - - [21/Oct/2025:17:05:10 -0700] "GET /6395184?products=0005329325 HTTP/2.0" 404 109822 "-" "Mozilla/5.0 AppleWebKit/537.36 (KHTML, like Gecko; compatible; ClaudeBot/1.0; +claudebot@anthropic.com)" 
216.73.216.180 - - [21/Oct/2025:17:05:18 -0700] "GET /6398550?products=0005332132 HTTP/2.0" 404 109997 "-" "Mozilla/5.0 AppleWebKit/537.36 (KHTML, like Gecko; compatible; ClaudeBot/1.0; +claudebot@anthropic.com)" 
216.73.216.180 - - [21/Oct/2025:17:05:20 -0700] "GET /6395694?products=0005329752 HTTP/2.0" 404 109822 "-" "Mozilla/5.0 AppleWebKit/537.36 (KHTML, like Gecko; compatible; ClaudeBot/1.0; +claudebot@anthropic.com)" 
216.73.216.180 - - [21/Oct/2025:17:05:23 -0700] "GET /6395362?products=0005329474 HTTP/2.0" 404 109822 "-" "Mozilla/5.0 AppleWebKit/537.36 (KHTML, like Gecko; compatible; ClaudeBot/1.0; +claudebot@anthropic.com)" 
216.73.216.180 - - [21/Oct/2025:17:05:26 -0700] "GET /6396922?products=0005330774 HTTP/2.0" 404 109822 "-" "Mozilla/5.0 AppleWebKit/537.36 (KHTML, like Gecko; compatible; ClaudeBot/1.0; +claudebot@anthropic.com)" 
216.73.216.180 - - [21/Oct/2025:17:05:29 -0700] "GET /6398904?products=0005332425 HTTP/2.0" 404 109822 "-" "Mozilla/5.0 AppleWebKit/537.36 (KHTML, like Gecko; compatible; ClaudeBot/1.0; +claudebot@anthropic.com)" 
216.73.216.180 - - [21/Oct/2025:17:05:32 -0700] "GET /6396092?products=0005330083 HTTP/2.0" 404 109822 "-" "Mozilla/5.0 AppleWebKit/537.36 (KHTML, like Gecko; compatible; ClaudeBot/1.0; +claudebot@anthropic.com)" 
216.73.216.180 - - [21/Oct/2025:17:05:35 -0700] "GET /6399054?products=0005332552 HTTP/2.0" 404 109822 "-" "Mozilla/5.0 AppleWebKit/537.36 (KHTML, like Gecko; compatible; ClaudeBot/1.0; +claudebot@anthropic.com)" 
216.73.216.180 - - [21/Oct/2025:17:05:38 -0700] "GET /6394950?products=0005329132 HTTP/2.0" 404 109822 "-" "Mozilla/5.0 AppleWebKit/537.36 (KHTML, like Gecko; compatible; ClaudeBot/1.0; +claudebot@anthropic.com)" 
216.73.216.180 - - [21/Oct/2025:17:05:41 -0700] "GET /6394100?products=0005328423 HTTP/2.0" 404 109822 "-" "Mozilla/5.0 AppleWebKit/537.36 (KHTML, like Gecko; compatible; ClaudeBot/1.0; +claudebot@anthropic.com)" 
216.73.216.180 - - [21/Oct/2025:17:05:44 -0700] "GET /6396456?products=0005330385 HTTP/2.0" 404 109822 "-" "Mozilla/5.0 AppleWebKit/537.36 (KHTML, like Gecko; compatible; ClaudeBot/1.0; +claudebot@anthropic.com)" 
216.73.216.180 - - [21/Oct/2025:17:05:47 -0700] "GET /6398002?products=0005331674 HTTP/2.0" 404 109822 "-" "Mozilla/5.0 AppleWebKit/537.36 (KHTML, like Gecko; compatible; ClaudeBot/1.0; +claudebot@anthropic.com)" 
216.73.216.180 - - [21/Oct/2025:17:07:38 -0700] "GET /6398482?products=0005332074 HTTP/2.0" 404 109988 "-" "Mozilla/5.0 AppleWebKit/537.36 (KHTML, like Gecko; compatible; ClaudeBot/1.0; +claudebot@anthropic.com)" 
69.163.179.91 - - [21/Oct/2025:17:07:39 -0700] "POST /wp-cron.php?doing_wp_cron=1761091659.6150879859924316406250 HTTP/1.1" 200 3646 "-" "WordPress/6.8.3; https://www.elconferencista.com" 
216.73.216.180 - - [21/Oct/2025:17:07:43 -0700] "GET /6395478?products=0005329572 HTTP/2.0" 404 109831 "-" "Mozilla/5.0 AppleWebKit/537.36 (KHTML, like Gecko; compatible; ClaudeBot/1.0; +claudebot@anthropic.com)" 
216.73.216.180 - - [21/Oct/2025:17:07:46 -0700] "GET /6396284?products=0005330243 HTTP/2.0" 404 109822 "-" "Mozilla/5.0 AppleWebKit/537.36 (KHTML, like Gecko; compatible; ClaudeBot/1.0; +claudebot@anthropic.com)" 
216.73.216.180 - - [21/Oct/2025:17:07:49 -0700] "GET /6398818?products=0005332354 HTTP/2.0" 404 109822 "-" "Mozilla/5.0 AppleWebKit/537.36 (KHTML, like Gecko; compatible; ClaudeBot/1.0; +claudebot@anthropic.com)" 
216.73.216.180 - - [21/Oct/2025:17:07:52 -0700] "GET /6399072?products=0005332565 HTTP/2.0" 404 109822 "-" "Mozilla/5.0 AppleWebKit/537.36 (KHTML, like Gecko; compatible; ClaudeBot/1.0; +claudebot@anthropic.com)" 
216.73.216.180 - - [21/Oct/2025:17:07:55 -0700] "GET /6396202?products=0005330174 HTTP/2.0" 404 109822 "-" "Mozilla/5.0 AppleWebKit/537.36 (KHTML, like Gecko; compatible; ClaudeBot/1.0; +claudebot@anthropic.com)" 
216.73.216.180 - - [21/Oct/2025:17:07:58 -0700] "GET /6396634?products=0005330534 HTTP/2.0" 404 109822 "-" "Mozilla/5.0 AppleWebKit/537.36 (KHTML, like Gecko; compatible; ClaudeBot/1.0; +claudebot@anthropic.com)" 
69.163.179.91 - - [21/Oct/2025:17:08:02 -0700] "POST /wp-cron.php?doing_wp_cron=1761091682.4907391071319580078125 HTTP/1.1" 200 3646 "-" "WordPress/6.8.3; https://www.elconferencista.com" 
216.73.216.180 - - [21/Oct/2025:17:08:01 -0700] "GET /6398372?products=0005331983 HTTP/2.0" 404 109822 "-" "Mozilla/5.0 AppleWebKit/537.36 (KHTML, like Gecko; compatible; ClaudeBot/1.0; +claudebot@anthropic.com)" 
69.163.179.91 - - [21/Oct/2025:17:08:05 -0700] "POST /wp-cron.php?doing_wp_cron=1761091685.4129250049591064453125 HTTP/1.1" 200 3646 "-" "WordPress/6.8.3; https://www.elconferencista.com" 
216.73.216.180 - - [21/Oct/2025:17:08:04 -0700] "GET /6397248?products=0005331045 HTTP/2.0" 404 109813 "-" "Mozilla/5.0 AppleWebKit/537.36 (KHTML, like Gecko; compatible; ClaudeBot/1.0; +claudebot@anthropic.com)" 
216.73.216.180 - - [21/Oct/2025:17:08:07 -0700] "GET /6397594?products=0005331334 HTTP/2.0" 404 109822 "-" "Mozilla/5.0 AppleWebKit/537.36 (KHTML, like Gecko; compatible; ClaudeBot/1.0; +claudebot@anthropic.com)" 
216.73.216.180 - - [21/Oct/2025:17:08:10 -0700] "GET /6399164?products=0005332643 HTTP/2.0" 404 109822 "-" "Mozilla/5.0 AppleWebKit/537.36 (KHTML, like Gecko; compatible; ClaudeBot/1.0; +claudebot@anthropic.com)" 
216.73.216.180 - - [21/Oct/2025:17:08:13 -0700] "GET /6394104?products=0005328425 HTTP/2.0" 404 109822 "-" "Mozilla/5.0 AppleWebKit/537.36 (KHTML, like Gecko; compatible; ClaudeBot/1.0; +claudebot@anthropic.com)" 
216.73.216.180 - - [21/Oct/2025:17:08:16 -0700] "GET /6395290?products=0005329414 HTTP/2.0" 404 109822 "-" "Mozilla/5.0 AppleWebKit/537.36 (KHTML, like Gecko; compatible; ClaudeBot/1.0; +claudebot@anthropic.com)" 
216.73.216.180 - - [21/Oct/2025:17:08:19 -0700] "GET /6395688?products=0005329745 HTTP/2.0" 404 109822 "-" "Mozilla/5.0 AppleWebKit/537.36 (KHTML, like Gecko; compatible; ClaudeBot/1.0; +claudebot@anthropic.com)" 
216.73.216.180 - - [21/Oct/2025:17:08:22 -0700] "GET /6395962?products=0005329974 HTTP/2.0" 404 109822 "-" "Mozilla/5.0 AppleWebKit/537.36 (KHTML, like Gecko; compatible; ClaudeBot/1.0; +claudebot@anthropic.com)" 
216.73.216.180 - - [21/Oct/2025:17:08:25 -0700] "GET /6396168?products=0005330145 HTTP/2.0" 404 109813 "-" "Mozilla/5.0 AppleWebKit/537.36 (KHTML, like Gecko; compatible; ClaudeBot/1.0; +claudebot@anthropic.com)" 
216.73.216.180 - - [21/Oct/2025:17:08:28 -0700] "GET /6396366?products=0005330312 HTTP/2.0" 404 109822 "-" "Mozilla/5.0 AppleWebKit/537.36 (KHTML, like Gecko; compatible; ClaudeBot/1.0; +claudebot@anthropic.com)" 
216.73.216.180 - - [21/Oct/2025:17:08:31 -0700] "GET /6397964?products=0005331643 HTTP/2.0" 404 109822 "-" "Mozilla/5.0 AppleWebKit/537.36 (KHTML, like Gecko; compatible; ClaudeBot/1.0; +claudebot@anthropic.com)" 
216.73.216.180 - - [21/Oct/2025:17:08:34 -0700] "GET /6398012?products=0005331683 HTTP/2.0" 404 109822 "-" "Mozilla/5.0 AppleWebKit/537.36 (KHTML, like Gecko; compatible; ClaudeBot/1.0; +claudebot@anthropic.com)" 
216.73.216.180 - - [21/Oct/2025:17:08:37 -0700] "GET /6398050?products=0005331714 HTTP/2.0" 404 109822 "-" "Mozilla/5.0 AppleWebKit/537.36 (KHTML, like Gecko; compatible; ClaudeBot/1.0; +claudebot@anthropic.com)" 
