216.73.216.180 - - [21/Oct/2025:14:30:04 -0700] "GET /6396600?products=0005330505 HTTP/2.0" 404 109822 "-" "Mozilla/5.0 AppleWebKit/537.36 (KHTML, like Gecko; compatible; ClaudeBot/1.0; +claudebot@anthropic.com)" 
216.73.216.180 - - [21/Oct/2025:14:30:07 -0700] "GET /6398770?products=0005332314 HTTP/2.0" 404 109822 "-" "Mozilla/5.0 AppleWebKit/537.36 (KHTML, like Gecko; compatible; ClaudeBot/1.0; +claudebot@anthropic.com)" 
216.73.216.180 - - [21/Oct/2025:14:30:10 -0700] "GET /6398694?products=0005332252 HTTP/2.0" 404 109822 "-" "Mozilla/5.0 AppleWebKit/537.36 (KHTML, like Gecko; compatible; ClaudeBot/1.0; +claudebot@anthropic.com)" 
216.73.216.180 - - [21/Oct/2025:14:30:13 -0700] "GET /6398574?products=0005332152 HTTP/2.0" 404 109831 "-" "Mozilla/5.0 AppleWebKit/537.36 (KHTML, like Gecko; compatible; ClaudeBot/1.0; +claudebot@anthropic.com)" 
216.73.216.180 - - [21/Oct/2025:14:30:16 -0700] "GET /6399150?products=0005332632 HTTP/2.0" 404 109822 "-" "Mozilla/5.0 AppleWebKit/537.36 (KHTML, like Gecko; compatible; ClaudeBot/1.0; +claudebot@anthropic.com)" 
216.73.216.180 - - [21/Oct/2025:14:30:19 -0700] "GET /6398310?products=0005331932 HTTP/2.0" 404 109822 "-" "Mozilla/5.0 AppleWebKit/537.36 (KHTML, like Gecko; compatible; ClaudeBot/1.0; +claudebot@anthropic.com)" 
216.73.216.180 - - [21/Oct/2025:14:30:22 -0700] "GET /6396246?products=0005330212 HTTP/2.0" 404 109822 "-" "Mozilla/5.0 AppleWebKit/537.36 (KHTML, like Gecko; compatible; ClaudeBot/1.0; +claudebot@anthropic.com)" 
216.73.216.180 - - [21/Oct/2025:14:30:25 -0700] "GET /6399020?products=0005332523 HTTP/2.0" 404 109822 "-" "Mozilla/5.0 AppleWebKit/537.36 (KHTML, like Gecko; compatible; ClaudeBot/1.0; +claudebot@anthropic.com)" 
216.73.216.180 - - [21/Oct/2025:14:30:28 -0700] "GET /6394176?products=0005328485 HTTP/2.0" 404 109822 "-" "Mozilla/5.0 AppleWebKit/537.36 (KHTML, like Gecko; compatible; ClaudeBot/1.0; +claudebot@anthropic.com)" 
216.73.216.180 - - [21/Oct/2025:14:30:31 -0700] "GET /6397494?products=0005331252 HTTP/2.0" 404 109822 "-" "Mozilla/5.0 AppleWebKit/537.36 (KHTML, like Gecko; compatible; ClaudeBot/1.0; +claudebot@anthropic.com)" 
216.73.216.180 - - [21/Oct/2025:14:30:34 -0700] "GET /6395194?products=0005329334 HTTP/2.0" 404 109822 "-" "Mozilla/5.0 AppleWebKit/537.36 (KHTML, like Gecko; compatible; ClaudeBot/1.0; +claudebot@anthropic.com)" 
216.73.216.180 - - [21/Oct/2025:14:30:37 -0700] "GET /6396116?products=0005330103 HTTP/2.0" 404 109822 "-" "Mozilla/5.0 AppleWebKit/537.36 (KHTML, like Gecko; compatible; ClaudeBot/1.0; +claudebot@anthropic.com)" 
216.73.216.180 - - [21/Oct/2025:14:30:40 -0700] "GET /6398598?products=0005332172 HTTP/2.0" 404 109822 "-" "Mozilla/5.0 AppleWebKit/537.36 (KHTML, like Gecko; compatible; ClaudeBot/1.0; +claudebot@anthropic.com)" 
216.73.216.180 - - [21/Oct/2025:14:30:43 -0700] "GET /6395400?products=0005329505 HTTP/2.0" 404 109813 "-" "Mozilla/5.0 AppleWebKit/537.36 (KHTML, like Gecko; compatible; ClaudeBot/1.0; +claudebot@anthropic.com)" 
216.73.216.180 - - [21/Oct/2025:14:30:46 -0700] "GET /6398262?products=0005331892 HTTP/2.0" 404 109822 "-" "Mozilla/5.0 AppleWebKit/537.36 (KHTML, like Gecko; compatible; ClaudeBot/1.0; +claudebot@anthropic.com)" 
216.73.216.180 - - [21/Oct/2025:14:30:49 -0700] "GET /6398170?products=0005331814 HTTP/2.0" 404 109822 "-" "Mozilla/5.0 AppleWebKit/537.36 (KHTML, like Gecko; compatible; ClaudeBot/1.0; +claudebot@anthropic.com)" 
216.73.216.180 - - [21/Oct/2025:14:30:52 -0700] "GET /6395142?products=0005329292 HTTP/2.0" 404 109822 "-" "Mozilla/5.0 AppleWebKit/537.36 (KHTML, like Gecko; compatible; ClaudeBot/1.0; +claudebot@anthropic.com)" 
216.73.216.180 - - [21/Oct/2025:14:30:57 -0700] "GET /6398886?products=0005332412 HTTP/2.0" 404 109979 "-" "Mozilla/5.0 AppleWebKit/537.36 (KHTML, like Gecko; compatible; ClaudeBot/1.0; +claudebot@anthropic.com)" 
216.73.216.180 - - [21/Oct/2025:14:31:00 -0700] "GET /6398362?products=0005331974 HTTP/2.0" 404 109822 "-" "Mozilla/5.0 AppleWebKit/537.36 (KHTML, like Gecko; compatible; ClaudeBot/1.0; +claudebot@anthropic.com)" 
69.163.179.91 - - [21/Oct/2025:14:31:03 -0700] "POST /wp-cron.php?doing_wp_cron=1761082263.6849288940429687500000 HTTP/1.1" 200 3646 "-" "WordPress/6.8.3; https://www.elconferencista.com" 
216.73.216.180 - - [21/Oct/2025:14:31:03 -0700] "GET /6398808?products=0005332345 HTTP/2.0" 404 109822 "-" "Mozilla/5.0 AppleWebKit/537.36 (KHTML, like Gecko; compatible; ClaudeBot/1.0; +claudebot@anthropic.com)" 
216.73.216.180 - - [21/Oct/2025:14:31:06 -0700] "GET /6398386?products=0005331994 HTTP/2.0" 404 109822 "-" "Mozilla/5.0 AppleWebKit/537.36 (KHTML, like Gecko; compatible; ClaudeBot/1.0; +claudebot@anthropic.com)" 
216.73.216.180 - - [21/Oct/2025:14:31:09 -0700] "GET /6398790?products=0005332332 HTTP/2.0" 404 109822 "-" "Mozilla/5.0 AppleWebKit/537.36 (KHTML, like Gecko; compatible; ClaudeBot/1.0; +claudebot@anthropic.com)" 
216.73.216.180 - - [21/Oct/2025:14:31:12 -0700] "GET /6399212?products=0005332683 HTTP/2.0" 404 109822 "-" "Mozilla/5.0 AppleWebKit/537.36 (KHTML, like Gecko; compatible; ClaudeBot/1.0; +claudebot@anthropic.com)" 
216.73.216.180 - - [21/Oct/2025:14:31:15 -0700] "GET /6396226?products=0005330194 HTTP/2.0" 404 109822 "-" "Mozilla/5.0 AppleWebKit/537.36 (KHTML, like Gecko; compatible; ClaudeBot/1.0; +claudebot@anthropic.com)" 
216.73.216.180 - - [21/Oct/2025:14:31:18 -0700] "GET /6399130?products=0005332614 HTTP/2.0" 404 109822 "-" "Mozilla/5.0 AppleWebKit/537.36 (KHTML, like Gecko; compatible; ClaudeBot/1.0; +claudebot@anthropic.com)" 
216.73.216.180 - - [21/Oct/2025:14:31:21 -0700] "GET /6398382?products=0005331992 HTTP/2.0" 404 109822 "-" "Mozilla/5.0 AppleWebKit/537.36 (KHTML, like Gecko; compatible; ClaudeBot/1.0; +claudebot@anthropic.com)" 
216.73.216.180 - - [21/Oct/2025:14:31:24 -0700] "GET /6398852?products=0005332383 HTTP/2.0" 404 109822 "-" "Mozilla/5.0 AppleWebKit/537.36 (KHTML, like Gecko; compatible; ClaudeBot/1.0; +claudebot@anthropic.com)" 
216.73.216.180 - - [21/Oct/2025:14:31:27 -0700] "GET /6398804?products=0005332343 HTTP/2.0" 404 109822 "-" "Mozilla/5.0 AppleWebKit/537.36 (KHTML, like Gecko; compatible; ClaudeBot/1.0; +claudebot@anthropic.com)" 
216.73.216.180 - - [21/Oct/2025:14:31:30 -0700] "GET /6398784?products=0005332325 HTTP/2.0" 404 109822 "-" "Mozilla/5.0 AppleWebKit/537.36 (KHTML, like Gecko; compatible; ClaudeBot/1.0; +claudebot@anthropic.com)" 
216.73.216.180 - - [21/Oct/2025:14:31:33 -0700] "GET /6398592?products=0005332165 HTTP/2.0" 404 109822 "-" "Mozilla/5.0 AppleWebKit/537.36 (KHTML, like Gecko; compatible; ClaudeBot/1.0; +claudebot@anthropic.com)" 
69.163.179.91 - - [21/Oct/2025:14:31:36 -0700] "POST /wp-cron.php?doing_wp_cron=1761082296.7103760242462158203125 HTTP/1.1" 200 3646 "-" "WordPress/6.8.3; https://www.elconferencista.com" 
216.73.216.180 - - [21/Oct/2025:14:31:36 -0700] "GET /6396154?products=0005330134 HTTP/2.0" 404 109822 "-" "Mozilla/5.0 AppleWebKit/537.36 (KHTML, like Gecko; compatible; ClaudeBot/1.0; +claudebot@anthropic.com)" 
216.73.216.180 - - [21/Oct/2025:14:31:39 -0700] "GET /6399188?products=0005332663 HTTP/2.0" 404 109822 "-" "Mozilla/5.0 AppleWebKit/537.36 (KHTML, like Gecko; compatible; ClaudeBot/1.0; +claudebot@anthropic.com)" 
216.73.216.180 - - [21/Oct/2025:14:31:42 -0700] "GET /6399106?products=0005332594 HTTP/2.0" 404 109822 "-" "Mozilla/5.0 AppleWebKit/537.36 (KHTML, like Gecko; compatible; ClaudeBot/1.0; +claudebot@anthropic.com)" 
216.73.216.180 - - [21/Oct/2025:14:31:45 -0700] "GET /6398358?products=0005331972 HTTP/2.0" 404 109813 "-" "Mozilla/5.0 AppleWebKit/537.36 (KHTML, like Gecko; compatible; ClaudeBot/1.0; +claudebot@anthropic.com)" 
216.73.216.180 - - [21/Oct/2025:14:31:48 -0700] "GET /6396678?products=0005330572 HTTP/2.0" 404 109822 "-" "Mozilla/5.0 AppleWebKit/537.36 (KHTML, like Gecko; compatible; ClaudeBot/1.0; +claudebot@anthropic.com)" 
216.73.216.180 - - [21/Oct/2025:14:31:51 -0700] "GET /6398194?products=0005331834 HTTP/2.0" 404 109822 "-" "Mozilla/5.0 AppleWebKit/537.36 (KHTML, like Gecko; compatible; ClaudeBot/1.0; +claudebot@anthropic.com)" 
216.73.216.180 - - [21/Oct/2025:14:31:54 -0700] "GET /6396000?products=0005330005 HTTP/2.0" 404 109831 "-" "Mozilla/5.0 AppleWebKit/537.36 (KHTML, like Gecko; compatible; ClaudeBot/1.0; +claudebot@anthropic.com)" 
4.43.184.114 - - [21/Oct/2025:14:31:56 -0700] "GET / HTTP/1.0" 421 2900 "-" "Mozilla/5.0 (compatible; MSIE 9.0; Windows NT 6.1; Win64; x64; Trident/5.0)" 
216.73.216.180 - - [21/Oct/2025:14:31:57 -0700] "GET /6398290?products=0005331914 HTTP/2.0" 404 109822 "-" "Mozilla/5.0 AppleWebKit/537.36 (KHTML, like Gecko; compatible; ClaudeBot/1.0; +claudebot@anthropic.com)" 
216.73.216.180 - - [21/Oct/2025:14:32:00 -0700] "GET /6396342?products=0005330292 HTTP/2.0" 404 109822 "-" "Mozilla/5.0 AppleWebKit/537.36 (KHTML, like Gecko; compatible; ClaudeBot/1.0; +claudebot@anthropic.com)" 
69.163.179.91 - - [21/Oct/2025:14:32:03 -0700] "POST /wp-cron.php?doing_wp_cron=1761082323.9306299686431884765625 HTTP/1.1" 200 3646 "-" "WordPress/6.8.3; https://www.elconferencista.com" 
216.73.216.180 - - [21/Oct/2025:14:32:03 -0700] "GET /6396644?products=0005330543 HTTP/2.0" 404 109822 "-" "Mozilla/5.0 AppleWebKit/537.36 (KHTML, like Gecko; compatible; ClaudeBot/1.0; +claudebot@anthropic.com)" 
216.73.216.180 - - [21/Oct/2025:14:32:06 -0700] "GET /6398828?products=0005332363 HTTP/2.0" 404 109822 "-" "Mozilla/5.0 AppleWebKit/537.36 (KHTML, like Gecko; compatible; ClaudeBot/1.0; +claudebot@anthropic.com)" 
216.73.216.180 - - [21/Oct/2025:14:32:09 -0700] "GET /6399102?products=0005332592 HTTP/2.0" 404 109813 "-" "Mozilla/5.0 AppleWebKit/537.36 (KHTML, like Gecko; compatible; ClaudeBot/1.0; +claudebot@anthropic.com)" 
216.73.216.180 - - [21/Oct/2025:14:32:12 -0700] "GET /6399000?products=0005332505 HTTP/2.0" 404 109822 "-" "Mozilla/5.0 AppleWebKit/537.36 (KHTML, like Gecko; compatible; ClaudeBot/1.0; +claudebot@anthropic.com)" 
216.73.216.180 - - [21/Oct/2025:14:32:15 -0700] "GET /6396994?products=0005330834 HTTP/2.0" 404 109822 "-" "Mozilla/5.0 AppleWebKit/537.36 (KHTML, like Gecko; compatible; ClaudeBot/1.0; +claudebot@anthropic.com)" 
216.73.216.180 - - [21/Oct/2025:14:32:18 -0700] "GET /6399202?products=0005332674 HTTP/2.0" 404 109822 "-" "Mozilla/5.0 AppleWebKit/537.36 (KHTML, like Gecko; compatible; ClaudeBot/1.0; +claudebot@anthropic.com)" 
216.73.216.180 - - [21/Oct/2025:14:32:21 -0700] "GET /6397902?products=0005331592 HTTP/2.0" 404 109822 "-" "Mozilla/5.0 AppleWebKit/537.36 (KHTML, like Gecko; compatible; ClaudeBot/1.0; +claudebot@anthropic.com)" 
216.73.216.180 - - [21/Oct/2025:14:32:24 -0700] "GET /6398132?products=0005331783 HTTP/2.0" 404 109831 "-" "Mozilla/5.0 AppleWebKit/537.36 (KHTML, like Gecko; compatible; ClaudeBot/1.0; +claudebot@anthropic.com)" 
216.73.216.180 - - [21/Oct/2025:14:32:27 -0700] "GET /6396452?products=0005330383 HTTP/2.0" 404 109822 "-" "Mozilla/5.0 AppleWebKit/537.36 (KHTML, like Gecko; compatible; ClaudeBot/1.0; +claudebot@anthropic.com)" 
216.73.216.180 - - [21/Oct/2025:14:32:30 -0700] "GET /6396188?products=0005330163 HTTP/2.0" 404 109822 "-" "Mozilla/5.0 AppleWebKit/537.36 (KHTML, like Gecko; compatible; ClaudeBot/1.0; +claudebot@anthropic.com)" 
216.73.216.180 - - [21/Oct/2025:14:32:33 -0700] "GET /6396102?products=0005330092 HTTP/2.0" 404 109822 "-" "Mozilla/5.0 AppleWebKit/537.36 (KHTML, like Gecko; compatible; ClaudeBot/1.0; +claudebot@anthropic.com)" 
216.73.216.180 - - [21/Oct/2025:14:32:36 -0700] "GET /6399222?products=0005332692 HTTP/2.0" 404 109813 "-" "Mozilla/5.0 AppleWebKit/537.36 (KHTML, like Gecko; compatible; ClaudeBot/1.0; +claudebot@anthropic.com)" 
216.73.216.180 - - [21/Oct/2025:14:32:39 -0700] "GET /6396394?products=0005330334 HTTP/2.0" 404 109813 "-" "Mozilla/5.0 AppleWebKit/537.36 (KHTML, like Gecko; compatible; ClaudeBot/1.0; +claudebot@anthropic.com)" 
216.73.216.180 - - [21/Oct/2025:14:32:42 -0700] "GET /6396610?products=0005330514 HTTP/2.0" 404 109822 "-" "Mozilla/5.0 AppleWebKit/537.36 (KHTML, like Gecko; compatible; ClaudeBot/1.0; +claudebot@anthropic.com)" 
216.73.216.180 - - [21/Oct/2025:14:32:45 -0700] "GET /6398204?products=0005331843 HTTP/2.0" 404 109822 "-" "Mozilla/5.0 AppleWebKit/537.36 (KHTML, like Gecko; compatible; ClaudeBot/1.0; +claudebot@anthropic.com)" 
216.73.216.180 - - [21/Oct/2025:14:32:48 -0700] "GET /6398578?products=0005332154 HTTP/2.0" 404 109822 "-" "Mozilla/5.0 AppleWebKit/537.36 (KHTML, like Gecko; compatible; ClaudeBot/1.0; +claudebot@anthropic.com)" 
216.73.216.180 - - [21/Oct/2025:14:32:51 -0700] "GET /6399144?products=0005332625 HTTP/2.0" 404 109822 "-" "Mozilla/5.0 AppleWebKit/537.36 (KHTML, like Gecko; compatible; ClaudeBot/1.0; +claudebot@anthropic.com)" 
216.73.216.180 - - [21/Oct/2025:14:32:54 -0700] "GET /6396240?products=0005330205 HTTP/2.0" 404 109822 "-" "Mozilla/5.0 AppleWebKit/537.36 (KHTML, like Gecko; compatible; ClaudeBot/1.0; +claudebot@anthropic.com)" 
216.73.216.180 - - [21/Oct/2025:14:32:57 -0700] "GET /6397786?products=0005331494 HTTP/2.0" 404 109822 "-" "Mozilla/5.0 AppleWebKit/537.36 (KHTML, like Gecko; compatible; ClaudeBot/1.0; +claudebot@anthropic.com)" 
40.77.167.57 - - [21/Oct/2025:14:32:58 -0700] "GET /text/terms HTTP/2.0" 404 109988 "-" "Mozilla/5.0 AppleWebKit/537.36 (KHTML, like Gecko; compatible; bingbot/2.0; +http://www.bing.com/bingbot.htm) Chrome/116.0.1938.76 Safari/537.36" 
216.73.216.180 - - [21/Oct/2025:14:33:00 -0700] "GET /6396408?products=0005330345 HTTP/2.0" 404 109822 "-" "Mozilla/5.0 AppleWebKit/537.36 (KHTML, like Gecko; compatible; ClaudeBot/1.0; +claudebot@anthropic.com)" 
69.163.179.91 - - [21/Oct/2025:14:33:03 -0700] "POST /wp-cron.php?doing_wp_cron=1761082383.7835640907287597656250 HTTP/1.1" 200 3646 "-" "WordPress/6.8.3; https://www.elconferencista.com" 
216.73.216.180 - - [21/Oct/2025:14:33:03 -0700] "GET /6395674?products=0005329734 HTTP/2.0" 404 109822 "-" "Mozilla/5.0 AppleWebKit/537.36 (KHTML, like Gecko; compatible; ClaudeBot/1.0; +claudebot@anthropic.com)" 
40.77.167.241 - - [21/Oct/2025:14:33:28 -0700] "GET /78946?products=0000065794 HTTP/2.0" 200 23046 "-" "Mozilla/5.0 AppleWebKit/537.36 (KHTML, like Gecko; compatible; bingbot/2.0; +http://www.bing.com/bingbot.htm) Chrome/116.0.1938.76 Safari/537.36" 
216.73.216.180 - - [21/Oct/2025:14:33:29 -0700] "GET /6395856?products=0005329885 HTTP/2.0" 404 109997 "-" "Mozilla/5.0 AppleWebKit/537.36 (KHTML, like Gecko; compatible; ClaudeBot/1.0; +claudebot@anthropic.com)" 
216.73.216.180 - - [21/Oct/2025:14:33:31 -0700] "GET /6395588?products=0005329663 HTTP/2.0" 404 109822 "-" "Mozilla/5.0 AppleWebKit/537.36 (KHTML, like Gecko; compatible; ClaudeBot/1.0; +claudebot@anthropic.com)" 
216.73.216.180 - - [21/Oct/2025:14:33:34 -0700] "GET /6397302?products=0005331092 HTTP/2.0" 404 109822 "-" "Mozilla/5.0 AppleWebKit/537.36 (KHTML, like Gecko; compatible; ClaudeBot/1.0; +claudebot@anthropic.com)" 
216.73.216.180 - - [21/Oct/2025:14:33:37 -0700] "GET /6395328?products=0005329445 HTTP/2.0" 404 109822 "-" "Mozilla/5.0 AppleWebKit/537.36 (KHTML, like Gecko; compatible; ClaudeBot/1.0; +claudebot@anthropic.com)" 
216.73.216.180 - - [21/Oct/2025:14:33:40 -0700] "GET /6394224?products=0005328525 HTTP/2.0" 404 109813 "-" "Mozilla/5.0 AppleWebKit/537.36 (KHTML, like Gecko; compatible; ClaudeBot/1.0; +claudebot@anthropic.com)" 
216.73.216.180 - - [21/Oct/2025:14:33:43 -0700] "GET /6395928?products=0005329945 HTTP/2.0" 404 109822 "-" "Mozilla/5.0 AppleWebKit/537.36 (KHTML, like Gecko; compatible; ClaudeBot/1.0; +claudebot@anthropic.com)" 
216.73.216.180 - - [21/Oct/2025:14:33:46 -0700] "GET /6395372?products=0005329483 HTTP/2.0" 404 109813 "-" "Mozilla/5.0 AppleWebKit/537.36 (KHTML, like Gecko; compatible; ClaudeBot/1.0; +claudebot@anthropic.com)" 
216.73.216.180 - - [21/Oct/2025:14:33:49 -0700] "GET /6395218?products=0005329354 HTTP/2.0" 404 109822 "-" "Mozilla/5.0 AppleWebKit/537.36 (KHTML, like Gecko; compatible; ClaudeBot/1.0; +claudebot@anthropic.com)" 
216.73.216.180 - - [21/Oct/2025:14:33:52 -0700] "GET /6395564?products=0005329643 HTTP/2.0" 404 109822 "-" "Mozilla/5.0 AppleWebKit/537.36 (KHTML, like Gecko; compatible; ClaudeBot/1.0; +claudebot@anthropic.com)" 
216.73.216.180 - - [21/Oct/2025:14:33:55 -0700] "GET /6396912?products=0005330765 HTTP/2.0" 404 109822 "-" "Mozilla/5.0 AppleWebKit/537.36 (KHTML, like Gecko; compatible; ClaudeBot/1.0; +claudebot@anthropic.com)" 
216.73.216.180 - - [21/Oct/2025:14:33:58 -0700] "GET /6397680?products=0005331405 HTTP/2.0" 404 109813 "-" "Mozilla/5.0 AppleWebKit/537.36 (KHTML, like Gecko; compatible; ClaudeBot/1.0; +claudebot@anthropic.com)" 
69.163.179.91 - - [21/Oct/2025:14:34:02 -0700] "POST /wp-cron.php?doing_wp_cron=1761082442.6090550422668457031250 HTTP/1.1" 200 3646 "-" "WordPress/6.8.3; https://www.elconferencista.com" 
216.73.216.180 - - [21/Oct/2025:14:34:01 -0700] "GET /6397676?products=0005331403 HTTP/2.0" 404 109822 "-" "Mozilla/5.0 AppleWebKit/537.36 (KHTML, like Gecko; compatible; ClaudeBot/1.0; +claudebot@anthropic.com)" 
69.163.179.91 - - [21/Oct/2025:14:34:05 -0700] "POST /wp-cron.php?doing_wp_cron=1761082445.3922131061553955078125 HTTP/1.1" 200 3646 "-" "WordPress/6.8.3; https://www.elconferencista.com" 
216.73.216.180 - - [21/Oct/2025:14:34:04 -0700] "GET /6398890?products=0005332414 HTTP/2.0" 404 109822 "-" "Mozilla/5.0 AppleWebKit/537.36 (KHTML, like Gecko; compatible; ClaudeBot/1.0; +claudebot@anthropic.com)" 
216.73.216.180 - - [21/Oct/2025:14:34:07 -0700] "GET /6394724?products=0005328943 HTTP/2.0" 404 109822 "-" "Mozilla/5.0 AppleWebKit/537.36 (KHTML, like Gecko; compatible; ClaudeBot/1.0; +claudebot@anthropic.com)" 
216.73.216.180 - - [21/Oct/2025:14:34:10 -0700] "GET /6396576?products=0005330485 HTTP/2.0" 404 109822 "-" "Mozilla/5.0 AppleWebKit/537.36 (KHTML, like Gecko; compatible; ClaudeBot/1.0; +claudebot@anthropic.com)" 
216.73.216.180 - - [21/Oct/2025:14:34:13 -0700] "GET /6395064?products=0005329225 HTTP/2.0" 404 109822 "-" "Mozilla/5.0 AppleWebKit/537.36 (KHTML, like Gecko; compatible; ClaudeBot/1.0; +claudebot@anthropic.com)" 
216.73.216.180 - - [21/Oct/2025:14:34:16 -0700] "GET /6393936?products=0005328285 HTTP/2.0" 404 109822 "-" "Mozilla/5.0 AppleWebKit/537.36 (KHTML, like Gecko; compatible; ClaudeBot/1.0; +claudebot@anthropic.com)" 
216.73.216.180 - - [21/Oct/2025:14:34:19 -0700] "GET /6394560?products=0005328805 HTTP/2.0" 404 109822 "-" "Mozilla/5.0 AppleWebKit/537.36 (KHTML, like Gecko; compatible; ClaudeBot/1.0; +claudebot@anthropic.com)" 
216.73.216.180 - - [21/Oct/2025:14:34:22 -0700] "GET /6396370?products=0005330314 HTTP/2.0" 404 109822 "-" "Mozilla/5.0 AppleWebKit/537.36 (KHTML, like Gecko; compatible; ClaudeBot/1.0; +claudebot@anthropic.com)" 
216.73.216.180 - - [21/Oct/2025:14:34:25 -0700] "GET /6394052?products=0005328383 HTTP/2.0" 404 109813 "-" "Mozilla/5.0 AppleWebKit/537.36 (KHTML, like Gecko; compatible; ClaudeBot/1.0; +claudebot@anthropic.com)" 
216.73.216.180 - - [21/Oct/2025:14:34:28 -0700] "GET /6398468?products=0005332063 HTTP/2.0" 404 109813 "-" "Mozilla/5.0 AppleWebKit/537.36 (KHTML, like Gecko; compatible; ClaudeBot/1.0; +claudebot@anthropic.com)" 
216.73.216.180 - - [21/Oct/2025:14:34:31 -0700] "GET /6398924?products=0005332443 HTTP/2.0" 404 109822 "-" "Mozilla/5.0 AppleWebKit/537.36 (KHTML, like Gecko; compatible; ClaudeBot/1.0; +claudebot@anthropic.com)" 
216.73.216.180 - - [21/Oct/2025:14:34:34 -0700] "GET /6395046?products=0005329212 HTTP/2.0" 404 109822 "-" "Mozilla/5.0 AppleWebKit/537.36 (KHTML, like Gecko; compatible; ClaudeBot/1.0; +claudebot@anthropic.com)" 
216.73.216.180 - - [21/Oct/2025:14:34:37 -0700] "GET /6394450?products=0005328714 HTTP/2.0" 404 109822 "-" "Mozilla/5.0 AppleWebKit/537.36 (KHTML, like Gecko; compatible; ClaudeBot/1.0; +claudebot@anthropic.com)" 
216.73.216.180 - - [21/Oct/2025:14:34:40 -0700] "GET /6394398?products=0005328672 HTTP/2.0" 404 109822 "-" "Mozilla/5.0 AppleWebKit/537.36 (KHTML, like Gecko; compatible; ClaudeBot/1.0; +claudebot@anthropic.com)" 
216.73.216.180 - - [21/Oct/2025:14:34:43 -0700] "GET /6395208?products=0005329345 HTTP/2.0" 404 109822 "-" "Mozilla/5.0 AppleWebKit/537.36 (KHTML, like Gecko; compatible; ClaudeBot/1.0; +claudebot@anthropic.com)" 
216.73.216.180 - - [21/Oct/2025:14:34:46 -0700] "GET /6397878?products=0005331572 HTTP/2.0" 404 109822 "-" "Mozilla/5.0 AppleWebKit/537.36 (KHTML, like Gecko; compatible; ClaudeBot/1.0; +claudebot@anthropic.com)" 
216.73.216.180 - - [21/Oct/2025:14:34:49 -0700] "GET /6395612?products=0005329683 HTTP/2.0" 404 109822 "-" "Mozilla/5.0 AppleWebKit/537.36 (KHTML, like Gecko; compatible; ClaudeBot/1.0; +claudebot@anthropic.com)" 
216.73.216.180 - - [21/Oct/2025:14:34:52 -0700] "GET /6394042?products=0005328374 HTTP/2.0" 404 109813 "-" "Mozilla/5.0 AppleWebKit/537.36 (KHTML, like Gecko; compatible; ClaudeBot/1.0; +claudebot@anthropic.com)" 
216.73.216.180 - - [21/Oct/2025:14:34:55 -0700] "GET /6396840?products=0005330705 HTTP/2.0" 404 109822 "-" "Mozilla/5.0 AppleWebKit/537.36 (KHTML, like Gecko; compatible; ClaudeBot/1.0; +claudebot@anthropic.com)" 
216.73.216.180 - - [21/Oct/2025:14:34:58 -0700] "GET /6394896?products=0005329085 HTTP/2.0" 404 109822 "-" "Mozilla/5.0 AppleWebKit/537.36 (KHTML, like Gecko; compatible; ClaudeBot/1.0; +claudebot@anthropic.com)" 
69.163.179.91 - - [21/Oct/2025:14:35:02 -0700] "POST /wp-cron.php?doing_wp_cron=1761082502.4393630027770996093750 HTTP/1.1" 200 3646 "-" "WordPress/6.8.3; https://www.elconferencista.com" 
216.73.216.180 - - [21/Oct/2025:14:35:01 -0700] "GET /6396946?products=0005330794 HTTP/2.0" 404 109822 "-" "Mozilla/5.0 AppleWebKit/537.36 (KHTML, like Gecko; compatible; ClaudeBot/1.0; +claudebot@anthropic.com)" 
69.163.179.91 - - [21/Oct/2025:14:35:05 -0700] "POST /wp-cron.php?doing_wp_cron=1761082505.4669361114501953125000 HTTP/1.1" 200 3646 "-" "WordPress/6.8.3; https://www.elconferencista.com" 
216.73.216.180 - - [21/Oct/2025:14:35:04 -0700] "GET /6395876?products=0005329903 HTTP/2.0" 404 109822 "-" "Mozilla/5.0 AppleWebKit/537.36 (KHTML, like Gecko; compatible; ClaudeBot/1.0; +claudebot@anthropic.com)" 
216.73.216.180 - - [21/Oct/2025:14:35:07 -0700] "GET /6394820?products=0005329023 HTTP/2.0" 404 109822 "-" "Mozilla/5.0 AppleWebKit/537.36 (KHTML, like Gecko; compatible; ClaudeBot/1.0; +claudebot@anthropic.com)" 
216.73.216.180 - - [21/Oct/2025:14:35:10 -0700] "GET /6398218?products=0005331854 HTTP/2.0" 404 109822 "-" "Mozilla/5.0 AppleWebKit/537.36 (KHTML, like Gecko; compatible; ClaudeBot/1.0; +claudebot@anthropic.com)" 
216.73.216.180 - - [21/Oct/2025:14:35:13 -0700] "GET /6394662?products=0005328892 HTTP/2.0" 404 109822 "-" "Mozilla/5.0 AppleWebKit/537.36 (KHTML, like Gecko; compatible; ClaudeBot/1.0; +claudebot@anthropic.com)" 
216.73.216.180 - - [21/Oct/2025:14:35:16 -0700] "GET /6395622?products=0005329692 HTTP/2.0" 404 109822 "-" "Mozilla/5.0 AppleWebKit/537.36 (KHTML, like Gecko; compatible; ClaudeBot/1.0; +claudebot@anthropic.com)" 
66.249.73.165 - - [21/Oct/2025:14:35:19 -0700] "GET /224478?products=0000187072 HTTP/1.1" 200 25002 "-" "Mozilla/5.0 (Linux; Android 6.0.1; Nexus 5X Build/MMB29P) AppleWebKit/537.36 (KHTML, like Gecko) Chrome/141.0.7390.107 Mobile Safari/537.36 (compatible; Googlebot/2.1; +http://www.google.com/bot.html)" 
216.73.216.180 - - [21/Oct/2025:14:35:19 -0700] "GET /6395640?products=0005329705 HTTP/2.0" 404 109822 "-" "Mozilla/5.0 AppleWebKit/537.36 (KHTML, like Gecko; compatible; ClaudeBot/1.0; +claudebot@anthropic.com)" 
216.73.216.180 - - [21/Oct/2025:14:35:22 -0700] "GET /6395084?products=0005329243 HTTP/2.0" 404 109822 "-" "Mozilla/5.0 AppleWebKit/537.36 (KHTML, like Gecko; compatible; ClaudeBot/1.0; +claudebot@anthropic.com)" 
216.73.216.180 - - [21/Oct/2025:14:35:25 -0700] "GET /6395880?products=0005329905 HTTP/2.0" 404 109822 "-" "Mozilla/5.0 AppleWebKit/537.36 (KHTML, like Gecko; compatible; ClaudeBot/1.0; +claudebot@anthropic.com)" 
216.73.216.180 - - [21/Oct/2025:14:35:28 -0700] "GET /6396490?products=0005330414 HTTP/2.0" 404 109822 "-" "Mozilla/5.0 AppleWebKit/537.36 (KHTML, like Gecko; compatible; ClaudeBot/1.0; +claudebot@anthropic.com)" 
216.73.216.180 - - [21/Oct/2025:14:35:31 -0700] "GET /6398876?products=0005332403 HTTP/2.0" 404 109822 "-" "Mozilla/5.0 AppleWebKit/537.36 (KHTML, like Gecko; compatible; ClaudeBot/1.0; +claudebot@anthropic.com)" 
216.73.216.180 - - [21/Oct/2025:14:35:38 -0700] "GET /6395160?products=0005329305 HTTP/2.0" 404 109997 "-" "Mozilla/5.0 AppleWebKit/537.36 (KHTML, like Gecko; compatible; ClaudeBot/1.0; +claudebot@anthropic.com)" 
216.73.216.180 - - [21/Oct/2025:14:35:41 -0700] "GET /6395304?products=0005329425 HTTP/2.0" 404 109822 "-" "Mozilla/5.0 AppleWebKit/537.36 (KHTML, like Gecko; compatible; ClaudeBot/1.0; +claudebot@anthropic.com)" 
216.73.216.180 - - [21/Oct/2025:14:35:44 -0700] "GET /6397086?products=0005330912 HTTP/2.0" 404 109813 "-" "Mozilla/5.0 AppleWebKit/537.36 (KHTML, like Gecko; compatible; ClaudeBot/1.0; +claudebot@anthropic.com)" 
216.73.216.180 - - [21/Oct/2025:14:35:47 -0700] "GET /6398208?products=0005331845 HTTP/2.0" 404 109822 "-" "Mozilla/5.0 AppleWebKit/537.36 (KHTML, like Gecko; compatible; ClaudeBot/1.0; +claudebot@anthropic.com)" 
216.73.216.180 - - [21/Oct/2025:14:35:50 -0700] "GET /6397392?products=0005331165 HTTP/2.0" 404 109822 "-" "Mozilla/5.0 AppleWebKit/537.36 (KHTML, like Gecko; compatible; ClaudeBot/1.0; +claudebot@anthropic.com)" 
5.255.231.114 - - [21/Oct/2025:14:35:54 -0700] "GET /robots.txt HTTP/1.1" 200 3846 "-" "Mozilla/5.0 (compatible; YandexBot/3.0; +http://yandex.com/bots)" 
216.73.216.180 - - [21/Oct/2025:14:35:53 -0700] "GET /6397254?products=0005331052 HTTP/2.0" 404 109822 "-" "Mozilla/5.0 AppleWebKit/537.36 (KHTML, like Gecko; compatible; ClaudeBot/1.0; +claudebot@anthropic.com)" 
95.108.213.251 - - [21/Oct/2025:14:35:55 -0700] "GET /post_clientes/chevron/ HTTP/1.1" 404 113987 "-" "Mozilla/5.0 (compatible; YandexBot/3.0; +http://yandex.com/bots)" 
216.73.216.180 - - [21/Oct/2025:14:35:56 -0700] "GET /6395818?products=0005329854 HTTP/2.0" 404 109822 "-" "Mozilla/5.0 AppleWebKit/537.36 (KHTML, like Gecko; compatible; ClaudeBot/1.0; +claudebot@anthropic.com)" 
216.73.216.180 - - [21/Oct/2025:14:35:59 -0700] "GET /6395016?products=0005329185 HTTP/2.0" 404 109822 "-" "Mozilla/5.0 AppleWebKit/537.36 (KHTML, like Gecko; compatible; ClaudeBot/1.0; +claudebot@anthropic.com)" 
69.163.179.91 - - [21/Oct/2025:14:36:03 -0700] "POST /wp-cron.php?doing_wp_cron=1761082563.0435268878936767578125 HTTP/1.1" 200 3646 "-" "WordPress/6.8.3; https://www.elconferencista.com" 
216.73.216.180 - - [21/Oct/2025:14:36:02 -0700] "GET /6396624?products=0005330525 HTTP/2.0" 404 109822 "-" "Mozilla/5.0 AppleWebKit/537.36 (KHTML, like Gecko; compatible; ClaudeBot/1.0; +claudebot@anthropic.com)" 
216.73.216.180 - - [21/Oct/2025:14:36:05 -0700] "GET /6398146?products=0005331794 HTTP/2.0" 404 109822 "-" "Mozilla/5.0 AppleWebKit/537.36 (KHTML, like Gecko; compatible; ClaudeBot/1.0; +claudebot@anthropic.com)" 
216.73.216.180 - - [21/Oct/2025:14:36:08 -0700] "GET /6398156?products=0005331803 HTTP/2.0" 404 109822 "-" "Mozilla/5.0 AppleWebKit/537.36 (KHTML, like Gecko; compatible; ClaudeBot/1.0; +claudebot@anthropic.com)" 
216.73.216.180 - - [21/Oct/2025:14:36:11 -0700] "GET /6397916?products=0005331603 HTTP/2.0" 404 109822 "-" "Mozilla/5.0 AppleWebKit/537.36 (KHTML, like Gecko; compatible; ClaudeBot/1.0; +claudebot@anthropic.com)" 
216.73.216.180 - - [21/Oct/2025:14:36:14 -0700] "GET /6398496?products=0005332085 HTTP/2.0" 404 109822 "-" "Mozilla/5.0 AppleWebKit/537.36 (KHTML, like Gecko; compatible; ClaudeBot/1.0; +claudebot@anthropic.com)" 
216.73.216.180 - - [21/Oct/2025:14:36:17 -0700] "GET /6397758?products=0005331472 HTTP/2.0" 404 109813 "-" "Mozilla/5.0 AppleWebKit/537.36 (KHTML, like Gecko; compatible; ClaudeBot/1.0; +claudebot@anthropic.com)" 
216.73.216.180 - - [21/Oct/2025:14:36:20 -0700] "GET /6397436?products=0005331203 HTTP/2.0" 404 109831 "-" "Mozilla/5.0 AppleWebKit/537.36 (KHTML, like Gecko; compatible; ClaudeBot/1.0; +claudebot@anthropic.com)" 
216.73.216.180 - - [21/Oct/2025:14:36:23 -0700] "GET /6395904?products=0005329925 HTTP/2.0" 404 109813 "-" "Mozilla/5.0 AppleWebKit/537.36 (KHTML, like Gecko; compatible; ClaudeBot/1.0; +claudebot@anthropic.com)" 
216.73.216.180 - - [21/Oct/2025:14:36:26 -0700] "GET /6394686?products=0005328912 HTTP/2.0" 404 109822 "-" "Mozilla/5.0 AppleWebKit/537.36 (KHTML, like Gecko; compatible; ClaudeBot/1.0; +claudebot@anthropic.com)" 
216.73.216.180 - - [21/Oct/2025:14:36:29 -0700] "GET /6394110?products=0005328432 HTTP/2.0" 404 109822 "-" "Mozilla/5.0 AppleWebKit/537.36 (KHTML, like Gecko; compatible; ClaudeBot/1.0; +claudebot@anthropic.com)" 
216.73.216.180 - - [21/Oct/2025:14:36:32 -0700] "GET /6395832?products=0005329865 HTTP/2.0" 404 109822 "-" "Mozilla/5.0 AppleWebKit/537.36 (KHTML, like Gecko; compatible; ClaudeBot/1.0; +claudebot@anthropic.com)" 
216.73.216.180 - - [21/Oct/2025:14:36:35 -0700] "GET /6396620?products=0005330523 HTTP/2.0" 404 109822 "-" "Mozilla/5.0 AppleWebKit/537.36 (KHTML, like Gecko; compatible; ClaudeBot/1.0; +claudebot@anthropic.com)" 
216.73.216.180 - - [21/Oct/2025:14:36:38 -0700] "GET /6397868?products=0005331563 HTTP/2.0" 404 109822 "-" "Mozilla/5.0 AppleWebKit/537.36 (KHTML, like Gecko; compatible; ClaudeBot/1.0; +claudebot@anthropic.com)" 
216.73.216.180 - - [21/Oct/2025:14:36:41 -0700] "GET /6395204?products=0005329343 HTTP/2.0" 404 109822 "-" "Mozilla/5.0 AppleWebKit/537.36 (KHTML, like Gecko; compatible; ClaudeBot/1.0; +claudebot@anthropic.com)" 
216.73.216.180 - - [21/Oct/2025:14:36:44 -0700] "GET /6399154?products=0005332634 HTTP/2.0" 404 109822 "-" "Mozilla/5.0 AppleWebKit/537.36 (KHTML, like Gecko; compatible; ClaudeBot/1.0; +claudebot@anthropic.com)" 
216.73.216.180 - - [21/Oct/2025:14:36:47 -0700] "GET /6395502?products=0005329592 HTTP/2.0" 404 109822 "-" "Mozilla/5.0 AppleWebKit/537.36 (KHTML, like Gecko; compatible; ClaudeBot/1.0; +claudebot@anthropic.com)" 
216.73.216.180 - - [21/Oct/2025:14:36:50 -0700] "GET /6398098?products=0005331754 HTTP/2.0" 404 109813 "-" "Mozilla/5.0 AppleWebKit/537.36 (KHTML, like Gecko; compatible; ClaudeBot/1.0; +claudebot@anthropic.com)" 
216.73.216.180 - - [21/Oct/2025:14:36:53 -0700] "GET /6395804?products=0005329843 HTTP/2.0" 404 109822 "-" "Mozilla/5.0 AppleWebKit/537.36 (KHTML, like Gecko; compatible; ClaudeBot/1.0; +claudebot@anthropic.com)" 
216.73.216.180 - - [21/Oct/2025:14:36:56 -0700] "GET /6396466?products=0005330394 HTTP/2.0" 404 109822 "-" "Mozilla/5.0 AppleWebKit/537.36 (KHTML, like Gecko; compatible; ClaudeBot/1.0; +claudebot@anthropic.com)" 
216.73.216.180 - - [21/Oct/2025:14:36:59 -0700] "GET /6396144?products=0005330125 HTTP/2.0" 404 109822 "-" "Mozilla/5.0 AppleWebKit/537.36 (KHTML, like Gecko; compatible; ClaudeBot/1.0; +claudebot@anthropic.com)" 
69.163.179.91 - - [21/Oct/2025:14:37:03 -0700] "POST /wp-cron.php?doing_wp_cron=1761082623.0044519901275634765625 HTTP/1.1" 200 3646 "-" "WordPress/6.8.3; https://www.elconferencista.com" 
216.73.216.180 - - [21/Oct/2025:14:37:02 -0700] "GET /6395132?products=0005329283 HTTP/2.0" 404 109822 "-" "Mozilla/5.0 AppleWebKit/537.36 (KHTML, like Gecko; compatible; ClaudeBot/1.0; +claudebot@anthropic.com)" 
216.73.216.180 - - [21/Oct/2025:14:37:05 -0700] "GET /6398160?products=0005331805 HTTP/2.0" 404 109822 "-" "Mozilla/5.0 AppleWebKit/537.36 (KHTML, like Gecko; compatible; ClaudeBot/1.0; +claudebot@anthropic.com)" 
216.73.216.180 - - [21/Oct/2025:14:37:08 -0700] "GET /6397104?products=0005330925 HTTP/2.0" 404 109831 "-" "Mozilla/5.0 AppleWebKit/537.36 (KHTML, like Gecko; compatible; ClaudeBot/1.0; +claudebot@anthropic.com)" 
216.73.216.180 - - [21/Oct/2025:14:37:11 -0700] "GET /6399216?products=0005332685 HTTP/2.0" 404 109822 "-" "Mozilla/5.0 AppleWebKit/537.36 (KHTML, like Gecko; compatible; ClaudeBot/1.0; +claudebot@anthropic.com)" 
216.73.216.180 - - [21/Oct/2025:14:37:14 -0700] "GET /6395358?products=0005329472 HTTP/2.0" 404 109831 "-" "Mozilla/5.0 AppleWebKit/537.36 (KHTML, like Gecko; compatible; ClaudeBot/1.0; +claudebot@anthropic.com)" 
216.73.216.180 - - [21/Oct/2025:14:37:17 -0700] "GET /6396668?products=0005330563 HTTP/2.0" 404 109822 "-" "Mozilla/5.0 AppleWebKit/537.36 (KHTML, like Gecko; compatible; ClaudeBot/1.0; +claudebot@anthropic.com)" 
216.73.216.180 - - [21/Oct/2025:14:37:20 -0700] "GET /6395530?products=0005329614 HTTP/2.0" 404 109822 "-" "Mozilla/5.0 AppleWebKit/537.36 (KHTML, like Gecko; compatible; ClaudeBot/1.0; +claudebot@anthropic.com)" 
216.73.216.180 - - [21/Oct/2025:14:37:23 -0700] "GET /6399044?products=0005332543 HTTP/2.0" 404 109822 "-" "Mozilla/5.0 AppleWebKit/537.36 (KHTML, like Gecko; compatible; ClaudeBot/1.0; +claudebot@anthropic.com)" 
216.73.216.180 - - [21/Oct/2025:14:37:26 -0700] "GET /6396826?products=0005330694 HTTP/2.0" 404 109822 "-" "Mozilla/5.0 AppleWebKit/537.36 (KHTML, like Gecko; compatible; ClaudeBot/1.0; +claudebot@anthropic.com)" 
216.73.216.180 - - [21/Oct/2025:14:37:29 -0700] "GET /6394392?products=0005328665 HTTP/2.0" 404 109822 "-" "Mozilla/5.0 AppleWebKit/537.36 (KHTML, like Gecko; compatible; ClaudeBot/1.0; +claudebot@anthropic.com)" 
216.73.216.180 - - [21/Oct/2025:14:37:32 -0700] "GET /6397896?products=0005331585 HTTP/2.0" 404 109822 "-" "Mozilla/5.0 AppleWebKit/537.36 (KHTML, like Gecko; compatible; ClaudeBot/1.0; +claudebot@anthropic.com)" 
216.73.216.180 - - [21/Oct/2025:14:37:35 -0700] "GET /6398712?products=0005332265 HTTP/2.0" 404 109822 "-" "Mozilla/5.0 AppleWebKit/537.36 (KHTML, like Gecko; compatible; ClaudeBot/1.0; +claudebot@anthropic.com)" 
216.73.216.180 - - [21/Oct/2025:14:37:38 -0700] "GET /6396696?products=0005330585 HTTP/2.0" 404 109822 "-" "Mozilla/5.0 AppleWebKit/537.36 (KHTML, like Gecko; compatible; ClaudeBot/1.0; +claudebot@anthropic.com)" 
216.73.216.180 - - [21/Oct/2025:14:37:41 -0700] "GET /6394278?products=0005328572 HTTP/2.0" 404 109822 "-" "Mozilla/5.0 AppleWebKit/537.36 (KHTML, like Gecko; compatible; ClaudeBot/1.0; +claudebot@anthropic.com)" 
216.73.216.180 - - [21/Oct/2025:14:37:44 -0700] "GET /6397460?products=0005331223 HTTP/2.0" 404 109822 "-" "Mozilla/5.0 AppleWebKit/537.36 (KHTML, like Gecko; compatible; ClaudeBot/1.0; +claudebot@anthropic.com)" 
216.73.216.180 - - [21/Oct/2025:14:37:47 -0700] "GET /6398948?products=0005332463 HTTP/2.0" 404 109822 "-" "Mozilla/5.0 AppleWebKit/537.36 (KHTML, like Gecko; compatible; ClaudeBot/1.0; +claudebot@anthropic.com)" 
216.73.216.180 - - [21/Oct/2025:14:37:50 -0700] "GET /6398910?products=0005332432 HTTP/2.0" 404 109822 "-" "Mozilla/5.0 AppleWebKit/537.36 (KHTML, like Gecko; compatible; ClaudeBot/1.0; +claudebot@anthropic.com)" 
216.73.216.180 - - [21/Oct/2025:14:37:53 -0700] "GET /6395698?products=0005329754 HTTP/2.0" 404 109822 "-" "Mozilla/5.0 AppleWebKit/537.36 (KHTML, like Gecko; compatible; ClaudeBot/1.0; +claudebot@anthropic.com)" 
216.73.216.180 - - [21/Oct/2025:14:37:56 -0700] "GET /6397200?products=0005331005 HTTP/2.0" 404 109822 "-" "Mozilla/5.0 AppleWebKit/537.36 (KHTML, like Gecko; compatible; ClaudeBot/1.0; +claudebot@anthropic.com)" 
216.73.216.180 - - [21/Oct/2025:14:37:59 -0700] "GET /6395338?products=0005329454 HTTP/2.0" 404 109822 "-" "Mozilla/5.0 AppleWebKit/537.36 (KHTML, like Gecko; compatible; ClaudeBot/1.0; +claudebot@anthropic.com)" 
69.163.179.91 - - [21/Oct/2025:14:38:03 -0700] "POST /wp-cron.php?doing_wp_cron=1761082683.0022919178009033203125 HTTP/1.1" 200 3646 "-" "WordPress/6.8.3; https://www.elconferencista.com" 
216.73.216.180 - - [21/Oct/2025:14:38:02 -0700] "GET /6397892?products=0005331583 HTTP/2.0" 404 109822 "-" "Mozilla/5.0 AppleWebKit/537.36 (KHTML, like Gecko; compatible; ClaudeBot/1.0; +claudebot@anthropic.com)" 
157.55.39.62 - - [21/Oct/2025:14:38:39 -0700] "GET /79210?products=0000066014 HTTP/2.0" 200 20416 "-" "Mozilla/5.0 AppleWebKit/537.36 (KHTML, like Gecko; compatible; bingbot/2.0; +http://www.bing.com/bingbot.htm) Chrome/116.0.1938.76 Safari/537.36" 
66.249.73.167 - - [21/Oct/2025:14:46:38 -0700] "GET /?products=199446 HTTP/1.1" 200 28705 "-" "Mozilla/5.0 (Linux; Android 6.0.1; Nexus 5X Build/MMB29P) AppleWebKit/537.36 (KHTML, like Gecko) Chrome/141.0.7390.107 Mobile Safari/537.36 (compatible; Googlebot/2.1; +http://www.google.com/bot.html)" 
66.249.73.166 - - [21/Oct/2025:14:46:40 -0700] "GET /188036?products=0000156703 HTTP/1.1" 200 26948 "-" "Mozilla/5.0 (Linux; Android 6.0.1; Nexus 5X Build/MMB29P) AppleWebKit/537.36 (KHTML, like Gecko) Chrome/141.0.7390.107 Mobile Safari/537.36 (compatible; Googlebot/2.1; +http://www.google.com/bot.html)" 
66.249.73.165 - - [21/Oct/2025:14:46:59 -0700] "GET /?224478?products=0000187072 HTTP/1.1" 200 25003 "-" "Mozilla/5.0 (Linux; Android 6.0.1; Nexus 5X Build/MMB29P) AppleWebKit/537.36 (KHTML, like Gecko) Chrome/141.0.7390.107 Mobile Safari/537.36 (compatible; Googlebot/2.1; +http://www.google.com/bot.html)" 
40.84.221.232 - - [21/Oct/2025:14:47:59 -0700] "GET / HTTP/2.0" 301 350 "-" "Mozilla/5.0 AppleWebKit/537.36 (KHTML, like Gecko); compatible; ChatGPT-User/1.0; +https://openai.com/bot" 
40.84.221.236 - - [21/Oct/2025:14:48:00 -0700] "GET / HTTP/2.0" 200 0 "-" "Mozilla/5.0 AppleWebKit/537.36 (KHTML, like Gecko); compatible; ChatGPT-User/1.0; +https://openai.com/bot" 
187.161.119.57 - - [21/Oct/2025:14:48:03 -0700] "GET /wp-content/uploads/2022/09/edner-granados.png HTTP/2.0" 200 337418 "-" "ChatGPT/1.2025.281 (iOS 18.6.2; iPhone16,1; build 18509380657)" 
69.163.179.91 - - [21/Oct/2025:14:48:01 -0700] "POST /wp-cron.php?doing_wp_cron=1761083281.6084640026092529296875 HTTP/1.1" 200 3646 "-" "WordPress/6.8.3; https://www.elconferencista.com" 
157.55.39.60 - - [21/Oct/2025:14:50:05 -0700] "GET /79320?products=0000066105 HTTP/2.0" 200 22411 "-" "Mozilla/5.0 AppleWebKit/537.36 (KHTML, like Gecko; compatible; bingbot/2.0; +http://www.bing.com/bingbot.htm) Chrome/116.0.1938.76 Safari/537.36" 
142.44.220.150 - - [21/Oct/2025:14:52:16 -0700] "GET /2022/09/29/ HTTP/2.0" 200 23551 "-" "Mozilla/5.0 (compatible; AhrefsBot/7.0; +http://ahrefs.com/robot/)" 
69.163.179.91 - - [21/Oct/2025:14:52:18 -0700] "POST /wp-cron.php?doing_wp_cron=1761083538.3771190643310546875000 HTTP/1.1" 200 3646 "-" "WordPress/6.8.3; https://www.elconferencista.com" 
40.77.167.14 - - [21/Oct/2025:14:52:20 -0700] "GET /78846?products=0000065712 HTTP/2.0" 200 21613 "-" "Mozilla/5.0 AppleWebKit/537.36 (KHTML, like Gecko; compatible; bingbot/2.0; +http://www.bing.com/bingbot.htm) Chrome/116.0.1938.76 Safari/537.36" 
91.217.249.145 - - [21/Oct/2025:14:55:08 -0700] "GET /phpinfo HTTP/2.0" 404 109997 "http://elconferencista.com/phpinfo" "Mozilla/5.0 (X11; Linux x86_64) AppleWebKit/537.36 (KHTML, like Gecko) Firefox/119.0" 
69.163.179.91 - - [21/Oct/2025:14:55:10 -0700] "POST /wp-cron.php?doing_wp_cron=1761083710.3445050716400146484375 HTTP/1.1" 200 3646 "-" "WordPress/6.8.3; https://www.elconferencista.com" 
91.217.249.169 - - [21/Oct/2025:14:55:14 -0700] "GET /phpinfo.php HTTP/2.0" 404 109988 "http://elconferencista.com/phpinfo.php" "Mozilla/5.0 (Windows NT 10.0; Win64; x64) AppleWebKit/537.36 (KHTML, like Gecko) Chrome/120.0.0.0 Safari/537.36" 
91.217.249.134 - - [21/Oct/2025:14:55:16 -0700] "GET /test.php HTTP/2.0" 404 109979 "http://elconferencista.com/test.php" "Mozilla/5.0 (Windows NT 10.0; Win64; x64) AppleWebKit/537.36 (KHTML, like Gecko) Chrome/120.0.0.0 Safari/537.36" 
91.217.249.167 - - [21/Oct/2025:14:55:19 -0700] "GET /_profiler/phpinfo HTTP/2.0" 404 109988 "http://elconferencista.com/_profiler/phpinfo" "Mozilla/5.0 (Macintosh; Intel Mac OS X 10_15_7) AppleWebKit/537.36 (KHTML, like Gecko) Chrome/118.0.0.0 Safari/537.36" 
91.217.249.148 - - [21/Oct/2025:14:55:22 -0700] "GET /info.php HTTP/2.0" 404 109988 "http://elconferencista.com/info.php" "Mozilla/5.0 (X11; Linux x86_64) AppleWebKit/537.36 (KHTML, like Gecko) Firefox/119.0" 
91.217.249.142 - - [21/Oct/2025:14:55:25 -0700] "GET /i.php HTTP/2.0" 404 109979 "http://elconferencista.com/i.php" "Mozilla/5.0 (Macintosh; Intel Mac OS X 10_15_7) AppleWebKit/537.36 (KHTML, like Gecko) Chrome/118.0.0.0 Safari/537.36" 
91.217.249.162 - - [21/Oct/2025:14:55:27 -0700] "GET /pi.php HTTP/2.0" 404 109997 "http://elconferencista.com/pi.php" "Mozilla/5.0 (Windows NT 10.0; Win64; x64) AppleWebKit/537.36 (KHTML, like Gecko) Chrome/120.0.0.0 Safari/537.36" 
91.217.249.160 - - [21/Oct/2025:14:55:30 -0700] "GET /php.php HTTP/2.0" 404 109988 "http://elconferencista.com/php.php" "Mozilla/5.0 (Windows NT 10.0; Win64; x64) AppleWebKit/537.36 (KHTML, like Gecko) Chrome/120.0.0.0 Safari/537.36" 
173.252.82.2 - - [21/Oct/2025:14:58:43 -0700] "GET /robots.txt HTTP/2.0" 206 271 "-" "facebookexternalhit/1.1 (+http://www.facebook.com/externalhit_uatext.php)" 
199.16.157.181 - - [21/Oct/2025:15:00:11 -0700] "GET /robots.txt HTTP/1.1" 200 3556 "-" "Twitterbot/1.0" 
199.16.157.181 - - [21/Oct/2025:15:00:11 -0700] "GET / HTTP/1.1" 200 31503 "-" "Twitterbot/1.0" 
69.163.179.91 - - [21/Oct/2025:15:00:13 -0700] "POST /wp-cron.php?doing_wp_cron=1761084013.3220260143280029296875 HTTP/1.1" 200 3646 "-" "WordPress/6.8.3; https://www.elconferencista.com" 
192.133.77.15 - - [21/Oct/2025:15:00:58 -0700] "GET / HTTP/1.1" 200 34625 "-" "Twitterbot/1.0" 
104.210.140.140 - - [21/Oct/2025:15:01:32 -0700] "GET /robots.txt HTTP/2.0" 301 367 "-" "Mozilla/5.0 (Macintosh; Intel Mac OS X 10_15_7) AppleWebKit/537.36 (KHTML, like Gecko) Chrome/131.0.0.0 Safari/537.36; compatible; OAI-SearchBot/1.0; +https://openai.com/searchbot" 
104.210.140.135 - - [21/Oct/2025:15:01:35 -0700] "GET /robots.txt HTTP/2.0" 200 281 "-" "Mozilla/5.0 (Macintosh; Intel Mac OS X 10_15_7) AppleWebKit/537.36 (KHTML, like Gecko) Chrome/131.0.0.0 Safari/537.36; compatible; OAI-SearchBot/1.0; +https://openai.com/searchbot" 
8.218.137.248 - - [21/Oct/2025:15:01:57 -0700] "GET /wp-login.php HTTP/2.0" 429 351 "-" "Mozilla/5.0 (Windows NT 6.1; Win64; x64) AppleWebKit/537.36 (KHTML, like Gecko) Chrome/64.0.3282.168 Safari/537.36 OPR/51.0.2830.40" 
8.218.137.248 - - [21/Oct/2025:15:02:11 -0700] "POST /wp-login.php HTTP/2.0" 429 351 "https://www.elconferencista.com/wp-login.php" "Mozilla/5.0 (Windows NT 6.1; Win64; x64) AppleWebKit/537.36 (KHTML, like Gecko) Chrome/64.0.3282.168 Safari/537.36 OPR/51.0.2830.40" 
3.146.111.124 - - [21/Oct/2025:15:17:02 -0700] "GET / HTTP/1.1" 421 3821 "https://ednergranados.com/" "Mozilla/5.0 zgrab/0.x" 
3.146.111.124 - - [21/Oct/2025:15:17:05 -0700] "GET / HTTP/1.1" 421 3821 "https://ednergranados.com/" "Mozilla/5.0 zgrab/0.x" 
74.208.210.248 - - [21/Oct/2025:15:18:44 -0700] "GET /wp-login.php HTTP/2.0" 429 362 "-" "Mozilla/5.0 (Macintosh; Intel Mac OS X 10_9_5) AppleWebKit/537.36 (KHTML, like Gecko) Chrome/65.0.3325.181 Safari/537.36" 
74.208.210.248 - - [21/Oct/2025:15:18:46 -0700] "POST /wp-login.php HTTP/2.0" 429 278 "https://www.elconferencista.com/wp-login.php" "Mozilla/5.0 (Macintosh; Intel Mac OS X 10_9_5) AppleWebKit/537.36 (KHTML, like Gecko) Chrome/65.0.3325.181 Safari/537.36" 
142.44.220.87 - - [21/Oct/2025:15:21:58 -0700] "GET /wp-content/plugins/elementor/assets/lib/font-awesome/css/all.min.css?ver=3.32.5 HTTP/2.0" 200 13028 "-" "Mozilla/5.0 (compatible; AhrefsBot/7.0; +http://ahrefs.com/robot/)" 
15.235.98.91 - - [21/Oct/2025:15:21:59 -0700] "GET /wp-content/plugins/elementor/assets/lib/font-awesome/js/v4-shims.min.js?ver=3.32.5 HTTP/2.0" 200 4437 "-" "Mozilla/5.0 (compatible; AhrefsBot/7.0; +http://ahrefs.com/robot/)" 
51.222.168.25 - - [21/Oct/2025:15:22:00 -0700] "GET /wp-content/plugins/elementor/assets/js/webpack.runtime.min.js?ver=3.32.5 HTTP/2.0" 200 2721 "-" "Mozilla/5.0 (compatible; AhrefsBot/7.0; +http://ahrefs.com/robot/)" 
51.161.65.234 - - [21/Oct/2025:15:22:01 -0700] "GET /wp-content/uploads/elementor/css/post-219.css?ver=1761077773 HTTP/2.0" 200 1915 "-" "Mozilla/5.0 (compatible; AhrefsBot/7.0; +http://ahrefs.com/robot/)" 
51.222.95.61 - - [21/Oct/2025:15:22:03 -0700] "GET /wp-content/uploads/elementor/css/post-7.css?ver=1761077773 HTTP/2.0" 200 576 "-" "Mozilla/5.0 (compatible; AhrefsBot/7.0; +http://ahrefs.com/robot/)" 
142.44.220.72 - - [21/Oct/2025:15:22:04 -0700] "GET /wp-content/plugins/elementor/assets/css/widget-heading.min.css?ver=3.32.5 HTTP/2.0" 200 367 "-" "Mozilla/5.0 (compatible; AhrefsBot/7.0; +http://ahrefs.com/robot/)" 
51.161.65.98 - - [21/Oct/2025:15:22:09 -0700] "GET /wp-content/uploads/elementor/css/post-675.css?ver=1761083539 HTTP/2.0" 200 1113 "-" "Mozilla/5.0 (compatible; AhrefsBot/7.0; +http://ahrefs.com/robot/)" 
51.222.168.129 - - [21/Oct/2025:15:22:10 -0700] "GET /wp-content/plugins/elementor/assets/css/frontend.min.css?ver=3.32.5 HTTP/2.0" 200 7575 "-" "Mozilla/5.0 (compatible; AhrefsBot/7.0; +http://ahrefs.com/robot/)" 
142.44.233.232 - - [21/Oct/2025:15:22:13 -0700] "GET /wp-content/uploads/elementor/css/post-613.css?ver=1761077773 HTTP/2.0" 200 1445 "-" "Mozilla/5.0 (compatible; AhrefsBot/7.0; +http://ahrefs.com/robot/)" 
148.113.128.198 - - [21/Oct/2025:15:22:14 -0700] "GET /robots.txt HTTP/2.0" 200 278 "-" "Mozilla/5.0 (compatible; AhrefsBot/7.0; +http://ahrefs.com/robot/)" 
148.113.128.84 - - [21/Oct/2025:15:22:14 -0700] "GET /wp-content/plugins/elementor/assets/css/widget-image.min.css?ver=3.32.5 HTTP/2.0" 200 342 "-" "Mozilla/5.0 (compatible; AhrefsBot/7.0; +http://ahrefs.com/robot/)" 
142.44.228.202 - - [21/Oct/2025:15:22:15 -0700] "GET /wp-content/plugins/elementor/assets/lib/animations/styles/fadeIn.min.css?ver=3.32.5 HTTP/2.0" 200 256 "-" "Mozilla/5.0 (compatible; AhrefsBot/7.0; +http://ahrefs.com/robot/)" 
15.235.98.85 - - [21/Oct/2025:15:22:16 -0700] "GET /wp-content/plugins/elementor/assets/css/conditionals/apple-webkit.min.css?ver=3.32.5 HTTP/2.0" 200 742 "-" "Mozilla/5.0 (compatible; AhrefsBot/7.0; +http://ahrefs.com/robot/)" 
148.113.130.71 - - [21/Oct/2025:15:22:17 -0700] "GET /wp-content/plugins/elementor/assets/css/widget-social-icons.min.css?ver=3.32.5 HTTP/2.0" 200 1349 "-" "Mozilla/5.0 (compatible; AhrefsBot/7.0; +http://ahrefs.com/robot/)" 
54.39.6.222 - - [21/Oct/2025:15:22:17 -0700] "GET /wp-content/plugins/elementor/assets/js/frontend.min.js?ver=3.32.5 HTTP/2.0" 200 10758 "-" "Mozilla/5.0 (compatible; AhrefsBot/7.0; +http://ahrefs.com/robot/)" 
148.113.128.25 - - [21/Oct/2025:15:22:18 -0700] "GET /wp-content/plugins/elementor/assets/lib/font-awesome/css/v4-shims.min.css?ver=3.32.5 HTTP/2.0" 200 4462 "-" "Mozilla/5.0 (compatible; AhrefsBot/7.0; +http://ahrefs.com/robot/)" 
54.39.89.213 - - [21/Oct/2025:15:22:19 -0700] "GET /wp-content/plugins/elementor/assets/js/frontend-modules.min.js?ver=3.32.5 HTTP/2.0" 200 19141 "-" "Mozilla/5.0 (compatible; AhrefsBot/7.0; +http://ahrefs.com/robot/)" 
107.174.69.195 - - [21/Oct/2025:15:23:20 -0700] "POST /xmlrpc.php HTTP/2.0" 200 368 "https://www.elconferencista.com" "Mozilla/5.0 (Macintosh; Intel Mac OS X 10_15_7) AppleWebKit/537.36 (KHTML, like Gecko) Chrome/114.0.5735.134 Safari/537.36" 
69.163.179.91 - - [21/Oct/2025:15:23:22 -0700] "POST /wp-cron.php?doing_wp_cron=1761085402.0644419193267822265625 HTTP/1.1" 200 3646 "-" "WordPress/6.8.3; https://www.elconferencista.com" 
182.254.192.198 - - [21/Oct/2025:15:35:14 -0700] "POST /xmlrpc.php HTTP/2.0" 429 359 "https://www.elconferencista.com" "Mozilla/5.0 (Windows NT 10.0; Win64; x64; rv:125.0.1) Gecko/20100101 Firefox/125.0.1" 
66.249.73.166 - - [21/Oct/2025:15:36:29 -0700] "GET /224708?products=0000187263 HTTP/1.1" 200 24583 "-" "Mozilla/5.0 (Linux; Android 6.0.1; Nexus 5X Build/MMB29P) AppleWebKit/537.36 (KHTML, like Gecko) Chrome/141.0.7390.107 Mobile Safari/537.36 (compatible; Googlebot/2.1; +http://www.google.com/bot.html)" 
66.249.73.167 - - [21/Oct/2025:15:49:55 -0700] "GET /?products=199608 HTTP/1.1" 200 24413 "-" "Mozilla/5.0 (Linux; Android 6.0.1; Nexus 5X Build/MMB29P) AppleWebKit/537.36 (KHTML, like Gecko) Chrome/141.0.7390.107 Mobile Safari/537.36 (compatible; Googlebot/2.1; +http://www.google.com/bot.html)" 
66.249.73.167 - - [21/Oct/2025:15:53:58 -0700] "GET /?products=200842 HTTP/1.1" 200 26196 "-" "Mozilla/5.0 (Linux; Android 6.0.1; Nexus 5X Build/MMB29P) AppleWebKit/537.36 (KHTML, like Gecko) Chrome/141.0.7390.107 Mobile Safari/537.36 (compatible; Googlebot/2.1; +http://www.google.com/bot.html)" 
66.249.73.165 - - [21/Oct/2025:15:54:59 -0700] "GET /?products=200232 HTTP/1.1" 200 25113 "-" "Mozilla/5.0 (Linux; Android 6.0.1; Nexus 5X Build/MMB29P) AppleWebKit/537.36 (KHTML, like Gecko) Chrome/141.0.7390.107 Mobile Safari/537.36 (compatible; Googlebot/2.1; +http://www.google.com/bot.html)" 
193.202.12.182 - - [21/Oct/2025:15:57:38 -0700] "GET /wp-login.php HTTP/1.1" 200 7182 "-" "Mozilla/5.0 (Windows NT 10.0; Win64; x64) AppleWebKit/537.36 (KHTML, like Gecko) Chrome/115.0.0.0 Safari/537.36 Edg/115.0.1901.203" 
69.163.179.91 - - [21/Oct/2025:15:57:40 -0700] "POST /wp-cron.php?doing_wp_cron=1761087460.1165399551391601562500 HTTP/1.1" 200 3646 "-" "WordPress/6.8.3; https://www.elconferencista.com" 
178.20.214.236 - - [21/Oct/2025:15:57:39 -0700] "GET /wp-login.php HTTP/1.1" 200 7182 "-" "Mozilla/5.0 (Windows NT 10.0; Win64; x64) AppleWebKit/537.36 (KHTML, like Gecko) Chrome/115.0.0.0 Safari/537.36 Edg/115.0.1901.203" 
193.202.12.182 - - [21/Oct/2025:15:57:43 -0700] "GET /wp-json/wp/v2/users HTTP/1.1" 200 3456 "-" "Mozilla/5.0 (Windows NT 10.0; Win64; x64) AppleWebKit/537.36 (KHTML, like Gecko) Chrome/115.0.0.0 Safari/537.36 Edg/115.0.1901.203" 
178.20.214.236 - - [21/Oct/2025:15:57:44 -0700] "GET /wp-json/wp/v2/users HTTP/1.1" 200 3456 "-" "Mozilla/5.0 (Windows NT 10.0; Win64; x64) AppleWebKit/537.36 (KHTML, like Gecko) Chrome/115.0.0.0 Safari/537.36 Edg/115.0.1901.203" 
122.8.92.188 - - [21/Oct/2025:15:57:48 -0700] "GET /wp-login.php HTTP/1.1" 200 7182 "-" "Mozilla/5.0 (Windows NT 10.0; Win64; x64) AppleWebKit/537.36 (KHTML, like Gecko) Chrome/115.0.0.0 Safari/537.36 Edg/115.0.1901.203" 
45.132.184.254 - - [21/Oct/2025:15:57:49 -0700] "GET /wp-login.php HTTP/1.1" 200 7182 "-" "Mozilla/5.0 (Windows NT 10.0; Win64; x64) AppleWebKit/537.36 (KHTML, like Gecko) Chrome/115.0.0.0 Safari/537.36 Edg/115.0.1901.203" 
