144.76.68.76 - - [30/Oct/2025:10:34:58 -0700] "GET /conferencias-edner/1-conferencia-ir-mas-alla-nuestra-conferencia-estrella-ideal-para-juntas-de-planeacion-y-reuniones-de-fijacion-de-objetivos/?fileloc=%2Fhome%2Fednermusika%2Felconferencista.com%2Fwp-includes%2Fclass-wp-tax-query.php&path=%2Fhome%2Fednermusika%2Felconferencista.com%2Fwp-includes HTTP/1.1" 200 8499 "-" "serpstatbot/2.1 (advanced backlink tracking bot; https://serpstatbot.com/; abuse@serpstatbot.com)"
144.76.68.76 - - [30/Oct/2025:10:35:06 -0700] "GET /conferencias-edner/1-conferencia-ir-mas-alla-nuestra-conferencia-estrella-ideal-para-juntas-de-planeacion-y-reuniones-de-fijacion-de-objetivos/?fileloc=%2Fhome%2Fednermusika%2Felconferencista.com%2Fwp-includes%2Fclass-wp-taxonomy.php&path=%2Fhome%2Fednermusika%2Felconferencista.com%2Fwp-includes HTTP/1.1" 200 10599 "-" "serpstatbot/2.1 (advanced backlink tracking bot; https://serpstatbot.com/; abuse@serpstatbot.com)"
216.73.216.32 - - [30/Oct/2025:10:35:06 -0700] "GET /conferencias-edner?fileloc=%2Fhome%2Fednermusika%2Flogs%2Fconferencistasempresas.com%2Fhttp%2Faccess.log.2025-10-29&path=%2Fhome%2Fednermusika%2Flogs%2Fconferencistasempresas.com%2Fhttp HTTP/2.0" 200 2682 "-" "Mozilla/5.0 AppleWebKit/537.36 (KHTML, like Gecko; compatible; ClaudeBot/1.0; +claudebot@anthropic.com)"
216.73.216.32 - - [30/Oct/2025:10:35:08 -0700] "GET /conferencias-edner?fileloc=%2Fhome%2Fednermusika%2FMaildir%2Fnew%2F1712283173.V90aIda07b019cM93475.pdx1-shared-a1-06&path=%2Fhome%2Fednermusika%2FMaildir%2Fnew HTTP/2.0" 200 4073 "-" "Mozilla/5.0 AppleWebKit/537.36 (KHTML, like Gecko; compatible; ClaudeBot/1.0; +claudebot@anthropic.com)"
216.73.216.32 - - [30/Oct/2025:10:35:11 -0700] "GET /conferencias-edner?fileloc=%2Fhome%2Fednermusika%2FMaildir%2Fnew%2F1760548386.V90aId9d8fc4ceM365935.pdx1-shared-a1-06&path=%2Fhome%2Fednermusika%2FMaildir%2Fnew HTTP/2.0" 200 3977 "-" "Mozilla/5.0 AppleWebKit/537.36 (KHTML, like Gecko; compatible; ClaudeBot/1.0; +claudebot@anthropic.com)"
144.76.68.76 - - [30/Oct/2025:10:35:14 -0700] "GET /conferencias-edner/1-conferencia-ir-mas-alla-nuestra-conferencia-estrella-ideal-para-juntas-de-planeacion-y-reuniones-de-fijacion-de-objetivos/?fileloc=%2Fhome%2Fednermusika%2Felconferencista.com%2Fwp-includes%2Fclass-wp-term-query.php&path=%2Fhome%2Fednermusika%2Felconferencista.com%2Fwp-includes HTTP/1.1" 200 12711 "-" "serpstatbot/2.1 (advanced backlink tracking bot; https://serpstatbot.com/; abuse@serpstatbot.com)"
216.73.216.32 - - [30/Oct/2025:10:35:14 -0700] "GET /conferencias-edner?fileloc=%2Fhome%2Fednermusika%2FMaildir%2Fnew%2F1699543447.V90aId9ae7e535M464974.pdx1-shared-a1-06&path=%2Fhome%2Fednermusika%2FMaildir%2Fnew HTTP/2.0" 200 4014 "-" "Mozilla/5.0 AppleWebKit/537.36 (KHTML, like Gecko; compatible; ClaudeBot/1.0; +claudebot@anthropic.com)"
216.73.216.32 - - [30/Oct/2025:10:35:17 -0700] "GET /conferencias-edner?fileloc=%2Fhome%2Fednermusika%2FMaildir%2Fnew%2F1746051704.V90aId8012988cM269796.pdx1-shared-a1-06&path=%2Fhome%2Fednermusika%2FMaildir%2Fnew HTTP/2.0" 200 4237 "-" "Mozilla/5.0 AppleWebKit/537.36 (KHTML, like Gecko; compatible; ClaudeBot/1.0; +claudebot@anthropic.com)"
144.76.68.76 - - [30/Oct/2025:10:35:23 -0700] "GET /conferencias-edner/1-conferencia-ir-mas-alla-nuestra-conferencia-estrella-ideal-para-juntas-de-planeacion-y-reuniones-de-fijacion-de-objetivos/?fileloc=%2Fhome%2Fednermusika%2Felconferencista.com%2Fwp-includes%2Fclass-wp-term.php&path=%2Fhome%2Fednermusika%2Felconferencista.com%2Fwp-includes HTTP/1.1" 200 4866 "-" "serpstatbot/2.1 (advanced backlink tracking bot; https://serpstatbot.com/; abuse@serpstatbot.com)"
144.76.68.76 - - [30/Oct/2025:10:35:31 -0700] "GET /conferencias-edner/1-conferencia-ir-mas-alla-nuestra-conferencia-estrella-ideal-para-juntas-de-planeacion-y-reuniones-de-fijacion-de-objetivos/?fileloc=%2Fhome%2Fednermusika%2Felconferencista.com%2Fwp-includes%2Fclass-wp-text-diff-renderer-inline.php&path=%2Fhome%2Fednermusika%2Felconferencista.com%2Fwp-includes HTTP/1.1" 200 3539 "-" "serpstatbot/2.1 (advanced backlink tracking bot; https://serpstatbot.com/; abuse@serpstatbot.com)"
144.76.68.76 - - [30/Oct/2025:10:35:40 -0700] "GET /conferencias-edner/1-conferencia-ir-mas-alla-nuestra-conferencia-estrella-ideal-para-juntas-de-planeacion-y-reuniones-de-fijacion-de-objetivos/?fileloc=%2Fhome%2Fednermusika%2Felconferencista.com%2Fwp-includes%2Fclass-wp-text-diff-renderer-table.php&path=%2Fhome%2Fednermusika%2Felconferencista.com%2Fwp-includes HTTP/1.1" 200 7927 "-" "serpstatbot/2.1 (advanced backlink tracking bot; https://serpstatbot.com/; abuse@serpstatbot.com)"
144.76.68.76 - - [30/Oct/2025:10:35:51 -0700] "GET /conferencias-edner/1-conferencia-ir-mas-alla-nuestra-conferencia-estrella-ideal-para-juntas-de-planeacion-y-reuniones-de-fijacion-de-objetivos/?fileloc=%2Fhome%2Fednermusika%2Felconferencista.com%2Fwp-includes%2Fclass-wp-textdomain-registry.php&path=%2Fhome%2Fednermusika%2Felconferencista.com%2Fwp-includes HTTP/1.1" 200 6026 "-" "serpstatbot/2.1 (advanced backlink tracking bot; https://serpstatbot.com/; abuse@serpstatbot.com)"
144.76.68.76 - - [30/Oct/2025:10:36:01 -0700] "GET /conferencias-edner/1-conferencia-ir-mas-alla-nuestra-conferencia-estrella-ideal-para-juntas-de-planeacion-y-reuniones-de-fijacion-de-objetivos/?fileloc=%2Fhome%2Fednermusika%2Felconferencista.com%2Fwp-includes%2Fclass-wp-theme-json-data.php&path=%2Fhome%2Fednermusika%2Felconferencista.com%2Fwp-includes HTTP/1.1" 200 3716 "-" "serpstatbot/2.1 (advanced backlink tracking bot; https://serpstatbot.com/; abuse@serpstatbot.com)"
144.76.68.76 - - [30/Oct/2025:10:36:13 -0700] "GET /conferencias-edner/1-conferencia-ir-mas-alla-nuestra-conferencia-estrella-ideal-para-juntas-de-planeacion-y-reuniones-de-fijacion-de-objetivos/?fileloc=%2Fhome%2Fednermusika%2Felconferencista.com%2Fwp-includes%2Fclass-wp-theme-json-resolver.php&path=%2Fhome%2Fednermusika%2Felconferencista.com%2Fwp-includes HTTP/1.1" 200 11964 "-" "serpstatbot/2.1 (advanced backlink tracking bot; https://serpstatbot.com/; abuse@serpstatbot.com)"
144.76.68.76 - - [30/Oct/2025:10:36:24 -0700] "GET /conferencias-edner/1-conferencia-ir-mas-alla-nuestra-conferencia-estrella-ideal-para-juntas-de-planeacion-y-reuniones-de-fijacion-de-objetivos/?fileloc=%2Fhome%2Fednermusika%2Felconferencista.com%2Fwp-includes%2Fclass-wp-theme-json-schema.php&path=%2Fhome%2Fednermusika%2Felconferencista.com%2Fwp-includes HTTP/1.1" 200 5414 "-" "serpstatbot/2.1 (advanced backlink tracking bot; https://serpstatbot.com/; abuse@serpstatbot.com)"
15.235.96.221 - - [30/Oct/2025:10:36:33 -0700] "GET /?fileloc=//lib/locale/shn_MM/LC_CTYPE&path=//lib/locale/shn_MM HTTP/2.0" 200 41500 "-" "Mozilla/5.0 (compatible; AhrefsBot/7.0; +http://ahrefs.com/robot/)"
144.76.68.76 - - [30/Oct/2025:10:36:38 -0700] "GET /conferencias-edner/1-conferencia-ir-mas-alla-nuestra-conferencia-estrella-ideal-para-juntas-de-planeacion-y-reuniones-de-fijacion-de-objetivos/?fileloc=%2Fhome%2Fednermusika%2Felconferencista.com%2Fwp-includes%2Fclass-wp-theme-json.php&path=%2Fhome%2Fednermusika%2Felconferencista.com%2Fwp-includes HTTP/1.1" 200 42447 "-" "serpstatbot/2.1 (advanced backlink tracking bot; https://serpstatbot.com/; abuse@serpstatbot.com)"
144.76.68.76 - - [30/Oct/2025:10:36:51 -0700] "GET /conferencias-edner/1-conferencia-ir-mas-alla-nuestra-conferencia-estrella-ideal-para-juntas-de-planeacion-y-reuniones-de-fijacion-de-objetivos/?fileloc=%2Fhome%2Fednermusika%2Felconferencista.com%2Fwp-includes%2Fclass-wp-theme.php&path=%2Fhome%2Fednermusika%2Felconferencista.com%2Fwp-includes HTTP/1.1" 200 18461 "-" "serpstatbot/2.1 (advanced backlink tracking bot; https://serpstatbot.com/; abuse@serpstatbot.com)"
144.76.68.76 - - [30/Oct/2025:10:37:04 -0700] "GET /conferencias-edner/1-conferencia-ir-mas-alla-nuestra-conferencia-estrella-ideal-para-juntas-de-planeacion-y-reuniones-de-fijacion-de-objetivos/?fileloc=%2Fhome%2Fednermusika%2Felconferencista.com%2Fwp-includes%2Fclass-wp-token-map.php&path=%2Fhome%2Fednermusika%2Felconferencista.com%2Fwp-includes HTTP/1.1" 200 11302 "-" "serpstatbot/2.1 (advanced backlink tracking bot; https://serpstatbot.com/; abuse@serpstatbot.com)"
144.76.68.76 - - [30/Oct/2025:10:37:18 -0700] "GET /conferencias-edner/1-conferencia-ir-mas-alla-nuestra-conferencia-estrella-ideal-para-juntas-de-planeacion-y-reuniones-de-fijacion-de-objetivos/?fileloc=%2Fhome%2Fednermusika%2Felconferencista.com%2Fwp-includes%2Fclass-wp-url-pattern-prefixer.php&path=%2Fhome%2Fednermusika%2Felconferencista.com%2Fwp-includes HTTP/1.1" 200 4672 "-" "serpstatbot/2.1 (advanced backlink tracking bot; https://serpstatbot.com/; abuse@serpstatbot.com)"
144.76.68.76 - - [30/Oct/2025:10:37:34 -0700] "GET /conferencias-edner/1-conferencia-ir-mas-alla-nuestra-conferencia-estrella-ideal-para-juntas-de-planeacion-y-reuniones-de-fijacion-de-objetivos/?fileloc=%2Fhome%2Fednermusika%2Felconferencista.com%2Fwp-includes%2Fclass-wp-user-meta-session-tokens.php&path=%2Fhome%2Fednermusika%2Felconferencista.com%2Fwp-includes HTTP/1.1" 200 3928 "-" "serpstatbot/2.1 (advanced backlink tracking bot; https://serpstatbot.com/; abuse@serpstatbot.com)"
144.76.68.76 - - [30/Oct/2025:10:37:46 -0700] "GET /conferencias-edner/1-conferencia-ir-mas-alla-nuestra-conferencia-estrella-ideal-para-juntas-de-planeacion-y-reuniones-de-fijacion-de-objetivos/?fileloc=%2Fhome%2Fednermusika%2Felconferencista.com%2Fwp-includes%2Fclass-wp-user-query.php&path=%2Fhome%2Fednermusika%2Felconferencista.com%2Fwp-includes HTTP/1.1" 200 13032 "-" "serpstatbot/2.1 (advanced backlink tracking bot; https://serpstatbot.com/; abuse@serpstatbot.com)"
217.154.189.35 - - [30/Oct/2025:10:37:57 -0700] "HEAD / HTTP/1.1" 200 3640 "https://www.elconferencista.com/" "Mozilla/5.0 (Windows NT 10.0; Win64; x64) AppleWebKit/537.36 (KHTML, like Gecko) Chrome/91.0.4472.124 Safari/537.36"
217.154.189.35 - - [30/Oct/2025:10:37:58 -0700] "HEAD / HTTP/1.1" 200 3640 "https://www.elconferencista.com/" "Mozilla/5.0 (Windows NT 10.0; Win64; x64) AppleWebKit/537.36 (KHTML, like Gecko) Chrome/91.0.4472.124 Safari/537.36"
144.76.68.76 - - [30/Oct/2025:10:37:59 -0700] "GET /conferencias-edner/1-conferencia-ir-mas-alla-nuestra-conferencia-estrella-ideal-para-juntas-de-planeacion-y-reuniones-de-fijacion-de-objetivos/?fileloc=%2Fhome%2Fednermusika%2Felconferencista.com%2Fwp-includes%2Fclass-wp-user-request.php&path=%2Fhome%2Fednermusika%2Felconferencista.com%2Fwp-includes HTTP/1.1" 200 3693 "-" "serpstatbot/2.1 (advanced backlink tracking bot; https://serpstatbot.com/; abuse@serpstatbot.com)"
217.154.189.35 - - [30/Oct/2025:10:37:59 -0700] "GET /wp-login.php?wp_lang=en_US HTTP/1.1" 200 7892 "https://www.google.com/" "Mozilla/5.0 (Windows NT 10.0; Win64; x64) AppleWebKit/537.36 (KHTML, like Gecko) Chrome/91.0.4472.124 Safari/537.36"
217.154.189.35 - - [30/Oct/2025:10:37:59 -0700] "POST /wp-login.php HTTP/1.1" 200 4527 "https://www.elconferencista.com/wp-admin/" "Mozilla/5.0 (Windows NT 10.0; Win64; x64) AppleWebKit/537.36 (KHTML, like Gecko) Chrome/90.0.4430.85 Safari/537.36"
217.154.189.35 - - [30/Oct/2025:10:37:59 -0700] "GET /wp-admin/ HTTP/1.1" 200 7662 "https://www.google.com/" "Mozilla/5.0 (Windows NT 10.0; Win64; x64) AppleWebKit/537.36 (KHTML, like Gecko) Chrome/91.0.4472.124 Safari/537.36"
217.154.189.35 - - [30/Oct/2025:10:38:00 -0700] "GET /wp-admin/profile.php HTTP/1.1" 200 7662 "-" "python-requests/2.32.3"
216.73.216.32 - - [30/Oct/2025:10:38:06 -0700] "GET /conferencias-edner?path=%2Fhome%2Fednermusika%2Flogs%2Fednergranados.com%2Fhttp.8162043.bak%2Fhits HTTP/2.0" 200 2738 "-" "Mozilla/5.0 AppleWebKit/537.36 (KHTML, like Gecko; compatible; ClaudeBot/1.0; +claudebot@anthropic.com)"
216.73.216.32 - - [30/Oct/2025:10:38:09 -0700] "GET /conferencias-edner?path=%2Fhome%2Fednermusika%2Flogs%2Fconferencistasempresas.com%2Fhttp%2Fanalog HTTP/2.0" 200 2679 "-" "Mozilla/5.0 AppleWebKit/537.36 (KHTML, like Gecko; compatible; ClaudeBot/1.0; +claudebot@anthropic.com)"
216.73.216.32 - - [30/Oct/2025:10:38:12 -0700] "GET /conferencias-edner?fileloc=%2Fhome%2Fednermusika%2Flogs%2Fconferencistasempresas.com%2Fhttp%2Ferror.log.2025-10-24.gz&path=%2Fhome%2Fednermusika%2Flogs%2Fconferencistasempresas.com%2Fhttp HTTP/2.0" 200 2657 "-" "Mozilla/5.0 AppleWebKit/537.36 (KHTML, like Gecko; compatible; ClaudeBot/1.0; +claudebot@anthropic.com)"
144.76.68.76 - - [30/Oct/2025:10:38:12 -0700] "GET /conferencias-edner/1-conferencia-ir-mas-alla-nuestra-conferencia-estrella-ideal-para-juntas-de-planeacion-y-reuniones-de-fijacion-de-objetivos/?fileloc=%2Fhome%2Fednermusika%2Felconferencista.com%2Fwp-includes%2Fclass-wp-user.php&path=%2Fhome%2Fednermusika%2Felconferencista.com%2Fwp-includes HTTP/1.1" 200 9000 "-" "serpstatbot/2.1 (advanced backlink tracking bot; https://serpstatbot.com/; abuse@serpstatbot.com)"
216.73.216.32 - - [30/Oct/2025:10:38:15 -0700] "GET /conferencias-edner?fileloc=%2Fhome%2Fednermusika%2Flogs%2Fconferencistasempresas.com%2Fhttp%2Ferror.log.2025-10-26.gz&path=%2Fhome%2Fednermusika%2Flogs%2Fconferencistasempresas.com%2Fhttp HTTP/2.0" 200 2657 "-" "Mozilla/5.0 AppleWebKit/537.36 (KHTML, like Gecko; compatible; ClaudeBot/1.0; +claudebot@anthropic.com)"
144.76.68.76 - - [30/Oct/2025:10:38:25 -0700] "GET /conferencias-edner/1-conferencia-ir-mas-alla-nuestra-conferencia-estrella-ideal-para-juntas-de-planeacion-y-reuniones-de-fijacion-de-objetivos/?fileloc=%2Fhome%2Fednermusika%2Felconferencista.com%2Fwp-includes%2Fclass-wp-walker.php&path=%2Fhome%2Fednermusika%2Felconferencista.com%2Fwp-includes HTTP/1.1" 200 6172 "-" "serpstatbot/2.1 (advanced backlink tracking bot; https://serpstatbot.com/; abuse@serpstatbot.com)"
144.76.68.76 - - [30/Oct/2025:10:38:39 -0700] "GET /conferencias-edner/1-conferencia-ir-mas-alla-nuestra-conferencia-estrella-ideal-para-juntas-de-planeacion-y-reuniones-de-fijacion-de-objetivos/?fileloc=%2Fhome%2Fednermusika%2Felconferencista.com%2Fwp-includes%2Fclass-wp-widget-factory.php&path=%2Fhome%2Fednermusika%2Felconferencista.com%2Fwp-includes HTTP/1.1" 200 4053 "-" "serpstatbot/2.1 (advanced backlink tracking bot; https://serpstatbot.com/; abuse@serpstatbot.com)"
144.76.68.76 - - [30/Oct/2025:10:38:50 -0700] "GET /conferencias-edner/1-conferencia-ir-mas-alla-nuestra-conferencia-estrella-ideal-para-juntas-de-planeacion-y-reuniones-de-fijacion-de-objetivos/?fileloc=%2Fhome%2Fednermusika%2Felconferencista.com%2Fwp-includes%2Fclass-wp-widget.php&path=%2Fhome%2Fednermusika%2Felconferencista.com%2Fwp-includes HTTP/1.1" 200 7556 "-" "serpstatbot/2.1 (advanced backlink tracking bot; https://serpstatbot.com/; abuse@serpstatbot.com)"
216.73.216.32 - - [30/Oct/2025:10:38:55 -0700] "GET /conferencias-edner?fileloc=%2Fhome%2Fednermusika%2Fednergranados.com%2Fgaleria_audios%2Fgad_1%2Fatrevete_a_sonar.mp3&path=%2Fhome%2Fednermusika%2Fednergranados.com%2Fgaleria_audios%2Fgad_1 HTTP/2.0" 200 3074033 "-" "Mozilla/5.0 AppleWebKit/537.36 (KHTML, like Gecko; compatible; ClaudeBot/1.0; +claudebot@anthropic.com)"
144.76.68.76 - - [30/Oct/2025:10:38:57 -0700] "GET /conferencias-edner/1-conferencia-ir-mas-alla-nuestra-conferencia-estrella-ideal-para-juntas-de-planeacion-y-reuniones-de-fijacion-de-objetivos/?fileloc=%2Fhome%2Fednermusika%2Felconferencista.com%2Fwp-includes%2Fclass-wp-xmlrpc-server.php&path=%2Fhome%2Fednermusika%2Felconferencista.com%2Fwp-includes HTTP/1.1" 200 42251 "-" "serpstatbot/2.1 (advanced backlink tracking bot; https://serpstatbot.com/; abuse@serpstatbot.com)"
216.73.216.32 - - [30/Oct/2025:10:38:58 -0700] "GET /conferencias-edner?fileloc=%2Fhome%2Fednermusika%2Fednergranados.com%2Fgaleria_audios%2Fgad_1%2Fotra.mp3&path=%2Fhome%2Fednermusika%2Fednergranados.com%2Fgaleria_audios%2Fgad_1 HTTP/2.0" 200 3074060 "-" "Mozilla/5.0 AppleWebKit/537.36 (KHTML, like Gecko; compatible; ClaudeBot/1.0; +claudebot@anthropic.com)"
216.73.216.32 - - [30/Oct/2025:10:39:01 -0700] "GET /conferencias-edner?fileloc=%2Fhome%2Fednermusika%2Fednergranados.com%2Ftestimonios%2Ftestimonio_8%2FNew-LALA-Logo-2+-+copia.jpg&path=%2Fhome%2Fednermusika%2Fednergranados.com%2Ftestimonios%2Ftestimonio_8 HTTP/2.0" 200 35042 "-" "Mozilla/5.0 AppleWebKit/537.36 (KHTML, like Gecko; compatible; ClaudeBot/1.0; +claudebot@anthropic.com)"
216.73.216.32 - - [30/Oct/2025:10:39:04 -0700] "GET /conferencias-edner?fileloc=%2Fhome%2Fednermusika%2Fednergranados.com%2Ftestimonios%2Ftestimonio_2%2Fantad.jpg&path=%2Fhome%2Fednermusika%2Fednergranados.com%2Ftestimonios%2Ftestimonio_2 HTTP/2.0" 200 13405 "-" "Mozilla/5.0 AppleWebKit/537.36 (KHTML, like Gecko; compatible; ClaudeBot/1.0; +claudebot@anthropic.com)"
144.76.68.76 - - [30/Oct/2025:10:39:06 -0700] "GET /conferencias-edner/1-conferencia-ir-mas-alla-nuestra-conferencia-estrella-ideal-para-juntas-de-planeacion-y-reuniones-de-fijacion-de-objetivos/?fileloc=%2Fhome%2Fednermusika%2Felconferencista.com%2Fwp-includes%2Fclass-wp.php&path=%2Fhome%2Fednermusika%2Felconferencista.com%2Fwp-includes HTTP/1.1" 200 10681 "-" "serpstatbot/2.1 (advanced backlink tracking bot; https://serpstatbot.com/; abuse@serpstatbot.com)"
15.235.98.233 - - [30/Oct/2025:10:39:13 -0700] "GET /?fileloc=//lib/locale/shn_MM/LC_COLLATE&path=//lib/locale/shn_MM HTTP/2.0" 200 401671 "-" "Mozilla/5.0 (compatible; AhrefsBot/7.0; +http://ahrefs.com/robot/)"
144.76.68.76 - - [30/Oct/2025:10:39:13 -0700] "GET /conferencias-edner/1-conferencia-ir-mas-alla-nuestra-conferencia-estrella-ideal-para-juntas-de-planeacion-y-reuniones-de-fijacion-de-objetivos/?fileloc=%2Fhome%2Fednermusika%2Felconferencista.com%2Fwp-includes%2Fclass-wpdb.php&path=%2Fhome%2Fednermusika%2Felconferencista.com%2Fwp-includes HTTP/1.1" 200 33627 "-" "serpstatbot/2.1 (advanced backlink tracking bot; https://serpstatbot.com/; abuse@serpstatbot.com)"
144.76.68.76 - - [30/Oct/2025:10:39:22 -0700] "GET /conferencias-edner/1-conferencia-ir-mas-alla-nuestra-conferencia-estrella-ideal-para-juntas-de-planeacion-y-reuniones-de-fijacion-de-objetivos/?fileloc=%2Fhome%2Fednermusika%2Felconferencista.com%2Fwp-includes%2Fclass.wp-dependencies.php&path=%2Fhome%2Fednermusika%2Felconferencista.com%2Fwp-includes HTTP/1.1" 200 3213 "-" "serpstatbot/2.1 (advanced backlink tracking bot; https://serpstatbot.com/; abuse@serpstatbot.com)"
144.76.68.76 - - [30/Oct/2025:10:39:30 -0700] "GET /conferencias-edner/1-conferencia-ir-mas-alla-nuestra-conferencia-estrella-ideal-para-juntas-de-planeacion-y-reuniones-de-fijacion-de-objetivos/?fileloc=%2Fhome%2Fednermusika%2Felconferencista.com%2Fwp-includes%2Fclass.wp-scripts.php&path=%2Fhome%2Fednermusika%2Felconferencista.com%2Fwp-includes HTTP/1.1" 200 3212 "-" "serpstatbot/2.1 (advanced backlink tracking bot; https://serpstatbot.com/; abuse@serpstatbot.com)"
216.73.216.32 - - [30/Oct/2025:10:39:33 -0700] "GET /conferencias-edner?fileloc=%2Fhome%2Fednermusika%2Fednergranados.com%2Ftestimonios%2Ftestimonio_5%2FContact+Forum+2013.jpg&path=%2Fhome%2Fednermusika%2Fednergranados.com%2Ftestimonios%2Ftestimonio_5 HTTP/2.0" 200 8845 "-" "Mozilla/5.0 AppleWebKit/537.36 (KHTML, like Gecko; compatible; ClaudeBot/1.0; +claudebot@anthropic.com)"
216.73.216.32 - - [30/Oct/2025:10:39:36 -0700] "GET /conferencias-edner?fileloc=%2Fhome%2Fednermusika%2Flogs%2Fconferencistasempresas.com%2Fhttp%2Faccess.log.2025-10-24.gz&path=%2Fhome%2Fednermusika%2Flogs%2Fconferencistasempresas.com%2Fhttp HTTP/2.0" 200 2658 "-" "Mozilla/5.0 AppleWebKit/537.36 (KHTML, like Gecko; compatible; ClaudeBot/1.0; +claudebot@anthropic.com)"
216.73.216.32 - - [30/Oct/2025:10:39:39 -0700] "GET /conferencias-edner?fileloc=%2Fhome%2Fednermusika%2Fednergranados.com%2Ftestimonios%2Ftestimonio_3%2Fgm.jpg&path=%2Fhome%2Fednermusika%2Fednergranados.com%2Ftestimonios%2Ftestimonio_3 HTTP/2.0" 200 9303 "-" "Mozilla/5.0 AppleWebKit/537.36 (KHTML, like Gecko; compatible; ClaudeBot/1.0; +claudebot@anthropic.com)"
144.76.68.76 - - [30/Oct/2025:10:39:39 -0700] "GET /conferencias-edner/1-conferencia-ir-mas-alla-nuestra-conferencia-estrella-ideal-para-juntas-de-planeacion-y-reuniones-de-fijacion-de-objetivos/?fileloc=%2Fhome%2Fednermusika%2Felconferencista.com%2Fwp-includes%2Fcomment-template.php&path=%2Fhome%2Fednermusika%2Felconferencista.com%2Fwp-includes HTTP/1.1" 200 25040 "-" "serpstatbot/2.1 (advanced backlink tracking bot; https://serpstatbot.com/; abuse@serpstatbot.com)"
216.73.216.32 - - [30/Oct/2025:10:39:42 -0700] "GET /conferencias-edner?fileloc=%2Fhome%2Fednermusika%2Fednergranados.com%2Ftestimonios%2Ftestimonio_8%2Ftn_New-LALA-Logo-2+-+copia.jpg&path=%2Fhome%2Fednermusika%2Fednergranados.com%2Ftestimonios%2Ftestimonio_8 HTTP/2.0" 200 12629 "-" "Mozilla/5.0 AppleWebKit/537.36 (KHTML, like Gecko; compatible; ClaudeBot/1.0; +claudebot@anthropic.com)"
144.76.68.76 - - [30/Oct/2025:10:39:48 -0700] "GET /conferencias-edner/1-conferencia-ir-mas-alla-nuestra-conferencia-estrella-ideal-para-juntas-de-planeacion-y-reuniones-de-fijacion-de-objetivos/?fileloc=%2Fhome%2Fednermusika%2Felconferencista.com%2Fwp-includes%2Fcomment.php&path=%2Fhome%2Fednermusika%2Felconferencista.com%2Fwp-includes HTTP/1.1" 200 34630 "-" "serpstatbot/2.1 (advanced backlink tracking bot; https://serpstatbot.com/; abuse@serpstatbot.com)"
144.76.68.76 - - [30/Oct/2025:10:39:57 -0700] "GET /conferencias-edner/1-conferencia-ir-mas-alla-nuestra-conferencia-estrella-ideal-para-juntas-de-planeacion-y-reuniones-de-fijacion-de-objetivos/?fileloc=%2Fhome%2Fednermusika%2Felconferencista.com%2Fwp-includes%2Fcompat.php&path=%2Fhome%2Fednermusika%2Felconferencista.com%2Fwp-includes HTTP/1.1" 200 6933 "-" "serpstatbot/2.1 (advanced backlink tracking bot; https://serpstatbot.com/; abuse@serpstatbot.com)"
144.76.68.76 - - [30/Oct/2025:10:40:06 -0700] "GET /conferencias-edner/1-conferencia-ir-mas-alla-nuestra-conferencia-estrella-ideal-para-juntas-de-planeacion-y-reuniones-de-fijacion-de-objetivos/?fileloc=%2Fhome%2Fednermusika%2Felconferencista.com%2Fwp-includes%2Fms-default-filters.php&path=%2Fhome%2Fednermusika%2Felconferencista.com%2Fwp-includes HTTP/1.1" 200 4848 "-" "serpstatbot/2.1 (advanced backlink tracking bot; https://serpstatbot.com/; abuse@serpstatbot.com)"
144.76.68.76 - - [30/Oct/2025:10:40:15 -0700] "GET /conferencias-edner/1-conferencia-ir-mas-alla-nuestra-conferencia-estrella-ideal-para-juntas-de-planeacion-y-reuniones-de-fijacion-de-objetivos/?fileloc=%2Fhome%2Fednermusika%2Felconferencista.com%2Fwp-includes%2Fms-deprecated.php&path=%2Fhome%2Fednermusika%2Felconferencista.com%2Fwp-includes HTTP/1.1" 200 12477 "-" "serpstatbot/2.1 (advanced backlink tracking bot; https://serpstatbot.com/; abuse@serpstatbot.com)"
167.114.139.241 - - [30/Oct/2025:10:40:22 -0700] "GET /?fileloc=//lib/locale/shn_MM/LC_ADDRESS&path=//lib/locale/shn_MM HTTP/2.0" 200 2809 "-" "Mozilla/5.0 (compatible; AhrefsBot/7.0; +http://ahrefs.com/robot/)"
144.76.68.76 - - [30/Oct/2025:10:40:25 -0700] "GET /conferencias-edner/1-conferencia-ir-mas-alla-nuestra-conferencia-estrella-ideal-para-juntas-de-planeacion-y-reuniones-de-fijacion-de-objetivos/?fileloc=%2Fhome%2Fednermusika%2Felconferencista.com%2Fwp-includes%2Fms-files.php&path=%2Fhome%2Fednermusika%2Felconferencista.com%2Fwp-includes HTTP/1.1" 200 4227 "-" "serpstatbot/2.1 (advanced backlink tracking bot; https://serpstatbot.com/; abuse@serpstatbot.com)"
144.76.68.76 - - [30/Oct/2025:10:40:34 -0700] "GET /conferencias-edner/1-conferencia-ir-mas-alla-nuestra-conferencia-estrella-ideal-para-juntas-de-planeacion-y-reuniones-de-fijacion-de-objetivos/?fileloc=%2Fhome%2Fednermusika%2Felconferencista.com%2Fwp-includes%2Fdefault-filters.php&path=%2Fhome%2Fednermusika%2Felconferencista.com%2Fwp-includes HTTP/1.1" 200 11918 "-" "serpstatbot/2.1 (advanced backlink tracking bot; https://serpstatbot.com/; abuse@serpstatbot.com)"
144.76.68.76 - - [30/Oct/2025:10:40:44 -0700] "GET /conferencias-edner/1-conferencia-ir-mas-alla-nuestra-conferencia-estrella-ideal-para-juntas-de-planeacion-y-reuniones-de-fijacion-de-objetivos/?fileloc=%2Fhome%2Fednermusika%2Felconferencista.com%2Fwp-includes%2Fdefault-widgets.php&path=%2Fhome%2Fednermusika%2Felconferencista.com%2Fwp-includes HTTP/1.1" 200 3494 "-" "serpstatbot/2.1 (advanced backlink tracking bot; https://serpstatbot.com/; abuse@serpstatbot.com)"
144.76.68.76 - - [30/Oct/2025:10:40:54 -0700] "GET /conferencias-edner/1-conferencia-ir-mas-alla-nuestra-conferencia-estrella-ideal-para-juntas-de-planeacion-y-reuniones-de-fijacion-de-objetivos/?fileloc=%2Fhome%2Fednermusika%2Felconferencista.com%2Fwp-includes%2Fdeprecated.php&path=%2Fhome%2Fednermusika%2Felconferencista.com%2Fwp-includes HTTP/1.1" 200 48476 "-" "serpstatbot/2.1 (advanced backlink tracking bot; https://serpstatbot.com/; abuse@serpstatbot.com)"
144.76.68.76 - - [30/Oct/2025:10:41:03 -0700] "GET /conferencias-edner/1-conferencia-ir-mas-alla-nuestra-conferencia-estrella-ideal-para-juntas-de-planeacion-y-reuniones-de-fijacion-de-objetivos/?fileloc=%2Fhome%2Fednermusika%2Felconferencista.com%2Fwp-includes%2Fembed-template.php&path=%2Fhome%2Fednermusika%2Felconferencista.com%2Fwp-includes HTTP/1.1" 200 3210 "-" "serpstatbot/2.1 (advanced backlink tracking bot; https://serpstatbot.com/; abuse@serpstatbot.com)"
144.76.68.76 - - [30/Oct/2025:10:41:14 -0700] "GET /conferencias-edner/1-conferencia-ir-mas-alla-nuestra-conferencia-estrella-ideal-para-juntas-de-planeacion-y-reuniones-de-fijacion-de-objetivos/?fileloc=%2Fhome%2Fednermusika%2Felconferencista.com%2Fwp-includes%2Fembed.php&path=%2Fhome%2Fednermusika%2Felconferencista.com%2Fwp-includes HTTP/1.1" 200 13665 "-" "serpstatbot/2.1 (advanced backlink tracking bot; https://serpstatbot.com/; abuse@serpstatbot.com)"
216.73.216.32 - - [30/Oct/2025:10:41:22 -0700] "GET /conferencias-edner?fileloc=%2Fhome%2Fednermusika%2Fednergranados.com%2Ftestimonios%2Ftestimonio_5%2Ftn_gm.jpg&path=%2Fhome%2Fednermusika%2Fednergranados.com%2Ftestimonios%2Ftestimonio_5 HTTP/2.0" 200 9647 "-" "Mozilla/5.0 AppleWebKit/537.36 (KHTML, like Gecko; compatible; ClaudeBot/1.0; +claudebot@anthropic.com)"
216.73.216.32 - - [30/Oct/2025:10:41:24 -0700] "GET /conferencias-edner?fileloc=%2Fhome%2Fednermusika%2Fednergranados.com%2Ftestimonios%2Ftestimonio_5%2Ftn_Contact+Forum+2013.jpg&path=%2Fhome%2Fednermusika%2Fednergranados.com%2Ftestimonios%2Ftestimonio_5 HTTP/2.0" 200 9247 "-" "Mozilla/5.0 AppleWebKit/537.36 (KHTML, like Gecko; compatible; ClaudeBot/1.0; +claudebot@anthropic.com)"
144.76.68.76 - - [30/Oct/2025:10:41:27 -0700] "GET /conferencias-edner/1-conferencia-ir-mas-alla-nuestra-conferencia-estrella-ideal-para-juntas-de-planeacion-y-reuniones-de-fijacion-de-objetivos/?fileloc=%2Fhome%2Fednermusika%2Felconferencista.com%2Fwp-includes%2Ferror-protection.php&path=%2Fhome%2Fednermusika%2Felconferencista.com%2Fwp-includes HTTP/1.1" 200 4473 "-" "serpstatbot/2.1 (advanced backlink tracking bot; https://serpstatbot.com/; abuse@serpstatbot.com)"
216.73.216.32 - - [30/Oct/2025:10:41:27 -0700] "GET /conferencias-edner?fileloc=%2Fhome%2Fednermusika%2Fednergranados.com%2Ftestimonios%2Ftestimonio_5%2Fgm.jpg&path=%2Fhome%2Fednermusika%2Fednergranados.com%2Ftestimonios%2Ftestimonio_5 HTTP/2.0" 200 9303 "-" "Mozilla/5.0 AppleWebKit/537.36 (KHTML, like Gecko; compatible; ClaudeBot/1.0; +claudebot@anthropic.com)"
216.73.216.32 - - [30/Oct/2025:10:41:30 -0700] "GET /conferencias-edner?fileloc=%2Fhome%2Fednermusika%2Fednergranados.com%2Ftestimonios%2Ftestimonio_3%2Ftn_gm.jpg&path=%2Fhome%2Fednermusika%2Fednergranados.com%2Ftestimonios%2Ftestimonio_3 HTTP/2.0" 200 9589 "-" "Mozilla/5.0 AppleWebKit/537.36 (KHTML, like Gecko; compatible; ClaudeBot/1.0; +claudebot@anthropic.com)"
144.76.68.76 - - [30/Oct/2025:10:41:39 -0700] "GET /conferencias-edner/1-conferencia-ir-mas-alla-nuestra-conferencia-estrella-ideal-para-juntas-de-planeacion-y-reuniones-de-fijacion-de-objetivos/?fileloc=%2Fhome%2Fednermusika%2Felconferencista.com%2Fwp-includes%2Ffeed-atom-comments.php&path=%2Fhome%2Fednermusika%2Felconferencista.com%2Fwp-includes HTTP/1.1" 200 4865 "-" "serpstatbot/2.1 (advanced backlink tracking bot; https://serpstatbot.com/; abuse@serpstatbot.com)"
167.114.139.247 - - [30/Oct/2025:10:41:40 -0700] "GET /?pilihan&path=//lib/locale/sm_WS HTTP/2.0" 200 3522 "-" "Mozilla/5.0 (compatible; AhrefsBot/7.0; +http://ahrefs.com/robot/)"
144.76.68.76 - - [30/Oct/2025:10:41:52 -0700] "GET /conferencias-edner/1-conferencia-ir-mas-alla-nuestra-conferencia-estrella-ideal-para-juntas-de-planeacion-y-reuniones-de-fijacion-de-objetivos/?fileloc=%2Fhome%2Fednermusika%2Felconferencista.com%2Fwp-includes%2Ffeed-atom.php&path=%2Fhome%2Fednermusika%2Felconferencista.com%2Fwp-includes HTTP/1.1" 200 4252 "-" "serpstatbot/2.1 (advanced backlink tracking bot; https://serpstatbot.com/; abuse@serpstatbot.com)"
144.76.68.76 - - [30/Oct/2025:10:42:07 -0700] "GET /conferencias-edner/1-conferencia-ir-mas-alla-nuestra-conferencia-estrella-ideal-para-juntas-de-planeacion-y-reuniones-de-fijacion-de-objetivos/?fileloc=%2Fhome%2Fednermusika%2Felconferencista.com%2Fwp-includes%2Ffeed-rdf.php&path=%2Fhome%2Fednermusika%2Felconferencista.com%2Fwp-includes HTTP/1.1" 200 4088 "-" "serpstatbot/2.1 (advanced backlink tracking bot; https://serpstatbot.com/; abuse@serpstatbot.com)"
216.73.216.32 - - [30/Oct/2025:10:42:10 -0700] "GET /sitemap.xml HTTP/2.0" 200 3388 "-" "Mozilla/5.0 AppleWebKit/537.36 (KHTML, like Gecko; compatible; ClaudeBot/1.0; +claudebot@anthropic.com)"
216.73.216.32 - - [30/Oct/2025:10:42:13 -0700] "GET /conferencias-edner?fileloc=%2Fhome%2Fednermusika%2Fednergranados.com%2Ftestimonios%2Ftestimonio_9%2Ftn_logo+claro.png&path=%2Fhome%2Fednermusika%2Fednergranados.com%2Ftestimonios%2Ftestimonio_9 HTTP/2.0" 200 3119 "-" "Mozilla/5.0 AppleWebKit/537.36 (KHTML, like Gecko; compatible; ClaudeBot/1.0; +claudebot@anthropic.com)"
216.73.216.32 - - [30/Oct/2025:10:42:16 -0700] "GET /conferencias-edner?fileloc=%2Fhome%2Fednermusika%2Fednergranados.com%2Ftestimonios%2Ftestimonio_9%2Ftn_logo+claro.jpg&path=%2Fhome%2Fednermusika%2Fednergranados.com%2Ftestimonios%2Ftestimonio_9 HTTP/2.0" 200 12223 "-" "Mozilla/5.0 AppleWebKit/537.36 (KHTML, like Gecko; compatible; ClaudeBot/1.0; +claudebot@anthropic.com)"
144.76.68.76 - - [30/Oct/2025:10:42:18 -0700] "GET /conferencias-edner/1-conferencia-ir-mas-alla-nuestra-conferencia-estrella-ideal-para-juntas-de-planeacion-y-reuniones-de-fijacion-de-objetivos/?fileloc=%2Fhome%2Fednermusika%2Felconferencista.com%2Fwp-includes%2Ffeed-rss.php&path=%2Fhome%2Fednermusika%2Felconferencista.com%2Fwp-includes HTTP/1.1" 200 3643 "-" "serpstatbot/2.1 (advanced backlink tracking bot; https://serpstatbot.com/; abuse@serpstatbot.com)"
216.73.216.32 - - [30/Oct/2025:10:42:19 -0700] "GET /conferencias-edner?fileloc=%2Fhome%2Fednermusika%2Fednergranados.com%2Ftestimonios%2Ftestimonio_4%2Ftn_grupo_deo.jpg&path=%2Fhome%2Fednermusika%2Fednergranados.com%2Ftestimonios%2Ftestimonio_4 HTTP/2.0" 200 11538 "-" "Mozilla/5.0 AppleWebKit/537.36 (KHTML, like Gecko; compatible; ClaudeBot/1.0; +claudebot@anthropic.com)"
114.119.148.103 - - [30/Oct/2025:10:42:18 -0700] "GET /7093638?products=0005911372 HTTP/1.1" 200 7840 "https://www.elconferencista.com/sitemap.xml" "Mozilla/5.0 (Linux; Android 7.0;) AppleWebKit/537.36 (KHTML, like Gecko) Mobile Safari/537.36 (compatible; PetalBot;+https://webmaster.petalsearch.com/site/petalbot)"
144.76.68.76 - - [30/Oct/2025:10:42:29 -0700] "GET /conferencias-edner/1-conferencia-ir-mas-alla-nuestra-conferencia-estrella-ideal-para-juntas-de-planeacion-y-reuniones-de-fijacion-de-objetivos/?fileloc=%2Fhome%2Fednermusika%2Felconferencista.com%2Fwp-includes%2Ffeed-rss2-comments.php&path=%2Fhome%2Fednermusika%2Felconferencista.com%2Fwp-includes HTTP/1.1" 200 4542 "-" "serpstatbot/2.1 (advanced backlink tracking bot; https://serpstatbot.com/; abuse@serpstatbot.com)"
144.76.68.76 - - [30/Oct/2025:10:42:41 -0700] "GET /conferencias-edner/1-conferencia-ir-mas-alla-nuestra-conferencia-estrella-ideal-para-juntas-de-planeacion-y-reuniones-de-fijacion-de-objetivos/?fileloc=%2Fhome%2Fednermusika%2Felconferencista.com%2Fwp-includes%2Ffeed-rss2.php&path=%2Fhome%2Fednermusika%2Felconferencista.com%2Fwp-includes HTTP/1.1" 200 4500 "-" "serpstatbot/2.1 (advanced backlink tracking bot; https://serpstatbot.com/; abuse@serpstatbot.com)"
216.73.216.32 - - [30/Oct/2025:10:42:42 -0700] "GET /conferencias-edner?fileloc=%2Fhome%2Fednermusika%2FMaildir%2Fnew%2F1717614833.V90aId9a1bda47M411442.pdx1-shared-a1-06&path=%2Fhome%2Fednermusika%2FMaildir%2Fnew HTTP/2.0" 200 4317 "-" "Mozilla/5.0 AppleWebKit/537.36 (KHTML, like Gecko; compatible; ClaudeBot/1.0; +claudebot@anthropic.com)"
216.73.216.32 - - [30/Oct/2025:10:42:45 -0700] "GET /conferencias-edner?fileloc=%2Fhome%2Fednermusika%2FMaildir%2Fnew%2F1716857339.V90aId9a12bac2M692078.pdx1-shared-a1-06&path=%2Fhome%2Fednermusika%2FMaildir%2Fnew HTTP/2.0" 200 7566 "-" "Mozilla/5.0 AppleWebKit/537.36 (KHTML, like Gecko; compatible; ClaudeBot/1.0; +claudebot@anthropic.com)"
216.73.216.32 - - [30/Oct/2025:10:42:48 -0700] "GET /conferencias-edner?fileloc=%2Fhome%2Fednermusika%2FMaildir%2Fnew%2F1704312518.V90aIdb3047b0dM25841.pdx1-shared-a1-06&path=%2Fhome%2Fednermusika%2FMaildir%2Fnew HTTP/2.0" 200 4545 "-" "Mozilla/5.0 AppleWebKit/537.36 (KHTML, like Gecko; compatible; ClaudeBot/1.0; +claudebot@anthropic.com)"
51.222.95.192 - - [30/Oct/2025:10:42:49 -0700] "GET /?path=//lib/locale/sm_WS/LC_MESSAGES HTTP/2.0" 200 2993 "-" "Mozilla/5.0 (compatible; AhrefsBot/7.0; +http://ahrefs.com/robot/)"
216.73.216.32 - - [30/Oct/2025:10:42:51 -0700] "GET /conferencias-edner?fileloc=%2Fhome%2Fednermusika%2Flogs%2Fconferencistasempresas.com%2Fhttp%2Fanalog_success&path=%2Fhome%2Fednermusika%2Flogs%2Fconferencistasempresas.com%2Fhttp HTTP/2.0" 200 7144 "-" "Mozilla/5.0 AppleWebKit/537.36 (KHTML, like Gecko; compatible; ClaudeBot/1.0; +claudebot@anthropic.com)"
144.76.68.76 - - [30/Oct/2025:10:42:51 -0700] "GET /conferencias-edner/1-conferencia-ir-mas-alla-nuestra-conferencia-estrella-ideal-para-juntas-de-planeacion-y-reuniones-de-fijacion-de-objetivos/?fileloc=%2Fhome%2Fednermusika%2Felconferencista.com%2Fwp-includes%2Ffeed.php&path=%2Fhome%2Fednermusika%2Felconferencista.com%2Fwp-includes HTTP/1.1" 200 9312 "-" "serpstatbot/2.1 (advanced backlink tracking bot; https://serpstatbot.com/; abuse@serpstatbot.com)"
216.73.216.32 - - [30/Oct/2025:10:42:54 -0700] "GET /conferencias-edner?path=%2Fhome%2Fednermusika%2Flogs%2Fconferencistasempresas.com%2Fhttp%2Fhtml HTTP/2.0" 200 3016 "-" "Mozilla/5.0 AppleWebKit/537.36 (KHTML, like Gecko; compatible; ClaudeBot/1.0; +claudebot@anthropic.com)"
144.76.68.76 - - [30/Oct/2025:10:43:02 -0700] "GET /conferencias-edner/1-conferencia-ir-mas-alla-nuestra-conferencia-estrella-ideal-para-juntas-de-planeacion-y-reuniones-de-fijacion-de-objetivos/?fileloc=%2Fhome%2Fednermusika%2Felconferencista.com%2Fwp-includes%2Ffonts.php&path=%2Fhome%2Fednermusika%2Felconferencista.com%2Fwp-includes HTTP/1.1" 200 5744 "-" "serpstatbot/2.1 (advanced backlink tracking bot; https://serpstatbot.com/; abuse@serpstatbot.com)"
144.76.68.76 - - [30/Oct/2025:10:43:16 -0700] "GET /conferencias-edner/1-conferencia-ir-mas-alla-nuestra-conferencia-estrella-ideal-para-juntas-de-planeacion-y-reuniones-de-fijacion-de-objetivos/?fileloc=%2Fhome%2Fednermusika%2Felconferencista.com%2Fwp-includes%2Fformatting.php&path=%2Fhome%2Fednermusika%2Felconferencista.com%2Fwp-includes HTTP/1.1" 200 77275 "-" "serpstatbot/2.1 (advanced backlink tracking bot; https://serpstatbot.com/; abuse@serpstatbot.com)"
144.76.68.76 - - [30/Oct/2025:10:43:29 -0700] "GET /conferencias-edner/1-conferencia-ir-mas-alla-nuestra-conferencia-estrella-ideal-para-juntas-de-planeacion-y-reuniones-de-fijacion-de-objetivos/?fileloc=%2Fhome%2Fednermusika%2Felconferencista.com%2Fwp-includes%2Ffunctions.php&path=%2Fhome%2Fednermusika%2Felconferencista.com%2Fwp-includes HTTP/1.1" 200 81691 "-" "serpstatbot/2.1 (advanced backlink tracking bot; https://serpstatbot.com/; abuse@serpstatbot.com)"
114.119.146.142 - - [30/Oct/2025:10:43:42 -0700] "GET /7092668?products=0005910563 HTTP/1.1" 200 7840 "https://www.elconferencista.com/sitemap.xml" "Mozilla/5.0 (Linux; Android 7.0;) AppleWebKit/537.36 (KHTML, like Gecko) Mobile Safari/537.36 (compatible; PetalBot;+https://webmaster.petalsearch.com/site/petalbot)"
144.76.68.76 - - [30/Oct/2025:10:43:42 -0700] "GET /conferencias-edner/1-conferencia-ir-mas-alla-nuestra-conferencia-estrella-ideal-para-juntas-de-planeacion-y-reuniones-de-fijacion-de-objetivos/?fileloc=%2Fhome%2Fednermusika%2Felconferencista.com%2Fwp-includes%2Ffunctions.wp-scripts.php&path=%2Fhome%2Fednermusika%2Felconferencista.com%2Fwp-includes HTTP/1.1" 200 7078 "-" "serpstatbot/2.1 (advanced backlink tracking bot; https://serpstatbot.com/; abuse@serpstatbot.com)"
144.76.68.76 - - [30/Oct/2025:10:43:52 -0700] "GET /conferencias-edner/1-conferencia-ir-mas-alla-nuestra-conferencia-estrella-ideal-para-juntas-de-planeacion-y-reuniones-de-fijacion-de-objetivos/?fileloc=%2Fhome%2Fednermusika%2Felconferencista.com%2Fwp-includes%2Ffunctions.wp-styles.php&path=%2Fhome%2Fednermusika%2Felconferencista.com%2Fwp-includes HTTP/1.1" 200 5373 "-" "serpstatbot/2.1 (advanced backlink tracking bot; https://serpstatbot.com/; abuse@serpstatbot.com)"
144.76.68.76 - - [30/Oct/2025:10:43:57 -0700] "GET /conferencias-edner/1-conferencia-ir-mas-alla-nuestra-conferencia-estrella-ideal-para-juntas-de-planeacion-y-reuniones-de-fijacion-de-objetivos/?fileloc=%2Fhome%2Fednermusika%2Felconferencista.com%2Fwp-includes%2Fgeneral-template.php&path=%2Fhome%2Fednermusika%2Felconferencista.com%2Fwp-includes HTTP/1.1" 200 43503 "-" "serpstatbot/2.1 (advanced backlink tracking bot; https://serpstatbot.com/; abuse@serpstatbot.com)"
144.76.68.76 - - [30/Oct/2025:10:44:04 -0700] "GET /conferencias-edner/1-conferencia-ir-mas-alla-nuestra-conferencia-estrella-ideal-para-juntas-de-planeacion-y-reuniones-de-fijacion-de-objetivos/?fileloc=%2Fhome%2Fednermusika%2Felconferencista.com%2Fwp-includes%2Fglobal-styles-and-settings.php&path=%2Fhome%2Fednermusika%2Felconferencista.com%2Fwp-includes HTTP/1.1" 200 8824 "-" "serpstatbot/2.1 (advanced backlink tracking bot; https://serpstatbot.com/; abuse@serpstatbot.com)"
144.76.68.76 - - [30/Oct/2025:10:44:10 -0700] "GET /conferencias-edner/1-conferencia-ir-mas-alla-nuestra-conferencia-estrella-ideal-para-juntas-de-planeacion-y-reuniones-de-fijacion-de-objetivos/?fileloc=%2Fhome%2Fednermusika%2Felconferencista.com%2Fwp-includes%2Fhttp.php&path=%2Fhome%2Fednermusika%2Felconferencista.com%2Fwp-includes HTTP/1.1" 200 8504 "-" "serpstatbot/2.1 (advanced backlink tracking bot; https://serpstatbot.com/; abuse@serpstatbot.com)"
144.76.68.76 - - [30/Oct/2025:10:44:18 -0700] "GET /conferencias-edner/1-conferencia-ir-mas-alla-nuestra-conferencia-estrella-ideal-para-juntas-de-planeacion-y-reuniones-de-fijacion-de-objetivos/?fileloc=%2Fhome%2Fednermusika%2Felconferencista.com%2Fwp-includes%2Fhttps-detection.php&path=%2Fhome%2Fednermusika%2Felconferencista.com%2Fwp-includes HTTP/1.1" 200 5036 "-" "serpstatbot/2.1 (advanced backlink tracking bot; https://serpstatbot.com/; abuse@serpstatbot.com)"
144.76.68.76 - - [30/Oct/2025:10:44:25 -0700] "GET /conferencias-edner/1-conferencia-ir-mas-alla-nuestra-conferencia-estrella-ideal-para-juntas-de-planeacion-y-reuniones-de-fijacion-de-objetivos/?fileloc=%2Fhome%2Fednermusika%2Felconferencista.com%2Fwp-includes%2Fhttps-migration.php&path=%2Fhome%2Fednermusika%2Felconferencista.com%2Fwp-includes HTTP/1.1" 200 4625 "-" "serpstatbot/2.1 (advanced backlink tracking bot; https://serpstatbot.com/; abuse@serpstatbot.com)"
144.76.68.76 - - [30/Oct/2025:10:44:32 -0700] "GET /conferencias-edner/1-conferencia-ir-mas-alla-nuestra-conferencia-estrella-ideal-para-juntas-de-planeacion-y-reuniones-de-fijacion-de-objetivos/?fileloc=%2Fhome%2Fednermusika%2Felconferencista.com%2Fwp-includes%2Fkses.php&path=%2Fhome%2Fednermusika%2Felconferencista.com%2Fwp-includes HTTP/1.1" 200 23119 "-" "serpstatbot/2.1 (advanced backlink tracking bot; https://serpstatbot.com/; abuse@serpstatbot.com)"
216.73.216.32 - - [30/Oct/2025:10:44:39 -0700] "GET /conferencias-edner?fileloc=%2Fhome%2Fednermusika%2Flogs%2Fconferencistasempresas.com%2Fhttp%2Ferror.log.2025-10-25.gz&path=%2Fhome%2Fednermusika%2Flogs%2Fconferencistasempresas.com%2Fhttp HTTP/2.0" 200 2717 "-" "Mozilla/5.0 AppleWebKit/537.36 (KHTML, like Gecko; compatible; ClaudeBot/1.0; +claudebot@anthropic.com)"
144.76.68.76 - - [30/Oct/2025:10:44:40 -0700] "GET /conferencias-edner/1-conferencia-ir-mas-alla-nuestra-conferencia-estrella-ideal-para-juntas-de-planeacion-y-reuniones-de-fijacion-de-objetivos/?fileloc=%2Fhome%2Fednermusika%2Felconferencista.com%2Fwp-includes%2Fl10n.php&path=%2Fhome%2Fednermusika%2Felconferencista.com%2Fwp-includes HTTP/1.1" 200 16613 "-" "serpstatbot/2.1 (advanced backlink tracking bot; https://serpstatbot.com/; abuse@serpstatbot.com)"
216.73.216.32 - - [30/Oct/2025:10:44:41 -0700] "GET /conferencias-edner?fileloc=%2Fhome%2Fednermusika%2Flogs%2Fconferencistasempresas.com%2Fhttp%2Ferror.log.2025-10-23.gz&path=%2Fhome%2Fednermusika%2Flogs%2Fconferencistasempresas.com%2Fhttp HTTP/2.0" 200 2656 "-" "Mozilla/5.0 AppleWebKit/537.36 (KHTML, like Gecko; compatible; ClaudeBot/1.0; +claudebot@anthropic.com)"
216.73.216.32 - - [30/Oct/2025:10:44:44 -0700] "GET /conferencias-edner?fileloc=%2Fhome%2Fednermusika%2Flogs%2Fconferencistasempresas.com%2Fhttp%2Ferror.log.2025-10-22.gz&path=%2Fhome%2Fednermusika%2Flogs%2Fconferencistasempresas.com%2Fhttp HTTP/2.0" 200 2660 "-" "Mozilla/5.0 AppleWebKit/537.36 (KHTML, like Gecko; compatible; ClaudeBot/1.0; +claudebot@anthropic.com)"
216.73.216.32 - - [30/Oct/2025:10:44:47 -0700] "GET /conferencias-edner?fileloc=%2Fhome%2Fednermusika%2Flogs%2Fconferencistasempresas.com%2Fhttp%2Ferror.log.2025-10-27.gz&path=%2Fhome%2Fednermusika%2Flogs%2Fconferencistasempresas.com%2Fhttp HTTP/2.0" 200 2659 "-" "Mozilla/5.0 AppleWebKit/537.36 (KHTML, like Gecko; compatible; ClaudeBot/1.0; +claudebot@anthropic.com)"
144.76.68.76 - - [30/Oct/2025:10:44:48 -0700] "GET /conferencias-edner/1-conferencia-ir-mas-alla-nuestra-conferencia-estrella-ideal-para-juntas-de-planeacion-y-reuniones-de-fijacion-de-objetivos/?fileloc=%2Fhome%2Fednermusika%2Felconferencista.com%2Fwp-includes%2Flink-template.php&path=%2Fhome%2Fednermusika%2Felconferencista.com%2Fwp-includes HTTP/1.1" 200 32092 "-" "serpstatbot/2.1 (advanced backlink tracking bot; https://serpstatbot.com/; abuse@serpstatbot.com)"
144.76.68.76 - - [30/Oct/2025:10:44:56 -0700] "GET /conferencias-edner/1-conferencia-ir-mas-alla-nuestra-conferencia-estrella-ideal-para-juntas-de-planeacion-y-reuniones-de-fijacion-de-objetivos/?fileloc=%2Fhome%2Fednermusika%2Felconferencista.com%2Fwp-includes%2Fload.php&path=%2Fhome%2Fednermusika%2Felconferencista.com%2Fwp-includes HTTP/1.1" 200 19124 "-" "serpstatbot/2.1 (advanced backlink tracking bot; https://serpstatbot.com/; abuse@serpstatbot.com)"
144.76.68.76 - - [30/Oct/2025:10:45:05 -0700] "GET /conferencias-edner/1-conferencia-ir-mas-alla-nuestra-conferencia-estrella-ideal-para-juntas-de-planeacion-y-reuniones-de-fijacion-de-objetivos/?fileloc=%2Fhome%2Fednermusika%2Felconferencista.com%2Fwp-includes%2Flocale.php&path=%2Fhome%2Fednermusika%2Felconferencista.com%2Fwp-includes HTTP/1.1" 200 3140 "-" "serpstatbot/2.1 (advanced backlink tracking bot; https://serpstatbot.com/; abuse@serpstatbot.com)"
144.76.68.76 - - [30/Oct/2025:10:45:15 -0700] "GET /conferencias-edner/1-conferencia-ir-mas-alla-nuestra-conferencia-estrella-ideal-para-juntas-de-planeacion-y-reuniones-de-fijacion-de-objetivos/?fileloc=%2Fhome%2Fednermusika%2Felconferencista.com%2Fwp-includes%2Fmedia-template.php&path=%2Fhome%2Fednermusika%2Felconferencista.com%2Fwp-includes HTTP/1.1" 200 18957 "-" "serpstatbot/2.1 (advanced backlink tracking bot; https://serpstatbot.com/; abuse@serpstatbot.com)"
67.220.94.81 - - [30/Oct/2025:10:45:17 -0700] "GET /_fragment?_path=flag%3D-1%26_controller%3Dphpcredits HTTP/1.1" 429 3798 "-" "Mozilla/5.0 (ZZ; Linux i686; rv:131.0) Gecko/20100101 Firefox/131.0"
216.73.216.32 - - [30/Oct/2025:10:45:20 -0700] "GET /conferencias-edner?fileloc=%2Fhome%2Fednermusika%2Flogs%2Fconferencistasempresas.com%2Fhttp%2Ferror.log.2025-10-21.gz&path=%2Fhome%2Fednermusika%2Flogs%2Fconferencistasempresas.com%2Fhttp HTTP/2.0" 200 2716 "-" "Mozilla/5.0 AppleWebKit/537.36 (KHTML, like Gecko; compatible; ClaudeBot/1.0; +claudebot@anthropic.com)"
216.73.216.32 - - [30/Oct/2025:10:45:23 -0700] "GET /conferencias-edner?fileloc=%2Fhome%2Fednermusika%2Flogs%2Fconferencistasempresas.com%2Fhttp%2Faccess.log.2025-10-28&path=%2Fhome%2Fednermusika%2Flogs%2Fconferencistasempresas.com%2Fhttp HTTP/2.0" 200 2623 "-" "Mozilla/5.0 AppleWebKit/537.36 (KHTML, like Gecko; compatible; ClaudeBot/1.0; +claudebot@anthropic.com)"
144.76.68.76 - - [30/Oct/2025:10:45:25 -0700] "GET /conferencias-edner/1-conferencia-ir-mas-alla-nuestra-conferencia-estrella-ideal-para-juntas-de-planeacion-y-reuniones-de-fijacion-de-objetivos/?fileloc=%2Fhome%2Fednermusika%2Felconferencista.com%2Fwp-includes%2Fmedia.php&path=%2Fhome%2Fednermusika%2Felconferencista.com%2Fwp-includes HTTP/1.1" 200 57331 "-" "serpstatbot/2.1 (advanced backlink tracking bot; https://serpstatbot.com/; abuse@serpstatbot.com)"
216.73.216.32 - - [30/Oct/2025:10:45:26 -0700] "GET /conferencias-edner?fileloc=%2Fhome%2Fednermusika%2FMaildir%2Fnew%2F1717971542.V90aId9a107480M853770.pdx1-shared-a1-06&path=%2Fhome%2Fednermusika%2FMaildir%2Fnew HTTP/2.0" 200 4327 "-" "Mozilla/5.0 AppleWebKit/537.36 (KHTML, like Gecko; compatible; ClaudeBot/1.0; +claudebot@anthropic.com)"
216.73.216.32 - - [30/Oct/2025:10:45:29 -0700] "GET /conferencias-edner?fileloc=%2Fhome%2Fednermusika%2FMaildir%2Fnew%2F1698914845.V90aIda7fd0743M964618.pdx1-shared-a1-06&path=%2Fhome%2Fednermusika%2FMaildir%2Fnew HTTP/2.0" 200 3981 "-" "Mozilla/5.0 AppleWebKit/537.36 (KHTML, like Gecko; compatible; ClaudeBot/1.0; +claudebot@anthropic.com)"
144.76.68.76 - - [30/Oct/2025:10:45:35 -0700] "GET /conferencias-edner/1-conferencia-ir-mas-alla-nuestra-conferencia-estrella-ideal-para-juntas-de-planeacion-y-reuniones-de-fijacion-de-objetivos/?fileloc=%2Fhome%2Fednermusika%2Felconferencista.com%2Fwp-includes%2Fmeta.php&path=%2Fhome%2Fednermusika%2Felconferencista.com%2Fwp-includes HTTP/1.1" 200 14550 "-" "serpstatbot/2.1 (advanced backlink tracking bot; https://serpstatbot.com/; abuse@serpstatbot.com)"
51.195.244.248 - - [30/Oct/2025:10:45:37 -0700] "GET /robots.txt HTTP/2.0" 200 278 "-" "Mozilla/5.0 (compatible; AhrefsBot/7.0; +http://ahrefs.com/robot/)"
54.39.0.176 - - [30/Oct/2025:10:45:41 -0700] "GET /?fileloc=//lib/locale/sm_WS/LC_TIME&path=//lib/locale/sm_WS HTTP/2.0" 200 3402 "-" "Mozilla/5.0 (compatible; AhrefsBot/7.0; +http://ahrefs.com/robot/)"
144.76.68.76 - - [30/Oct/2025:10:45:45 -0700] "GET /conferencias-edner/1-conferencia-ir-mas-alla-nuestra-conferencia-estrella-ideal-para-juntas-de-planeacion-y-reuniones-de-fijacion-de-objetivos/?fileloc=%2Fhome%2Fednermusika%2Felconferencista.com%2Fwp-includes%2Fms-blogs.php&path=%2Fhome%2Fednermusika%2Felconferencista.com%2Fwp-includes HTTP/1.1" 200 9461 "-" "serpstatbot/2.1 (advanced backlink tracking bot; https://serpstatbot.com/; abuse@serpstatbot.com)"
144.76.68.76 - - [30/Oct/2025:10:45:55 -0700] "GET /conferencias-edner/1-conferencia-ir-mas-alla-nuestra-conferencia-estrella-ideal-para-juntas-de-planeacion-y-reuniones-de-fijacion-de-objetivos/?fileloc=%2Fhome%2Fednermusika%2Felconferencista.com%2Fwp-includes%2Fms-default-constants.php&path=%2Fhome%2Fednermusika%2Felconferencista.com%2Fwp-includes HTTP/1.1" 200 4673 "-" "serpstatbot/2.1 (advanced backlink tracking bot; https://serpstatbot.com/; abuse@serpstatbot.com)"
216.73.216.32 - - [30/Oct/2025:10:45:56 -0700] "GET /conferencias-edner?fileloc=%2Fhome%2Fednermusika%2Fednergranados.com%2Fcss-old%2Fslider-fotografias.css&path=%2Fhome%2Fednermusika%2Fednergranados.com%2Fcss-old HTTP/2.0" 200 4029 "-" "Mozilla/5.0 AppleWebKit/537.36 (KHTML, like Gecko; compatible; ClaudeBot/1.0; +claudebot@anthropic.com)"
216.73.216.32 - - [30/Oct/2025:10:45:59 -0700] "GET /conferencias-edner?path=%2Fhome%2Fednermusika%2Fednergranados.com%2Fcss-old%2Fskin%2Fblue.monday HTTP/2.0" 200 3167 "-" "Mozilla/5.0 AppleWebKit/537.36 (KHTML, like Gecko; compatible; ClaudeBot/1.0; +claudebot@anthropic.com)"
216.73.216.32 - - [30/Oct/2025:10:46:02 -0700] "GET /conferencias-edner?path=%2Fhome%2Fednermusika%2Fednergranados.com%2Fvideo-html5%2Findex.files%2Fhtml5video HTTP/2.0" 200 3310 "-" "Mozilla/5.0 AppleWebKit/537.36 (KHTML, like Gecko; compatible; ClaudeBot/1.0; +claudebot@anthropic.com)"
216.73.216.32 - - [30/Oct/2025:10:46:05 -0700] "GET /conferencias-edner?path=%2Fhome%2Fednermusika%2Flogs%2Felconferencista.com%2Fhttps HTTP/2.0" 200 4122 "-" "Mozilla/5.0 AppleWebKit/537.36 (KHTML, like Gecko; compatible; ClaudeBot/1.0; +claudebot@anthropic.com)"
144.76.68.76 - - [30/Oct/2025:10:46:07 -0700] "GET /conferencias-edner/1-conferencia-ir-mas-alla-nuestra-conferencia-estrella-ideal-para-juntas-de-planeacion-y-reuniones-de-fijacion-de-objetivos/?fileloc=%2Fhome%2Fednermusika%2Felconferencista.com%2Fwp-includes%2Fcron.php&path=%2Fhome%2Fednermusika%2Felconferencista.com%2Fwp-includes HTTP/1.1" 200 11489 "-" "serpstatbot/2.1 (advanced backlink tracking bot; https://serpstatbot.com/; abuse@serpstatbot.com)"
216.73.216.32 - - [30/Oct/2025:10:46:08 -0700] "GET /conferencias-edner?fileloc=%2Fhome%2Fednermusika%2Fednergranados.com%2Fcss-old%2Festilos-ant.css&path=%2Fhome%2Fednermusika%2Fednergranados.com%2Fcss-old HTTP/2.0" 200 24970 "-" "Mozilla/5.0 AppleWebKit/537.36 (KHTML, like Gecko; compatible; ClaudeBot/1.0; +claudebot@anthropic.com)"
144.76.68.76 - - [30/Oct/2025:10:46:17 -0700] "GET /conferencias-edner/1-conferencia-ir-mas-alla-nuestra-conferencia-estrella-ideal-para-juntas-de-planeacion-y-reuniones-de-fijacion-de-objetivos/?fileloc=%2Fhome%2Fednermusika%2Felconferencista.com%2Fwp-includes%2Fdate.php&path=%2Fhome%2Fednermusika%2Felconferencista.com%2Fwp-includes HTTP/1.1" 200 3250 "-" "serpstatbot/2.1 (advanced backlink tracking bot; https://serpstatbot.com/; abuse@serpstatbot.com)"
