144.76.68.76 - - [30/Oct/2025:01:31:03 -0700] "GET /conferencias-edner/8-conferencia-de-la-vision-a-la-accion/?fileloc=%2Fhome%2Fednermusika%2Felconferencista.com%2Felconferencista.com-110922%2Findex.php&path=%2Fhome%2Fednermusika%2Felconferencista.com%2Felconferencista.com-110922 HTTP/1.1" 200 3265 "-" "serpstatbot/2.1 (advanced backlink tracking bot; https://serpstatbot.com/; abuse@serpstatbot.com)"
54.39.136.143 - - [30/Oct/2025:01:31:08 -0700] "GET /?fileloc=//bin/ppmspread&path=//bin HTTP/2.0" 200 5233 "-" "Mozilla/5.0 (compatible; AhrefsBot/7.0; +http://ahrefs.com/robot/)"
144.76.68.76 - - [30/Oct/2025:01:31:24 -0700] "GET /conferencias-edner/8-conferencia-de-la-vision-a-la-accion/?fileloc=%2Fhome%2Fednermusika%2Felconferencista.com%2Felconferencista.com-110922%2Fgoogle4d604973db497144.html&path=%2Fhome%2Fednermusika%2Felconferencista.com%2Felconferencista.com-110922 HTTP/1.1" 200 3054 "-" "serpstatbot/2.1 (advanced backlink tracking bot; https://serpstatbot.com/; abuse@serpstatbot.com)"
144.76.68.76 - - [30/Oct/2025:01:31:44 -0700] "GET /conferencias-edner/8-conferencia-de-la-vision-a-la-accion/?fileloc=%2Fhome%2Fednermusika%2Felconferencista.com%2Felconferencista.com-110922%2Ferror_log&path=%2Fhome%2Fednermusika%2Felconferencista.com%2Felconferencista.com-110922 HTTP/1.1" 200 21930 "-" "serpstatbot/2.1 (advanced backlink tracking bot; https://serpstatbot.com/; abuse@serpstatbot.com)"
15.235.96.229 - - [30/Oct/2025:01:31:44 -0700] "GET /?fileloc=//lib/libdmmp.so.0.2.0&path=//lib HTTP/2.0" 200 14776 "-" "Mozilla/5.0 (compatible; AhrefsBot/7.0; +http://ahrefs.com/robot/)"
144.76.68.76 - - [30/Oct/2025:01:32:01 -0700] "GET /conferencias-edner/8-conferencia-de-la-vision-a-la-accion/?fileloc=%2Fhome%2Fednermusika%2Felconferencista.com%2Felconferencista.com-110922%2F.htaccess&path=%2Fhome%2Fednermusika%2Felconferencista.com%2Felconferencista.com-110922 HTTP/1.1" 200 3851 "-" "serpstatbot/2.1 (advanced backlink tracking bot; https://serpstatbot.com/; abuse@serpstatbot.com)"
144.76.68.76 - - [30/Oct/2025:01:32:18 -0700] "GET /conferencias-edner/8-conferencia-de-la-vision-a-la-accion/?fileloc=%2Fhome%2Fednermusika%2Felconferencista.com%2F.well-known%2F.htaccess&path=%2Fhome%2Fednermusika%2Felconferencista.com%2F.well-known HTTP/1.1" 200 3126 "-" "serpstatbot/2.1 (advanced backlink tracking bot; https://serpstatbot.com/; abuse@serpstatbot.com)"
54.39.210.164 - - [30/Oct/2025:01:32:23 -0700] "GET /?fileloc=/home/ednermusika/elconferencista.com/wp-includes/class-wp-theme-json-schema.php&path=/home/ednermusika/elconferencista.com/wp-includes HTTP/2.0" 200 5042 "-" "Mozilla/5.0 (compatible; AhrefsBot/7.0; +http://ahrefs.com/robot/)"
144.76.68.76 - - [30/Oct/2025:01:32:35 -0700] "GET /conferencias-edner/8-conferencia-de-la-vision-a-la-accion/?fileloc=%2Fhome%2Fednermusika%2Felconferencista.com%2F.dh-diag%2Fdh-php-diags.php&path=%2Fhome%2Fednermusika%2Felconferencista.com%2F.dh-diag HTTP/1.1" 200 3990 "-" "serpstatbot/2.1 (advanced backlink tracking bot; https://serpstatbot.com/; abuse@serpstatbot.com)"
144.76.68.76 - - [30/Oct/2025:01:32:53 -0700] "GET /conferencias-edner/8-conferencia-de-la-vision-a-la-accion/?fileloc=%2Fhome%2Fednermusika%2F.cshrc&path=%2Fhome%2Fednermusika HTTP/1.1" 200 3267 "-" "serpstatbot/2.1 (advanced backlink tracking bot; https://serpstatbot.com/; abuse@serpstatbot.com)"
51.161.37.6 - - [30/Oct/2025:01:32:58 -0700] "GET /?fileloc=/home/ednermusika/elconferencista.com/wp-includes/class-wp-theme-json-resolver.php&path=/home/ednermusika/elconferencista.com/wp-includes HTTP/2.0" 200 11482 "-" "Mozilla/5.0 (compatible; AhrefsBot/7.0; +http://ahrefs.com/robot/)"
199.16.157.180 - - [30/Oct/2025:01:32:58 -0700] "GET /robots.txt HTTP/1.1" 200 3557 "-" "Twitterbot/1.0"
199.16.157.180 - - [30/Oct/2025:01:32:59 -0700] "GET / HTTP/1.1" 200 4479 "-" "Twitterbot/1.0"
144.76.68.76 - - [30/Oct/2025:01:33:10 -0700] "GET /conferencias-edner/8-conferencia-de-la-vision-a-la-accion/?fileloc=%2Fhome%2Fednermusika%2F.bashrc&path=%2Fhome%2Fednermusika HTTP/1.1" 200 3029 "-" "serpstatbot/2.1 (advanced backlink tracking bot; https://serpstatbot.com/; abuse@serpstatbot.com)"
144.76.68.76 - - [30/Oct/2025:01:33:26 -0700] "GET /conferencias-edner/8-conferencia-de-la-vision-a-la-accion/?fileloc=%2Fhome%2Fednermusika%2F.bash_profile&path=%2Fhome%2Fednermusika HTTP/1.1" 200 3059 "-" "serpstatbot/2.1 (advanced backlink tracking bot; https://serpstatbot.com/; abuse@serpstatbot.com)"
51.161.65.75 - - [30/Oct/2025:01:33:33 -0700] "GET /?fileloc=/home/ednermusika/elconferencista.com/wp-includes/class-wp-session-tokens.php&path=/home/ednermusika/elconferencista.com/wp-includes HTTP/2.0" 200 4547 "-" "Mozilla/5.0 (compatible; AhrefsBot/7.0; +http://ahrefs.com/robot/)"
15.235.96.93 - - [30/Oct/2025:01:34:12 -0700] "GET /?fileloc=/home/ednermusika/elconferencista.com/wp-includes/class-wp-query.php&path=/home/ednermusika/elconferencista.com/wp-includes HTTP/2.0" 200 36849 "-" "Mozilla/5.0 (compatible; AhrefsBot/7.0; +http://ahrefs.com/robot/)"
144.76.68.76 - - [30/Oct/2025:01:34:26 -0700] "GET /conferencias-edner/8-conferencia-de-la-vision-a-la-accion/?fileloc=%2Fhome%2Fednermusika%2F.bash_history&path=%2Fhome%2Fednermusika HTTP/1.1" 200 6648 "-" "serpstatbot/2.1 (advanced backlink tracking bot; https://serpstatbot.com/; abuse@serpstatbot.com)"
144.76.68.76 - - [30/Oct/2025:01:34:32 -0700] "GET /conferencias-edner/8-conferencia-de-la-vision-a-la-accion/?fileloc=%2Fhome%2Fednermusika%2F.alias&path=%2Fhome%2Fednermusika HTTP/1.1" 200 3188 "-" "serpstatbot/2.1 (advanced backlink tracking bot; https://serpstatbot.com/; abuse@serpstatbot.com)"
144.76.68.76 - - [30/Oct/2025:01:34:38 -0700] "GET /conferencias-edner/8-conferencia-de-la-vision-a-la-accion/?fileloc=%2F%2Fhs_err_pid3045002.log&path=%2F HTTP/1.1" 200 10842 "-" "serpstatbot/2.1 (advanced backlink tracking bot; https://serpstatbot.com/; abuse@serpstatbot.com)"
144.76.68.76 - - [30/Oct/2025:01:34:44 -0700] "GET /conferencias-edner/8-conferencia-de-la-vision-a-la-accion/?fileloc=%2F%2Fhs_err_pid297602.log&path=%2F HTTP/1.1" 200 11432 "-" "serpstatbot/2.1 (advanced backlink tracking bot; https://serpstatbot.com/; abuse@serpstatbot.com)"
144.76.68.76 - - [30/Oct/2025:01:34:50 -0700] "GET /conferencias-edner/8-conferencia-de-la-vision-a-la-accion/?fileloc=%2F%2Fhs_err_pid246538.log&path=%2F HTTP/1.1" 200 10690 "-" "serpstatbot/2.1 (advanced backlink tracking bot; https://serpstatbot.com/; abuse@serpstatbot.com)"
54.39.203.204 - - [30/Oct/2025:01:34:53 -0700] "GET /?fileloc=/home/ednermusika/elconferencista.com/wp-includes/class-wp-plugin-dependencies.php&path=/home/ednermusika/elconferencista.com/wp-includes HTTP/2.0" 200 7976 "-" "Mozilla/5.0 (compatible; AhrefsBot/7.0; +http://ahrefs.com/robot/)"
144.76.68.76 - - [30/Oct/2025:01:34:55 -0700] "GET /conferencias-edner/8-conferencia-de-la-vision-a-la-accion/?fileloc=%2F%2Fhs_err_pid1632882.log&path=%2F HTTP/1.1" 200 11483 "-" "serpstatbot/2.1 (advanced backlink tracking bot; https://serpstatbot.com/; abuse@serpstatbot.com)"
144.76.68.76 - - [30/Oct/2025:01:35:00 -0700] "GET /conferencias-edner/8-conferencia-de-la-vision-a-la-accion/?fileloc=%2F%2Fhs_err_pid135249.log&path=%2F HTTP/1.1" 200 11462 "-" "serpstatbot/2.1 (advanced backlink tracking bot; https://serpstatbot.com/; abuse@serpstatbot.com)"
144.76.68.76 - - [30/Oct/2025:01:35:05 -0700] "GET /conferencias-edner/8-conferencia-de-la-vision-a-la-accion/?fileloc=%2F%2Fcore&path=%2F HTTP/1.1" 200 2979 "-" "serpstatbot/2.1 (advanced backlink tracking bot; https://serpstatbot.com/; abuse@serpstatbot.com)"
144.76.68.76 - - [30/Oct/2025:01:35:10 -0700] "GET /conferencias-edner/8-conferencia-de-la-vision-a-la-accion/?fileloc=%2F%2F.critical_anomaly_score%7D%2Csetvar%3Atx.sql_injection_score%3D+%25%7Btx.critical_anomaly_score%7D&path=%2F HTTP/1.1" 200 3021 "-" "serpstatbot/2.1 (advanced backlink tracking bot; https://serpstatbot.com/; abuse@serpstatbot.com)"
144.76.68.76 - - [30/Oct/2025:01:35:15 -0700] "GET /conferencias-edner/7-conferencias-manejo-de-estres-estres-o-es-cuatro/?path=%2Fhome%2Fednermusika%2Fmusikaproducciones.com_202007271817 HTTP/1.1" 200 4056 "-" "serpstatbot/2.1 (advanced backlink tracking bot; https://serpstatbot.com/; abuse@serpstatbot.com)"
144.76.68.76 - - [30/Oct/2025:01:35:20 -0700] "GET /conferencias-edner/7-conferencias-manejo-de-estres-estres-o-es-cuatro/?path=%2Fhome%2Fednermusika%2Fmusikaproducciones.com HTTP/1.1" 200 4079 "-" "serpstatbot/2.1 (advanced backlink tracking bot; https://serpstatbot.com/; abuse@serpstatbot.com)"
144.76.68.76 - - [30/Oct/2025:01:35:25 -0700] "GET /conferencias-edner/7-conferencias-manejo-de-estres-estres-o-es-cuatro/?path=%2Fhome%2Fednermusika%2Flogs HTTP/1.1" 200 3685 "-" "serpstatbot/2.1 (advanced backlink tracking bot; https://serpstatbot.com/; abuse@serpstatbot.com)"
144.76.68.76 - - [30/Oct/2025:01:35:31 -0700] "GET /conferencias-edner/7-conferencias-manejo-de-estres-estres-o-es-cuatro/?path=%2Fhome%2Fednermusika%2Felconferencista.com%2Fwp-includes%2Fwidgets HTTP/1.1" 200 4234 "-" "serpstatbot/2.1 (advanced backlink tracking bot; https://serpstatbot.com/; abuse@serpstatbot.com)"
54.39.210.22 - - [30/Oct/2025:01:35:33 -0700] "GET /?fileloc=/home/ednermusika/elconferencista.com/wp-includes/class-wp-embed.php&path=/home/ednermusika/elconferencista.com/wp-includes HTTP/2.0" 200 7487 "-" "Mozilla/5.0 (compatible; AhrefsBot/7.0; +http://ahrefs.com/robot/)"
144.76.68.76 - - [30/Oct/2025:01:35:37 -0700] "GET /conferencias-edner/7-conferencias-manejo-de-estres-estres-o-es-cuatro/?path=%2Fhome%2Fednermusika%2Felconferencista.com%2Fwp-includes%2Ftheme-compat HTTP/1.1" 200 3758 "-" "serpstatbot/2.1 (advanced backlink tracking bot; https://serpstatbot.com/; abuse@serpstatbot.com)"
144.76.68.76 - - [30/Oct/2025:01:35:44 -0700] "GET /conferencias-edner/7-conferencias-manejo-de-estres-estres-o-es-cuatro/?path=%2Fhome%2Fednermusika%2Felconferencista.com%2Fwp-includes%2Fstyle-engine HTTP/1.1" 200 3640 "-" "serpstatbot/2.1 (advanced backlink tracking bot; https://serpstatbot.com/; abuse@serpstatbot.com)"
144.76.68.76 - - [30/Oct/2025:01:35:51 -0700] "GET /conferencias-edner/7-conferencias-manejo-de-estres-estres-o-es-cuatro/?path=%2Fhome%2Fednermusika%2Felconferencista.com%2Fwp-includes%2Fsodium_compat HTTP/1.1" 200 3763 "-" "serpstatbot/2.1 (advanced backlink tracking bot; https://serpstatbot.com/; abuse@serpstatbot.com)"
144.76.68.76 - - [30/Oct/2025:01:36:00 -0700] "GET /conferencias-edner/7-conferencias-manejo-de-estres-estres-o-es-cuatro/?path=%2Fhome%2Fednermusika%2Felconferencista.com%2Fwp-includes%2Fsitemaps HTTP/1.1" 200 3750 "-" "serpstatbot/2.1 (advanced backlink tracking bot; https://serpstatbot.com/; abuse@serpstatbot.com)"
144.76.68.76 - - [30/Oct/2025:01:36:10 -0700] "GET /conferencias-edner/7-conferencias-manejo-de-estres-estres-o-es-cuatro/?path=%2Fhome%2Fednermusika%2Felconferencista.com%2Fwp-includes%2Frest-api HTTP/1.1" 200 3732 "-" "serpstatbot/2.1 (advanced backlink tracking bot; https://serpstatbot.com/; abuse@serpstatbot.com)"
54.39.6.53 - - [30/Oct/2025:01:36:13 -0700] "GET /?fileloc=/home/ednermusika/elconferencista.com/wp-includes/class-wp-customize-panel.php&path=/home/ednermusika/elconferencista.com/wp-includes HTTP/2.0" 200 5802 "-" "Mozilla/5.0 (compatible; AhrefsBot/7.0; +http://ahrefs.com/robot/)"
66.33.200.4 - - [30/Oct/2025:01:36:21 -0700] "GET / HTTP/1.1" 301 3786 "-" "DreamHost Data Team (+http://www.dreamhost.com/support/)"
144.76.68.76 - - [30/Oct/2025:01:36:21 -0700] "GET /conferencias-edner/7-conferencias-manejo-de-estres-estres-o-es-cuatro/?path=%2Fhome%2Fednermusika%2Felconferencista.com%2Fwp-includes%2Fpomo HTTP/1.1" 200 3699 "-" "serpstatbot/2.1 (advanced backlink tracking bot; https://serpstatbot.com/; abuse@serpstatbot.com)"
66.33.200.4 - - [30/Oct/2025:01:36:24 -0700] "GET / HTTP/1.1" 200 7833 "-" "DreamHost Data Team (+http://www.dreamhost.com/support/)"
144.76.68.76 - - [30/Oct/2025:01:36:32 -0700] "GET /conferencias-edner/7-conferencias-manejo-de-estres-estres-o-es-cuatro/?path=%2Fhome%2Fednermusika%2Felconferencista.com%2Fwp-includes%2Fphp-compat HTTP/1.1" 200 3433 "-" "serpstatbot/2.1 (advanced backlink tracking bot; https://serpstatbot.com/; abuse@serpstatbot.com)"
216.73.216.32 - - [30/Oct/2025:01:36:38 -0700] "GET /robots.txt HTTP/2.0" 200 278 "-" "Mozilla/5.0 AppleWebKit/537.36 (KHTML, like Gecko; compatible; ClaudeBot/1.0; +claudebot@anthropic.com)"
216.73.216.32 - - [30/Oct/2025:01:36:39 -0700] "GET /conferencias-edner?path=%2Fhome%2Fednermusika%2F.wp-cli%2Fcache HTTP/2.0" 200 2968 "-" "Mozilla/5.0 AppleWebKit/537.36 (KHTML, like Gecko; compatible; ClaudeBot/1.0; +claudebot@anthropic.com)"
15.235.96.99 - - [30/Oct/2025:01:36:44 -0700] "GET /?fileloc=/home/ednermusika/elconferencista.com/wp-includes/class-wp-block-styles-registry.php&path=/home/ednermusika/elconferencista.com/wp-includes HTTP/2.0" 200 4388 "-" "Mozilla/5.0 (compatible; AhrefsBot/7.0; +http://ahrefs.com/robot/)"
144.76.68.76 - - [30/Oct/2025:01:36:46 -0700] "GET /conferencias-edner/7-conferencias-manejo-de-estres-estres-o-es-cuatro/?path=%2Fhome%2Fednermusika%2Felconferencista.com%2Fwp-includes%2Fl10n HTTP/1.1" 200 3648 "-" "serpstatbot/2.1 (advanced backlink tracking bot; https://serpstatbot.com/; abuse@serpstatbot.com)"
144.76.68.76 - - [30/Oct/2025:01:36:58 -0700] "GET /conferencias-edner/7-conferencias-manejo-de-estres-estres-o-es-cuatro/?path=%2Fhome%2Fednermusika%2Felconferencista.com%2Fwp-includes%2Fjs HTTP/1.1" 200 8253 "-" "serpstatbot/2.1 (advanced backlink tracking bot; https://serpstatbot.com/; abuse@serpstatbot.com)"
144.76.68.76 - - [30/Oct/2025:01:37:11 -0700] "GET /conferencias-edner/7-conferencias-manejo-de-estres-estres-o-es-cuatro/?path=%2Fhome%2Fednermusika%2Felconferencista.com%2Fwp-includes%2Finteractivity-api HTTP/1.1" 200 3542 "-" "serpstatbot/2.1 (advanced backlink tracking bot; https://serpstatbot.com/; abuse@serpstatbot.com)"
51.222.168.126 - - [30/Oct/2025:01:37:22 -0700] "GET /?fileloc=/home/ednermusika/elconferencista.com/wp-includes/class-wp-block-parser-block.php&path=/home/ednermusika/elconferencista.com/wp-includes HTTP/2.0" 200 3448 "-" "Mozilla/5.0 (compatible; AhrefsBot/7.0; +http://ahrefs.com/robot/)"
144.76.68.76 - - [30/Oct/2025:01:37:25 -0700] "GET /conferencias-edner/7-conferencias-manejo-de-estres-estres-o-es-cuatro/?path=%2Fhome%2Fednermusika%2Felconferencista.com%2Fwp-includes%2Fimages HTTP/1.1" 200 4670 "-" "serpstatbot/2.1 (advanced backlink tracking bot; https://serpstatbot.com/; abuse@serpstatbot.com)"
144.76.68.76 - - [30/Oct/2025:01:37:38 -0700] "GET /conferencias-edner/7-conferencias-manejo-de-estres-estres-o-es-cuatro/?path=%2Fhome%2Fednermusika%2Felconferencista.com%2Fwp-includes%2Fhtml-api HTTP/1.1" 200 4036 "-" "serpstatbot/2.1 (advanced backlink tracking bot; https://serpstatbot.com/; abuse@serpstatbot.com)"
144.76.68.76 - - [30/Oct/2025:01:37:51 -0700] "GET /conferencias-edner/7-conferencias-manejo-de-estres-estres-o-es-cuatro/?path=%2Fhome%2Fednermusika%2Felconferencista.com%2Fwp-includes%2Ffonts HTTP/1.1" 200 3879 "-" "serpstatbot/2.1 (advanced backlink tracking bot; https://serpstatbot.com/; abuse@serpstatbot.com)"
51.222.168.91 - - [30/Oct/2025:01:37:58 -0700] "GET /2022/09/29/ HTTP/2.0" 200 4326 "-" "Mozilla/5.0 (compatible; AhrefsBot/7.0; +http://ahrefs.com/robot/)"
144.76.68.76 - - [30/Oct/2025:01:38:02 -0700] "GET /conferencias-edner/7-conferencias-manejo-de-estres-estres-o-es-cuatro/?path=%2Fhome%2Fednermusika%2Felconferencista.com%2Fwp-includes%2Fcustomize HTTP/1.1" 200 4897 "-" "serpstatbot/2.1 (advanced backlink tracking bot; https://serpstatbot.com/; abuse@serpstatbot.com)"
144.76.68.76 - - [30/Oct/2025:01:38:13 -0700] "GET /conferencias-edner/7-conferencias-manejo-de-estres-estres-o-es-cuatro/?path=%2Fhome%2Fednermusika%2Felconferencista.com%2Fwp-includes%2Fcss HTTP/1.1" 200 5239 "-" "serpstatbot/2.1 (advanced backlink tracking bot; https://serpstatbot.com/; abuse@serpstatbot.com)"
144.76.68.76 - - [30/Oct/2025:01:38:23 -0700] "GET /conferencias-edner/7-conferencias-manejo-de-estres-estres-o-es-cuatro/?path=%2Fhome%2Fednermusika%2Felconferencista.com%2Fwp-includes%2Fcertificates HTTP/1.1" 200 3443 "-" "serpstatbot/2.1 (advanced backlink tracking bot; https://serpstatbot.com/; abuse@serpstatbot.com)"
144.76.68.76 - - [30/Oct/2025:01:38:33 -0700] "GET /conferencias-edner/7-conferencias-manejo-de-estres-estres-o-es-cuatro/?path=%2Fhome%2Fednermusika%2Felconferencista.com%2Fwp-includes%2Fblocks HTTP/1.1" 200 9861 "-" "serpstatbot/2.1 (advanced backlink tracking bot; https://serpstatbot.com/; abuse@serpstatbot.com)"
144.76.68.76 - - [30/Oct/2025:01:38:42 -0700] "GET /conferencias-edner/7-conferencias-manejo-de-estres-estres-o-es-cuatro/?path=%2Fhome%2Fednermusika%2Felconferencista.com%2Fwp-includes%2Fblock-supports HTTP/1.1" 200 4170 "-" "serpstatbot/2.1 (advanced backlink tracking bot; https://serpstatbot.com/; abuse@serpstatbot.com)"
144.76.68.76 - - [30/Oct/2025:01:38:51 -0700] "GET /conferencias-edner/7-conferencias-manejo-de-estres-estres-o-es-cuatro/?path=%2Fhome%2Fednermusika%2Felconferencista.com%2Fwp-includes%2Fblock-patterns HTTP/1.1" 200 3733 "-" "serpstatbot/2.1 (advanced backlink tracking bot; https://serpstatbot.com/; abuse@serpstatbot.com)"
144.76.68.76 - - [30/Oct/2025:01:38:55 -0700] "GET /conferencias-edner/7-conferencias-manejo-de-estres-estres-o-es-cuatro/?path=%2Fhome%2Fednermusika%2Felconferencista.com%2Fwp-includes%2Fblock-bindings HTTP/1.1" 200 3503 "-" "serpstatbot/2.1 (advanced backlink tracking bot; https://serpstatbot.com/; abuse@serpstatbot.com)"
144.76.68.76 - - [30/Oct/2025:01:39:00 -0700] "GET /conferencias-edner/7-conferencias-manejo-de-estres-estres-o-es-cuatro/?path=%2Fhome%2Fednermusika%2Felconferencista.com%2Fwp-includes%2Fassets HTTP/1.1" 200 3758 "-" "serpstatbot/2.1 (advanced backlink tracking bot; https://serpstatbot.com/; abuse@serpstatbot.com)"
144.76.68.76 - - [30/Oct/2025:01:39:06 -0700] "GET /conferencias-edner/7-conferencias-manejo-de-estres-estres-o-es-cuatro/?path=%2Fhome%2Fednermusika%2Felconferencista.com%2Fwp-includes%2FText HTTP/1.1" 200 3584 "-" "serpstatbot/2.1 (advanced backlink tracking bot; https://serpstatbot.com/; abuse@serpstatbot.com)"
144.76.68.76 - - [30/Oct/2025:01:39:11 -0700] "GET /conferencias-edner/7-conferencias-manejo-de-estres-estres-o-es-cuatro/?path=%2Fhome%2Fednermusika%2Felconferencista.com%2Fwp-includes%2FSimplePie HTTP/1.1" 200 3580 "-" "serpstatbot/2.1 (advanced backlink tracking bot; https://serpstatbot.com/; abuse@serpstatbot.com)"
144.76.68.76 - - [30/Oct/2025:01:39:17 -0700] "GET /conferencias-edner/7-conferencias-manejo-de-estres-estres-o-es-cuatro/?path=%2Fhome%2Fednermusika%2Felconferencista.com%2Fwp-includes%2FRequests HTTP/1.1" 200 3513 "-" "serpstatbot/2.1 (advanced backlink tracking bot; https://serpstatbot.com/; abuse@serpstatbot.com)"
144.76.68.76 - - [30/Oct/2025:01:39:22 -0700] "GET /conferencias-edner/7-conferencias-manejo-de-estres-estres-o-es-cuatro/?path=%2Fhome%2Fednermusika%2Felconferencista.com%2Fwp-includes%2FPHPMailer HTTP/1.1" 200 3539 "-" "serpstatbot/2.1 (advanced backlink tracking bot; https://serpstatbot.com/; abuse@serpstatbot.com)"
148.113.128.130 - - [30/Oct/2025:01:39:26 -0700] "GET /sitemap.xml HTTP/2.0" 200 3356 "-" "Mozilla/5.0 (compatible; AhrefsBot/7.0; +http://ahrefs.com/robot/)"
144.76.68.76 - - [30/Oct/2025:01:39:28 -0700] "GET /conferencias-edner/7-conferencias-manejo-de-estres-estres-o-es-cuatro/?path=%2Fhome%2Fednermusika%2Felconferencista.com%2Fwp-includes%2FIXR HTTP/1.1" 200 6854 "-" "serpstatbot/2.1 (advanced backlink tracking bot; https://serpstatbot.com/; abuse@serpstatbot.com)"
104.28.208.84 - - [30/Oct/2025:01:39:31 -0700] "GET /wp-login.php HTTP/1.1" 429 3799 "-" "Mozilla/5.0 (Windows NT 10.0; Win64; x64) AppleWebKit/537.36 (KHTML, like Gecko) Chrome/83.0.4103.61 Safari/537.36"
144.76.68.76 - - [30/Oct/2025:01:39:33 -0700] "GET /conferencias-edner/7-conferencias-manejo-de-estres-estres-o-es-cuatro/?path=%2Fhome%2Fednermusika%2Felconferencista.com%2Fwp-includes%2FID3 HTTP/1.1" 200 4253 "-" "serpstatbot/2.1 (advanced backlink tracking bot; https://serpstatbot.com/; abuse@serpstatbot.com)"
144.76.68.76 - - [30/Oct/2025:01:39:38 -0700] "GET /conferencias-edner/7-conferencias-manejo-de-estres-estres-o-es-cuatro/?path=%2Fhome%2Fednermusika%2Felconferencista.com%2Fwp-content%2Fuploads HTTP/1.1" 200 3808 "-" "serpstatbot/2.1 (advanced backlink tracking bot; https://serpstatbot.com/; abuse@serpstatbot.com)"
144.76.68.76 - - [30/Oct/2025:01:39:43 -0700] "GET /conferencias-edner/7-conferencias-manejo-de-estres-estres-o-es-cuatro/?path=%2Fhome%2Fednermusika%2Felconferencista.com%2Fwp-content%2Fupgrade-temp-backup HTTP/1.1" 200 3474 "-" "serpstatbot/2.1 (advanced backlink tracking bot; https://serpstatbot.com/; abuse@serpstatbot.com)"
144.76.68.76 - - [30/Oct/2025:01:39:48 -0700] "GET /conferencias-edner/7-conferencias-manejo-de-estres-estres-o-es-cuatro/?path=%2Fhome%2Fednermusika%2Felconferencista.com%2Fwp-content%2Fupgrade HTTP/1.1" 200 3087 "-" "serpstatbot/2.1 (advanced backlink tracking bot; https://serpstatbot.com/; abuse@serpstatbot.com)"
144.76.68.76 - - [30/Oct/2025:01:39:54 -0700] "GET /conferencias-edner/7-conferencias-manejo-de-estres-estres-o-es-cuatro/?path=%2Fhome%2Fednermusika%2Felconferencista.com%2Fwp-content%2Fthemes HTTP/1.1" 200 3570 "-" "serpstatbot/2.1 (advanced backlink tracking bot; https://serpstatbot.com/; abuse@serpstatbot.com)"
144.76.68.76 - - [30/Oct/2025:01:39:59 -0700] "GET /conferencias-edner/7-conferencias-manejo-de-estres-estres-o-es-cuatro/?path=%2Fhome%2Fednermusika%2Felconferencista.com%2Fwp-content%2Fplugins HTTP/1.1" 200 4175 "-" "serpstatbot/2.1 (advanced backlink tracking bot; https://serpstatbot.com/; abuse@serpstatbot.com)"
144.76.68.76 - - [30/Oct/2025:01:40:05 -0700] "GET /conferencias-edner/7-conferencias-manejo-de-estres-estres-o-es-cuatro/?path=%2Fhome%2Fednermusika%2Felconferencista.com%2Fwp-content%2Flitespeed HTTP/1.1" 200 3739 "-" "serpstatbot/2.1 (advanced backlink tracking bot; https://serpstatbot.com/; abuse@serpstatbot.com)"
144.76.68.76 - - [30/Oct/2025:01:40:11 -0700] "GET /conferencias-edner/7-conferencias-manejo-de-estres-estres-o-es-cuatro/?path=%2Fhome%2Fednermusika%2Felconferencista.com%2Fwp-content%2Flanguages HTTP/1.1" 200 7369 "-" "serpstatbot/2.1 (advanced backlink tracking bot; https://serpstatbot.com/; abuse@serpstatbot.com)"
144.76.68.76 - - [30/Oct/2025:01:40:17 -0700] "GET /conferencias-edner/7-conferencias-manejo-de-estres-estres-o-es-cuatro/?path=%2Fhome%2Fednermusika%2Felconferencista.com%2Fwp-content%2Fai1wm-backups HTTP/1.1" 200 3689 "-" "serpstatbot/2.1 (advanced backlink tracking bot; https://serpstatbot.com/; abuse@serpstatbot.com)"
144.76.68.76 - - [30/Oct/2025:01:40:23 -0700] "GET /conferencias-edner/7-conferencias-manejo-de-estres-estres-o-es-cuatro/?path=%2Fhome%2Fednermusika%2Felconferencista.com%2Fwp-admin%2Fuser HTTP/1.1" 200 3851 "-" "serpstatbot/2.1 (advanced backlink tracking bot; https://serpstatbot.com/; abuse@serpstatbot.com)"
144.76.68.76 - - [30/Oct/2025:01:40:30 -0700] "GET /conferencias-edner/7-conferencias-manejo-de-estres-estres-o-es-cuatro/?path=%2Fhome%2Fednermusika%2Felconferencista.com%2Fwp-admin%2Fnetwork HTTP/1.1" 200 4690 "-" "serpstatbot/2.1 (advanced backlink tracking bot; https://serpstatbot.com/; abuse@serpstatbot.com)"
216.73.216.32 - - [30/Oct/2025:01:40:34 -0700] "GET /conferencias-edner?fileloc=%2Fhome%2Fednermusika%2Fednergranados.com%2Findex.php&path=%2Fhome%2Fednermusika%2Fednergranados.com HTTP/2.0" 200 6529 "-" "Mozilla/5.0 AppleWebKit/537.36 (KHTML, like Gecko; compatible; ClaudeBot/1.0; +claudebot@anthropic.com)"
216.73.216.32 - - [30/Oct/2025:01:40:37 -0700] "GET /conferencias-edner?fileloc=%2Fhome%2Fednermusika%2Fednergranados.com%2Festilo.php&path=%2Fhome%2Fednermusika%2Fednergranados.com HTTP/2.0" 200 4892 "-" "Mozilla/5.0 AppleWebKit/537.36 (KHTML, like Gecko; compatible; ClaudeBot/1.0; +claudebot@anthropic.com)"
144.76.68.76 - - [30/Oct/2025:01:40:38 -0700] "GET /conferencias-edner/7-conferencias-manejo-de-estres-estres-o-es-cuatro/?path=%2Fhome%2Fednermusika%2Felconferencista.com%2Fwp-admin%2Fmaint HTTP/1.1" 200 3433 "-" "serpstatbot/2.1 (advanced backlink tracking bot; https://serpstatbot.com/; abuse@serpstatbot.com)"
216.73.216.32 - - [30/Oct/2025:01:40:40 -0700] "GET /conferencias-edner?path=%2Fhome%2Fednermusika%2Fednergranados.com%2F_mmServerScripts HTTP/2.0" 200 3093 "-" "Mozilla/5.0 AppleWebKit/537.36 (KHTML, like Gecko; compatible; ClaudeBot/1.0; +claudebot@anthropic.com)"
216.73.216.32 - - [30/Oct/2025:01:40:43 -0700] "GET /conferencias-edner?fileloc=%2Fhome%2Fednermusika%2FWWW.CONFERENCISTASEMPRESAS.COM%2Ffavicon.gif&path=%2Fhome%2Fednermusika%2FWWW.CONFERENCISTASEMPRESAS.COM HTTP/2.0" 200 2604 "-" "Mozilla/5.0 AppleWebKit/537.36 (KHTML, like Gecko; compatible; ClaudeBot/1.0; +claudebot@anthropic.com)"
216.73.216.32 - - [30/Oct/2025:01:40:46 -0700] "GET /conferencias-edner?fileloc=%2Fhome%2Fednermusika%2FWWW.CONFERENCISTASEMPRESAS.COM%2Ffavicon.ico&path=%2Fhome%2Fednermusika%2FWWW.CONFERENCISTASEMPRESAS.COM HTTP/2.0" 200 2603 "-" "Mozilla/5.0 AppleWebKit/537.36 (KHTML, like Gecko; compatible; ClaudeBot/1.0; +claudebot@anthropic.com)"
144.76.68.76 - - [30/Oct/2025:01:40:48 -0700] "GET /conferencias-edner/7-conferencias-manejo-de-estres-estres-o-es-cuatro/?path=%2Fhome%2Fednermusika%2Felconferencista.com%2Fwp-admin%2Fjs HTTP/1.1" 200 7594 "-" "serpstatbot/2.1 (advanced backlink tracking bot; https://serpstatbot.com/; abuse@serpstatbot.com)"
216.73.216.32 - - [30/Oct/2025:01:40:49 -0700] "GET /conferencias-edner?fileloc=%2Fhome%2Fednermusika%2Fednergranados.com%2Flibro.php&path=%2Fhome%2Fednermusika%2Fednergranados.com HTTP/2.0" 200 4931 "-" "Mozilla/5.0 AppleWebKit/537.36 (KHTML, like Gecko; compatible; ClaudeBot/1.0; +claudebot@anthropic.com)"
216.73.216.32 - - [30/Oct/2025:01:40:58 -0700] "GET /conferencias-edner?path=%2Fhome%2Fednermusika%2Fmusikaproducciones.com%2FScripts HTTP/2.0" 200 2995 "-" "Mozilla/5.0 AppleWebKit/537.36 (KHTML, like Gecko; compatible; ClaudeBot/1.0; +claudebot@anthropic.com)"
144.76.68.76 - - [30/Oct/2025:01:41:00 -0700] "GET /conferencias-edner/7-conferencias-manejo-de-estres-estres-o-es-cuatro/?path=%2Fhome%2Fednermusika%2Felconferencista.com%2Fwp-admin%2Fincludes HTTP/1.1" 200 8298 "-" "serpstatbot/2.1 (advanced backlink tracking bot; https://serpstatbot.com/; abuse@serpstatbot.com)"
216.73.216.32 - - [30/Oct/2025:01:41:01 -0700] "GET /conferencias-edner?fileloc=%2Fhome%2Fednermusika%2Fednergranados.com%2Fvideos-celular.php&path=%2Fhome%2Fednermusika%2Fednergranados.com HTTP/2.0" 200 4372 "-" "Mozilla/5.0 AppleWebKit/537.36 (KHTML, like Gecko; compatible; ClaudeBot/1.0; +claudebot@anthropic.com)"
216.73.216.32 - - [30/Oct/2025:01:41:04 -0700] "GET /conferencias-edner?path=%2Fhome%2Fednermusika%2F.php%2F7.0 HTTP/2.0" 200 2957 "-" "Mozilla/5.0 AppleWebKit/537.36 (KHTML, like Gecko; compatible; ClaudeBot/1.0; +claudebot@anthropic.com)"
216.73.216.32 - - [30/Oct/2025:01:41:07 -0700] "GET /conferencias-edner?fileloc=%2Fhome%2Fednermusika%2Fednergranados.com%2Fconferencista.php&path=%2Fhome%2Fednermusika%2Fednergranados.com HTTP/2.0" 200 4482 "-" "Mozilla/5.0 AppleWebKit/537.36 (KHTML, like Gecko; compatible; ClaudeBot/1.0; +claudebot@anthropic.com)"
216.73.216.32 - - [30/Oct/2025:01:41:10 -0700] "GET /conferencias-edner?path=%2Fhome%2Fednermusika%2Fednergranados.com%2Fincludes HTTP/2.0" 200 3808 "-" "Mozilla/5.0 AppleWebKit/537.36 (KHTML, like Gecko; compatible; ClaudeBot/1.0; +claudebot@anthropic.com)"
216.73.216.32 - - [30/Oct/2025:01:41:13 -0700] "GET /conferencias-edner?fileloc=%2Fhome%2Fednermusika%2Fednergranados.com%2Fdescargar.php&path=%2Fhome%2Fednermusika%2Fednergranados.com HTTP/2.0" 200 2999 "-" "Mozilla/5.0 AppleWebKit/537.36 (KHTML, like Gecko; compatible; ClaudeBot/1.0; +claudebot@anthropic.com)"
144.76.68.76 - - [30/Oct/2025:01:41:16 -0700] "GET /conferencias-edner/7-conferencias-manejo-de-estres-estres-o-es-cuatro/?path=%2Fhome%2Fednermusika%2Felconferencista.com%2Fwp-admin%2Fimages HTTP/1.1" 200 6764 "-" "serpstatbot/2.1 (advanced backlink tracking bot; https://serpstatbot.com/; abuse@serpstatbot.com)"
216.73.216.32 - - [30/Oct/2025:01:41:16 -0700] "GET /conferencias-edner?fileloc=%2Fhome%2Fednermusika%2Fednergranados.com%2Fagencias-enviar.php&path=%2Fhome%2Fednermusika%2Fednergranados.com HTTP/2.0" 200 3318 "-" "Mozilla/5.0 AppleWebKit/537.36 (KHTML, like Gecko; compatible; ClaudeBot/1.0; +claudebot@anthropic.com)"
216.73.216.32 - - [30/Oct/2025:01:41:19 -0700] "GET /conferencias-edner?fileloc=%2Fhome%2Fednermusika%2Fednergranados.com%2Fcontacto-enviado.php&path=%2Fhome%2Fednermusika%2Fednergranados.com HTTP/2.0" 200 4628 "-" "Mozilla/5.0 AppleWebKit/537.36 (KHTML, like Gecko; compatible; ClaudeBot/1.0; +claudebot@anthropic.com)"
216.73.216.32 - - [30/Oct/2025:01:41:22 -0700] "GET /conferencias-edner?fileloc=%2Fhome%2Fednermusika%2Fednergranados.com%2Fvideos-ver.php&path=%2Fhome%2Fednermusika%2Fednergranados.com HTTP/2.0" 200 5399 "-" "Mozilla/5.0 AppleWebKit/537.36 (KHTML, like Gecko; compatible; ClaudeBot/1.0; +claudebot@anthropic.com)"
144.76.68.76 - - [30/Oct/2025:01:41:32 -0700] "GET /conferencias-edner/7-conferencias-manejo-de-estres-estres-o-es-cuatro/?path=%2Fhome%2Fednermusika%2Felconferencista.com%2Fwp-admin%2Fcss HTTP/1.1" 200 7324 "-" "serpstatbot/2.1 (advanced backlink tracking bot; https://serpstatbot.com/; abuse@serpstatbot.com)"
144.76.68.76 - - [30/Oct/2025:01:41:47 -0700] "GET /conferencias-edner/7-conferencias-manejo-de-estres-estres-o-es-cuatro/?path=%2Fhome%2Fednermusika%2Felconferencista.com%2Fimages%2Fimages HTTP/1.1" 200 3634 "-" "serpstatbot/2.1 (advanced backlink tracking bot; https://serpstatbot.com/; abuse@serpstatbot.com)"
54.39.136.105 - - [30/Oct/2025:01:41:53 -0700] "GET /?pilihan&path=//lib/locale HTTP/2.0" 200 16923 "-" "Mozilla/5.0 (compatible; AhrefsBot/7.0; +http://ahrefs.com/robot/)"
144.76.68.76 - - [30/Oct/2025:01:42:00 -0700] "GET /conferencias-edner/7-conferencias-manejo-de-estres-estres-o-es-cuatro/?path=%2Fhome%2Fednermusika%2Felconferencista.com%2Felconferencista.com-110922%2Fwp-includes HTTP/1.1" 200 11686 "-" "serpstatbot/2.1 (advanced backlink tracking bot; https://serpstatbot.com/; abuse@serpstatbot.com)"
144.76.68.76 - - [30/Oct/2025:01:42:12 -0700] "GET /conferencias-edner/7-conferencias-manejo-de-estres-estres-o-es-cuatro/?path=%2Fhome%2Fednermusika%2Felconferencista.com%2Felconferencista.com-110922%2Fwp-content HTTP/1.1" 200 4097 "-" "serpstatbot/2.1 (advanced backlink tracking bot; https://serpstatbot.com/; abuse@serpstatbot.com)"
144.76.68.76 - - [30/Oct/2025:01:42:24 -0700] "GET /conferencias-edner/7-conferencias-manejo-de-estres-estres-o-es-cuatro/?path=%2Fhome%2Fednermusika%2Felconferencista.com%2Felconferencista.com-110922%2Fwp-admin HTTP/1.1" 200 7275 "-" "serpstatbot/2.1 (advanced backlink tracking bot; https://serpstatbot.com/; abuse@serpstatbot.com)"
199.16.157.181 - - [30/Oct/2025:01:42:30 -0700] "GET / HTTP/1.1" 200 7602 "-" "Twitterbot/1.0"
144.76.68.76 - - [30/Oct/2025:01:42:36 -0700] "GET /conferencias-edner/7-conferencias-manejo-de-estres-estres-o-es-cuatro/?path=%2Fhome%2Fednermusika%2Felconferencista.com%2Felconferencista.com-110922%2Frespaldo_sitio HTTP/1.1" 200 6623 "-" "serpstatbot/2.1 (advanced backlink tracking bot; https://serpstatbot.com/; abuse@serpstatbot.com)"
144.76.68.76 - - [30/Oct/2025:01:42:48 -0700] "GET /conferencias-edner/7-conferencias-manejo-de-estres-estres-o-es-cuatro/?path=%2Fhome%2Fednermusika%2Felconferencista.com%2Felconferencista.com-110922%2F.well-known HTTP/1.1" 200 3357 "-" "serpstatbot/2.1 (advanced backlink tracking bot; https://serpstatbot.com/; abuse@serpstatbot.com)"
144.76.68.76 - - [30/Oct/2025:01:43:00 -0700] "GET /conferencias-edner/7-conferencias-manejo-de-estres-estres-o-es-cuatro/?path=%2Fhome%2Fednermusika%2Felconferencista.com%2F.well-known%2Facme-challenge HTTP/1.1" 200 3373 "-" "serpstatbot/2.1 (advanced backlink tracking bot; https://serpstatbot.com/; abuse@serpstatbot.com)"
194.5.82.166 - - [30/Oct/2025:01:43:05 -0700] "GET / HTTP/2.0" 200 4326 "http://elconferencista.com/" "Go-http-client/2.0"
194.5.82.166 - - [30/Oct/2025:01:43:05 -0700] "GET /wp-includes/css/buttons.css HTTP/2.0" 200 2644 "http://elconferencista.com/wp-includes/css/buttons.css" "Go-http-client/2.0"
144.76.68.76 - - [30/Oct/2025:01:43:10 -0700] "GET /conferencias-edner/7-conferencias-manejo-de-estres-estres-o-es-cuatro/?path=%2Fhome%2Fednermusika%2Felconferencista.com%2F.dh-diag%2Fdiag HTTP/1.1" 200 3469 "-" "serpstatbot/2.1 (advanced backlink tracking bot; https://serpstatbot.com/; abuse@serpstatbot.com)"
144.76.68.76 - - [30/Oct/2025:01:43:21 -0700] "GET /conferencias-edner/7-conferencias-manejo-de-estres-estres-o-es-cuatro/?path=%2Fhome%2Fednermusika%2Fednergranados.com HTTP/1.1" 200 6031 "-" "serpstatbot/2.1 (advanced backlink tracking bot; https://serpstatbot.com/; abuse@serpstatbot.com)"
216.73.216.32 - - [30/Oct/2025:01:43:21 -0700] "GET /conferencias-edner?path=%2Fhome%2Fednermusika%2F.php%2F8.4 HTTP/2.0" 200 3009 "-" "Mozilla/5.0 AppleWebKit/537.36 (KHTML, like Gecko; compatible; ClaudeBot/1.0; +claudebot@anthropic.com)"
216.73.216.32 - - [30/Oct/2025:01:43:24 -0700] "GET /conferencias-edner?path=%2Fhome%2Fednermusika%2F.php%2F5.5 HTTP/2.0" 200 2952 "-" "Mozilla/5.0 AppleWebKit/537.36 (KHTML, like Gecko; compatible; ClaudeBot/1.0; +claudebot@anthropic.com)"
216.73.216.32 - - [30/Oct/2025:01:43:27 -0700] "GET /conferencias-edner?path=%2Fhome%2Fednermusika%2F.php%2F8.3 HTTP/2.0" 200 2952 "-" "Mozilla/5.0 AppleWebKit/537.36 (KHTML, like Gecko; compatible; ClaudeBot/1.0; +claudebot@anthropic.com)"
216.73.216.32 - - [30/Oct/2025:01:43:30 -0700] "GET /conferencias-edner?path=%2Fhome%2Fednermusika%2F.php%2F5.6 HTTP/2.0" 200 2952 "-" "Mozilla/5.0 AppleWebKit/537.36 (KHTML, like Gecko; compatible; ClaudeBot/1.0; +claudebot@anthropic.com)"
144.76.68.76 - - [30/Oct/2025:01:43:31 -0700] "GET /conferencias-edner/7-conferencias-manejo-de-estres-estres-o-es-cuatro/?path=%2Fhome%2Fednermusika%2FWWW.CONFERENCISTASEMPRESAS.COM HTTP/1.1" 200 3688 "-" "serpstatbot/2.1 (advanced backlink tracking bot; https://serpstatbot.com/; abuse@serpstatbot.com)"
216.73.216.32 - - [30/Oct/2025:01:43:33 -0700] "GET /conferencias-edner?path=%2Fhome%2Fednermusika%2F.php%2F5.4 HTTP/2.0" 200 2632 "-" "Mozilla/5.0 AppleWebKit/537.36 (KHTML, like Gecko; compatible; ClaudeBot/1.0; +claudebot@anthropic.com)"
216.73.216.32 - - [30/Oct/2025:01:43:36 -0700] "GET /conferencias-edner?fileloc=%2Fhome%2Fednermusika%2F.cache%2Fmotd.legal-displayed&path=%2Fhome%2Fednermusika%2F.cache HTTP/2.0" 200 2580 "-" "Mozilla/5.0 AppleWebKit/537.36 (KHTML, like Gecko; compatible; ClaudeBot/1.0; +claudebot@anthropic.com)"
216.73.216.32 - - [30/Oct/2025:01:43:39 -0700] "GET /conferencias-edner?path=%2Fhome%2Fednermusika%2F.php%2F5.3 HTTP/2.0" 200 2632 "-" "Mozilla/5.0 AppleWebKit/537.36 (KHTML, like Gecko; compatible; ClaudeBot/1.0; +claudebot@anthropic.com)"
144.76.68.76 - - [30/Oct/2025:01:43:41 -0700] "GET /conferencias-edner/7-conferencias-manejo-de-estres-estres-o-es-cuatro/?path=%2Fhome%2Fednermusika%2FMaildir HTTP/1.1" 200 3387 "-" "serpstatbot/2.1 (advanced backlink tracking bot; https://serpstatbot.com/; abuse@serpstatbot.com)"
216.73.216.32 - - [30/Oct/2025:01:43:42 -0700] "GET /conferencias-edner?path=%2Fhome%2Fednermusika%2Fednergranados.com%2Fcss HTTP/2.0" 200 3406 "-" "Mozilla/5.0 AppleWebKit/537.36 (KHTML, like Gecko; compatible; ClaudeBot/1.0; +claudebot@anthropic.com)"
216.73.216.32 - - [30/Oct/2025:01:43:45 -0700] "GET /conferencias-edner?path=%2Fhome%2Fednermusika%2F.php%2F8.0 HTTP/2.0" 200 2957 "-" "Mozilla/5.0 AppleWebKit/537.36 (KHTML, like Gecko; compatible; ClaudeBot/1.0; +claudebot@anthropic.com)"
144.76.68.76 - - [30/Oct/2025:01:43:50 -0700] "GET /conferencias-edner/7-conferencias-manejo-de-estres-estres-o-es-cuatro/?path=%2Fhome%2Fednermusika%2F.wp-cli HTTP/1.1" 200 3307 "-" "serpstatbot/2.1 (advanced backlink tracking bot; https://serpstatbot.com/; abuse@serpstatbot.com)"
216.73.216.32 - - [30/Oct/2025:01:43:52 -0700] "GET /conferencias-edner?fileloc=%2Fhome%2Fednermusika%2Fednergranados.com%2Ftestimoniales.php&path=%2Fhome%2Fednermusika%2Fednergranados.com HTTP/2.0" 200 5981 "-" "Mozilla/5.0 AppleWebKit/537.36 (KHTML, like Gecko; compatible; ClaudeBot/1.0; +claudebot@anthropic.com)"
144.76.68.76 - - [30/Oct/2025:01:43:54 -0700] "GET /conferencias-edner/7-conferencias-manejo-de-estres-estres-o-es-cuatro/?path=%2Fhome%2Fednermusika%2F.php HTTP/1.1" 200 3706 "-" "serpstatbot/2.1 (advanced backlink tracking bot; https://serpstatbot.com/; abuse@serpstatbot.com)"
216.73.216.32 - - [30/Oct/2025:01:43:54 -0700] "GET /conferencias-edner?path=%2Fhome%2Fednermusika%2F.php%2F7.1 HTTP/2.0" 200 2953 "-" "Mozilla/5.0 AppleWebKit/537.36 (KHTML, like Gecko; compatible; ClaudeBot/1.0; +claudebot@anthropic.com)"
216.73.216.32 - - [30/Oct/2025:01:43:57 -0700] "GET /conferencias-edner?path=%2Fhome%2Fednermusika%2Fednergranados.com%2Fcaptcha HTTP/2.0" 200 3100 "-" "Mozilla/5.0 AppleWebKit/537.36 (KHTML, like Gecko; compatible; ClaudeBot/1.0; +claudebot@anthropic.com)"
82.223.24.132 - - [30/Oct/2025:01:43:58 -0700] "GET /wp-login.php HTTP/2.0" 429 352 "-" "Mozilla/5.0 (Macintosh; Intel Mac OS X 10_12_6) AppleWebKit/537.36 (KHTML, like Gecko) Chrome/65.0.3325.181 Safari/537.36"
144.76.68.76 - - [30/Oct/2025:01:44:00 -0700] "GET /conferencias-edner/7-conferencias-manejo-de-estres-estres-o-es-cuatro/?path=%2Fhome%2Fednermusika%2F.local HTTP/1.1" 200 3305 "-" "serpstatbot/2.1 (advanced backlink tracking bot; https://serpstatbot.com/; abuse@serpstatbot.com)"
216.73.216.32 - - [30/Oct/2025:01:44:00 -0700] "GET /conferencias-edner?fileloc=%2Fhome%2Fednermusika%2Fednergranados.com%2Fagencias-enviado.php&path=%2Fhome%2Fednermusika%2Fednergranados.com HTTP/2.0" 200 4374 "-" "Mozilla/5.0 AppleWebKit/537.36 (KHTML, like Gecko; compatible; ClaudeBot/1.0; +claudebot@anthropic.com)"
82.223.24.132 - - [30/Oct/2025:01:44:02 -0700] "POST /wp-login.php HTTP/2.0" 429 278 "https://www.elconferencista.com/wp-login.php" "Mozilla/5.0 (Macintosh; Intel Mac OS X 10_12_6) AppleWebKit/537.36 (KHTML, like Gecko) Chrome/65.0.3325.181 Safari/537.36"
216.73.216.32 - - [30/Oct/2025:01:44:03 -0700] "GET /conferencias-edner?path=%2Fhome%2Fednermusika%2Fednergranados.com%2Fadmin HTTP/2.0" 200 5600 "-" "Mozilla/5.0 AppleWebKit/537.36 (KHTML, like Gecko; compatible; ClaudeBot/1.0; +claudebot@anthropic.com)"
54.39.0.175 - - [30/Oct/2025:01:44:05 -0700] "GET /?path=//lib/locale/zh_CN.gbk HTTP/2.0" 200 3526 "-" "Mozilla/5.0 (compatible; AhrefsBot/7.0; +http://ahrefs.com/robot/)"
144.76.68.76 - - [30/Oct/2025:01:44:06 -0700] "GET /conferencias-edner/7-conferencias-manejo-de-estres-estres-o-es-cuatro/?path=%2Fhome%2Fednermusika%2F.cache HTTP/1.1" 200 3333 "-" "serpstatbot/2.1 (advanced backlink tracking bot; https://serpstatbot.com/; abuse@serpstatbot.com)"
144.76.68.76 - - [30/Oct/2025:01:44:11 -0700] "GET /conferencias-edner/7-conferencias-manejo-de-estres-estres-o-es-cuatro/?path=%2F%2Fvar HTTP/1.1" 200 3818 "-" "serpstatbot/2.1 (advanced backlink tracking bot; https://serpstatbot.com/; abuse@serpstatbot.com)"
144.76.68.76 - - [30/Oct/2025:01:44:16 -0700] "GET /conferencias-edner/7-conferencias-manejo-de-estres-estres-o-es-cuatro/?path=%2F%2Fusr HTTP/1.1" 200 3699 "-" "serpstatbot/2.1 (advanced backlink tracking bot; https://serpstatbot.com/; abuse@serpstatbot.com)"
144.76.68.76 - - [30/Oct/2025:01:44:22 -0700] "GET /conferencias-edner/7-conferencias-manejo-de-estres-estres-o-es-cuatro/?path=%2F%2Ftmp HTTP/1.1" 500 476747 "-" "serpstatbot/2.1 (advanced backlink tracking bot; https://serpstatbot.com/; abuse@serpstatbot.com)"
52.6.97.88 - - [30/Oct/2025:01:44:27 -0700] "GET /?fileloc=/home/ednermusika/elconferencista.com/license.txt&path=/home/ednermusika/elconferencista.com HTTP/1.1" 200 13433 "-" "Mozilla/5.0 AppleWebKit/537.36 (KHTML, like Gecko; compatible; Amazonbot/0.1; +https://developer.amazon.com/support/amazonbot) Chrome/119.0.6045.214 Safari/537.36"
144.76.68.76 - - [30/Oct/2025:01:44:33 -0700] "GET /conferencias-edner/7-conferencias-manejo-de-estres-estres-o-es-cuatro/?path=%2F%2Fsys HTTP/1.1" 200 6577 "-" "serpstatbot/2.1 (advanced backlink tracking bot; https://serpstatbot.com/; abuse@serpstatbot.com)"
144.76.68.76 - - [30/Oct/2025:01:44:36 -0700] "GET /conferencias-edner/7-conferencias-manejo-de-estres-estres-o-es-cuatro/?path=%2F%2Fsrv HTTP/1.1" 200 3294 "-" "serpstatbot/2.1 (advanced backlink tracking bot; https://serpstatbot.com/; abuse@serpstatbot.com)"
144.76.68.76 - - [30/Oct/2025:01:44:45 -0700] "GET /conferencias-edner/7-conferencias-manejo-de-estres-estres-o-es-cuatro/?path=%2F%2Fsbin HTTP/1.1" 200 25421 "-" "serpstatbot/2.1 (advanced backlink tracking bot; https://serpstatbot.com/; abuse@serpstatbot.com)"
144.76.68.76 - - [30/Oct/2025:01:44:52 -0700] "GET /conferencias-edner/7-conferencias-manejo-de-estres-estres-o-es-cuatro/?path=%2F%2Frun HTTP/1.1" 200 6364 "-" "serpstatbot/2.1 (advanced backlink tracking bot; https://serpstatbot.com/; abuse@serpstatbot.com)"
144.76.68.76 - - [30/Oct/2025:01:44:59 -0700] "GET /conferencias-edner/7-conferencias-manejo-de-estres-estres-o-es-cuatro/?path=%2F%2Froot HTTP/1.1" 200 3047 "-" "serpstatbot/2.1 (advanced backlink tracking bot; https://serpstatbot.com/; abuse@serpstatbot.com)"
144.76.68.76 - - [30/Oct/2025:01:45:07 -0700] "GET /conferencias-edner/7-conferencias-manejo-de-estres-estres-o-es-cuatro/?path=%2F%2Fproc HTTP/1.1" 200 5407 "-" "serpstatbot/2.1 (advanced backlink tracking bot; https://serpstatbot.com/; abuse@serpstatbot.com)"
144.76.68.76 - - [30/Oct/2025:01:45:14 -0700] "GET /conferencias-edner/7-conferencias-manejo-de-estres-estres-o-es-cuatro/?path=%2F%2Fopt HTTP/1.1" 200 3543 "-" "serpstatbot/2.1 (advanced backlink tracking bot; https://serpstatbot.com/; abuse@serpstatbot.com)"
144.76.68.76 - - [30/Oct/2025:01:45:22 -0700] "GET /conferencias-edner/7-conferencias-manejo-de-estres-estres-o-es-cuatro/?path=%2F%2Fmnt HTTP/1.1" 200 3047 "-" "serpstatbot/2.1 (advanced backlink tracking bot; https://serpstatbot.com/; abuse@serpstatbot.com)"
144.76.68.76 - - [30/Oct/2025:01:45:31 -0700] "GET /conferencias-edner/7-conferencias-manejo-de-estres-estres-o-es-cuatro/?path=%2F%2Fmedia HTTP/1.1" 200 3047 "-" "serpstatbot/2.1 (advanced backlink tracking bot; https://serpstatbot.com/; abuse@serpstatbot.com)"
144.76.68.76 - - [30/Oct/2025:01:45:43 -0700] "GET /conferencias-edner/7-conferencias-manejo-de-estres-estres-o-es-cuatro/?path=%2F%2Flost+found HTTP/1.1" 200 3051 "-" "serpstatbot/2.1 (advanced backlink tracking bot; https://serpstatbot.com/; abuse@serpstatbot.com)"
144.76.68.76 - - [30/Oct/2025:01:45:56 -0700] "GET /conferencias-edner/7-conferencias-manejo-de-estres-estres-o-es-cuatro/?path=%2F%2Flibx32 HTTP/1.1" 200 3049 "-" "serpstatbot/2.1 (advanced backlink tracking bot; https://serpstatbot.com/; abuse@serpstatbot.com)"
216.73.216.32 - - [30/Oct/2025:01:46:01 -0700] "GET /conferencias-edner?fileloc=%2Fhome%2Fednermusika%2Fednergranados.com%2F.htaccess&path=%2Fhome%2Fednermusika%2Fednergranados.com HTTP/2.0" 200 3461 "-" "Mozilla/5.0 AppleWebKit/537.36 (KHTML, like Gecko; compatible; ClaudeBot/1.0; +claudebot@anthropic.com)"
216.73.216.32 - - [30/Oct/2025:01:46:04 -0700] "GET /conferencias-edner?fileloc=%2Fhome%2Fednermusika%2Fednergranados.com%2Fconferencias-y-seminarios-old.php&path=%2Fhome%2Fednermusika%2Fednergranados.com HTTP/2.0" 200 5223 "-" "Mozilla/5.0 AppleWebKit/537.36 (KHTML, like Gecko; compatible; ClaudeBot/1.0; +claudebot@anthropic.com)"
216.73.216.32 - - [30/Oct/2025:01:46:07 -0700] "GET /conferencias-edner?path=%2Fhome%2Fednermusika%2FMaildir%2Ftmp HTTP/2.0" 200 2634 "-" "Mozilla/5.0 AppleWebKit/537.36 (KHTML, like Gecko; compatible; ClaudeBot/1.0; +claudebot@anthropic.com)"
216.73.216.32 - - [30/Oct/2025:01:46:10 -0700] "GET /conferencias-edner?fileloc=%2Fhome%2Fednermusika%2Fmusikaproducciones.com%2Fdemos_interiores.swf&path=%2Fhome%2Fednermusika%2Fmusikaproducciones.com HTTP/2.0" 200 109617 "-" "Mozilla/5.0 AppleWebKit/537.36 (KHTML, like Gecko; compatible; ClaudeBot/1.0; +claudebot@anthropic.com)"
144.76.68.76 - - [30/Oct/2025:01:46:13 -0700] "GET /conferencias-edner/7-conferencias-manejo-de-estres-estres-o-es-cuatro/?path=%2F%2Flib64 HTTP/1.1" 200 3332 "-" "serpstatbot/2.1 (advanced backlink tracking bot; https://serpstatbot.com/; abuse@serpstatbot.com)"
216.73.216.32 - - [30/Oct/2025:01:46:13 -0700] "GET /conferencias-edner?path=%2Fhome%2Fednermusika%2FWWW.CONFERENCISTASEMPRESAS.COM%2F.dh-diag HTTP/2.0" 200 3056 "-" "Mozilla/5.0 AppleWebKit/537.36 (KHTML, like Gecko; compatible; ClaudeBot/1.0; +claudebot@anthropic.com)"
216.73.216.32 - - [30/Oct/2025:01:46:16 -0700] "GET /conferencias-edner?path=%2Fhome%2Fednermusika%2F.php%2F8.1 HTTP/2.0" 200 2952 "-" "Mozilla/5.0 AppleWebKit/537.36 (KHTML, like Gecko; compatible; ClaudeBot/1.0; +claudebot@anthropic.com)"
216.73.216.32 - - [30/Oct/2025:01:46:19 -0700] "GET /conferencias-edner?fileloc=%2Fhome%2Fednermusika%2Fednergranados.com%2Fcaptcha.html&path=%2Fhome%2Fednermusika%2Fednergranados.com HTTP/2.0" 200 3200 "-" "Mozilla/5.0 AppleWebKit/537.36 (KHTML, like Gecko; compatible; ClaudeBot/1.0; +claudebot@anthropic.com)"
216.73.216.32 - - [30/Oct/2025:01:46:22 -0700] "GET /conferencias-edner?path=%2Fhome%2Fednermusika%2F.php%2F8.2 HTTP/2.0" 200 2952 "-" "Mozilla/5.0 AppleWebKit/537.36 (KHTML, like Gecko; compatible; ClaudeBot/1.0; +claudebot@anthropic.com)"
216.73.216.32 - - [30/Oct/2025:01:46:25 -0700] "GET /conferencias-edner?path=%2Fhome%2Fednermusika%2Fednergranados.com%2FTemplates HTTP/2.0" 200 2921 "-" "Mozilla/5.0 AppleWebKit/537.36 (KHTML, like Gecko; compatible; ClaudeBot/1.0; +claudebot@anthropic.com)"
144.76.68.76 - - [30/Oct/2025:01:46:32 -0700] "GET /conferencias-edner/7-conferencias-manejo-de-estres-estres-o-es-cuatro/?path=%2F%2Flib32 HTTP/1.1" 200 3048 "-" "serpstatbot/2.1 (advanced backlink tracking bot; https://serpstatbot.com/; abuse@serpstatbot.com)"
144.76.68.76 - - [30/Oct/2025:01:46:52 -0700] "GET /conferencias-edner/7-conferencias-manejo-de-estres-estres-o-es-cuatro/?path=%2F%2Flib HTTP/1.1" 200 8810 "-" "serpstatbot/2.1 (advanced backlink tracking bot; https://serpstatbot.com/; abuse@serpstatbot.com)"
216.73.216.32 - - [30/Oct/2025:01:47:05 -0700] "GET /conferencias-edner?path=%2Fhome%2Fednermusika%2Fednergranados.com%2Ftwitube HTTP/2.0" 200 3115 "-" "Mozilla/5.0 AppleWebKit/537.36 (KHTML, like Gecko; compatible; ClaudeBot/1.0; +claudebot@anthropic.com)"
216.73.216.32 - - [30/Oct/2025:01:47:08 -0700] "GET /conferencias-edner?path=%2Fhome%2Fednermusika%2Fednergranados.com%2Faccion HTTP/2.0" 200 3043 "-" "Mozilla/5.0 AppleWebKit/537.36 (KHTML, like Gecko; compatible; ClaudeBot/1.0; +claudebot@anthropic.com)"
216.73.216.32 - - [30/Oct/2025:01:47:11 -0700] "GET /conferencias-edner?path=%2Fhome%2Fednermusika%2Fednergranados.com%2Fbx-slider HTTP/2.0" 200 3234 "-" "Mozilla/5.0 AppleWebKit/537.36 (KHTML, like Gecko; compatible; ClaudeBot/1.0; +claudebot@anthropic.com)"
144.76.68.76 - - [30/Oct/2025:01:47:12 -0700] "GET /conferencias-edner/7-conferencias-manejo-de-estres-estres-o-es-cuatro/?path=%2F%2Fincoming HTTP/1.1" 200 3050 "-" "serpstatbot/2.1 (advanced backlink tracking bot; https://serpstatbot.com/; abuse@serpstatbot.com)"
216.73.216.32 - - [30/Oct/2025:01:47:14 -0700] "GET /conferencias-edner?path=%2Fhome%2Fednermusika%2Fednergranados.com%2Fvideo HTTP/2.0" 200 3371 "-" "Mozilla/5.0 AppleWebKit/537.36 (KHTML, like Gecko; compatible; ClaudeBot/1.0; +claudebot@anthropic.com)"
216.73.216.32 - - [30/Oct/2025:01:47:17 -0700] "GET /conferencias-edner?fileloc=%2Fhome%2Fednermusika%2Fednergranados.com%2Fconferencias-y-seminarios.php&path=%2Fhome%2Fednermusika%2Fednergranados.com HTTP/2.0" 200 5414 "-" "Mozilla/5.0 AppleWebKit/537.36 (KHTML, like Gecko; compatible; ClaudeBot/1.0; +claudebot@anthropic.com)"
216.73.216.32 - - [30/Oct/2025:01:47:24 -0700] "GET /conferencias-edner?path=%2Fhome%2Fednermusika%2FMaildir%2Fcur HTTP/2.0" 200 2691 "-" "Mozilla/5.0 AppleWebKit/537.36 (KHTML, like Gecko; compatible; ClaudeBot/1.0; +claudebot@anthropic.com)"
216.73.216.32 - - [30/Oct/2025:01:47:27 -0700] "GET /conferencias-edner?path=%2Fhome%2Fednermusika%2F.local%2Fshare HTTP/2.0" 200 2885 "-" "Mozilla/5.0 AppleWebKit/537.36 (KHTML, like Gecko; compatible; ClaudeBot/1.0; +claudebot@anthropic.com)"
54.39.210.112 - - [30/Oct/2025:01:47:29 -0700] "GET /?path=//lib/locale/yi_US HTTP/2.0" 200 3523 "-" "Mozilla/5.0 (compatible; AhrefsBot/7.0; +http://ahrefs.com/robot/)"
216.73.216.32 - - [30/Oct/2025:01:47:30 -0700] "GET /conferencias-edner?path=%2Fhome%2Fednermusika%2FMaildir%2Fnew HTTP/2.0" 200 7010 "-" "Mozilla/5.0 AppleWebKit/537.36 (KHTML, like Gecko; compatible; ClaudeBot/1.0; +claudebot@anthropic.com)"
144.76.68.76 - - [30/Oct/2025:01:47:30 -0700] "GET /conferencias-edner/7-conferencias-manejo-de-estres-estres-o-es-cuatro/?path=%2F%2Fhome HTTP/1.1" 200 3046 "-" "serpstatbot/2.1 (advanced backlink tracking bot; https://serpstatbot.com/; abuse@serpstatbot.com)"
216.73.216.32 - - [30/Oct/2025:01:47:33 -0700] "GET /conferencias-edner?fileloc=%2Fhome%2Fednermusika%2Fednergranados.com%2Fmusica-gratis.php&path=%2Fhome%2Fednermusika%2Fednergranados.com HTTP/2.0" 200 6202 "-" "Mozilla/5.0 AppleWebKit/537.36 (KHTML, like Gecko; compatible; ClaudeBot/1.0; +claudebot@anthropic.com)"
144.76.68.76 - - [30/Oct/2025:01:47:46 -0700] "GET /conferencias-edner/7-conferencias-manejo-de-estres-estres-o-es-cuatro/?path=%2F%2Fetc HTTP/1.1" 200 16623 "-" "serpstatbot/2.1 (advanced backlink tracking bot; https://serpstatbot.com/; abuse@serpstatbot.com)"
144.76.68.76 - - [30/Oct/2025:01:48:01 -0700] "GET /conferencias-edner/7-conferencias-manejo-de-estres-estres-o-es-cuatro/?path=%2F%2Fdh HTTP/1.1" 200 3636 "-" "serpstatbot/2.1 (advanced backlink tracking bot; https://serpstatbot.com/; abuse@serpstatbot.com)"
