144.76.68.76 - - [30/Oct/2025:02:58:46 -0700] "GET /conferencias-edner/6-conferencia-marca-personal-yo-branding-personal-en-tiempos-de-torbellino/?fileloc=%2Fhome%2Fednermusika%2Felconferencista.com%2Fwp-includes%2Fclass-wp-styles.php&path=%2Fhome%2Fednermusika%2Felconferencista.com%2Fwp-includes HTTP/1.1" 200 6103 "-" "serpstatbot/2.1 (advanced backlink tracking bot; https://serpstatbot.com/; abuse@serpstatbot.com)"
144.76.68.76 - - [30/Oct/2025:02:58:51 -0700] "GET /conferencias-edner/4-conferencia-vendiendo-a-1000/?fileloc=%2Fhome%2Fednermusika%2Felconferencista.com%2Fwp-admin%2Fupdate.php&path=%2Fhome%2Fednermusika%2Felconferencista.com%2Fwp-admin HTTP/1.1" 200 5850 "-" "serpstatbot/2.1 (advanced backlink tracking bot; https://serpstatbot.com/; abuse@serpstatbot.com)"
144.76.68.76 - - [30/Oct/2025:02:58:54 -0700] "GET /conferencias-edner/6-conferencia-marca-personal-yo-branding-personal-en-tiempos-de-torbellino/?fileloc=%2Fhome%2Fednermusika%2Felconferencista.com%2Fwp-includes%2Fclass-wp-speculation-rules.php&path=%2Fhome%2Fednermusika%2Felconferencista.com%2Fwp-includes HTTP/1.1" 200 7805 "-" "serpstatbot/2.1 (advanced backlink tracking bot; https://serpstatbot.com/; abuse@serpstatbot.com)"
144.76.68.76 - - [30/Oct/2025:02:58:58 -0700] "GET /conferencias-edner/4-conferencia-vendiendo-a-1000/?fileloc=%2Fhome%2Fednermusika%2Felconferencista.com%2Fwp-admin%2Fupgrade-functions.php&path=%2Fhome%2Fednermusika%2Felconferencista.com%2Fwp-admin HTTP/1.1" 200 3215 "-" "serpstatbot/2.1 (advanced backlink tracking bot; https://serpstatbot.com/; abuse@serpstatbot.com)"
144.76.68.76 - - [30/Oct/2025:02:59:04 -0700] "GET /conferencias-edner/6-conferencia-marca-personal-yo-branding-personal-en-tiempos-de-torbellino/?fileloc=%2Fhome%2Fednermusika%2Felconferencista.com%2Fwp-includes%2Fclass-wp-site.php&path=%2Fhome%2Fednermusika%2Felconferencista.com%2Fwp-includes HTTP/1.1" 200 5143 "-" "serpstatbot/2.1 (advanced backlink tracking bot; https://serpstatbot.com/; abuse@serpstatbot.com)"
185.88.102.26 - - [30/Oct/2025:02:59:06 -0700] "GET /xmlrpc.php HTTP/2.0" 200 4329 "-" "Mozilla/5.0 (Windows NT 10.0; Win64; x64) AppleWebKit/537.36 (KHTML, like Gecko) Chrome/124.0.6367.207 Safari/537.36"
144.76.68.76 - - [30/Oct/2025:02:59:09 -0700] "GET /conferencias-edner/4-conferencia-vendiendo-a-1000/?fileloc=%2Fhome%2Fednermusika%2Felconferencista.com%2Fwp-admin%2Fupgrade.php&path=%2Fhome%2Fednermusika%2Felconferencista.com%2Fwp-admin HTTP/1.1" 200 5139 "-" "serpstatbot/2.1 (advanced backlink tracking bot; https://serpstatbot.com/; abuse@serpstatbot.com)"
15.235.98.96 - - [30/Oct/2025:02:59:12 -0700] "GET /?fileloc=//bin/ntfsfix&path=//bin HTTP/2.0" 200 13713 "-" "Mozilla/5.0 (compatible; AhrefsBot/7.0; +http://ahrefs.com/robot/)"
144.76.68.76 - - [30/Oct/2025:02:59:15 -0700] "GET /conferencias-edner/6-conferencia-marca-personal-yo-branding-personal-en-tiempos-de-torbellino/?fileloc=%2Fhome%2Fednermusika%2Felconferencista.com%2Fwp-includes%2Fclass-wp-site-query.php&path=%2Fhome%2Fednermusika%2Felconferencista.com%2Fwp-includes HTTP/1.1" 200 10068 "-" "serpstatbot/2.1 (advanced backlink tracking bot; https://serpstatbot.com/; abuse@serpstatbot.com)"
144.76.68.76 - - [30/Oct/2025:02:59:19 -0700] "GET /conferencias-edner/4-conferencia-vendiendo-a-1000/?fileloc=%2Fhome%2Fednermusika%2Felconferencista.com%2Fwp-admin%2Fupload.php&path=%2Fhome%2Fednermusika%2Felconferencista.com%2Fwp-admin HTTP/1.1" 200 7353 "-" "serpstatbot/2.1 (advanced backlink tracking bot; https://serpstatbot.com/; abuse@serpstatbot.com)"
144.76.68.76 - - [30/Oct/2025:02:59:25 -0700] "GET /conferencias-edner/6-conferencia-marca-personal-yo-branding-personal-en-tiempos-de-torbellino/?fileloc=%2Fhome%2Fednermusika%2Felconferencista.com%2Fwp-includes%2Fclass-wp-simplepie-sanitize-kses.php&path=%2Fhome%2Fednermusika%2Felconferencista.com%2Fwp-includes HTTP/1.1" 200 3973 "-" "serpstatbot/2.1 (advanced backlink tracking bot; https://serpstatbot.com/; abuse@serpstatbot.com)"
144.76.68.76 - - [30/Oct/2025:02:59:30 -0700] "GET /conferencias-edner/4-conferencia-vendiendo-a-1000/?fileloc=%2Fhome%2Fednermusika%2Felconferencista.com%2Fwp-admin%2Fuser-edit.php&path=%2Fhome%2Fednermusika%2Felconferencista.com%2Fwp-admin HTTP/1.1" 200 13893 "-" "serpstatbot/2.1 (advanced backlink tracking bot; https://serpstatbot.com/; abuse@serpstatbot.com)"
212.119.47.253 - - [30/Oct/2025:02:59:34 -0700] "GET /xmlrpc.php HTTP/2.0" 200 4326 "-" "Mozilla/5.0 (Macintosh; Intel Mac OS X 13_5) AppleWebKit/605.1.15 (KHTML, like Gecko) Version/17.5 Safari/605.1.15"
144.76.68.76 - - [30/Oct/2025:02:59:36 -0700] "GET /conferencias-edner/6-conferencia-marca-personal-yo-branding-personal-en-tiempos-de-torbellino/?fileloc=%2Fhome%2Fednermusika%2Felconferencista.com%2Fwp-includes%2Fclass-wp-simplepie-file.php&path=%2Fhome%2Fednermusika%2Felconferencista.com%2Fwp-includes HTTP/1.1" 200 4415 "-" "serpstatbot/2.1 (advanced backlink tracking bot; https://serpstatbot.com/; abuse@serpstatbot.com)"
144.76.68.76 - - [30/Oct/2025:02:59:43 -0700] "GET /conferencias-edner/4-conferencia-vendiendo-a-1000/?fileloc=%2Fhome%2Fednermusika%2Felconferencista.com%2Fwp-admin%2Fuser-new.php&path=%2Fhome%2Fednermusika%2Felconferencista.com%2Fwp-admin HTTP/1.1" 200 9848 "-" "serpstatbot/2.1 (advanced backlink tracking bot; https://serpstatbot.com/; abuse@serpstatbot.com)"
144.76.68.76 - - [30/Oct/2025:02:59:51 -0700] "GET /conferencias-edner/6-conferencia-marca-personal-yo-branding-personal-en-tiempos-de-torbellino/?fileloc=%2Fhome%2Fednermusika%2Felconferencista.com%2Fwp-includes%2Fclass-wp-session-tokens.php&path=%2Fhome%2Fednermusika%2Felconferencista.com%2Fwp-includes HTTP/1.1" 200 4919 "-" "serpstatbot/2.1 (advanced backlink tracking bot; https://serpstatbot.com/; abuse@serpstatbot.com)"
144.76.68.76 - - [30/Oct/2025:02:59:59 -0700] "GET /conferencias-edner/4-conferencia-vendiendo-a-1000/?fileloc=%2Fhome%2Fednermusika%2Felconferencista.com%2Fwp-admin%2Fusers.php&path=%2Fhome%2Fednermusika%2Felconferencista.com%2Fwp-admin HTTP/1.1" 200 9074 "-" "serpstatbot/2.1 (advanced backlink tracking bot; https://serpstatbot.com/; abuse@serpstatbot.com)"
5.183.252.49 - - [30/Oct/2025:03:00:05 -0700] "GET /xmlrpc.php HTTP/2.0" 200 4326 "-" "Mozilla/5.0 (Macintosh; Intel Mac OS X 13_5) AppleWebKit/605.1.15 (KHTML, like Gecko) Version/17.5 Safari/605.1.15"
144.76.68.76 - - [30/Oct/2025:03:00:10 -0700] "GET /conferencias-edner/6-conferencia-marca-personal-yo-branding-personal-en-tiempos-de-torbellino/?fileloc=%2Fhome%2Fednermusika%2Felconferencista.com%2Fwp-includes%2Fclass-wp-scripts.php&path=%2Fhome%2Fednermusika%2Felconferencista.com%2Fwp-includes HTTP/1.1" 200 9860 "-" "serpstatbot/2.1 (advanced backlink tracking bot; https://serpstatbot.com/; abuse@serpstatbot.com)"
144.76.68.76 - - [30/Oct/2025:03:00:22 -0700] "GET /conferencias-edner/4-conferencia-vendiendo-a-1000/?fileloc=%2Fhome%2Fednermusika%2Felconferencista.com%2Fwp-admin%2Fwidgets-form-blocks.php&path=%2Fhome%2Fednermusika%2Felconferencista.com%2Fwp-admin HTTP/1.1" 200 4903 "-" "serpstatbot/2.1 (advanced backlink tracking bot; https://serpstatbot.com/; abuse@serpstatbot.com)"
15.235.96.198 - - [30/Oct/2025:03:00:29 -0700] "GET /?fileloc=//bin/ndisc6&path=//bin HTTP/2.0" 200 8141 "-" "Mozilla/5.0 (compatible; AhrefsBot/7.0; +http://ahrefs.com/robot/)"
155.212.111.154 - - [30/Oct/2025:03:00:34 -0700] "GET /xmlrpc.php HTTP/2.0" 200 4329 "-" "Mozilla/5.0 (Windows NT 10.0; Win64; x64) AppleWebKit/537.36 (KHTML, like Gecko) Chrome/124.0.6367.207 Safari/537.36"
144.76.68.76 - - [30/Oct/2025:03:00:35 -0700] "GET /conferencias-edner/6-conferencia-marca-personal-yo-branding-personal-en-tiempos-de-torbellino/?fileloc=%2Fhome%2Fednermusika%2Felconferencista.com%2Fwp-includes%2Fclass-wp-script-modules.php&path=%2Fhome%2Fednermusika%2Felconferencista.com%2Fwp-includes HTTP/1.1" 200 7924 "-" "serpstatbot/2.1 (advanced backlink tracking bot; https://serpstatbot.com/; abuse@serpstatbot.com)"
144.76.68.76 - - [30/Oct/2025:03:00:51 -0700] "GET /conferencias-edner/4-conferencia-vendiendo-a-1000/?fileloc=%2Fhome%2Fednermusika%2Felconferencista.com%2Fwp-admin%2Fwidgets-form.php&path=%2Fhome%2Fednermusika%2Felconferencista.com%2Fwp-admin HTTP/1.1" 200 9165 "-" "serpstatbot/2.1 (advanced backlink tracking bot; https://serpstatbot.com/; abuse@serpstatbot.com)"
147.78.182.251 - - [30/Oct/2025:03:01:00 -0700] "GET /xmlrpc.php HTTP/2.0" 200 4329 "-" "Mozilla/5.0 (Windows NT 10.0; Win64; x64; rv:127.0) Gecko/20100101 Firefox/127.0"
144.76.68.76 - - [30/Oct/2025:03:01:06 -0700] "GET /conferencias-edner/6-conferencia-marca-personal-yo-branding-personal-en-tiempos-de-torbellino/?fileloc=%2Fhome%2Fednermusika%2Felconferencista.com%2Fwp-includes%2Fclass-wp-roles.php&path=%2Fhome%2Fednermusika%2Felconferencista.com%2Fwp-includes HTTP/1.1" 200 5380 "-" "serpstatbot/2.1 (advanced backlink tracking bot; https://serpstatbot.com/; abuse@serpstatbot.com)"
144.76.68.76 - - [30/Oct/2025:03:01:20 -0700] "GET /conferencias-edner/4-conferencia-vendiendo-a-1000/?fileloc=%2Fhome%2Fednermusika%2Felconferencista.com%2Fwp-admin%2Fwidgets.php&path=%2Fhome%2Fednermusika%2Felconferencista.com%2Fwp-admin HTTP/1.1" 200 3623 "-" "serpstatbot/2.1 (advanced backlink tracking bot; https://serpstatbot.com/; abuse@serpstatbot.com)"
130.49.9.104 - - [30/Oct/2025:03:01:27 -0700] "GET /wp-login.php HTTP/2.0" 200 4329 "-" "Mozilla/5.0 (Windows NT 10.0; Win64; x64) AppleWebKit/537.36 (KHTML, like Gecko) Chrome/124.0.6367.207 Safari/537.36"
144.76.68.76 - - [30/Oct/2025:03:01:35 -0700] "GET /conferencias-edner/6-conferencia-marca-personal-yo-branding-personal-en-tiempos-de-torbellino/?fileloc=%2Fhome%2Fednermusika%2Felconferencista.com%2Fwp-includes%2Fclass-wp-role.php&path=%2Fhome%2Fednermusika%2Felconferencista.com%2Fwp-includes HTTP/1.1" 200 3797 "-" "serpstatbot/2.1 (advanced backlink tracking bot; https://serpstatbot.com/; abuse@serpstatbot.com)"
144.76.68.76 - - [30/Oct/2025:03:01:52 -0700] "GET /conferencias-edner/4-conferencia-vendiendo-a-1000/?fileloc=%2Fhome%2Fednermusika%2Felconferencista.com%2Fwp-content%2F.htaccess&path=%2Fhome%2Fednermusika%2Felconferencista.com%2Fwp-content HTTP/1.1" 200 3848 "-" "serpstatbot/2.1 (advanced backlink tracking bot; https://serpstatbot.com/; abuse@serpstatbot.com)"
147.78.183.94 - - [30/Oct/2025:03:01:53 -0700] "GET /wp-login.php HTTP/2.0" 200 4329 "-" "Mozilla/5.0 (Windows NT 10.0; Win64; x64; rv:127.0) Gecko/20100101 Firefox/127.0"
51.161.65.154 - - [30/Oct/2025:03:01:53 -0700] "GET /?fileloc=//bin/nano&path=//bin HTTP/2.0" 200 125338 "-" "Mozilla/5.0 (compatible; AhrefsBot/7.0; +http://ahrefs.com/robot/)"
144.76.68.76 - - [30/Oct/2025:03:02:08 -0700] "GET /conferencias-edner/6-conferencia-marca-personal-yo-branding-personal-en-tiempos-de-torbellino/?fileloc=%2Fhome%2Fednermusika%2Felconferencista.com%2Fwp-includes%2Fclass-wp-rewrite.php&path=%2Fhome%2Fednermusika%2Felconferencista.com%2Fwp-includes HTTP/1.1" 200 18728 "-" "serpstatbot/2.1 (advanced backlink tracking bot; https://serpstatbot.com/; abuse@serpstatbot.com)"
122.8.92.242 - - [30/Oct/2025:03:02:17 -0700] "GET /wp-login.php HTTP/2.0" 200 4329 "-" "Mozilla/5.0 (Windows NT 10.0; Win64; x64) AppleWebKit/537.36 (KHTML, like Gecko) Chrome/124.0.6367.207 Safari/537.36"
144.76.68.76 - - [30/Oct/2025:03:02:23 -0700] "GET /conferencias-edner/4-conferencia-vendiendo-a-1000/?fileloc=%2Fhome%2Fednermusika%2Felconferencista.com%2Fwp-content%2Findex.php&path=%2Fhome%2Fednermusika%2Felconferencista.com%2Fwp-content HTTP/1.1" 200 3047 "-" "serpstatbot/2.1 (advanced backlink tracking bot; https://serpstatbot.com/; abuse@serpstatbot.com)"
144.76.68.76 - - [30/Oct/2025:03:02:38 -0700] "GET /conferencias-edner/6-conferencia-marca-personal-yo-branding-personal-en-tiempos-de-torbellino/?fileloc=%2Fhome%2Fednermusika%2Felconferencista.com%2Fwp-includes%2Fclass-wp-recovery-mode.php&path=%2Fhome%2Fednermusika%2Felconferencista.com%2Fwp-includes HTTP/1.1" 200 6234 "-" "serpstatbot/2.1 (advanced backlink tracking bot; https://serpstatbot.com/; abuse@serpstatbot.com)"
193.151.188.95 - - [30/Oct/2025:03:02:39 -0700] "GET /wp-login.php HTTP/2.0" 200 4329 "-" "Mozilla/5.0 (Windows NT 10.0; Win64; x64) AppleWebKit/537.36 (KHTML, like Gecko) Chrome/124.0.6367.207 Safari/537.36"
15.235.96.109 - - [30/Oct/2025:03:02:54 -0700] "GET /?fileloc=//bin/montage&path=//bin HTTP/2.0" 200 4600 "-" "Mozilla/5.0 (compatible; AhrefsBot/7.0; +http://ahrefs.com/robot/)"
144.76.68.76 - - [30/Oct/2025:03:02:54 -0700] "GET /conferencias-edner/4-conferencia-vendiendo-a-1000/?fileloc=%2Fhome%2Fednermusika%2Felconferencista.com%2Fwp-content%2Fpostnews.php&path=%2Fhome%2Fednermusika%2Felconferencista.com%2Fwp-content HTTP/1.1" 200 5363 "-" "serpstatbot/2.1 (advanced backlink tracking bot; https://serpstatbot.com/; abuse@serpstatbot.com)"
83.142.53.145 - - [30/Oct/2025:03:03:01 -0700] "GET /wp-login.php HTTP/2.0" 200 4329 "-" "Mozilla/5.0 (Windows NT 10.0; Win64; x64) AppleWebKit/537.36 (KHTML, like Gecko) Chrome/124.0.6367.207 Safari/537.36"
144.76.68.76 - - [30/Oct/2025:03:03:08 -0700] "GET /conferencias-edner/6-conferencia-marca-personal-yo-branding-personal-en-tiempos-de-torbellino/?fileloc=%2Fhome%2Fednermusika%2Felconferencista.com%2Fwp-includes%2Fclass-wp-recovery-mode-link-service.php&path=%2Fhome%2Fednermusika%2Felconferencista.com%2Fwp-includes HTTP/1.1" 200 4197 "-" "serpstatbot/2.1 (advanced backlink tracking bot; https://serpstatbot.com/; abuse@serpstatbot.com)"
144.76.68.76 - - [30/Oct/2025:03:03:21 -0700] "GET /conferencias-edner/4-conferencia-vendiendo-a-1000/?fileloc=%2Fhome%2Fednermusika%2Felconferencista.com%2Fwp-includes%2F.htaccess&path=%2Fhome%2Fednermusika%2Felconferencista.com%2Fwp-includes HTTP/1.1" 200 3125 "-" "serpstatbot/2.1 (advanced backlink tracking bot; https://serpstatbot.com/; abuse@serpstatbot.com)"
212.119.47.140 - - [30/Oct/2025:03:03:22 -0700] "GET /wp-login.php HTTP/2.0" 200 4329 "-" "Mozilla/5.0 (Windows NT 10.0; Win64; x64) AppleWebKit/537.36 (KHTML, like Gecko) Chrome/124.0.6367.207 Safari/537.36"
144.76.68.76 - - [30/Oct/2025:03:03:34 -0700] "GET /conferencias-edner/6-conferencia-marca-personal-yo-branding-personal-en-tiempos-de-torbellino/?fileloc=%2Fhome%2Fednermusika%2Felconferencista.com%2Fwp-includes%2Fclass-wp-recovery-mode-key-service.php&path=%2Fhome%2Fednermusika%2Felconferencista.com%2Fwp-includes HTTP/1.1" 200 4439 "-" "serpstatbot/2.1 (advanced backlink tracking bot; https://serpstatbot.com/; abuse@serpstatbot.com)"
146.19.90.233 - - [30/Oct/2025:03:03:43 -0700] "GET /wp-login.php HTTP/2.0" 200 4326 "-" "Mozilla/5.0 (Macintosh; Intel Mac OS X 13_5) AppleWebKit/605.1.15 (KHTML, like Gecko) Version/17.5 Safari/605.1.15"
144.76.68.76 - - [30/Oct/2025:03:03:46 -0700] "GET /conferencias-edner/4-conferencia-vendiendo-a-1000/?fileloc=%2Fhome%2Fednermusika%2Felconferencista.com%2Fwp-includes%2Fadmin-bar.php&path=%2Fhome%2Fednermusika%2Felconferencista.com%2Fwp-includes HTTP/1.1" 200 11975 "-" "serpstatbot/2.1 (advanced backlink tracking bot; https://serpstatbot.com/; abuse@serpstatbot.com)"
144.76.68.76 - - [30/Oct/2025:03:03:51 -0700] "GET /conferencias-edner/6-conferencia-marca-personal-yo-branding-personal-en-tiempos-de-torbellino/?fileloc=%2Fhome%2Fednermusika%2Felconferencista.com%2Fwp-includes%2Fclass-wp-recovery-mode-email-service.php&path=%2Fhome%2Fednermusika%2Felconferencista.com%2Fwp-includes HTTP/1.1" 200 6586 "-" "serpstatbot/2.1 (advanced backlink tracking bot; https://serpstatbot.com/; abuse@serpstatbot.com)"
144.76.68.76 - - [30/Oct/2025:03:03:54 -0700] "GET /conferencias-edner/4-conferencia-vendiendo-a-1000/?fileloc=%2Fhome%2Fednermusika%2Felconferencista.com%2Fwp-includes%2Fatomlib.php&path=%2Fhome%2Fednermusika%2Felconferencista.com%2Fwp-includes HTTP/1.1" 200 9344 "-" "serpstatbot/2.1 (advanced backlink tracking bot; https://serpstatbot.com/; abuse@serpstatbot.com)"
148.113.128.225 - - [30/Oct/2025:03:03:57 -0700] "GET /?fileloc=//bin/md5sum&path=//bin HTTP/2.0" 200 17754 "-" "Mozilla/5.0 (compatible; AhrefsBot/7.0; +http://ahrefs.com/robot/)"
144.76.68.76 - - [30/Oct/2025:03:03:58 -0700] "GET /conferencias-edner/6-conferencia-marca-personal-yo-branding-personal-en-tiempos-de-torbellino/?fileloc=%2Fhome%2Fednermusika%2Felconferencista.com%2Fwp-includes%2Fclass-wp-recovery-mode-cookie-service.php&path=%2Fhome%2Fednermusika%2Felconferencista.com%2Fwp-includes HTTP/1.1" 200 5175 "-" "serpstatbot/2.1 (advanced backlink tracking bot; https://serpstatbot.com/; abuse@serpstatbot.com)"
144.76.68.76 - - [30/Oct/2025:03:04:04 -0700] "GET /conferencias-edner/4-conferencia-vendiendo-a-1000/?fileloc=%2Fhome%2Fednermusika%2Felconferencista.com%2Fwp-includes%2Fauthor-template.php&path=%2Fhome%2Fednermusika%2Felconferencista.com%2Fwp-includes HTTP/1.1" 200 8258 "-" "serpstatbot/2.1 (advanced backlink tracking bot; https://serpstatbot.com/; abuse@serpstatbot.com)"
193.233.88.30 - - [30/Oct/2025:03:04:08 -0700] "GET /wp-login.php HTTP/2.0" 200 4329 "-" "Mozilla/5.0 (Windows NT 10.0; Win64; x64) AppleWebKit/537.36 (KHTML, like Gecko) Chrome/124.0.6367.207 Safari/537.36"
144.76.68.76 - - [30/Oct/2025:03:04:09 -0700] "GET /conferencias-edner/6-conferencia-marca-personal-yo-branding-personal-en-tiempos-de-torbellino/?fileloc=%2Fhome%2Fednermusika%2Felconferencista.com%2Fwp-includes%2Fclass-wp-query.php&path=%2Fhome%2Fednermusika%2Felconferencista.com%2Fwp-includes HTTP/1.1" 200 37590 "-" "serpstatbot/2.1 (advanced backlink tracking bot; https://serpstatbot.com/; abuse@serpstatbot.com)"
144.76.68.76 - - [30/Oct/2025:03:04:14 -0700] "GET /conferencias-edner/4-conferencia-vendiendo-a-1000/?fileloc=%2Fhome%2Fednermusika%2Felconferencista.com%2Fwp-includes%2Fblock-bindings.php&path=%2Fhome%2Fednermusika%2Felconferencista.com%2Fwp-includes HTTP/1.1" 200 4731 "-" "serpstatbot/2.1 (advanced backlink tracking bot; https://serpstatbot.com/; abuse@serpstatbot.com)"
144.76.68.76 - - [30/Oct/2025:03:04:18 -0700] "GET /conferencias-edner/6-conferencia-marca-personal-yo-branding-personal-en-tiempos-de-torbellino/?fileloc=%2Fhome%2Fednermusika%2Felconferencista.com%2Fwp-includes%2Fclass-wp-post.php&path=%2Fhome%2Fednermusika%2Felconferencista.com%2Fwp-includes HTTP/1.1" 200 4772 "-" "serpstatbot/2.1 (advanced backlink tracking bot; https://serpstatbot.com/; abuse@serpstatbot.com)"
144.76.68.76 - - [30/Oct/2025:03:04:24 -0700] "GET /conferencias-edner/4-conferencia-vendiendo-a-1000/?fileloc=%2Fhome%2Fednermusika%2Felconferencista.com%2Fwp-includes%2Fblock-editor.php&path=%2Fhome%2Fednermusika%2Felconferencista.com%2Fwp-includes HTTP/1.1" 200 9965 "-" "serpstatbot/2.1 (advanced backlink tracking bot; https://serpstatbot.com/; abuse@serpstatbot.com)"
193.202.14.149 - - [30/Oct/2025:03:04:29 -0700] "GET /wp-login.php HTTP/2.0" 200 4329 "-" "Mozilla/5.0 (Windows NT 10.0; Win64; x64) AppleWebKit/537.36 (KHTML, like Gecko) Chrome/124.0.6367.207 Safari/537.36"
144.76.68.76 - - [30/Oct/2025:03:04:30 -0700] "GET /conferencias-edner/6-conferencia-marca-personal-yo-branding-personal-en-tiempos-de-torbellino/?fileloc=%2Fhome%2Fednermusika%2Felconferencista.com%2Fwp-includes%2Fclass-wp-post-type.php&path=%2Fhome%2Fednermusika%2Felconferencista.com%2Fwp-includes HTTP/1.1" 200 9996 "-" "serpstatbot/2.1 (advanced backlink tracking bot; https://serpstatbot.com/; abuse@serpstatbot.com)"
144.76.68.76 - - [30/Oct/2025:03:04:36 -0700] "GET /conferencias-edner/4-conferencia-vendiendo-a-1000/?fileloc=%2Fhome%2Fednermusika%2Felconferencista.com%2Fwp-includes%2Fblock-i18n.json&path=%2Fhome%2Fednermusika%2Felconferencista.com%2Fwp-includes HTTP/1.1" 200 3153 "-" "serpstatbot/2.1 (advanced backlink tracking bot; https://serpstatbot.com/; abuse@serpstatbot.com)"
144.76.68.76 - - [30/Oct/2025:03:04:42 -0700] "GET /conferencias-edner/6-conferencia-marca-personal-yo-branding-personal-en-tiempos-de-torbellino/?fileloc=%2Fhome%2Fednermusika%2Felconferencista.com%2Fwp-includes%2Fclass-wp-plugin-dependencies.php&path=%2Fhome%2Fednermusika%2Felconferencista.com%2Fwp-includes HTTP/1.1" 200 8348 "-" "serpstatbot/2.1 (advanced backlink tracking bot; https://serpstatbot.com/; abuse@serpstatbot.com)"
146.19.78.230 - - [30/Oct/2025:03:04:46 -0700] "GET /wp-login.php HTTP/2.0" 200 4326 "-" "Mozilla/5.0 (Macintosh; Intel Mac OS X 13_5) AppleWebKit/605.1.15 (KHTML, like Gecko) Version/17.5 Safari/605.1.15"
144.76.68.76 - - [30/Oct/2025:03:04:48 -0700] "GET /conferencias-edner/4-conferencia-vendiendo-a-1000/?fileloc=%2Fhome%2Fednermusika%2Felconferencista.com%2Fwp-includes%2Fblock-patterns.php&path=%2Fhome%2Fednermusika%2Felconferencista.com%2Fwp-includes HTTP/1.1" 200 6210 "-" "serpstatbot/2.1 (advanced backlink tracking bot; https://serpstatbot.com/; abuse@serpstatbot.com)"
144.76.68.76 - - [30/Oct/2025:03:04:55 -0700] "GET /conferencias-edner/6-conferencia-marca-personal-yo-branding-personal-en-tiempos-de-torbellino/?fileloc=%2Fhome%2Fednermusika%2Felconferencista.com%2Fwp-includes%2Fclass-wp-phpmailer.php&path=%2Fhome%2Fednermusika%2Felconferencista.com%2Fwp-includes HTTP/1.1" 200 4207 "-" "serpstatbot/2.1 (advanced backlink tracking bot; https://serpstatbot.com/; abuse@serpstatbot.com)"
144.76.68.76 - - [30/Oct/2025:03:05:03 -0700] "GET /conferencias-edner/4-conferencia-vendiendo-a-1000/?fileloc=%2Fhome%2Fednermusika%2Felconferencista.com%2Fwp-includes%2Fblock-template-utils.php&path=%2Fhome%2Fednermusika%2Felconferencista.com%2Fwp-includes HTTP/1.1" 200 17068 "-" "serpstatbot/2.1 (advanced backlink tracking bot; https://serpstatbot.com/; abuse@serpstatbot.com)"
142.44.220.214 - - [30/Oct/2025:03:05:07 -0700] "GET /?fileloc=//bin/makemime&path=//bin HTTP/2.0" 200 13421 "-" "Mozilla/5.0 (compatible; AhrefsBot/7.0; +http://ahrefs.com/robot/)"
144.76.68.76 - - [30/Oct/2025:03:05:12 -0700] "GET /conferencias-edner/6-conferencia-marca-personal-yo-branding-personal-en-tiempos-de-torbellino/?fileloc=%2Fhome%2Fednermusika%2Felconferencista.com%2Fwp-includes%2Fclass-wp-paused-extensions-storage.php&path=%2Fhome%2Fednermusika%2Felconferencista.com%2Fwp-includes HTTP/1.1" 200 4284 "-" "serpstatbot/2.1 (advanced backlink tracking bot; https://serpstatbot.com/; abuse@serpstatbot.com)"
144.76.68.76 - - [30/Oct/2025:03:05:20 -0700] "GET /conferencias-edner/4-conferencia-vendiendo-a-1000/?fileloc=%2Fhome%2Fednermusika%2Felconferencista.com%2Fwp-includes%2Fblock-template.php&path=%2Fhome%2Fednermusika%2Felconferencista.com%2Fwp-includes HTTP/1.1" 200 7965 "-" "serpstatbot/2.1 (advanced backlink tracking bot; https://serpstatbot.com/; abuse@serpstatbot.com)"
144.76.68.76 - - [30/Oct/2025:03:05:28 -0700] "GET /conferencias-edner/6-conferencia-marca-personal-yo-branding-personal-en-tiempos-de-torbellino/?fileloc=%2Fhome%2Fednermusika%2Felconferencista.com%2Fwp-includes%2Fclass-wp-oembed.php&path=%2Fhome%2Fednermusika%2Felconferencista.com%2Fwp-includes HTTP/1.1" 200 10877 "-" "serpstatbot/2.1 (advanced backlink tracking bot; https://serpstatbot.com/; abuse@serpstatbot.com)"
144.76.68.76 - - [30/Oct/2025:03:05:36 -0700] "GET /conferencias-edner/4-conferencia-vendiendo-a-1000/?fileloc=%2Fhome%2Fednermusika%2Felconferencista.com%2Fwp-includes%2Fblocks.php&path=%2Fhome%2Fednermusika%2Felconferencista.com%2Fwp-includes HTTP/1.1" 200 27245 "-" "serpstatbot/2.1 (advanced backlink tracking bot; https://serpstatbot.com/; abuse@serpstatbot.com)"
144.76.68.76 - - [30/Oct/2025:03:05:44 -0700] "GET /conferencias-edner/6-conferencia-marca-personal-yo-branding-personal-en-tiempos-de-torbellino/?fileloc=%2Fhome%2Fednermusika%2Felconferencista.com%2Fwp-includes%2Fclass-wp-oembed-controller.php&path=%2Fhome%2Fednermusika%2Felconferencista.com%2Fwp-includes HTTP/1.1" 200 5198 "-" "serpstatbot/2.1 (advanced backlink tracking bot; https://serpstatbot.com/; abuse@serpstatbot.com)"
144.76.68.76 - - [30/Oct/2025:03:05:53 -0700] "GET /conferencias-edner/4-conferencia-vendiendo-a-1000/?fileloc=%2Fhome%2Fednermusika%2Felconferencista.com%2Fwp-includes%2Fbookmark-template.php&path=%2Fhome%2Fednermusika%2Felconferencista.com%2Fwp-includes HTTP/1.1" 200 6387 "-" "serpstatbot/2.1 (advanced backlink tracking bot; https://serpstatbot.com/; abuse@serpstatbot.com)"
144.76.68.76 - - [30/Oct/2025:03:06:03 -0700] "GET /conferencias-edner/6-conferencia-marca-personal-yo-branding-personal-en-tiempos-de-torbellino/?fileloc=%2Fhome%2Fednermusika%2Felconferencista.com%2Fwp-includes%2Fclass-wp-object-cache.php&path=%2Fhome%2Fednermusika%2Felconferencista.com%2Fwp-includes HTTP/1.1" 200 6833 "-" "serpstatbot/2.1 (advanced backlink tracking bot; https://serpstatbot.com/; abuse@serpstatbot.com)"
144.76.68.76 - - [30/Oct/2025:03:06:12 -0700] "GET /conferencias-edner/4-conferencia-vendiendo-a-1000/?fileloc=%2Fhome%2Fednermusika%2Felconferencista.com%2Fwp-includes%2Fbookmark.php&path=%2Fhome%2Fednermusika%2Felconferencista.com%2Fwp-includes HTTP/1.1" 200 7440 "-" "serpstatbot/2.1 (advanced backlink tracking bot; https://serpstatbot.com/; abuse@serpstatbot.com)"
144.76.68.76 - - [30/Oct/2025:03:06:21 -0700] "GET /conferencias-edner/6-conferencia-marca-personal-yo-branding-personal-en-tiempos-de-torbellino/?fileloc=%2Fhome%2Fednermusika%2Felconferencista.com%2Fwp-includes%2Fclass-wp-network.php&path=%2Fhome%2Fednermusika%2Felconferencista.com%2Fwp-includes HTTP/1.1" 200 6893 "-" "serpstatbot/2.1 (advanced backlink tracking bot; https://serpstatbot.com/; abuse@serpstatbot.com)"
167.114.139.161 - - [30/Oct/2025:03:06:28 -0700] "GET /?fileloc=//bin/lscpu&path=//bin HTTP/2.0" 200 40603 "-" "Mozilla/5.0 (compatible; AhrefsBot/7.0; +http://ahrefs.com/robot/)"
144.76.68.76 - - [30/Oct/2025:03:06:31 -0700] "GET /conferencias-edner/4-conferencia-vendiendo-a-1000/?fileloc=%2Fhome%2Fednermusika%2Felconferencista.com%2Fwp-includes%2Fcache-compat.php&path=%2Fhome%2Fednermusika%2Felconferencista.com%2Fwp-includes HTTP/1.1" 200 4399 "-" "serpstatbot/2.1 (advanced backlink tracking bot; https://serpstatbot.com/; abuse@serpstatbot.com)"
144.76.68.76 - - [30/Oct/2025:03:06:40 -0700] "GET /conferencias-edner/6-conferencia-marca-personal-yo-branding-personal-en-tiempos-de-torbellino/?fileloc=%2Fhome%2Fednermusika%2Felconferencista.com%2Fwp-includes%2Fclass-wp-network-query.php&path=%2Fhome%2Fednermusika%2Felconferencista.com%2Fwp-includes HTTP/1.1" 200 8076 "-" "serpstatbot/2.1 (advanced backlink tracking bot; https://serpstatbot.com/; abuse@serpstatbot.com)"
144.76.68.76 - - [30/Oct/2025:03:06:50 -0700] "GET /conferencias-edner/4-conferencia-vendiendo-a-1000/?fileloc=%2Fhome%2Fednermusika%2Felconferencista.com%2Fwp-includes%2Fcache.php&path=%2Fhome%2Fednermusika%2Felconferencista.com%2Fwp-includes HTTP/1.1" 200 5621 "-" "serpstatbot/2.1 (advanced backlink tracking bot; https://serpstatbot.com/; abuse@serpstatbot.com)"
144.76.68.76 - - [30/Oct/2025:03:07:01 -0700] "GET /conferencias-edner/6-conferencia-marca-personal-yo-branding-personal-en-tiempos-de-torbellino/?fileloc=%2Fhome%2Fednermusika%2Felconferencista.com%2Fwp-includes%2Fclass-wp-navigation-fallback.php&path=%2Fhome%2Fednermusika%2Felconferencista.com%2Fwp-includes HTTP/1.1" 200 5340 "-" "serpstatbot/2.1 (advanced backlink tracking bot; https://serpstatbot.com/; abuse@serpstatbot.com)"
144.76.68.76 - - [30/Oct/2025:03:07:10 -0700] "GET /conferencias-edner/4-conferencia-vendiendo-a-1000/?fileloc=%2Fhome%2Fednermusika%2Felconferencista.com%2Fwp-includes%2Fcanonical.php&path=%2Fhome%2Fednermusika%2Felconferencista.com%2Fwp-includes HTTP/1.1" 200 12300 "-" "serpstatbot/2.1 (advanced backlink tracking bot; https://serpstatbot.com/; abuse@serpstatbot.com)"
144.76.68.76 - - [30/Oct/2025:03:07:21 -0700] "GET /conferencias-edner/6-conferencia-marca-personal-yo-branding-personal-en-tiempos-de-torbellino/?fileloc=%2Fhome%2Fednermusika%2Felconferencista.com%2Fwp-includes%2Fclass-wp-metadata-lazyloader.php&path=%2Fhome%2Fednermusika%2Felconferencista.com%2Fwp-includes HTTP/1.1" 200 5021 "-" "serpstatbot/2.1 (advanced backlink tracking bot; https://serpstatbot.com/; abuse@serpstatbot.com)"
144.76.68.76 - - [30/Oct/2025:03:07:33 -0700] "GET /conferencias-edner/4-conferencia-vendiendo-a-1000/?fileloc=%2Fhome%2Fednermusika%2Felconferencista.com%2Fwp-includes%2Fcapabilities.php&path=%2Fhome%2Fednermusika%2Felconferencista.com%2Fwp-includes HTTP/1.1" 200 10626 "-" "serpstatbot/2.1 (advanced backlink tracking bot; https://serpstatbot.com/; abuse@serpstatbot.com)"
144.76.68.76 - - [30/Oct/2025:03:07:49 -0700] "GET /conferencias-edner/6-conferencia-marca-personal-yo-branding-personal-en-tiempos-de-torbellino/?fileloc=%2Fhome%2Fednermusika%2Felconferencista.com%2Fwp-includes%2Fclass-wp-meta-query.php&path=%2Fhome%2Fednermusika%2Felconferencista.com%2Fwp-includes HTTP/1.1" 200 10728 "-" "serpstatbot/2.1 (advanced backlink tracking bot; https://serpstatbot.com/; abuse@serpstatbot.com)"
54.39.89.37 - - [30/Oct/2025:03:07:52 -0700] "GET /?fileloc=//bin/lsattr&path=//bin HTTP/2.0" 200 6146 "-" "Mozilla/5.0 (compatible; AhrefsBot/7.0; +http://ahrefs.com/robot/)"
144.76.68.76 - - [30/Oct/2025:03:08:04 -0700] "GET /conferencias-edner/4-conferencia-vendiendo-a-1000/?fileloc=%2Fhome%2Fednermusika%2Felconferencista.com%2Fwp-includes%2Fcategory-template.php&path=%2Fhome%2Fednermusika%2Felconferencista.com%2Fwp-includes HTTP/1.1" 200 17089 "-" "serpstatbot/2.1 (advanced backlink tracking bot; https://serpstatbot.com/; abuse@serpstatbot.com)"
144.76.68.76 - - [30/Oct/2025:03:08:17 -0700] "GET /conferencias-edner/6-conferencia-marca-personal-yo-branding-personal-en-tiempos-de-torbellino/?fileloc=%2Fhome%2Fednermusika%2Felconferencista.com%2Fwp-includes%2Fclass-wp-matchesmapregex.php&path=%2Fhome%2Fednermusika%2Felconferencista.com%2Fwp-includes HTTP/1.1" 200 3747 "-" "serpstatbot/2.1 (advanced backlink tracking bot; https://serpstatbot.com/; abuse@serpstatbot.com)"
144.76.68.76 - - [30/Oct/2025:03:08:31 -0700] "GET /conferencias-edner/4-conferencia-vendiendo-a-1000/?fileloc=%2Fhome%2Fednermusika%2Felconferencista.com%2Fwp-includes%2Fcategory.php&path=%2Fhome%2Fednermusika%2Felconferencista.com%2Fwp-includes HTTP/1.1" 200 6638 "-" "serpstatbot/2.1 (advanced backlink tracking bot; https://serpstatbot.com/; abuse@serpstatbot.com)"
144.76.68.76 - - [30/Oct/2025:03:08:43 -0700] "GET /conferencias-edner/6-conferencia-marca-personal-yo-branding-personal-en-tiempos-de-torbellino/?fileloc=%2Fhome%2Fednermusika%2Felconferencista.com%2Fwp-includes%2Fclass-wp-locale.php&path=%2Fhome%2Fednermusika%2Felconferencista.com%2Fwp-includes HTTP/1.1" 200 6547 "-" "serpstatbot/2.1 (advanced backlink tracking bot; https://serpstatbot.com/; abuse@serpstatbot.com)"
144.76.68.76 - - [30/Oct/2025:03:08:50 -0700] "GET /conferencias-edner/4-conferencia-vendiendo-a-1000/?fileloc=%2Fhome%2Fednermusika%2Felconferencista.com%2Fwp-includes%2Fclass-IXR.php&path=%2Fhome%2Fednermusika%2Felconferencista.com%2Fwp-includes HTTP/1.1" 200 4197 "-" "serpstatbot/2.1 (advanced backlink tracking bot; https://serpstatbot.com/; abuse@serpstatbot.com)"
144.76.68.76 - - [30/Oct/2025:03:08:53 -0700] "GET /conferencias-edner/6-conferencia-marca-personal-yo-branding-personal-en-tiempos-de-torbellino/?fileloc=%2Fhome%2Fednermusika%2Felconferencista.com%2Fwp-includes%2Fclass-wp-locale-switcher.php&path=%2Fhome%2Fednermusika%2Felconferencista.com%2Fwp-includes HTTP/1.1" 200 7879 "-" "serpstatbot/2.1 (advanced backlink tracking bot; https://serpstatbot.com/; abuse@serpstatbot.com)"
144.76.68.76 - - [30/Oct/2025:03:08:59 -0700] "GET /conferencias-edner/4-conferencia-vendiendo-a-1000/?fileloc=%2Fhome%2Fednermusika%2Felconferencista.com%2Fwp-includes%2Fclass-avif-info.php&path=%2Fhome%2Fednermusika%2Felconferencista.com%2Fwp-includes HTTP/1.1" 200 9319 "-" "serpstatbot/2.1 (advanced backlink tracking bot; https://serpstatbot.com/; abuse@serpstatbot.com)"
144.76.68.76 - - [30/Oct/2025:03:09:04 -0700] "GET /conferencias-edner/6-conferencia-marca-personal-yo-branding-personal-en-tiempos-de-torbellino/?fileloc=%2Fhome%2Fednermusika%2Felconferencista.com%2Fwp-includes%2Fclass-wp-list-util.php&path=%2Fhome%2Fednermusika%2Felconferencista.com%2Fwp-includes HTTP/1.1" 200 5244 "-" "serpstatbot/2.1 (advanced backlink tracking bot; https://serpstatbot.com/; abuse@serpstatbot.com)"
144.76.68.76 - - [30/Oct/2025:03:09:10 -0700] "GET /conferencias-edner/4-conferencia-vendiendo-a-1000/?fileloc=%2Fhome%2Fednermusika%2Felconferencista.com%2Fwp-includes%2Fclass-feed.php&path=%2Fhome%2Fednermusika%2Felconferencista.com%2Fwp-includes HTTP/1.1" 200 3264 "-" "serpstatbot/2.1 (advanced backlink tracking bot; https://serpstatbot.com/; abuse@serpstatbot.com)"
144.76.68.76 - - [30/Oct/2025:03:09:16 -0700] "GET /conferencias-edner/6-conferencia-marca-personal-yo-branding-personal-en-tiempos-de-torbellino/?fileloc=%2Fhome%2Fednermusika%2Felconferencista.com%2Fwp-includes%2Fclass-wp-image-editor.php&path=%2Fhome%2Fednermusika%2Felconferencista.com%2Fwp-includes HTTP/1.1" 200 7926 "-" "serpstatbot/2.1 (advanced backlink tracking bot; https://serpstatbot.com/; abuse@serpstatbot.com)"
167.114.139.93 - - [30/Oct/2025:03:09:18 -0700] "GET /?fileloc=//bin/localectl&path=//bin HTTP/2.0" 200 10615 "-" "Mozilla/5.0 (compatible; AhrefsBot/7.0; +http://ahrefs.com/robot/)"
144.76.68.76 - - [30/Oct/2025:03:09:22 -0700] "GET /conferencias-edner/4-conferencia-vendiendo-a-1000/?fileloc=%2Fhome%2Fednermusika%2Felconferencista.com%2Fwp-includes%2Fclass-http.php&path=%2Fhome%2Fednermusika%2Felconferencista.com%2Fwp-includes HTTP/1.1" 200 3235 "-" "serpstatbot/2.1 (advanced backlink tracking bot; https://serpstatbot.com/; abuse@serpstatbot.com)"
144.76.68.76 - - [30/Oct/2025:03:09:27 -0700] "GET /conferencias-edner/6-conferencia-marca-personal-yo-branding-personal-en-tiempos-de-torbellino/?fileloc=%2Fhome%2Fednermusika%2Felconferencista.com%2Fwp-includes%2Fclass-wp-image-editor-imagick.php&path=%2Fhome%2Fednermusika%2Felconferencista.com%2Fwp-includes HTTP/1.1" 200 12978 "-" "serpstatbot/2.1 (advanced backlink tracking bot; https://serpstatbot.com/; abuse@serpstatbot.com)"
144.76.68.76 - - [30/Oct/2025:03:09:33 -0700] "GET /conferencias-edner/4-conferencia-vendiendo-a-1000/?fileloc=%2Fhome%2Fednermusika%2Felconferencista.com%2Fwp-includes%2Fclass-json.php&path=%2Fhome%2Fednermusika%2Felconferencista.com%2Fwp-includes HTTP/1.1" 200 12022 "-" "serpstatbot/2.1 (advanced backlink tracking bot; https://serpstatbot.com/; abuse@serpstatbot.com)"
144.76.68.76 - - [30/Oct/2025:03:09:39 -0700] "GET /conferencias-edner/6-conferencia-marca-personal-yo-branding-personal-en-tiempos-de-torbellino/?fileloc=%2Fhome%2Fednermusika%2Felconferencista.com%2Fwp-includes%2Fclass-wp-image-editor-gd.php&path=%2Fhome%2Fednermusika%2Felconferencista.com%2Fwp-includes HTTP/1.1" 200 8166 "-" "serpstatbot/2.1 (advanced backlink tracking bot; https://serpstatbot.com/; abuse@serpstatbot.com)"
144.76.68.76 - - [30/Oct/2025:03:09:45 -0700] "GET /conferencias-edner/4-conferencia-vendiendo-a-1000/?fileloc=%2Fhome%2Fednermusika%2Felconferencista.com%2Fwp-includes%2Fclass-oembed.php&path=%2Fhome%2Fednermusika%2Felconferencista.com%2Fwp-includes HTTP/1.1" 200 3254 "-" "serpstatbot/2.1 (advanced backlink tracking bot; https://serpstatbot.com/; abuse@serpstatbot.com)"
144.76.68.76 - - [30/Oct/2025:03:09:52 -0700] "GET /conferencias-edner/6-conferencia-marca-personal-yo-branding-personal-en-tiempos-de-torbellino/?fileloc=%2Fhome%2Fednermusika%2Felconferencista.com%2Fwp-includes%2Fclass-wp-http.php&path=%2Fhome%2Fednermusika%2Felconferencista.com%2Fwp-includes HTTP/1.1" 200 14760 "-" "serpstatbot/2.1 (advanced backlink tracking bot; https://serpstatbot.com/; abuse@serpstatbot.com)"
144.76.68.76 - - [30/Oct/2025:03:09:58 -0700] "GET /conferencias-edner/4-conferencia-vendiendo-a-1000/?fileloc=%2Fhome%2Fednermusika%2Felconferencista.com%2Fwp-includes%2Fclass-phpass.php&path=%2Fhome%2Fednermusika%2Felconferencista.com%2Fwp-includes HTTP/1.1" 200 5530 "-" "serpstatbot/2.1 (advanced backlink tracking bot; https://serpstatbot.com/; abuse@serpstatbot.com)"
144.76.68.76 - - [30/Oct/2025:03:10:09 -0700] "GET /conferencias-edner/6-conferencia-marca-personal-yo-branding-personal-en-tiempos-de-torbellino/?fileloc=%2Fhome%2Fednermusika%2Felconferencista.com%2Fwp-includes%2Fclass-wp-http-streams.php&path=%2Fhome%2Fednermusika%2Felconferencista.com%2Fwp-includes HTTP/1.1" 200 7901 "-" "serpstatbot/2.1 (advanced backlink tracking bot; https://serpstatbot.com/; abuse@serpstatbot.com)"
144.76.68.76 - - [30/Oct/2025:03:10:23 -0700] "GET /conferencias-edner/4-conferencia-vendiendo-a-1000/?fileloc=%2Fhome%2Fednermusika%2Felconferencista.com%2Fwp-includes%2Fclass-phpmailer.php&path=%2Fhome%2Fednermusika%2Felconferencista.com%2Fwp-includes HTTP/1.1" 200 3292 "-" "serpstatbot/2.1 (advanced backlink tracking bot; https://serpstatbot.com/; abuse@serpstatbot.com)"
15.235.27.152 - - [30/Oct/2025:03:10:23 -0700] "GET /?fileloc=//bin/lessfile&path=//bin HTTP/2.0" 200 5533 "-" "Mozilla/5.0 (compatible; AhrefsBot/7.0; +http://ahrefs.com/robot/)"
144.76.68.76 - - [30/Oct/2025:03:10:36 -0700] "GET /conferencias-edner/6-conferencia-marca-personal-yo-branding-personal-en-tiempos-de-torbellino/?fileloc=%2Fhome%2Fednermusika%2Felconferencista.com%2Fwp-includes%2Fclass-wp-http-response.php&path=%2Fhome%2Fednermusika%2Felconferencista.com%2Fwp-includes HTTP/1.1" 200 3983 "-" "serpstatbot/2.1 (advanced backlink tracking bot; https://serpstatbot.com/; abuse@serpstatbot.com)"
144.76.68.76 - - [30/Oct/2025:03:10:54 -0700] "GET /conferencias-edner/4-conferencia-vendiendo-a-1000/?fileloc=%2Fhome%2Fednermusika%2Felconferencista.com%2Fwp-includes%2Fclass-pop3.php&path=%2Fhome%2Fednermusika%2Felconferencista.com%2Fwp-includes HTTP/1.1" 200 8051 "-" "serpstatbot/2.1 (advanced backlink tracking bot; https://serpstatbot.com/; abuse@serpstatbot.com)"
144.76.68.76 - - [30/Oct/2025:03:11:12 -0700] "GET /conferencias-edner/6-conferencia-marca-personal-yo-branding-personal-en-tiempos-de-torbellino/?fileloc=%2Fhome%2Fednermusika%2Felconferencista.com%2Fwp-includes%2Fclass-wp-http-requests-response.php&path=%2Fhome%2Fednermusika%2Felconferencista.com%2Fwp-includes HTTP/1.1" 200 4324 "-" "serpstatbot/2.1 (advanced backlink tracking bot; https://serpstatbot.com/; abuse@serpstatbot.com)"
142.44.228.62 - - [30/Oct/2025:03:11:19 -0700] "GET /?fileloc=//bin/ld.bfd&path=//bin HTTP/2.0" 200 244903 "-" "Mozilla/5.0 (compatible; AhrefsBot/7.0; +http://ahrefs.com/robot/)"
144.76.68.76 - - [30/Oct/2025:03:11:58 -0700] "GET /conferencias-edner/6-conferencia-marca-personal-yo-branding-personal-en-tiempos-de-torbellino/?fileloc=%2Fhome%2Fednermusika%2Felconferencista.com%2Fwp-includes%2Fnav-menu.php&path=%2Fhome%2Fednermusika%2Felconferencista.com%2Fwp-includes HTTP/1.1" 200 13347 "-" "serpstatbot/2.1 (advanced backlink tracking bot; https://serpstatbot.com/; abuse@serpstatbot.com)"
144.76.68.76 - - [30/Oct/2025:03:12:13 -0700] "GET /conferencias-edner/6-conferencia-marca-personal-yo-branding-personal-en-tiempos-de-torbellino/?fileloc=%2Fhome%2Fednermusika%2Felconferencista.com%2Fwp-includes%2Fnav-menu-template.php&path=%2Fhome%2Fednermusika%2Felconferencista.com%2Fwp-includes HTTP/1.1" 200 9560 "-" "serpstatbot/2.1 (advanced backlink tracking bot; https://serpstatbot.com/; abuse@serpstatbot.com)"
51.222.168.138 - - [30/Oct/2025:03:12:19 -0700] "GET /?fileloc=//bin/lcf&path=//bin HTTP/2.0" 200 5369 "-" "Mozilla/5.0 (compatible; AhrefsBot/7.0; +http://ahrefs.com/robot/)"
144.76.68.76 - - [30/Oct/2025:03:12:23 -0700] "GET /conferencias-edner/6-conferencia-marca-personal-yo-branding-personal-en-tiempos-de-torbellino/?fileloc=%2Fhome%2Fednermusika%2Felconferencista.com%2Fwp-includes%2Fms-site.php&path=%2Fhome%2Fednermusika%2Felconferencista.com%2Fwp-includes HTTP/1.1" 200 13321 "-" "serpstatbot/2.1 (advanced backlink tracking bot; https://serpstatbot.com/; abuse@serpstatbot.com)"
104.207.63.166 - - [30/Oct/2025:03:12:29 -0700] "GET / HTTP/1.1" 200 7877 "http://ELCONFERENCISTA.COM" "Mozilla/5.0 (Windows NT 10.0; Win64; x64) AppleWebKit/537.36 (KHTML, like Gecko) Chrome/114.0.0.0 YaBrowser/22.7.0 Yowser/2.5 Safari/537.36"
154.213.164.151 - - [30/Oct/2025:03:12:30 -0700] "GET /?path=/home/ednermusika/elconferencista.com/elconferencista.com-110922 HTTP/1.1" 200 8036 "https://www.elconferencista.com/" "Mozilla/5.0 (Windows NT 10.0; Win64; x64) AppleWebKit/537.36 (KHTML, like Gecko) Chrome/114.0.0.0 YaBrowser/22.7.0 Yowser/2.5 Safari/537.36"
144.76.68.76 - - [30/Oct/2025:03:12:35 -0700] "GET /conferencias-edner/6-conferencia-marca-personal-yo-branding-personal-en-tiempos-de-torbellino/?fileloc=%2Fhome%2Fednermusika%2Felconferencista.com%2Fwp-includes%2Fms-settings.php&path=%2Fhome%2Fednermusika%2Felconferencista.com%2Fwp-includes HTTP/1.1" 200 4635 "-" "serpstatbot/2.1 (advanced backlink tracking bot; https://serpstatbot.com/; abuse@serpstatbot.com)"
144.76.68.76 - - [30/Oct/2025:03:12:47 -0700] "GET /conferencias-edner/6-conferencia-marca-personal-yo-branding-personal-en-tiempos-de-torbellino/?fileloc=%2Fhome%2Fednermusika%2Felconferencista.com%2Fwp-includes%2Fms-network.php&path=%2Fhome%2Fednermusika%2Felconferencista.com%2Fwp-includes HTTP/1.1" 200 4440 "-" "serpstatbot/2.1 (advanced backlink tracking bot; https://serpstatbot.com/; abuse@serpstatbot.com)"
144.76.68.76 - - [30/Oct/2025:03:12:59 -0700] "GET /conferencias-edner/6-conferencia-marca-personal-yo-branding-personal-en-tiempos-de-torbellino/?fileloc=%2Fhome%2Fednermusika%2Felconferencista.com%2Fwp-includes%2Fms-load.php&path=%2Fhome%2Fednermusika%2Felconferencista.com%2Fwp-includes HTTP/1.1" 200 9409 "-" "serpstatbot/2.1 (advanced backlink tracking bot; https://serpstatbot.com/; abuse@serpstatbot.com)"
144.76.68.76 - - [30/Oct/2025:03:13:10 -0700] "GET /conferencias-edner/6-conferencia-marca-personal-yo-branding-personal-en-tiempos-de-torbellino/?fileloc=%2Fhome%2Fednermusika%2Felconferencista.com%2Fwp-includes%2Fms-functions.php&path=%2Fhome%2Fednermusika%2Felconferencista.com%2Fwp-includes HTTP/1.1" 200 24272 "-" "serpstatbot/2.1 (advanced backlink tracking bot; https://serpstatbot.com/; abuse@serpstatbot.com)"
144.76.68.76 - - [30/Oct/2025:03:13:21 -0700] "GET /conferencias-edner/6-conferencia-marca-personal-yo-branding-personal-en-tiempos-de-torbellino/?fileloc=%2Fhome%2Fednermusika%2Felconferencista.com%2Fwp-includes%2Fclass-wp-http-requests-hooks.php&path=%2Fhome%2Fednermusika%2Felconferencista.com%2Fwp-includes HTTP/1.1" 200 3863 "-" "serpstatbot/2.1 (advanced backlink tracking bot; https://serpstatbot.com/; abuse@serpstatbot.com)"
15.235.98.29 - - [30/Oct/2025:03:13:22 -0700] "GET /?fileloc=//bin/jrunscript&path=//bin HTTP/2.0" 200 4599 "-" "Mozilla/5.0 (compatible; AhrefsBot/7.0; +http://ahrefs.com/robot/)"
144.76.68.76 - - [30/Oct/2025:03:13:32 -0700] "GET /conferencias-edner/6-conferencia-marca-personal-yo-branding-personal-en-tiempos-de-torbellino/?fileloc=%2Fhome%2Fednermusika%2Felconferencista.com%2Fwp-includes%2Fblocks.php&path=%2Fhome%2Fednermusika%2Felconferencista.com%2Fwp-includes HTTP/1.1" 200 27230 "-" "serpstatbot/2.1 (advanced backlink tracking bot; https://serpstatbot.com/; abuse@serpstatbot.com)"
144.76.68.76 - - [30/Oct/2025:03:13:43 -0700] "GET /conferencias-edner/6-conferencia-marca-personal-yo-branding-personal-en-tiempos-de-torbellino/?fileloc=%2Fhome%2Fednermusika%2Felconferencista.com%2Fwp-includes%2Fblock-template.php&path=%2Fhome%2Fednermusika%2Felconferencista.com%2Fwp-includes HTTP/1.1" 200 7965 "-" "serpstatbot/2.1 (advanced backlink tracking bot; https://serpstatbot.com/; abuse@serpstatbot.com)"
144.76.68.76 - - [30/Oct/2025:03:13:50 -0700] "GET /conferencias-edner/6-conferencia-marca-personal-yo-branding-personal-en-tiempos-de-torbellino/?fileloc=%2Fhome%2Fednermusika%2Felconferencista.com%2Fwp-includes%2Fblock-template-utils.php&path=%2Fhome%2Fednermusika%2Felconferencista.com%2Fwp-includes HTTP/1.1" 200 17068 "-" "serpstatbot/2.1 (advanced backlink tracking bot; https://serpstatbot.com/; abuse@serpstatbot.com)"
40.77.167.47 - - [30/Oct/2025:03:13:53 -0700] "GET /wp-content/uploads/elementor/thumbs/FOTO-EVENTO-EDNER-1-pvgfmkmj1pht7b2uucl78hpbchjkbkubvl8j9odj94.jpg HTTP/2.0" 200 20140 "-" "Mozilla/5.0 AppleWebKit/537.36 (KHTML, like Gecko; compatible; bingbot/2.0; +http://www.bing.com/bingbot.htm) Chrome/116.0.1938.76 Safari/537.36"
144.76.68.76 - - [30/Oct/2025:03:13:54 -0700] "GET /conferencias-edner/6-conferencia-marca-personal-yo-branding-personal-en-tiempos-de-torbellino/?fileloc=%2Fhome%2Fednermusika%2Felconferencista.com%2Fwp-includes%2Fblock-patterns.php&path=%2Fhome%2Fednermusika%2Felconferencista.com%2Fwp-includes HTTP/1.1" 200 9191 "-" "serpstatbot/2.1 (advanced backlink tracking bot; https://serpstatbot.com/; abuse@serpstatbot.com)"
144.76.68.76 - - [30/Oct/2025:03:13:59 -0700] "GET /conferencias-edner/6-conferencia-marca-personal-yo-branding-personal-en-tiempos-de-torbellino/?fileloc=%2Fhome%2Fednermusika%2Felconferencista.com%2Fwp-includes%2Fblock-i18n.json&path=%2Fhome%2Fednermusika%2Felconferencista.com%2Fwp-includes HTTP/1.1" 200 3153 "-" "serpstatbot/2.1 (advanced backlink tracking bot; https://serpstatbot.com/; abuse@serpstatbot.com)"
144.76.68.76 - - [30/Oct/2025:03:14:03 -0700] "GET /conferencias-edner/6-conferencia-marca-personal-yo-branding-personal-en-tiempos-de-torbellino/?fileloc=%2Fhome%2Fednermusika%2Felconferencista.com%2Fwp-includes%2Fblock-editor.php&path=%2Fhome%2Fednermusika%2Felconferencista.com%2Fwp-includes HTTP/1.1" 200 9965 "-" "serpstatbot/2.1 (advanced backlink tracking bot; https://serpstatbot.com/; abuse@serpstatbot.com)"
144.76.68.76 - - [30/Oct/2025:03:14:07 -0700] "GET /conferencias-edner/6-conferencia-marca-personal-yo-branding-personal-en-tiempos-de-torbellino/?fileloc=%2Fhome%2Fednermusika%2Felconferencista.com%2Fwp-includes%2Fblock-bindings.php&path=%2Fhome%2Fednermusika%2Felconferencista.com%2Fwp-includes HTTP/1.1" 200 4731 "-" "serpstatbot/2.1 (advanced backlink tracking bot; https://serpstatbot.com/; abuse@serpstatbot.com)"
144.76.68.76 - - [30/Oct/2025:03:14:12 -0700] "GET /conferencias-edner/6-conferencia-marca-personal-yo-branding-personal-en-tiempos-de-torbellino/?fileloc=%2Fhome%2Fednermusika%2Felconferencista.com%2Fwp-includes%2Fauthor-template.php&path=%2Fhome%2Fednermusika%2Felconferencista.com%2Fwp-includes HTTP/1.1" 200 8258 "-" "serpstatbot/2.1 (advanced backlink tracking bot; https://serpstatbot.com/; abuse@serpstatbot.com)"
144.76.68.76 - - [30/Oct/2025:03:14:17 -0700] "GET /conferencias-edner/5-conferencia-innovas-y-si-vas/?path=%2F%2Frun HTTP/1.1" 200 6364 "-" "serpstatbot/2.1 (advanced backlink tracking bot; https://serpstatbot.com/; abuse@serpstatbot.com)"
144.76.68.76 - - [30/Oct/2025:03:14:21 -0700] "GET /conferencias-edner/5-conferencia-innovas-y-si-vas/?path=%2F%2Froot HTTP/1.1" 200 3047 "-" "serpstatbot/2.1 (advanced backlink tracking bot; https://serpstatbot.com/; abuse@serpstatbot.com)"
142.44.225.84 - - [30/Oct/2025:03:14:23 -0700] "GET /?fileloc=//bin/jhead&path=//bin HTTP/2.0" 200 33700 "-" "Mozilla/5.0 (compatible; AhrefsBot/7.0; +http://ahrefs.com/robot/)"
144.76.68.76 - - [30/Oct/2025:03:14:26 -0700] "GET /conferencias-edner/5-conferencia-innovas-y-si-vas/?path=%2F%2Fproc HTTP/1.1" 200 5374 "-" "serpstatbot/2.1 (advanced backlink tracking bot; https://serpstatbot.com/; abuse@serpstatbot.com)"
144.76.68.76 - - [30/Oct/2025:03:14:30 -0700] "GET /conferencias-edner/5-conferencia-innovas-y-si-vas/?path=%2F%2Fopt HTTP/1.1" 200 3543 "-" "serpstatbot/2.1 (advanced backlink tracking bot; https://serpstatbot.com/; abuse@serpstatbot.com)"
144.76.68.76 - - [30/Oct/2025:03:14:36 -0700] "GET /conferencias-edner/5-conferencia-innovas-y-si-vas/?path=%2F%2Fmnt HTTP/1.1" 200 3047 "-" "serpstatbot/2.1 (advanced backlink tracking bot; https://serpstatbot.com/; abuse@serpstatbot.com)"
144.76.68.76 - - [30/Oct/2025:03:14:41 -0700] "GET /conferencias-edner/5-conferencia-innovas-y-si-vas/?path=%2F%2Fmedia HTTP/1.1" 200 3047 "-" "serpstatbot/2.1 (advanced backlink tracking bot; https://serpstatbot.com/; abuse@serpstatbot.com)"
144.76.68.76 - - [30/Oct/2025:03:14:47 -0700] "GET /conferencias-edner/5-conferencia-innovas-y-si-vas/?path=%2F%2Flost+found HTTP/1.1" 200 3051 "-" "serpstatbot/2.1 (advanced backlink tracking bot; https://serpstatbot.com/; abuse@serpstatbot.com)"
144.76.68.76 - - [30/Oct/2025:03:14:53 -0700] "GET /conferencias-edner/5-conferencia-innovas-y-si-vas/?path=%2F%2Flibx32 HTTP/1.1" 200 3049 "-" "serpstatbot/2.1 (advanced backlink tracking bot; https://serpstatbot.com/; abuse@serpstatbot.com)"
144.76.68.76 - - [30/Oct/2025:03:15:01 -0700] "GET /conferencias-edner/5-conferencia-innovas-y-si-vas/?path=%2F%2Flib64 HTTP/1.1" 200 3332 "-" "serpstatbot/2.1 (advanced backlink tracking bot; https://serpstatbot.com/; abuse@serpstatbot.com)"
144.76.68.76 - - [30/Oct/2025:03:15:11 -0700] "GET /conferencias-edner/5-conferencia-innovas-y-si-vas/?path=%2F%2Flib32 HTTP/1.1" 200 3048 "-" "serpstatbot/2.1 (advanced backlink tracking bot; https://serpstatbot.com/; abuse@serpstatbot.com)"
144.76.68.76 - - [30/Oct/2025:03:15:20 -0700] "GET /conferencias-edner/5-conferencia-innovas-y-si-vas/?path=%2F%2Flib HTTP/1.1" 200 8810 "-" "serpstatbot/2.1 (advanced backlink tracking bot; https://serpstatbot.com/; abuse@serpstatbot.com)"
144.76.68.76 - - [30/Oct/2025:03:15:31 -0700] "GET /conferencias-edner/5-conferencia-innovas-y-si-vas/?path=%2F%2Fincoming HTTP/1.1" 200 3050 "-" "serpstatbot/2.1 (advanced backlink tracking bot; https://serpstatbot.com/; abuse@serpstatbot.com)"
54.39.89.37 - - [30/Oct/2025:03:15:31 -0700] "GET /?fileloc=//bin/import-im6&path=//bin HTTP/2.0" 200 4615 "-" "Mozilla/5.0 (compatible; AhrefsBot/7.0; +http://ahrefs.com/robot/)"
144.76.68.76 - - [30/Oct/2025:03:15:43 -0700] "GET /conferencias-edner/5-conferencia-innovas-y-si-vas/?path=%2F%2Fhome HTTP/1.1" 200 3046 "-" "serpstatbot/2.1 (advanced backlink tracking bot; https://serpstatbot.com/; abuse@serpstatbot.com)"
144.76.68.76 - - [30/Oct/2025:03:15:59 -0700] "GET /conferencias-edner/5-conferencia-innovas-y-si-vas/?path=%2F%2Fetc HTTP/1.1" 200 16622 "-" "serpstatbot/2.1 (advanced backlink tracking bot; https://serpstatbot.com/; abuse@serpstatbot.com)"
